[INFO] cloning repository https://github.com/larry0x/cw-asset
[INFO] running `Command { std: "git" "-c" "credential.helper=" "-c" "credential.helper=/workspace/cargo-home/bin/git-credential-null" "clone" "--bare" "https://github.com/larry0x/cw-asset" "/workspace/cache/git-repos/https%3A%2F%2Fgithub.com%2Flarry0x%2Fcw-asset", kill_on_drop: false }`
[INFO] [stderr] Cloning into bare repository '/workspace/cache/git-repos/https%3A%2F%2Fgithub.com%2Flarry0x%2Fcw-asset'...
[INFO] running `Command { std: "git" "rev-parse" "HEAD", kill_on_drop: false }`
[INFO] [stdout] 465ec0011132f4e444163a2f59ebb288329e6e63
[INFO] testing larry0x/cw-asset against 1.69.0 for beta-1.70-1
[INFO] running `Command { std: "git" "clone" "/workspace/cache/git-repos/https%3A%2F%2Fgithub.com%2Flarry0x%2Fcw-asset" "/workspace/builds/worker-1-tc1/source", kill_on_drop: false }`
[INFO] [stderr] Cloning into '/workspace/builds/worker-1-tc1/source'...
[INFO] [stderr] done.
[INFO] validating manifest of git repo https://github.com/larry0x/cw-asset on toolchain 1.69.0
[INFO] running `Command { std: CARGO_HOME="/workspace/cargo-home" RUSTUP_HOME="/workspace/rustup-home" "/workspace/cargo-home/bin/cargo" "+1.69.0" "metadata" "--manifest-path" "Cargo.toml" "--no-deps", kill_on_drop: false }`
[INFO] started tweaking git repo https://github.com/larry0x/cw-asset
[INFO] finished tweaking git repo https://github.com/larry0x/cw-asset
[INFO] tweaked toml for git repo https://github.com/larry0x/cw-asset written to /workspace/builds/worker-1-tc1/source/Cargo.toml
[INFO] crate git repo https://github.com/larry0x/cw-asset already has a lockfile, it will not be regenerated
[INFO] running `Command { std: CARGO_HOME="/workspace/cargo-home" RUSTUP_HOME="/workspace/rustup-home" "/workspace/cargo-home/bin/cargo" "+1.69.0" "fetch" "--manifest-path" "Cargo.toml", kill_on_drop: false }`
[INFO] [stderr]  Downloading crates ...
[INFO] [stderr]   Downloaded cosmwasm-schema-derive v1.2.1
[INFO] [stderr]   Downloaded cw-address-like v1.0.3
[INFO] [stderr]   Downloaded cosmwasm-crypto v1.2.1
[INFO] [stderr]   Downloaded cosmwasm-schema v1.2.1
[INFO] [stderr]   Downloaded cosmwasm-derive v1.2.1
[INFO] [stderr]   Downloaded serde-json-wasm v0.5.0
[INFO] [stderr]   Downloaded cosmwasm-std v1.2.1
[INFO] running `Command { std: "docker" "create" "-v" "/var/lib/crater-agent-workspace/builds/worker-1-tc1/target:/opt/rustwide/target:rw,Z" "-v" "/var/lib/crater-agent-workspace/builds/worker-1-tc1/source:/opt/rustwide/workdir:ro,Z" "-v" "/var/lib/crater-agent-workspace/cargo-home:/opt/rustwide/cargo-home:ro,Z" "-v" "/var/lib/crater-agent-workspace/rustup-home:/opt/rustwide/rustup-home:ro,Z" "-e" "SOURCE_DIR=/opt/rustwide/workdir" "-e" "CARGO_TARGET_DIR=/opt/rustwide/target" "-e" "CARGO_HOME=/opt/rustwide/cargo-home" "-e" "RUSTUP_HOME=/opt/rustwide/rustup-home" "-w" "/opt/rustwide/workdir" "-m" "1610612736" "--user" "0:0" "--network" "none" "ghcr.io/rust-lang/crates-build-env/linux@sha256:5ff2268d62e97bff2cde7d5815dd6ed5b47097566f13b8d0ca110b04b60e07ed" "/opt/rustwide/cargo-home/bin/cargo" "+1.69.0" "metadata" "--no-deps" "--format-version=1", kill_on_drop: false }`
[INFO] [stdout] 68517ec1bc1f321987bff0a5f490982e81a349c78f617e438b35374eda2129be
[INFO] running `Command { std: "docker" "start" "-a" "68517ec1bc1f321987bff0a5f490982e81a349c78f617e438b35374eda2129be", kill_on_drop: false }`
[INFO] running `Command { std: "docker" "inspect" "68517ec1bc1f321987bff0a5f490982e81a349c78f617e438b35374eda2129be", kill_on_drop: false }`
[INFO] running `Command { std: "docker" "rm" "-f" "68517ec1bc1f321987bff0a5f490982e81a349c78f617e438b35374eda2129be", kill_on_drop: false }`
[INFO] [stdout] 68517ec1bc1f321987bff0a5f490982e81a349c78f617e438b35374eda2129be
[INFO] running `Command { std: "docker" "create" "-v" "/var/lib/crater-agent-workspace/builds/worker-1-tc1/target:/opt/rustwide/target:rw,Z" "-v" "/var/lib/crater-agent-workspace/builds/worker-1-tc1/source:/opt/rustwide/workdir:ro,Z" "-v" "/var/lib/crater-agent-workspace/cargo-home:/opt/rustwide/cargo-home:ro,Z" "-v" "/var/lib/crater-agent-workspace/rustup-home:/opt/rustwide/rustup-home:ro,Z" "-e" "SOURCE_DIR=/opt/rustwide/workdir" "-e" "CARGO_TARGET_DIR=/opt/rustwide/target" "-e" "CARGO_INCREMENTAL=0" "-e" "RUST_BACKTRACE=full" "-e" "RUSTFLAGS=--cap-lints=warn" "-e" "RUSTDOCFLAGS=--cap-lints=warn" "-e" "CARGO_HOME=/opt/rustwide/cargo-home" "-e" "RUSTUP_HOME=/opt/rustwide/rustup-home" "-w" "/opt/rustwide/workdir" "-m" "1610612736" "--user" "0:0" "--network" "none" "ghcr.io/rust-lang/crates-build-env/linux@sha256:5ff2268d62e97bff2cde7d5815dd6ed5b47097566f13b8d0ca110b04b60e07ed" "/opt/rustwide/cargo-home/bin/cargo" "+1.69.0" "build" "--frozen" "--message-format=json", kill_on_drop: false }`
[INFO] [stdout] 6c83399e11e423b740b74b3a626379d6d642f9237faca051c423539dc9923f15
[INFO] running `Command { std: "docker" "start" "-a" "6c83399e11e423b740b74b3a626379d6d642f9237faca051c423539dc9923f15", kill_on_drop: false }`
[INFO] [stderr]    Compiling version_check v0.9.4
[INFO] [stderr]    Compiling typenum v1.16.0
[INFO] [stderr]    Compiling proc-macro2 v1.0.50
[INFO] [stderr]    Compiling unicode-ident v1.0.6
[INFO] [stderr]    Compiling quote v1.0.23
[INFO] [stderr]    Compiling syn v1.0.107
[INFO] [stderr]    Compiling libc v0.2.139
[INFO] [stderr]    Compiling cfg-if v1.0.0
[INFO] [stderr]    Compiling subtle v2.4.1
[INFO] [stderr]    Compiling zeroize v1.5.7
[INFO] [stderr]    Compiling serde_derive v1.0.152
[INFO] [stderr]    Compiling const-oid v0.9.1
[INFO] [stderr]    Compiling serde v1.0.152
[INFO] [stderr]    Compiling base64ct v1.5.3
[INFO] [stderr]    Compiling base16ct v0.1.1
[INFO] [stderr]    Compiling cpufeatures v0.2.5
[INFO] [stderr]    Compiling serde_json v1.0.91
[INFO] [stderr]    Compiling once_cell v1.17.0
[INFO] [stderr]    Compiling byteorder v1.4.3
[INFO] [stderr]    Compiling der v0.6.1
[INFO] [stderr]    Compiling thiserror v1.0.38
[INFO] [stderr]    Compiling crunchy v0.2.2
[INFO] [stderr]    Compiling itoa v1.0.5
[INFO] [stderr]    Compiling hex v0.4.3
[INFO] [stderr]    Compiling opaque-debug v0.3.0
[INFO] [stderr]    Compiling schemars v0.8.11
[INFO] [stderr]    Compiling generic-array v0.14.6
[INFO] [stderr]    Compiling ahash v0.7.6
[INFO] [stderr]    Compiling ryu v1.0.12
[INFO] [stderr]    Compiling rand_core v0.5.1
[INFO] [stderr]    Compiling dyn-clone v1.0.10
[INFO] [stderr]    Compiling static_assertions v1.1.0
[INFO] [stderr]    Compiling base64 v0.13.1
[INFO] [stderr]    Compiling forward_ref v1.0.0
[INFO] [stderr]    Compiling semver v1.0.16
[INFO] [stderr]    Compiling uint v0.9.5
[INFO] [stderr]    Compiling getrandom v0.2.8
[INFO] [stderr]    Compiling spki v0.6.0
[INFO] [stderr]    Compiling rand_core v0.6.4
[INFO] [stderr]    Compiling pkcs8 v0.9.0
[INFO] [stderr]    Compiling ff v0.12.1
[INFO] [stderr]    Compiling hashbrown v0.12.3
[INFO] [stderr]    Compiling group v0.12.1
[INFO] [stderr]    Compiling block-buffer v0.10.3
[INFO] [stderr]    Compiling crypto-common v0.1.6
[INFO] [stderr]    Compiling crypto-bigint v0.4.9
[INFO] [stderr]    Compiling sec1 v0.3.0
[INFO] [stderr]    Compiling digest v0.9.0
[INFO] [stderr]    Compiling block-buffer v0.9.0
[INFO] [stderr]    Compiling sha2 v0.9.9
[INFO] [stderr]    Compiling curve25519-dalek v3.2.0
[INFO] [stderr]    Compiling digest v0.10.6
[INFO] [stderr]    Compiling hmac v0.12.1
[INFO] [stderr]    Compiling signature v1.6.4
[INFO] [stderr]    Compiling sha2 v0.10.6
[INFO] [stderr]    Compiling rfc6979 v0.3.1
[INFO] [stderr]    Compiling elliptic-curve v0.12.3
[INFO] [stderr]    Compiling ecdsa v0.14.8
[INFO] [stderr]    Compiling k256 v0.11.6
[INFO] [stderr]    Compiling serde_derive_internals v0.26.0
[INFO] [stderr]    Compiling thiserror-impl v1.0.38
[INFO] [stderr]    Compiling cosmwasm-derive v1.2.1
[INFO] [stderr]    Compiling derivative v2.2.0
[INFO] [stderr]    Compiling cosmwasm-schema-derive v1.2.1
[INFO] [stderr]    Compiling schemars_derive v0.8.11
[INFO] [stderr]    Compiling ed25519-zebra v3.1.0
[INFO] [stderr]    Compiling serde-json-wasm v0.5.0
[INFO] [stderr]    Compiling cosmwasm-crypto v1.2.1
[INFO] [stderr]    Compiling cosmwasm-std v1.2.1
[INFO] [stderr]    Compiling cosmwasm-schema v1.2.1
[INFO] [stderr]    Compiling cw-storage-plus v1.0.1
[INFO] [stderr]    Compiling cw-address-like v1.0.3
[INFO] [stderr]    Compiling cw2 v1.0.1
[INFO] [stderr]    Compiling cw-utils v1.0.1
[INFO] [stderr]    Compiling cw20 v1.0.1
[INFO] [stderr]    Compiling cw-asset v3.0.0 (/opt/rustwide/workdir)
[INFO] [stderr]     Finished dev [unoptimized + debuginfo] target(s) in 16.33s
[INFO] running `Command { std: "docker" "inspect" "6c83399e11e423b740b74b3a626379d6d642f9237faca051c423539dc9923f15", kill_on_drop: false }`
[INFO] running `Command { std: "docker" "rm" "-f" "6c83399e11e423b740b74b3a626379d6d642f9237faca051c423539dc9923f15", kill_on_drop: false }`
[INFO] [stdout] 6c83399e11e423b740b74b3a626379d6d642f9237faca051c423539dc9923f15
[INFO] running `Command { std: "docker" "create" "-v" "/var/lib/crater-agent-workspace/builds/worker-1-tc1/target:/opt/rustwide/target:rw,Z" "-v" "/var/lib/crater-agent-workspace/builds/worker-1-tc1/source:/opt/rustwide/workdir:ro,Z" "-v" "/var/lib/crater-agent-workspace/cargo-home:/opt/rustwide/cargo-home:ro,Z" "-v" "/var/lib/crater-agent-workspace/rustup-home:/opt/rustwide/rustup-home:ro,Z" "-e" "SOURCE_DIR=/opt/rustwide/workdir" "-e" "CARGO_TARGET_DIR=/opt/rustwide/target" "-e" "CARGO_INCREMENTAL=0" "-e" "RUST_BACKTRACE=full" "-e" "RUSTFLAGS=--cap-lints=warn" "-e" "RUSTDOCFLAGS=--cap-lints=warn" "-e" "CARGO_HOME=/opt/rustwide/cargo-home" "-e" "RUSTUP_HOME=/opt/rustwide/rustup-home" "-w" "/opt/rustwide/workdir" "-m" "1610612736" "--user" "0:0" "--network" "none" "ghcr.io/rust-lang/crates-build-env/linux@sha256:5ff2268d62e97bff2cde7d5815dd6ed5b47097566f13b8d0ca110b04b60e07ed" "/opt/rustwide/cargo-home/bin/cargo" "+1.69.0" "test" "--frozen" "--no-run" "--message-format=json", kill_on_drop: false }`
[INFO] [stdout] ba8c746ba0d55f57a56f4cd214f305e453ac7dc855ec16bd17871614472d2a83
[INFO] running `Command { std: "docker" "start" "-a" "ba8c746ba0d55f57a56f4cd214f305e453ac7dc855ec16bd17871614472d2a83", kill_on_drop: false }`
[INFO] [stderr]    Compiling cw-asset v3.0.0 (/opt/rustwide/workdir)
[INFO] [stderr]     Finished test [unoptimized + debuginfo] target(s) in 1.39s
[INFO] running `Command { std: "docker" "inspect" "ba8c746ba0d55f57a56f4cd214f305e453ac7dc855ec16bd17871614472d2a83", kill_on_drop: false }`
[INFO] running `Command { std: "docker" "rm" "-f" "ba8c746ba0d55f57a56f4cd214f305e453ac7dc855ec16bd17871614472d2a83", kill_on_drop: false }`
[INFO] [stdout] ba8c746ba0d55f57a56f4cd214f305e453ac7dc855ec16bd17871614472d2a83
[INFO] running `Command { std: "docker" "create" "-v" "/var/lib/crater-agent-workspace/builds/worker-1-tc1/target:/opt/rustwide/target:rw,Z" "-v" "/var/lib/crater-agent-workspace/builds/worker-1-tc1/source:/opt/rustwide/workdir:ro,Z" "-v" "/var/lib/crater-agent-workspace/cargo-home:/opt/rustwide/cargo-home:ro,Z" "-v" "/var/lib/crater-agent-workspace/rustup-home:/opt/rustwide/rustup-home:ro,Z" "-e" "SOURCE_DIR=/opt/rustwide/workdir" "-e" "CARGO_TARGET_DIR=/opt/rustwide/target" "-e" "CARGO_INCREMENTAL=0" "-e" "RUST_BACKTRACE=full" "-e" "RUSTFLAGS=--cap-lints=warn" "-e" "RUSTDOCFLAGS=--cap-lints=warn" "-e" "CARGO_HOME=/opt/rustwide/cargo-home" "-e" "RUSTUP_HOME=/opt/rustwide/rustup-home" "-w" "/opt/rustwide/workdir" "-m" "1610612736" "--user" "0:0" "--network" "none" "ghcr.io/rust-lang/crates-build-env/linux@sha256:5ff2268d62e97bff2cde7d5815dd6ed5b47097566f13b8d0ca110b04b60e07ed" "/opt/rustwide/cargo-home/bin/cargo" "+1.69.0" "test" "--frozen", kill_on_drop: false }`
[INFO] [stdout] 1b5d7f24b1bdb7b7957babe162048ec13f3b061efd969c60273af6b37a1fa9b6
[INFO] running `Command { std: "docker" "start" "-a" "1b5d7f24b1bdb7b7957babe162048ec13f3b061efd969c60273af6b37a1fa9b6", kill_on_drop: false }`
[INFO] [stderr]     Finished test [unoptimized + debuginfo] target(s) in 0.05s
[INFO] [stderr]      Running unittests src/lib.rs (/opt/rustwide/target/debug/deps/cw_asset-ec7f0c49e8bc2744)
[INFO] [stdout] 
[INFO] [stdout] running 33 tests
[INFO] [stdout] test asset::tests::comparing ... ok
[INFO] [stdout] test asset::tests::comparing_coin ... ok
[INFO] [stdout] test asset::tests::casting_coin ... ok
[INFO] [stdout] test asset::tests::creating_instances ... ok
[INFO] [stdout] test asset::tests::checking_uppercase ... ok
[INFO] [stdout] test asset::tests::checking ... ok
[INFO] [stdout] test asset::tests::from_sdk_string ... ok
[INFO] [stdout] test asset::tests::from_string ... ok
[INFO] [stdout] test asset::tests::creating_messages ... ok
[INFO] [stdout] test asset::tests::to_string ... ok
[INFO] [stdout] test asset_info::test::checking ... ok
[INFO] [stdout] test asset_info::test::comparing ... ok
[INFO] [stdout] test asset_info::test::checking_uppercase ... ok
[INFO] [stdout] test asset_info::test::creating_instances ... ok
[INFO] [stdout] test asset_info::test::from_string ... ok
[INFO] [stdout] test asset_info::test::composite_key_works ... ok
[INFO] [stdout] test asset_info::test::to_string ... ok
[INFO] [stdout] test asset_info::test::storage_key_works ... ok
[INFO] [stdout] test asset_info::test::querying_balance ... ok
[INFO] [stdout] test asset_list::tests::adding ... ok
[INFO] [stdout] test asset_list::tests::adding_many ... ok
[INFO] [stdout] test asset_info::test::triple_asset_key_works ... ok
[INFO] [stdout] test asset_list::tests::applying ... ok
[INFO] [stdout] test asset_list::tests::checking_uppercase ... ok
[INFO] [stdout] test asset_list::tests::deducting ... ok
[INFO] [stdout] test asset_list::tests::deducting_many ... ok
[INFO] [stdout] test asset_list::tests::finding ... ok
[INFO] [stdout] test asset_list::tests::creating_messages ... ok
[INFO] [stdout] test asset_list::tests::indexing ... ok
[INFO] [stdout] test asset_list::tests::checking ... ok
[INFO] [stdout] test asset_list::tests::to_string ... ok
[INFO] [stdout] test asset_list::tests::iterating ... ok
[INFO] [stdout] test asset_list::tests::from_string ... ok
[INFO] [stdout] 
[INFO] [stdout] test result: ok. 33 passed; 0 failed; 0 ignored; 0 measured; 0 filtered out; finished in 0.00s
[INFO] [stdout] 
[INFO] [stderr]    Doc-tests cw-asset
[INFO] [stdout] 
[INFO] [stdout] running 28 tests
[INFO] [stdout] test src/asset_info.rs - asset_info::AssetInfo::query_balance (line 169) ... ok
[INFO] [stdout] test src/asset.rs - asset::Asset::transfer_msg (line 297) ... ok
[INFO] [stdout] test src/asset_info.rs - asset_info::AssetInfoUnchecked::check (line 122) ... ok
[INFO] [stdout] test src/asset.rs - asset::Asset::transfer_from_msg (line 336) ... ok
[INFO] [stdout] test src/asset.rs - asset::AssetUnchecked::check (line 163) ... ok
[INFO] [stdout] test src/asset.rs - asset::Asset::send_msg (line 254) ... ok
[INFO] [stdout] test src/asset_list.rs - asset_list::AssetList::add_many (line 326) ... FAILED
[INFO] [stdout] test src/asset.rs - asset::AssetBase<T>::cw20 (line 63) ... FAILED
[INFO] [stdout] test src/asset_info.rs - asset_info::AssetInfoBase<T>::native (line 33) ... FAILED
[INFO] [stdout] test src/asset_list.rs - asset_list::AssetList::find (line 231) ... ok
[INFO] [stdout] test src/asset.rs - asset::AssetBase<T>::new (line 29) ... FAILED
[INFO] [stdout] test src/lib.rs - (line 54) ... FAILED
[INFO] [stdout] test src/asset_list.rs - asset_list::AssetList::deduct (line 365) ... FAILED
[INFO] [stdout] test src/asset_list.rs - asset_list::AssetList::transfer_msgs (line 428) ... ok
[INFO] [stdout] test src/asset_list.rs - asset_list::AssetListUnchecked::check (line 58) ... ok
[INFO] [stdout] test src/lib.rs - (line 32) ... ok
[INFO] [stdout] test src/lib.rs - (line 70) ... ok
[INFO] [stdout] test src/lib.rs - (line 9) ... ok
[INFO] [stdout] test src/asset_info.rs - asset_info::AssetInfoBase<T>::cw20 (line 44) ... ok
[INFO] [stdout] test src/asset.rs - asset::AssetBase<T>::native (line 48) ... ok
[INFO] [stdout] test src/asset_list.rs - asset_list::AssetList::deduct_many (line 399) ... ok
[INFO] [stdout] test src/asset_list.rs - asset_list::AssetList::add (line 294) ... ok
[INFO] [stdout] test src/asset_list.rs - asset_list::AssetList::apply (line 252) ... ok
[INFO] [stdout] test src/asset_list.rs - asset_list::AssetList::new (line 162) ... ok
[INFO] [stdout] test src/asset_list.rs - asset_list::AssetList::len (line 190) ... ok
[INFO] [stdout] test src/asset_list.rs - asset_list::AssetList::is_empty (line 210) ... ok
[INFO] [stdout] test src/asset_list.rs - asset_list::AssetList::to_vec (line 174) ... ok
[INFO] [stdout] test src/asset_list.rs - asset_list::AssetList::purge (line 269) ... ok
[INFO] [stdout] 
[INFO] [stdout] failures:
[INFO] [stdout] 
[INFO] [stdout] ---- src/asset_list.rs - asset_list::AssetList::add_many (line 326) stdout ----
[INFO] [stdout] error: linking with `cc` failed: exit status: 1
[INFO] [stdout]   |
[INFO] [stdout]   = note: LC_ALL="C" PATH="/opt/rustwide/rustup-home/toolchains/1.69.0-x86_64-unknown-linux-gnu/lib/rustlib/x86_64-unknown-linux-gnu/bin:/opt/rustwide/cargo-home/bin:/usr/local/sbin:/usr/local/bin:/usr/sbin:/usr/bin:/sbin:/bin" VSLANG="1033" "cc" "-m64" "/tmp/rustc7KWRpS/symbols.o" "/tmp/rustdoctestaLP3EE/rust_out.rust_out.5bfee551-cgu.0.rcgu.o" "/tmp/rustdoctestaLP3EE/rust_out.j00p4ncf7xg64kg.rcgu.o" "-Wl,--as-needed" "-L" "/opt/rustwide/target/debug/deps" "-L" "/opt/rustwide/target/debug/deps" "-L" "/opt/rustwide/rustup-home/toolchains/1.69.0-x86_64-unknown-linux-gnu/lib/rustlib/x86_64-unknown-linux-gnu/lib" "-Wl,-Bstatic" "/opt/rustwide/target/debug/deps/libcw_asset-3edbb187fe99d691.rlib" "/opt/rustwide/target/debug/deps/libcw_address_like-a112030227e8bfee.rlib" "/opt/rustwide/target/debug/deps/libcw20-e653d2cd1d4007ed.rlib" "/opt/rustwide/target/debug/deps/libcw_utils-caec1fd3bdd41796.rlib" "/opt/rustwide/target/debug/deps/libsemver-3ee5a5b7ad596a66.rlib" "/opt/rustwide/target/debug/deps/libcw2-616a937e91020a03.rlib" "/opt/rustwide/target/debug/deps/libcw_storage_plus-c20ec2464d36cc4b.rlib" "/opt/rustwide/target/debug/deps/libcosmwasm_std-d1a7178806969b07.rlib" "/opt/rustwide/target/debug/deps/libserde_json_wasm-c80c59081a3b3759.rlib" "/opt/rustwide/target/debug/deps/libbase64-58bd2041a3052460.rlib" "/opt/rustwide/target/debug/deps/libuint-1ff194ca57b9ddd6.rlib" "/opt/rustwide/target/debug/deps/libcrunchy-7a73c31a4084dc89.rlib" "/opt/rustwide/target/debug/deps/libstatic_assertions-9a9c2cb46fa7a0a6.rlib" "/opt/rustwide/target/debug/deps/libforward_ref-db7b68e54d1f785b.rlib" "/opt/rustwide/target/debug/deps/libcosmwasm_crypto-4838c78bcfc878ec.rlib" "/opt/rustwide/target/debug/deps/libk256-8013a5606412b326.rlib" "/opt/rustwide/target/debug/deps/libecdsa-2d2df3033d59c9e5.rlib" "/opt/rustwide/target/debug/deps/librfc6979-645bc07d55d87241.rlib" "/opt/rustwide/target/debug/deps/libhmac-b055f7022e84dc70.rlib" "/opt/rustwide/target/debug/deps/libsignature-ec63ad1464e88792.rlib" "/opt/rustwide/target/debug/deps/libelliptic_curve-e7c29905f340985e.rlib" "/opt/rustwide/target/debug/deps/libsec1-92ad85f9a95377eb.rlib" "/opt/rustwide/target/debug/deps/libpkcs8-7e8f83da5a72f88d.rlib" "/opt/rustwide/target/debug/deps/libspki-95b5c9e917f6672e.rlib" "/opt/rustwide/target/debug/deps/libder-1b2a335b75440868.rlib" "/opt/rustwide/target/debug/deps/libconst_oid-61fb4a8b09d228bc.rlib" "/opt/rustwide/target/debug/deps/libbase16ct-6ee9c4f8fdce34c9.rlib" "/opt/rustwide/target/debug/deps/libgroup-d9f1d16bae38734b.rlib" "/opt/rustwide/target/debug/deps/libff-69bdf616f8188b39.rlib" "/opt/rustwide/target/debug/deps/libcrypto_bigint-88b637b5aa5939a7.rlib" "/opt/rustwide/target/debug/deps/libed25519_zebra-09582257312fcf07.rlib" "/opt/rustwide/target/debug/deps/libhex-ad79348a67e835f3.rlib" "/opt/rustwide/target/debug/deps/libsha2-696ad480a282c98d.rlib" "/opt/rustwide/target/debug/deps/libopaque_debug-502d41d476583e16.rlib" "/opt/rustwide/target/debug/deps/libblock_buffer-58cf42098192ce63.rlib" "/opt/rustwide/target/debug/deps/librand_core-5362a872deff1cdb.rlib" "/opt/rustwide/target/debug/deps/libhashbrown-a3087590474a057a.rlib" "/opt/rustwide/target/debug/deps/libahash-f4101f7e27e4d722.rlib" "/opt/rustwide/target/debug/deps/libgetrandom-1c5102994359a15d.rlib" "/opt/rustwide/target/debug/deps/liblibc-0a70b8f532c63877.rlib" "/opt/rustwide/target/debug/deps/libonce_cell-a2c7f3639f3fdd08.rlib" "/opt/rustwide/target/debug/deps/libcurve25519_dalek-62e275f3eb4daac9.rlib" "/opt/rustwide/target/debug/deps/libzeroize-38e037151f83f722.rlib" "/opt/rustwide/target/debug/deps/librand_core-b71f1cd30c8761db.rlib" "/opt/rustwide/target/debug/deps/libdigest-1cc041f94efc53ac.rlib" "/opt/rustwide/target/debug/deps/libbyteorder-724e4a9e91726ea6.rlib" "/opt/rustwide/target/debug/deps/libsha2-98de1899b4199323.rlib" "/opt/rustwide/target/debug/deps/libcpufeatures-cbbf75742566b4cf.rlib" "/opt/rustwide/target/debug/deps/libcfg_if-e5e118dd7d121aaa.rlib" "/opt/rustwide/target/debug/deps/libdigest-9a63e4a39131f6fb.rlib" "/opt/rustwide/target/debug/deps/libsubtle-ba37734bcaf17e95.rlib" "/opt/rustwide/target/debug/deps/libblock_buffer-e50f624996d41935.rlib" "/opt/rustwide/target/debug/deps/libcrypto_common-cb6096d038b28cfa.rlib" "/opt/rustwide/target/debug/deps/libgeneric_array-1e7105f1935ae3b7.rlib" "/opt/rustwide/target/debug/deps/libtypenum-d40a559dcc4c7492.rlib" "/opt/rustwide/target/debug/deps/libcosmwasm_schema-0768e13b2650b2eb.rlib" "/opt/rustwide/target/debug/deps/libthiserror-f10a7054939df67d.rlib" "/opt/rustwide/target/debug/deps/libschemars-2ed3c6f203cf275c.rlib" "/opt/rustwide/target/debug/deps/libdyn_clone-07c3d99fb157239a.rlib" "/opt/rustwide/target/debug/deps/libserde_json-31a98feec2b25146.rlib" "/opt/rustwide/target/debug/deps/libryu-4d4a16031edb6838.rlib" "/opt/rustwide/target/debug/deps/libitoa-b071e49db4f1be66.rlib" "/opt/rustwide/target/debug/deps/libserde-dfcbd586ae96de5b.rlib" "/opt/rustwide/rustup-home/toolchains/1.69.0-x86_64-unknown-linux-gnu/lib/rustlib/x86_64-unknown-linux-gnu/lib/libstd-89bc084783fdc439.rlib" "/opt/rustwide/rustup-home/toolchains/1.69.0-x86_64-unknown-linux-gnu/lib/rustlib/x86_64-unknown-linux-gnu/lib/libpanic_unwind-8bee4b287d4367c1.rlib" "/opt/rustwide/rustup-home/toolchains/1.69.0-x86_64-unknown-linux-gnu/lib/rustlib/x86_64-unknown-linux-gnu/lib/libobject-d61707aed80694c0.rlib" "/opt/rustwide/rustup-home/toolchains/1.69.0-x86_64-unknown-linux-gnu/lib/rustlib/x86_64-unknown-linux-gnu/lib/libmemchr-d85366256f22345b.rlib" "/opt/rustwide/rustup-home/toolchains/1.69.0-x86_64-unknown-linux-gnu/lib/rustlib/x86_64-unknown-linux-gnu/lib/libaddr2line-96069b86b8a8cae9.rlib" "/opt/rustwide/rustup-home/toolchains/1.69.0-x86_64-unknown-linux-gnu/lib/rustlib/x86_64-unknown-linux-gnu/lib/libgimli-d19d53abf68dfa6c.rlib" "/opt/rustwide/rustup-home/toolchains/1.69.0-x86_64-unknown-linux-gnu/lib/rustlib/x86_64-unknown-linux-gnu/lib/librustc_demangle-787cbccd19d64ac6.rlib" "/opt/rustwide/rustup-home/toolchains/1.69.0-x86_64-unknown-linux-gnu/lib/rustlib/x86_64-unknown-linux-gnu/lib/libstd_detect-b3837a36b830e0d0.rlib" "/opt/rustwide/rustup-home/toolchains/1.69.0-x86_64-unknown-linux-gnu/lib/rustlib/x86_64-unknown-linux-gnu/lib/libhashbrown-e3deb0e7e3f04966.rlib" "/opt/rustwide/rustup-home/toolchains/1.69.0-x86_64-unknown-linux-gnu/lib/rustlib/x86_64-unknown-linux-gnu/lib/libminiz_oxide-dabbb79c9815def4.rlib" "/opt/rustwide/rustup-home/toolchains/1.69.0-x86_64-unknown-linux-gnu/lib/rustlib/x86_64-unknown-linux-gnu/lib/libadler-305b01f34c9409f2.rlib" "/opt/rustwide/rustup-home/toolchains/1.69.0-x86_64-unknown-linux-gnu/lib/rustlib/x86_64-unknown-linux-gnu/lib/librustc_std_workspace_alloc-f833521df6074e73.rlib" "/opt/rustwide/rustup-home/toolchains/1.69.0-x86_64-unknown-linux-gnu/lib/rustlib/x86_64-unknown-linux-gnu/lib/libunwind-9ac333113350d171.rlib" "/opt/rustwide/rustup-home/toolchains/1.69.0-x86_64-unknown-linux-gnu/lib/rustlib/x86_64-unknown-linux-gnu/lib/libcfg_if-1c126114322d0eee.rlib" "/opt/rustwide/rustup-home/toolchains/1.69.0-x86_64-unknown-linux-gnu/lib/rustlib/x86_64-unknown-linux-gnu/lib/liblibc-bad9164fdeeecf92.rlib" "/opt/rustwide/rustup-home/toolchains/1.69.0-x86_64-unknown-linux-gnu/lib/rustlib/x86_64-unknown-linux-gnu/lib/liballoc-f9374b1e480fa681.rlib" "/opt/rustwide/rustup-home/toolchains/1.69.0-x86_64-unknown-linux-gnu/lib/rustlib/x86_64-unknown-linux-gnu/lib/librustc_std_workspace_core-207f06e41d9603af.rlib" "/opt/rustwide/rustup-home/toolchains/1.69.0-x86_64-unknown-linux-gnu/lib/rustlib/x86_64-unknown-linux-gnu/lib/libcore-7e2768e66e984e85.rlib" "/opt/rustwide/rustup-home/toolchains/1.69.0-x86_64-unknown-linux-gnu/lib/rustlib/x86_64-unknown-linux-gnu/lib/libcompiler_builtins-957b4aff41f8cd46.rlib" "-Wl,-Bdynamic" "-lc" "-lm" "-lrt" "-lpthread" "-lgcc_s" "-lutil" "-lrt" "-lpthread" "-lm" "-ldl" "-lc" "-Wl,--eh-frame-hdr" "-Wl,-z,noexecstack" "-L" "/opt/rustwide/rustup-home/toolchains/1.69.0-x86_64-unknown-linux-gnu/lib/rustlib/x86_64-unknown-linux-gnu/lib" "-o" "/tmp/rustdoctestaLP3EE/rust_out" "-Wl,--gc-sections" "-pie" "-Wl,-z,relro,-z,now" "-nodefaultlibs"
[INFO] [stdout]   = note: collect2: fatal error: ld terminated with signal 9 [Killed]
[INFO] [stdout]           compilation terminated.
[INFO] [stdout]           
[INFO] [stdout] 
[INFO] [stdout] error: aborting due to previous error
[INFO] [stdout] 
[INFO] [stdout] Couldn't compile the test.
[INFO] [stdout] ---- src/asset.rs - asset::AssetBase<T>::cw20 (line 63) stdout ----
[INFO] [stdout] error: linking with `cc` failed: exit status: 1
[INFO] [stdout]   |
[INFO] [stdout]   = note: LC_ALL="C" PATH="/opt/rustwide/rustup-home/toolchains/1.69.0-x86_64-unknown-linux-gnu/lib/rustlib/x86_64-unknown-linux-gnu/bin:/opt/rustwide/cargo-home/bin:/usr/local/sbin:/usr/local/bin:/usr/sbin:/usr/bin:/sbin:/bin" VSLANG="1033" "cc" "-m64" "/tmp/rustcW4TX3A/symbols.o" "/tmp/rustdoctestJU9CBF/rust_out.rust_out.5bfee551-cgu.0.rcgu.o" "/tmp/rustdoctestJU9CBF/rust_out.j00p4ncf7xg64kg.rcgu.o" "-Wl,--as-needed" "-L" "/opt/rustwide/target/debug/deps" "-L" "/opt/rustwide/target/debug/deps" "-L" "/opt/rustwide/rustup-home/toolchains/1.69.0-x86_64-unknown-linux-gnu/lib/rustlib/x86_64-unknown-linux-gnu/lib" "-Wl,-Bstatic" "/opt/rustwide/target/debug/deps/libcw_asset-3edbb187fe99d691.rlib" "/opt/rustwide/target/debug/deps/libcw_address_like-a112030227e8bfee.rlib" "/opt/rustwide/target/debug/deps/libcw20-e653d2cd1d4007ed.rlib" "/opt/rustwide/target/debug/deps/libcw_utils-caec1fd3bdd41796.rlib" "/opt/rustwide/target/debug/deps/libsemver-3ee5a5b7ad596a66.rlib" "/opt/rustwide/target/debug/deps/libcw2-616a937e91020a03.rlib" "/opt/rustwide/target/debug/deps/libcw_storage_plus-c20ec2464d36cc4b.rlib" "/opt/rustwide/target/debug/deps/libcosmwasm_std-d1a7178806969b07.rlib" "/opt/rustwide/target/debug/deps/libserde_json_wasm-c80c59081a3b3759.rlib" "/opt/rustwide/target/debug/deps/libbase64-58bd2041a3052460.rlib" "/opt/rustwide/target/debug/deps/libuint-1ff194ca57b9ddd6.rlib" "/opt/rustwide/target/debug/deps/libcrunchy-7a73c31a4084dc89.rlib" "/opt/rustwide/target/debug/deps/libstatic_assertions-9a9c2cb46fa7a0a6.rlib" "/opt/rustwide/target/debug/deps/libforward_ref-db7b68e54d1f785b.rlib" "/opt/rustwide/target/debug/deps/libcosmwasm_crypto-4838c78bcfc878ec.rlib" "/opt/rustwide/target/debug/deps/libk256-8013a5606412b326.rlib" "/opt/rustwide/target/debug/deps/libecdsa-2d2df3033d59c9e5.rlib" "/opt/rustwide/target/debug/deps/librfc6979-645bc07d55d87241.rlib" "/opt/rustwide/target/debug/deps/libhmac-b055f7022e84dc70.rlib" "/opt/rustwide/target/debug/deps/libsignature-ec63ad1464e88792.rlib" "/opt/rustwide/target/debug/deps/libelliptic_curve-e7c29905f340985e.rlib" "/opt/rustwide/target/debug/deps/libsec1-92ad85f9a95377eb.rlib" "/opt/rustwide/target/debug/deps/libpkcs8-7e8f83da5a72f88d.rlib" "/opt/rustwide/target/debug/deps/libspki-95b5c9e917f6672e.rlib" "/opt/rustwide/target/debug/deps/libder-1b2a335b75440868.rlib" "/opt/rustwide/target/debug/deps/libconst_oid-61fb4a8b09d228bc.rlib" "/opt/rustwide/target/debug/deps/libbase16ct-6ee9c4f8fdce34c9.rlib" "/opt/rustwide/target/debug/deps/libgroup-d9f1d16bae38734b.rlib" "/opt/rustwide/target/debug/deps/libff-69bdf616f8188b39.rlib" "/opt/rustwide/target/debug/deps/libcrypto_bigint-88b637b5aa5939a7.rlib" "/opt/rustwide/target/debug/deps/libed25519_zebra-09582257312fcf07.rlib" "/opt/rustwide/target/debug/deps/libhex-ad79348a67e835f3.rlib" "/opt/rustwide/target/debug/deps/libsha2-696ad480a282c98d.rlib" "/opt/rustwide/target/debug/deps/libopaque_debug-502d41d476583e16.rlib" "/opt/rustwide/target/debug/deps/libblock_buffer-58cf42098192ce63.rlib" "/opt/rustwide/target/debug/deps/librand_core-5362a872deff1cdb.rlib" "/opt/rustwide/target/debug/deps/libhashbrown-a3087590474a057a.rlib" "/opt/rustwide/target/debug/deps/libahash-f4101f7e27e4d722.rlib" "/opt/rustwide/target/debug/deps/libgetrandom-1c5102994359a15d.rlib" "/opt/rustwide/target/debug/deps/liblibc-0a70b8f532c63877.rlib" "/opt/rustwide/target/debug/deps/libonce_cell-a2c7f3639f3fdd08.rlib" "/opt/rustwide/target/debug/deps/libcurve25519_dalek-62e275f3eb4daac9.rlib" "/opt/rustwide/target/debug/deps/libzeroize-38e037151f83f722.rlib" "/opt/rustwide/target/debug/deps/librand_core-b71f1cd30c8761db.rlib" "/opt/rustwide/target/debug/deps/libdigest-1cc041f94efc53ac.rlib" "/opt/rustwide/target/debug/deps/libbyteorder-724e4a9e91726ea6.rlib" "/opt/rustwide/target/debug/deps/libsha2-98de1899b4199323.rlib" "/opt/rustwide/target/debug/deps/libcpufeatures-cbbf75742566b4cf.rlib" "/opt/rustwide/target/debug/deps/libcfg_if-e5e118dd7d121aaa.rlib" "/opt/rustwide/target/debug/deps/libdigest-9a63e4a39131f6fb.rlib" "/opt/rustwide/target/debug/deps/libsubtle-ba37734bcaf17e95.rlib" "/opt/rustwide/target/debug/deps/libblock_buffer-e50f624996d41935.rlib" "/opt/rustwide/target/debug/deps/libcrypto_common-cb6096d038b28cfa.rlib" "/opt/rustwide/target/debug/deps/libgeneric_array-1e7105f1935ae3b7.rlib" "/opt/rustwide/target/debug/deps/libtypenum-d40a559dcc4c7492.rlib" "/opt/rustwide/target/debug/deps/libcosmwasm_schema-0768e13b2650b2eb.rlib" "/opt/rustwide/target/debug/deps/libthiserror-f10a7054939df67d.rlib" "/opt/rustwide/target/debug/deps/libschemars-2ed3c6f203cf275c.rlib" "/opt/rustwide/target/debug/deps/libdyn_clone-07c3d99fb157239a.rlib" "/opt/rustwide/target/debug/deps/libserde_json-31a98feec2b25146.rlib" "/opt/rustwide/target/debug/deps/libryu-4d4a16031edb6838.rlib" "/opt/rustwide/target/debug/deps/libitoa-b071e49db4f1be66.rlib" "/opt/rustwide/target/debug/deps/libserde-dfcbd586ae96de5b.rlib" "/opt/rustwide/rustup-home/toolchains/1.69.0-x86_64-unknown-linux-gnu/lib/rustlib/x86_64-unknown-linux-gnu/lib/libstd-89bc084783fdc439.rlib" "/opt/rustwide/rustup-home/toolchains/1.69.0-x86_64-unknown-linux-gnu/lib/rustlib/x86_64-unknown-linux-gnu/lib/libpanic_unwind-8bee4b287d4367c1.rlib" "/opt/rustwide/rustup-home/toolchains/1.69.0-x86_64-unknown-linux-gnu/lib/rustlib/x86_64-unknown-linux-gnu/lib/libobject-d61707aed80694c0.rlib" "/opt/rustwide/rustup-home/toolchains/1.69.0-x86_64-unknown-linux-gnu/lib/rustlib/x86_64-unknown-linux-gnu/lib/libmemchr-d85366256f22345b.rlib" "/opt/rustwide/rustup-home/toolchains/1.69.0-x86_64-unknown-linux-gnu/lib/rustlib/x86_64-unknown-linux-gnu/lib/libaddr2line-96069b86b8a8cae9.rlib" "/opt/rustwide/rustup-home/toolchains/1.69.0-x86_64-unknown-linux-gnu/lib/rustlib/x86_64-unknown-linux-gnu/lib/libgimli-d19d53abf68dfa6c.rlib" "/opt/rustwide/rustup-home/toolchains/1.69.0-x86_64-unknown-linux-gnu/lib/rustlib/x86_64-unknown-linux-gnu/lib/librustc_demangle-787cbccd19d64ac6.rlib" "/opt/rustwide/rustup-home/toolchains/1.69.0-x86_64-unknown-linux-gnu/lib/rustlib/x86_64-unknown-linux-gnu/lib/libstd_detect-b3837a36b830e0d0.rlib" "/opt/rustwide/rustup-home/toolchains/1.69.0-x86_64-unknown-linux-gnu/lib/rustlib/x86_64-unknown-linux-gnu/lib/libhashbrown-e3deb0e7e3f04966.rlib" "/opt/rustwide/rustup-home/toolchains/1.69.0-x86_64-unknown-linux-gnu/lib/rustlib/x86_64-unknown-linux-gnu/lib/libminiz_oxide-dabbb79c9815def4.rlib" "/opt/rustwide/rustup-home/toolchains/1.69.0-x86_64-unknown-linux-gnu/lib/rustlib/x86_64-unknown-linux-gnu/lib/libadler-305b01f34c9409f2.rlib" "/opt/rustwide/rustup-home/toolchains/1.69.0-x86_64-unknown-linux-gnu/lib/rustlib/x86_64-unknown-linux-gnu/lib/librustc_std_workspace_alloc-f833521df6074e73.rlib" "/opt/rustwide/rustup-home/toolchains/1.69.0-x86_64-unknown-linux-gnu/lib/rustlib/x86_64-unknown-linux-gnu/lib/libunwind-9ac333113350d171.rlib" "/opt/rustwide/rustup-home/toolchains/1.69.0-x86_64-unknown-linux-gnu/lib/rustlib/x86_64-unknown-linux-gnu/lib/libcfg_if-1c126114322d0eee.rlib" "/opt/rustwide/rustup-home/toolchains/1.69.0-x86_64-unknown-linux-gnu/lib/rustlib/x86_64-unknown-linux-gnu/lib/liblibc-bad9164fdeeecf92.rlib" "/opt/rustwide/rustup-home/toolchains/1.69.0-x86_64-unknown-linux-gnu/lib/rustlib/x86_64-unknown-linux-gnu/lib/liballoc-f9374b1e480fa681.rlib" "/opt/rustwide/rustup-home/toolchains/1.69.0-x86_64-unknown-linux-gnu/lib/rustlib/x86_64-unknown-linux-gnu/lib/librustc_std_workspace_core-207f06e41d9603af.rlib" "/opt/rustwide/rustup-home/toolchains/1.69.0-x86_64-unknown-linux-gnu/lib/rustlib/x86_64-unknown-linux-gnu/lib/libcore-7e2768e66e984e85.rlib" "/opt/rustwide/rustup-home/toolchains/1.69.0-x86_64-unknown-linux-gnu/lib/rustlib/x86_64-unknown-linux-gnu/lib/libcompiler_builtins-957b4aff41f8cd46.rlib" "-Wl,-Bdynamic" "-lc" "-lm" "-lrt" "-lpthread" "-lgcc_s" "-lutil" "-lrt" "-lpthread" "-lm" "-ldl" "-lc" "-Wl,--eh-frame-hdr" "-Wl,-z,noexecstack" "-L" "/opt/rustwide/rustup-home/toolchains/1.69.0-x86_64-unknown-linux-gnu/lib/rustlib/x86_64-unknown-linux-gnu/lib" "-o" "/tmp/rustdoctestJU9CBF/rust_out" "-Wl,--gc-sections" "-pie" "-Wl,-z,relro,-z,now" "-nodefaultlibs"
[INFO] [stdout]   = note: collect2: fatal error: ld terminated with signal 9 [Killed]
[INFO] [stdout]           compilation terminated.
[INFO] [stdout]           
[INFO] [stdout] 
[INFO] [stdout] error: aborting due to previous error
[INFO] [stdout] 
[INFO] [stdout] Couldn't compile the test.
[INFO] [stdout] ---- src/asset_info.rs - asset_info::AssetInfoBase<T>::native (line 33) stdout ----
[INFO] [stdout] error: linking with `cc` failed: exit status: 1
[INFO] [stdout]   |
[INFO] [stdout]   = note: LC_ALL="C" PATH="/opt/rustwide/rustup-home/toolchains/1.69.0-x86_64-unknown-linux-gnu/lib/rustlib/x86_64-unknown-linux-gnu/bin:/opt/rustwide/cargo-home/bin:/usr/local/sbin:/usr/local/bin:/usr/sbin:/usr/bin:/sbin:/bin" VSLANG="1033" "cc" "-m64" "/tmp/rustcjLdArL/symbols.o" "/tmp/rustdoctest6DZRzj/rust_out.rust_out.5bfee551-cgu.0.rcgu.o" "/tmp/rustdoctest6DZRzj/rust_out.j00p4ncf7xg64kg.rcgu.o" "-Wl,--as-needed" "-L" "/opt/rustwide/target/debug/deps" "-L" "/opt/rustwide/target/debug/deps" "-L" "/opt/rustwide/rustup-home/toolchains/1.69.0-x86_64-unknown-linux-gnu/lib/rustlib/x86_64-unknown-linux-gnu/lib" "-Wl,-Bstatic" "/opt/rustwide/target/debug/deps/libcw_asset-3edbb187fe99d691.rlib" "/opt/rustwide/target/debug/deps/libcw_address_like-a112030227e8bfee.rlib" "/opt/rustwide/target/debug/deps/libcw20-e653d2cd1d4007ed.rlib" "/opt/rustwide/target/debug/deps/libcw_utils-caec1fd3bdd41796.rlib" "/opt/rustwide/target/debug/deps/libsemver-3ee5a5b7ad596a66.rlib" "/opt/rustwide/target/debug/deps/libcw2-616a937e91020a03.rlib" "/opt/rustwide/target/debug/deps/libcw_storage_plus-c20ec2464d36cc4b.rlib" "/opt/rustwide/target/debug/deps/libcosmwasm_std-d1a7178806969b07.rlib" "/opt/rustwide/target/debug/deps/libserde_json_wasm-c80c59081a3b3759.rlib" "/opt/rustwide/target/debug/deps/libbase64-58bd2041a3052460.rlib" "/opt/rustwide/target/debug/deps/libuint-1ff194ca57b9ddd6.rlib" "/opt/rustwide/target/debug/deps/libcrunchy-7a73c31a4084dc89.rlib" "/opt/rustwide/target/debug/deps/libstatic_assertions-9a9c2cb46fa7a0a6.rlib" "/opt/rustwide/target/debug/deps/libforward_ref-db7b68e54d1f785b.rlib" "/opt/rustwide/target/debug/deps/libcosmwasm_crypto-4838c78bcfc878ec.rlib" "/opt/rustwide/target/debug/deps/libk256-8013a5606412b326.rlib" "/opt/rustwide/target/debug/deps/libecdsa-2d2df3033d59c9e5.rlib" "/opt/rustwide/target/debug/deps/librfc6979-645bc07d55d87241.rlib" "/opt/rustwide/target/debug/deps/libhmac-b055f7022e84dc70.rlib" "/opt/rustwide/target/debug/deps/libsignature-ec63ad1464e88792.rlib" "/opt/rustwide/target/debug/deps/libelliptic_curve-e7c29905f340985e.rlib" "/opt/rustwide/target/debug/deps/libsec1-92ad85f9a95377eb.rlib" "/opt/rustwide/target/debug/deps/libpkcs8-7e8f83da5a72f88d.rlib" "/opt/rustwide/target/debug/deps/libspki-95b5c9e917f6672e.rlib" "/opt/rustwide/target/debug/deps/libder-1b2a335b75440868.rlib" "/opt/rustwide/target/debug/deps/libconst_oid-61fb4a8b09d228bc.rlib" "/opt/rustwide/target/debug/deps/libbase16ct-6ee9c4f8fdce34c9.rlib" "/opt/rustwide/target/debug/deps/libgroup-d9f1d16bae38734b.rlib" "/opt/rustwide/target/debug/deps/libff-69bdf616f8188b39.rlib" "/opt/rustwide/target/debug/deps/libcrypto_bigint-88b637b5aa5939a7.rlib" "/opt/rustwide/target/debug/deps/libed25519_zebra-09582257312fcf07.rlib" "/opt/rustwide/target/debug/deps/libhex-ad79348a67e835f3.rlib" "/opt/rustwide/target/debug/deps/libsha2-696ad480a282c98d.rlib" "/opt/rustwide/target/debug/deps/libopaque_debug-502d41d476583e16.rlib" "/opt/rustwide/target/debug/deps/libblock_buffer-58cf42098192ce63.rlib" "/opt/rustwide/target/debug/deps/librand_core-5362a872deff1cdb.rlib" "/opt/rustwide/target/debug/deps/libhashbrown-a3087590474a057a.rlib" "/opt/rustwide/target/debug/deps/libahash-f4101f7e27e4d722.rlib" "/opt/rustwide/target/debug/deps/libgetrandom-1c5102994359a15d.rlib" "/opt/rustwide/target/debug/deps/liblibc-0a70b8f532c63877.rlib" "/opt/rustwide/target/debug/deps/libonce_cell-a2c7f3639f3fdd08.rlib" "/opt/rustwide/target/debug/deps/libcurve25519_dalek-62e275f3eb4daac9.rlib" "/opt/rustwide/target/debug/deps/libzeroize-38e037151f83f722.rlib" "/opt/rustwide/target/debug/deps/librand_core-b71f1cd30c8761db.rlib" "/opt/rustwide/target/debug/deps/libdigest-1cc041f94efc53ac.rlib" "/opt/rustwide/target/debug/deps/libbyteorder-724e4a9e91726ea6.rlib" "/opt/rustwide/target/debug/deps/libsha2-98de1899b4199323.rlib" "/opt/rustwide/target/debug/deps/libcpufeatures-cbbf75742566b4cf.rlib" "/opt/rustwide/target/debug/deps/libcfg_if-e5e118dd7d121aaa.rlib" "/opt/rustwide/target/debug/deps/libdigest-9a63e4a39131f6fb.rlib" "/opt/rustwide/target/debug/deps/libsubtle-ba37734bcaf17e95.rlib" "/opt/rustwide/target/debug/deps/libblock_buffer-e50f624996d41935.rlib" "/opt/rustwide/target/debug/deps/libcrypto_common-cb6096d038b28cfa.rlib" "/opt/rustwide/target/debug/deps/libgeneric_array-1e7105f1935ae3b7.rlib" "/opt/rustwide/target/debug/deps/libtypenum-d40a559dcc4c7492.rlib" "/opt/rustwide/target/debug/deps/libcosmwasm_schema-0768e13b2650b2eb.rlib" "/opt/rustwide/target/debug/deps/libthiserror-f10a7054939df67d.rlib" "/opt/rustwide/target/debug/deps/libschemars-2ed3c6f203cf275c.rlib" "/opt/rustwide/target/debug/deps/libdyn_clone-07c3d99fb157239a.rlib" "/opt/rustwide/target/debug/deps/libserde_json-31a98feec2b25146.rlib" "/opt/rustwide/target/debug/deps/libryu-4d4a16031edb6838.rlib" "/opt/rustwide/target/debug/deps/libitoa-b071e49db4f1be66.rlib" "/opt/rustwide/target/debug/deps/libserde-dfcbd586ae96de5b.rlib" "/opt/rustwide/rustup-home/toolchains/1.69.0-x86_64-unknown-linux-gnu/lib/rustlib/x86_64-unknown-linux-gnu/lib/libstd-89bc084783fdc439.rlib" "/opt/rustwide/rustup-home/toolchains/1.69.0-x86_64-unknown-linux-gnu/lib/rustlib/x86_64-unknown-linux-gnu/lib/libpanic_unwind-8bee4b287d4367c1.rlib" "/opt/rustwide/rustup-home/toolchains/1.69.0-x86_64-unknown-linux-gnu/lib/rustlib/x86_64-unknown-linux-gnu/lib/libobject-d61707aed80694c0.rlib" "/opt/rustwide/rustup-home/toolchains/1.69.0-x86_64-unknown-linux-gnu/lib/rustlib/x86_64-unknown-linux-gnu/lib/libmemchr-d85366256f22345b.rlib" "/opt/rustwide/rustup-home/toolchains/1.69.0-x86_64-unknown-linux-gnu/lib/rustlib/x86_64-unknown-linux-gnu/lib/libaddr2line-96069b86b8a8cae9.rlib" "/opt/rustwide/rustup-home/toolchains/1.69.0-x86_64-unknown-linux-gnu/lib/rustlib/x86_64-unknown-linux-gnu/lib/libgimli-d19d53abf68dfa6c.rlib" "/opt/rustwide/rustup-home/toolchains/1.69.0-x86_64-unknown-linux-gnu/lib/rustlib/x86_64-unknown-linux-gnu/lib/librustc_demangle-787cbccd19d64ac6.rlib" "/opt/rustwide/rustup-home/toolchains/1.69.0-x86_64-unknown-linux-gnu/lib/rustlib/x86_64-unknown-linux-gnu/lib/libstd_detect-b3837a36b830e0d0.rlib" "/opt/rustwide/rustup-home/toolchains/1.69.0-x86_64-unknown-linux-gnu/lib/rustlib/x86_64-unknown-linux-gnu/lib/libhashbrown-e3deb0e7e3f04966.rlib" "/opt/rustwide/rustup-home/toolchains/1.69.0-x86_64-unknown-linux-gnu/lib/rustlib/x86_64-unknown-linux-gnu/lib/libminiz_oxide-dabbb79c9815def4.rlib" "/opt/rustwide/rustup-home/toolchains/1.69.0-x86_64-unknown-linux-gnu/lib/rustlib/x86_64-unknown-linux-gnu/lib/libadler-305b01f34c9409f2.rlib" "/opt/rustwide/rustup-home/toolchains/1.69.0-x86_64-unknown-linux-gnu/lib/rustlib/x86_64-unknown-linux-gnu/lib/librustc_std_workspace_alloc-f833521df6074e73.rlib" "/opt/rustwide/rustup-home/toolchains/1.69.0-x86_64-unknown-linux-gnu/lib/rustlib/x86_64-unknown-linux-gnu/lib/libunwind-9ac333113350d171.rlib" "/opt/rustwide/rustup-home/toolchains/1.69.0-x86_64-unknown-linux-gnu/lib/rustlib/x86_64-unknown-linux-gnu/lib/libcfg_if-1c126114322d0eee.rlib" "/opt/rustwide/rustup-home/toolchains/1.69.0-x86_64-unknown-linux-gnu/lib/rustlib/x86_64-unknown-linux-gnu/lib/liblibc-bad9164fdeeecf92.rlib" "/opt/rustwide/rustup-home/toolchains/1.69.0-x86_64-unknown-linux-gnu/lib/rustlib/x86_64-unknown-linux-gnu/lib/liballoc-f9374b1e480fa681.rlib" "/opt/rustwide/rustup-home/toolchains/1.69.0-x86_64-unknown-linux-gnu/lib/rustlib/x86_64-unknown-linux-gnu/lib/librustc_std_workspace_core-207f06e41d9603af.rlib" "/opt/rustwide/rustup-home/toolchains/1.69.0-x86_64-unknown-linux-gnu/lib/rustlib/x86_64-unknown-linux-gnu/lib/libcore-7e2768e66e984e85.rlib" "/opt/rustwide/rustup-home/toolchains/1.69.0-x86_64-unknown-linux-gnu/lib/rustlib/x86_64-unknown-linux-gnu/lib/libcompiler_builtins-957b4aff41f8cd46.rlib" "-Wl,-Bdynamic" "-lc" "-lm" "-lrt" "-lpthread" "-lgcc_s" "-lutil" "-lrt" "-lpthread" "-lm" "-ldl" "-lc" "-Wl,--eh-frame-hdr" "-Wl,-z,noexecstack" "-L" "/opt/rustwide/rustup-home/toolchains/1.69.0-x86_64-unknown-linux-gnu/lib/rustlib/x86_64-unknown-linux-gnu/lib" "-o" "/tmp/rustdoctest6DZRzj/rust_out" "-Wl,--gc-sections" "-pie" "-Wl,-z,relro,-z,now" "-nodefaultlibs"
[INFO] [stdout]   = note: collect2: fatal error: ld terminated with signal 9 [Killed]
[INFO] [stdout]           compilation terminated.
[INFO] [stdout]           
[INFO] [stdout] 
[INFO] [stdout] error: aborting due to previous error
[INFO] [stdout] 
[INFO] [stdout] Couldn't compile the test.
[INFO] [stdout] ---- src/asset.rs - asset::AssetBase<T>::new (line 29) stdout ----
[INFO] [stdout] error: linking with `cc` failed: exit status: 1
[INFO] [stdout]   |
[INFO] [stdout]   = note: LC_ALL="C" PATH="/opt/rustwide/rustup-home/toolchains/1.69.0-x86_64-unknown-linux-gnu/lib/rustlib/x86_64-unknown-linux-gnu/bin:/opt/rustwide/cargo-home/bin:/usr/local/sbin:/usr/local/bin:/usr/sbin:/usr/bin:/sbin:/bin" VSLANG="1033" "cc" "-m64" "/tmp/rustcWUJhId/symbols.o" "/tmp/rustdoctest8Dgg38/rust_out.rust_out.5bfee551-cgu.0.rcgu.o" "/tmp/rustdoctest8Dgg38/rust_out.j00p4ncf7xg64kg.rcgu.o" "-Wl,--as-needed" "-L" "/opt/rustwide/target/debug/deps" "-L" "/opt/rustwide/target/debug/deps" "-L" "/opt/rustwide/rustup-home/toolchains/1.69.0-x86_64-unknown-linux-gnu/lib/rustlib/x86_64-unknown-linux-gnu/lib" "-Wl,-Bstatic" "/opt/rustwide/target/debug/deps/libcw_asset-3edbb187fe99d691.rlib" "/opt/rustwide/target/debug/deps/libcw_address_like-a112030227e8bfee.rlib" "/opt/rustwide/target/debug/deps/libcw20-e653d2cd1d4007ed.rlib" "/opt/rustwide/target/debug/deps/libcw_utils-caec1fd3bdd41796.rlib" "/opt/rustwide/target/debug/deps/libsemver-3ee5a5b7ad596a66.rlib" "/opt/rustwide/target/debug/deps/libcw2-616a937e91020a03.rlib" "/opt/rustwide/target/debug/deps/libcw_storage_plus-c20ec2464d36cc4b.rlib" "/opt/rustwide/target/debug/deps/libcosmwasm_std-d1a7178806969b07.rlib" "/opt/rustwide/target/debug/deps/libserde_json_wasm-c80c59081a3b3759.rlib" "/opt/rustwide/target/debug/deps/libbase64-58bd2041a3052460.rlib" "/opt/rustwide/target/debug/deps/libuint-1ff194ca57b9ddd6.rlib" "/opt/rustwide/target/debug/deps/libcrunchy-7a73c31a4084dc89.rlib" "/opt/rustwide/target/debug/deps/libstatic_assertions-9a9c2cb46fa7a0a6.rlib" "/opt/rustwide/target/debug/deps/libforward_ref-db7b68e54d1f785b.rlib" "/opt/rustwide/target/debug/deps/libcosmwasm_crypto-4838c78bcfc878ec.rlib" "/opt/rustwide/target/debug/deps/libk256-8013a5606412b326.rlib" "/opt/rustwide/target/debug/deps/libecdsa-2d2df3033d59c9e5.rlib" "/opt/rustwide/target/debug/deps/librfc6979-645bc07d55d87241.rlib" "/opt/rustwide/target/debug/deps/libhmac-b055f7022e84dc70.rlib" "/opt/rustwide/target/debug/deps/libsignature-ec63ad1464e88792.rlib" "/opt/rustwide/target/debug/deps/libelliptic_curve-e7c29905f340985e.rlib" "/opt/rustwide/target/debug/deps/libsec1-92ad85f9a95377eb.rlib" "/opt/rustwide/target/debug/deps/libpkcs8-7e8f83da5a72f88d.rlib" "/opt/rustwide/target/debug/deps/libspki-95b5c9e917f6672e.rlib" "/opt/rustwide/target/debug/deps/libder-1b2a335b75440868.rlib" "/opt/rustwide/target/debug/deps/libconst_oid-61fb4a8b09d228bc.rlib" "/opt/rustwide/target/debug/deps/libbase16ct-6ee9c4f8fdce34c9.rlib" "/opt/rustwide/target/debug/deps/libgroup-d9f1d16bae38734b.rlib" "/opt/rustwide/target/debug/deps/libff-69bdf616f8188b39.rlib" "/opt/rustwide/target/debug/deps/libcrypto_bigint-88b637b5aa5939a7.rlib" "/opt/rustwide/target/debug/deps/libed25519_zebra-09582257312fcf07.rlib" "/opt/rustwide/target/debug/deps/libhex-ad79348a67e835f3.rlib" "/opt/rustwide/target/debug/deps/libsha2-696ad480a282c98d.rlib" "/opt/rustwide/target/debug/deps/libopaque_debug-502d41d476583e16.rlib" "/opt/rustwide/target/debug/deps/libblock_buffer-58cf42098192ce63.rlib" "/opt/rustwide/target/debug/deps/librand_core-5362a872deff1cdb.rlib" "/opt/rustwide/target/debug/deps/libhashbrown-a3087590474a057a.rlib" "/opt/rustwide/target/debug/deps/libahash-f4101f7e27e4d722.rlib" "/opt/rustwide/target/debug/deps/libgetrandom-1c5102994359a15d.rlib" "/opt/rustwide/target/debug/deps/liblibc-0a70b8f532c63877.rlib" "/opt/rustwide/target/debug/deps/libonce_cell-a2c7f3639f3fdd08.rlib" "/opt/rustwide/target/debug/deps/libcurve25519_dalek-62e275f3eb4daac9.rlib" "/opt/rustwide/target/debug/deps/libzeroize-38e037151f83f722.rlib" "/opt/rustwide/target/debug/deps/librand_core-b71f1cd30c8761db.rlib" "/opt/rustwide/target/debug/deps/libdigest-1cc041f94efc53ac.rlib" "/opt/rustwide/target/debug/deps/libbyteorder-724e4a9e91726ea6.rlib" "/opt/rustwide/target/debug/deps/libsha2-98de1899b4199323.rlib" "/opt/rustwide/target/debug/deps/libcpufeatures-cbbf75742566b4cf.rlib" "/opt/rustwide/target/debug/deps/libcfg_if-e5e118dd7d121aaa.rlib" "/opt/rustwide/target/debug/deps/libdigest-9a63e4a39131f6fb.rlib" "/opt/rustwide/target/debug/deps/libsubtle-ba37734bcaf17e95.rlib" "/opt/rustwide/target/debug/deps/libblock_buffer-e50f624996d41935.rlib" "/opt/rustwide/target/debug/deps/libcrypto_common-cb6096d038b28cfa.rlib" "/opt/rustwide/target/debug/deps/libgeneric_array-1e7105f1935ae3b7.rlib" "/opt/rustwide/target/debug/deps/libtypenum-d40a559dcc4c7492.rlib" "/opt/rustwide/target/debug/deps/libcosmwasm_schema-0768e13b2650b2eb.rlib" "/opt/rustwide/target/debug/deps/libthiserror-f10a7054939df67d.rlib" "/opt/rustwide/target/debug/deps/libschemars-2ed3c6f203cf275c.rlib" "/opt/rustwide/target/debug/deps/libdyn_clone-07c3d99fb157239a.rlib" "/opt/rustwide/target/debug/deps/libserde_json-31a98feec2b25146.rlib" "/opt/rustwide/target/debug/deps/libryu-4d4a16031edb6838.rlib" "/opt/rustwide/target/debug/deps/libitoa-b071e49db4f1be66.rlib" "/opt/rustwide/target/debug/deps/libserde-dfcbd586ae96de5b.rlib" "/opt/rustwide/rustup-home/toolchains/1.69.0-x86_64-unknown-linux-gnu/lib/rustlib/x86_64-unknown-linux-gnu/lib/libstd-89bc084783fdc439.rlib" "/opt/rustwide/rustup-home/toolchains/1.69.0-x86_64-unknown-linux-gnu/lib/rustlib/x86_64-unknown-linux-gnu/lib/libpanic_unwind-8bee4b287d4367c1.rlib" "/opt/rustwide/rustup-home/toolchains/1.69.0-x86_64-unknown-linux-gnu/lib/rustlib/x86_64-unknown-linux-gnu/lib/libobject-d61707aed80694c0.rlib" "/opt/rustwide/rustup-home/toolchains/1.69.0-x86_64-unknown-linux-gnu/lib/rustlib/x86_64-unknown-linux-gnu/lib/libmemchr-d85366256f22345b.rlib" "/opt/rustwide/rustup-home/toolchains/1.69.0-x86_64-unknown-linux-gnu/lib/rustlib/x86_64-unknown-linux-gnu/lib/libaddr2line-96069b86b8a8cae9.rlib" "/opt/rustwide/rustup-home/toolchains/1.69.0-x86_64-unknown-linux-gnu/lib/rustlib/x86_64-unknown-linux-gnu/lib/libgimli-d19d53abf68dfa6c.rlib" "/opt/rustwide/rustup-home/toolchains/1.69.0-x86_64-unknown-linux-gnu/lib/rustlib/x86_64-unknown-linux-gnu/lib/librustc_demangle-787cbccd19d64ac6.rlib" "/opt/rustwide/rustup-home/toolchains/1.69.0-x86_64-unknown-linux-gnu/lib/rustlib/x86_64-unknown-linux-gnu/lib/libstd_detect-b3837a36b830e0d0.rlib" "/opt/rustwide/rustup-home/toolchains/1.69.0-x86_64-unknown-linux-gnu/lib/rustlib/x86_64-unknown-linux-gnu/lib/libhashbrown-e3deb0e7e3f04966.rlib" "/opt/rustwide/rustup-home/toolchains/1.69.0-x86_64-unknown-linux-gnu/lib/rustlib/x86_64-unknown-linux-gnu/lib/libminiz_oxide-dabbb79c9815def4.rlib" "/opt/rustwide/rustup-home/toolchains/1.69.0-x86_64-unknown-linux-gnu/lib/rustlib/x86_64-unknown-linux-gnu/lib/libadler-305b01f34c9409f2.rlib" "/opt/rustwide/rustup-home/toolchains/1.69.0-x86_64-unknown-linux-gnu/lib/rustlib/x86_64-unknown-linux-gnu/lib/librustc_std_workspace_alloc-f833521df6074e73.rlib" "/opt/rustwide/rustup-home/toolchains/1.69.0-x86_64-unknown-linux-gnu/lib/rustlib/x86_64-unknown-linux-gnu/lib/libunwind-9ac333113350d171.rlib" "/opt/rustwide/rustup-home/toolchains/1.69.0-x86_64-unknown-linux-gnu/lib/rustlib/x86_64-unknown-linux-gnu/lib/libcfg_if-1c126114322d0eee.rlib" "/opt/rustwide/rustup-home/toolchains/1.69.0-x86_64-unknown-linux-gnu/lib/rustlib/x86_64-unknown-linux-gnu/lib/liblibc-bad9164fdeeecf92.rlib" "/opt/rustwide/rustup-home/toolchains/1.69.0-x86_64-unknown-linux-gnu/lib/rustlib/x86_64-unknown-linux-gnu/lib/liballoc-f9374b1e480fa681.rlib" "/opt/rustwide/rustup-home/toolchains/1.69.0-x86_64-unknown-linux-gnu/lib/rustlib/x86_64-unknown-linux-gnu/lib/librustc_std_workspace_core-207f06e41d9603af.rlib" "/opt/rustwide/rustup-home/toolchains/1.69.0-x86_64-unknown-linux-gnu/lib/rustlib/x86_64-unknown-linux-gnu/lib/libcore-7e2768e66e984e85.rlib" "/opt/rustwide/rustup-home/toolchains/1.69.0-x86_64-unknown-linux-gnu/lib/rustlib/x86_64-unknown-linux-gnu/lib/libcompiler_builtins-957b4aff41f8cd46.rlib" "-Wl,-Bdynamic" "-lc" "-lm" "-lrt" "-lpthread" "-lgcc_s" "-lutil" "-lrt" "-lpthread" "-lm" "-ldl" "-lc" "-Wl,--eh-frame-hdr" "-Wl,-z,noexecstack" "-L" "/opt/rustwide/rustup-home/toolchains/1.69.0-x86_64-unknown-linux-gnu/lib/rustlib/x86_64-unknown-linux-gnu/lib" "-o" "/tmp/rustdoctest8Dgg38/rust_out" "-Wl,--gc-sections" "-pie" "-Wl,-z,relro,-z,now" "-nodefaultlibs"
[INFO] [stdout]   = note: collect2: fatal error: ld terminated with signal 9 [Killed]
[INFO] [stdout]           compilation terminated.
[INFO] [stdout]           
[INFO] [stdout] 
[INFO] [stdout] error: aborting due to previous error
[INFO] [stdout] 
[INFO] [stdout] Couldn't compile the test.
[INFO] [stdout] ---- src/lib.rs - (line 54) stdout ----
[INFO] [stdout] Couldn't compile the test.
[INFO] [stdout] ---- src/asset_list.rs - asset_list::AssetList::deduct (line 365) stdout ----
[INFO] [stdout] error: linking with `cc` failed: exit status: 1
[INFO] [stdout]   |
[INFO] [stdout]   = note: LC_ALL="C" PATH="/opt/rustwide/rustup-home/toolchains/1.69.0-x86_64-unknown-linux-gnu/lib/rustlib/x86_64-unknown-linux-gnu/bin:/opt/rustwide/cargo-home/bin:/usr/local/sbin:/usr/local/bin:/usr/sbin:/usr/bin:/sbin:/bin" VSLANG="1033" "cc" "-m64" "/tmp/rustcCZ7U0j/symbols.o" "/tmp/rustdoctestnPjCgF/rust_out.rust_out.5bfee551-cgu.0.rcgu.o" "/tmp/rustdoctestnPjCgF/rust_out.j00p4ncf7xg64kg.rcgu.o" "-Wl,--as-needed" "-L" "/opt/rustwide/target/debug/deps" "-L" "/opt/rustwide/target/debug/deps" "-L" "/opt/rustwide/rustup-home/toolchains/1.69.0-x86_64-unknown-linux-gnu/lib/rustlib/x86_64-unknown-linux-gnu/lib" "-Wl,-Bstatic" "/opt/rustwide/target/debug/deps/libcw_asset-3edbb187fe99d691.rlib" "/opt/rustwide/target/debug/deps/libcw_address_like-a112030227e8bfee.rlib" "/opt/rustwide/target/debug/deps/libcw20-e653d2cd1d4007ed.rlib" "/opt/rustwide/target/debug/deps/libcw_utils-caec1fd3bdd41796.rlib" "/opt/rustwide/target/debug/deps/libsemver-3ee5a5b7ad596a66.rlib" "/opt/rustwide/target/debug/deps/libcw2-616a937e91020a03.rlib" "/opt/rustwide/target/debug/deps/libcw_storage_plus-c20ec2464d36cc4b.rlib" "/opt/rustwide/target/debug/deps/libcosmwasm_std-d1a7178806969b07.rlib" "/opt/rustwide/target/debug/deps/libserde_json_wasm-c80c59081a3b3759.rlib" "/opt/rustwide/target/debug/deps/libbase64-58bd2041a3052460.rlib" "/opt/rustwide/target/debug/deps/libuint-1ff194ca57b9ddd6.rlib" "/opt/rustwide/target/debug/deps/libcrunchy-7a73c31a4084dc89.rlib" "/opt/rustwide/target/debug/deps/libstatic_assertions-9a9c2cb46fa7a0a6.rlib" "/opt/rustwide/target/debug/deps/libforward_ref-db7b68e54d1f785b.rlib" "/opt/rustwide/target/debug/deps/libcosmwasm_crypto-4838c78bcfc878ec.rlib" "/opt/rustwide/target/debug/deps/libk256-8013a5606412b326.rlib" "/opt/rustwide/target/debug/deps/libecdsa-2d2df3033d59c9e5.rlib" "/opt/rustwide/target/debug/deps/librfc6979-645bc07d55d87241.rlib" "/opt/rustwide/target/debug/deps/libhmac-b055f7022e84dc70.rlib" "/opt/rustwide/target/debug/deps/libsignature-ec63ad1464e88792.rlib" "/opt/rustwide/target/debug/deps/libelliptic_curve-e7c29905f340985e.rlib" "/opt/rustwide/target/debug/deps/libsec1-92ad85f9a95377eb.rlib" "/opt/rustwide/target/debug/deps/libpkcs8-7e8f83da5a72f88d.rlib" "/opt/rustwide/target/debug/deps/libspki-95b5c9e917f6672e.rlib" "/opt/rustwide/target/debug/deps/libder-1b2a335b75440868.rlib" "/opt/rustwide/target/debug/deps/libconst_oid-61fb4a8b09d228bc.rlib" "/opt/rustwide/target/debug/deps/libbase16ct-6ee9c4f8fdce34c9.rlib" "/opt/rustwide/target/debug/deps/libgroup-d9f1d16bae38734b.rlib" "/opt/rustwide/target/debug/deps/libff-69bdf616f8188b39.rlib" "/opt/rustwide/target/debug/deps/libcrypto_bigint-88b637b5aa5939a7.rlib" "/opt/rustwide/target/debug/deps/libed25519_zebra-09582257312fcf07.rlib" "/opt/rustwide/target/debug/deps/libhex-ad79348a67e835f3.rlib" "/opt/rustwide/target/debug/deps/libsha2-696ad480a282c98d.rlib" "/opt/rustwide/target/debug/deps/libopaque_debug-502d41d476583e16.rlib" "/opt/rustwide/target/debug/deps/libblock_buffer-58cf42098192ce63.rlib" "/opt/rustwide/target/debug/deps/librand_core-5362a872deff1cdb.rlib" "/opt/rustwide/target/debug/deps/libhashbrown-a3087590474a057a.rlib" "/opt/rustwide/target/debug/deps/libahash-f4101f7e27e4d722.rlib" "/opt/rustwide/target/debug/deps/libgetrandom-1c5102994359a15d.rlib" "/opt/rustwide/target/debug/deps/liblibc-0a70b8f532c63877.rlib" "/opt/rustwide/target/debug/deps/libonce_cell-a2c7f3639f3fdd08.rlib" "/opt/rustwide/target/debug/deps/libcurve25519_dalek-62e275f3eb4daac9.rlib" "/opt/rustwide/target/debug/deps/libzeroize-38e037151f83f722.rlib" "/opt/rustwide/target/debug/deps/librand_core-b71f1cd30c8761db.rlib" "/opt/rustwide/target/debug/deps/libdigest-1cc041f94efc53ac.rlib" "/opt/rustwide/target/debug/deps/libbyteorder-724e4a9e91726ea6.rlib" "/opt/rustwide/target/debug/deps/libsha2-98de1899b4199323.rlib" "/opt/rustwide/target/debug/deps/libcpufeatures-cbbf75742566b4cf.rlib" "/opt/rustwide/target/debug/deps/libcfg_if-e5e118dd7d121aaa.rlib" "/opt/rustwide/target/debug/deps/libdigest-9a63e4a39131f6fb.rlib" "/opt/rustwide/target/debug/deps/libsubtle-ba37734bcaf17e95.rlib" "/opt/rustwide/target/debug/deps/libblock_buffer-e50f624996d41935.rlib" "/opt/rustwide/target/debug/deps/libcrypto_common-cb6096d038b28cfa.rlib" "/opt/rustwide/target/debug/deps/libgeneric_array-1e7105f1935ae3b7.rlib" "/opt/rustwide/target/debug/deps/libtypenum-d40a559dcc4c7492.rlib" "/opt/rustwide/target/debug/deps/libcosmwasm_schema-0768e13b2650b2eb.rlib" "/opt/rustwide/target/debug/deps/libthiserror-f10a7054939df67d.rlib" "/opt/rustwide/target/debug/deps/libschemars-2ed3c6f203cf275c.rlib" "/opt/rustwide/target/debug/deps/libdyn_clone-07c3d99fb157239a.rlib" "/opt/rustwide/target/debug/deps/libserde_json-31a98feec2b25146.rlib" "/opt/rustwide/target/debug/deps/libryu-4d4a16031edb6838.rlib" "/opt/rustwide/target/debug/deps/libitoa-b071e49db4f1be66.rlib" "/opt/rustwide/target/debug/deps/libserde-dfcbd586ae96de5b.rlib" "/opt/rustwide/rustup-home/toolchains/1.69.0-x86_64-unknown-linux-gnu/lib/rustlib/x86_64-unknown-linux-gnu/lib/libstd-89bc084783fdc439.rlib" "/opt/rustwide/rustup-home/toolchains/1.69.0-x86_64-unknown-linux-gnu/lib/rustlib/x86_64-unknown-linux-gnu/lib/libpanic_unwind-8bee4b287d4367c1.rlib" "/opt/rustwide/rustup-home/toolchains/1.69.0-x86_64-unknown-linux-gnu/lib/rustlib/x86_64-unknown-linux-gnu/lib/libobject-d61707aed80694c0.rlib" "/opt/rustwide/rustup-home/toolchains/1.69.0-x86_64-unknown-linux-gnu/lib/rustlib/x86_64-unknown-linux-gnu/lib/libmemchr-d85366256f22345b.rlib" "/opt/rustwide/rustup-home/toolchains/1.69.0-x86_64-unknown-linux-gnu/lib/rustlib/x86_64-unknown-linux-gnu/lib/libaddr2line-96069b86b8a8cae9.rlib" "/opt/rustwide/rustup-home/toolchains/1.69.0-x86_64-unknown-linux-gnu/lib/rustlib/x86_64-unknown-linux-gnu/lib/libgimli-d19d53abf68dfa6c.rlib" "/opt/rustwide/rustup-home/toolchains/1.69.0-x86_64-unknown-linux-gnu/lib/rustlib/x86_64-unknown-linux-gnu/lib/librustc_demangle-787cbccd19d64ac6.rlib" "/opt/rustwide/rustup-home/toolchains/1.69.0-x86_64-unknown-linux-gnu/lib/rustlib/x86_64-unknown-linux-gnu/lib/libstd_detect-b3837a36b830e0d0.rlib" "/opt/rustwide/rustup-home/toolchains/1.69.0-x86_64-unknown-linux-gnu/lib/rustlib/x86_64-unknown-linux-gnu/lib/libhashbrown-e3deb0e7e3f04966.rlib" "/opt/rustwide/rustup-home/toolchains/1.69.0-x86_64-unknown-linux-gnu/lib/rustlib/x86_64-unknown-linux-gnu/lib/libminiz_oxide-dabbb79c9815def4.rlib" "/opt/rustwide/rustup-home/toolchains/1.69.0-x86_64-unknown-linux-gnu/lib/rustlib/x86_64-unknown-linux-gnu/lib/libadler-305b01f34c9409f2.rlib" "/opt/rustwide/rustup-home/toolchains/1.69.0-x86_64-unknown-linux-gnu/lib/rustlib/x86_64-unknown-linux-gnu/lib/librustc_std_workspace_alloc-f833521df6074e73.rlib" "/opt/rustwide/rustup-home/toolchains/1.69.0-x86_64-unknown-linux-gnu/lib/rustlib/x86_64-unknown-linux-gnu/lib/libunwind-9ac333113350d171.rlib" "/opt/rustwide/rustup-home/toolchains/1.69.0-x86_64-unknown-linux-gnu/lib/rustlib/x86_64-unknown-linux-gnu/lib/libcfg_if-1c126114322d0eee.rlib" "/opt/rustwide/rustup-home/toolchains/1.69.0-x86_64-unknown-linux-gnu/lib/rustlib/x86_64-unknown-linux-gnu/lib/liblibc-bad9164fdeeecf92.rlib" "/opt/rustwide/rustup-home/toolchains/1.69.0-x86_64-unknown-linux-gnu/lib/rustlib/x86_64-unknown-linux-gnu/lib/liballoc-f9374b1e480fa681.rlib" "/opt/rustwide/rustup-home/toolchains/1.69.0-x86_64-unknown-linux-gnu/lib/rustlib/x86_64-unknown-linux-gnu/lib/librustc_std_workspace_core-207f06e41d9603af.rlib" "/opt/rustwide/rustup-home/toolchains/1.69.0-x86_64-unknown-linux-gnu/lib/rustlib/x86_64-unknown-linux-gnu/lib/libcore-7e2768e66e984e85.rlib" "/opt/rustwide/rustup-home/toolchains/1.69.0-x86_64-unknown-linux-gnu/lib/rustlib/x86_64-unknown-linux-gnu/lib/libcompiler_builtins-957b4aff41f8cd46.rlib" "-Wl,-Bdynamic" "-lc" "-lm" "-lrt" "-lpthread" "-lgcc_s" "-lutil" "-lrt" "-lpthread" "-lm" "-ldl" "-lc" "-Wl,--eh-frame-hdr" "-Wl,-z,noexecstack" "-L" "/opt/rustwide/rustup-home/toolchains/1.69.0-x86_64-unknown-linux-gnu/lib/rustlib/x86_64-unknown-linux-gnu/lib" "-o" "/tmp/rustdoctestnPjCgF/rust_out" "-Wl,--gc-sections" "-pie" "-Wl,-z,relro,-z,now" "-nodefaultlibs"
[INFO] [stdout]   = note: collect2: fatal error: ld terminated with signal 9 [Killed]
[INFO] [stdout]           compilation terminated.
[INFO] [stdout]           
[INFO] [stdout] 
[INFO] [stdout] error: aborting due to previous error
[INFO] [stdout] 
[INFO] [stdout] Couldn't compile the test.
[INFO] [stdout] 
[INFO] [stdout] failures:
[INFO] [stdout]     src/asset.rs - asset::AssetBase<T>::cw20 (line 63)
[INFO] [stdout]     src/asset.rs - asset::AssetBase<T>::new (line 29)
[INFO] [stdout]     src/asset_info.rs - asset_info::AssetInfoBase<T>::native (line 33)
[INFO] [stdout]     src/asset_list.rs - asset_list::AssetList::add_many (line 326)
[INFO] [stdout]     src/asset_list.rs - asset_list::AssetList::deduct (line 365)
[INFO] [stdout]     src/lib.rs - (line 54)
[INFO] [stdout] 
[INFO] [stdout] test result: FAILED. 22 passed; 6 failed; 0 ignored; 0 measured; 0 filtered out; finished in 1.49s
[INFO] [stdout] 
[INFO] [stderr] error: doctest failed, to rerun pass `--doc`
[INFO] running `Command { std: "docker" "inspect" "1b5d7f24b1bdb7b7957babe162048ec13f3b061efd969c60273af6b37a1fa9b6", kill_on_drop: false }`
[INFO] running `Command { std: "docker" "rm" "-f" "1b5d7f24b1bdb7b7957babe162048ec13f3b061efd969c60273af6b37a1fa9b6", kill_on_drop: false }`
[INFO] [stdout] 1b5d7f24b1bdb7b7957babe162048ec13f3b061efd969c60273af6b37a1fa9b6
