[INFO] cloning repository https://github.com/kylestang/Battlesnake-Curunir
[INFO] running `Command { std: "git" "-c" "credential.helper=" "-c" "credential.helper=/workspace/cargo-home/bin/git-credential-null" "clone" "--bare" "https://github.com/kylestang/Battlesnake-Curunir" "/workspace/cache/git-repos/https%3A%2F%2Fgithub.com%2Fkylestang%2FBattlesnake-Curunir", kill_on_drop: false }`
[INFO] [stderr] Cloning into bare repository '/workspace/cache/git-repos/https%3A%2F%2Fgithub.com%2Fkylestang%2FBattlesnake-Curunir'...
[INFO] running `Command { std: "git" "rev-parse" "HEAD", kill_on_drop: false }`
[INFO] [stdout] 2ee0578bd9de09f91e1dc8ae90a82f6d11b1c2bf
[INFO] testing kylestang/Battlesnake-Curunir against beta-2023-04-20 for beta-1.70-1
[INFO] running `Command { std: "git" "clone" "/workspace/cache/git-repos/https%3A%2F%2Fgithub.com%2Fkylestang%2FBattlesnake-Curunir" "/workspace/builds/worker-1-tc2/source", kill_on_drop: false }`
[INFO] [stderr] Cloning into '/workspace/builds/worker-1-tc2/source'...
[INFO] [stderr] done.
[INFO] validating manifest of git repo https://github.com/kylestang/Battlesnake-Curunir on toolchain beta-2023-04-20
[INFO] running `Command { std: CARGO_HOME="/workspace/cargo-home" RUSTUP_HOME="/workspace/rustup-home" "/workspace/cargo-home/bin/cargo" "+beta-2023-04-20" "metadata" "--manifest-path" "Cargo.toml" "--no-deps", kill_on_drop: false }`
[INFO] started tweaking git repo https://github.com/kylestang/Battlesnake-Curunir
[INFO] finished tweaking git repo https://github.com/kylestang/Battlesnake-Curunir
[INFO] tweaked toml for git repo https://github.com/kylestang/Battlesnake-Curunir written to /workspace/builds/worker-1-tc2/source/Cargo.toml
[INFO] crate git repo https://github.com/kylestang/Battlesnake-Curunir already has a lockfile, it will not be regenerated
[INFO] running `Command { std: CARGO_HOME="/workspace/cargo-home" RUSTUP_HOME="/workspace/rustup-home" "/workspace/cargo-home/bin/cargo" "+beta-2023-04-20" "fetch" "--manifest-path" "Cargo.toml", kill_on_drop: false }`
[INFO] [stderr] warning: unused manifest key: registries
[INFO] [stderr]  Downloading crates ...
[INFO] [stderr]   Downloaded actix-rt v2.3.0
[INFO] running `Command { std: "docker" "create" "-v" "/var/lib/crater-agent-workspace/builds/worker-1-tc2/target:/opt/rustwide/target:rw,Z" "-v" "/var/lib/crater-agent-workspace/builds/worker-1-tc2/source:/opt/rustwide/workdir:ro,Z" "-v" "/var/lib/crater-agent-workspace/cargo-home:/opt/rustwide/cargo-home:ro,Z" "-v" "/var/lib/crater-agent-workspace/rustup-home:/opt/rustwide/rustup-home:ro,Z" "-e" "SOURCE_DIR=/opt/rustwide/workdir" "-e" "CARGO_TARGET_DIR=/opt/rustwide/target" "-e" "CARGO_HOME=/opt/rustwide/cargo-home" "-e" "RUSTUP_HOME=/opt/rustwide/rustup-home" "-w" "/opt/rustwide/workdir" "-m" "1610612736" "--user" "0:0" "--network" "none" "ghcr.io/rust-lang/crates-build-env/linux@sha256:5ff2268d62e97bff2cde7d5815dd6ed5b47097566f13b8d0ca110b04b60e07ed" "/opt/rustwide/cargo-home/bin/cargo" "+beta-2023-04-20" "metadata" "--no-deps" "--format-version=1", kill_on_drop: false }`
[INFO] [stdout] 461b4733aef0f5fd0bf8f35174db7f2dedaff59f68029c22c464d60219b50727
[INFO] running `Command { std: "docker" "start" "-a" "461b4733aef0f5fd0bf8f35174db7f2dedaff59f68029c22c464d60219b50727", kill_on_drop: false }`
[INFO] running `Command { std: "docker" "inspect" "461b4733aef0f5fd0bf8f35174db7f2dedaff59f68029c22c464d60219b50727", kill_on_drop: false }`
[INFO] running `Command { std: "docker" "rm" "-f" "461b4733aef0f5fd0bf8f35174db7f2dedaff59f68029c22c464d60219b50727", kill_on_drop: false }`
[INFO] [stdout] 461b4733aef0f5fd0bf8f35174db7f2dedaff59f68029c22c464d60219b50727
[INFO] running `Command { std: "docker" "create" "-v" "/var/lib/crater-agent-workspace/builds/worker-1-tc2/target:/opt/rustwide/target:rw,Z" "-v" "/var/lib/crater-agent-workspace/builds/worker-1-tc2/source:/opt/rustwide/workdir:ro,Z" "-v" "/var/lib/crater-agent-workspace/cargo-home:/opt/rustwide/cargo-home:ro,Z" "-v" "/var/lib/crater-agent-workspace/rustup-home:/opt/rustwide/rustup-home:ro,Z" "-e" "SOURCE_DIR=/opt/rustwide/workdir" "-e" "CARGO_TARGET_DIR=/opt/rustwide/target" "-e" "CARGO_INCREMENTAL=0" "-e" "RUST_BACKTRACE=full" "-e" "RUSTFLAGS=--cap-lints=warn" "-e" "RUSTDOCFLAGS=--cap-lints=warn" "-e" "CARGO_HOME=/opt/rustwide/cargo-home" "-e" "RUSTUP_HOME=/opt/rustwide/rustup-home" "-w" "/opt/rustwide/workdir" "-m" "1610612736" "--user" "0:0" "--network" "none" "ghcr.io/rust-lang/crates-build-env/linux@sha256:5ff2268d62e97bff2cde7d5815dd6ed5b47097566f13b8d0ca110b04b60e07ed" "/opt/rustwide/cargo-home/bin/cargo" "+beta-2023-04-20" "build" "--frozen" "--message-format=json", kill_on_drop: false }`
[INFO] [stdout] d72c3838a0930791386c2fd874b50e6d0f6b84a9d62ad5c57c98f52152c7167d
[INFO] running `Command { std: "docker" "start" "-a" "d72c3838a0930791386c2fd874b50e6d0f6b84a9d62ad5c57c98f52152c7167d", kill_on_drop: false }`
[INFO] [stderr] warning: unused manifest key: registries
[INFO] [stderr]    Compiling autocfg v1.0.1
[INFO] [stderr]    Compiling libc v0.2.101
[INFO] [stderr]    Compiling cfg-if v1.0.0
[INFO] [stderr]    Compiling proc-macro2 v1.0.28
[INFO] [stderr]    Compiling unicode-xid v0.2.2
[INFO] [stderr]    Compiling syn v1.0.75
[INFO] [stderr]    Compiling lazy_static v1.4.0
[INFO] [stderr]    Compiling log v0.4.14
[INFO] [stderr]    Compiling version_check v0.9.3
[INFO] [stderr]    Compiling memchr v2.4.1
[INFO] [stderr]    Compiling futures-core v0.3.16
[INFO] [stderr]    Compiling proc-macro-hack v0.5.19
[INFO] [stderr]    Compiling scopeguard v1.1.0
[INFO] [stderr]    Compiling slab v0.4.4
[INFO] [stderr]    Compiling pin-project-lite v0.2.7
[INFO] [stderr]    Compiling futures-sink v0.3.16
[INFO] [stderr]    Compiling cfg-if v0.1.10
[INFO] [stderr]    Compiling futures-channel v0.3.16
[INFO] [stderr]    Compiling futures-macro v0.3.16
[INFO] [stderr]    Compiling proc-macro-nested v0.1.7
[INFO] [stderr]    Compiling futures-task v0.3.16
[INFO] [stderr]    Compiling quote v1.0.9
[INFO] [stderr]    Compiling iovec v0.1.4
[INFO] [stderr]    Compiling signal-hook-registry v1.4.0
[INFO] [stderr]    Compiling net2 v0.2.37
[INFO] [stderr]    Compiling num_cpus v1.13.0
[INFO] [stderr]    Compiling futures-util v0.3.16
[INFO] [stderr]    Compiling smallvec v1.6.1
[INFO] [stderr]    Compiling mio v0.6.23
[INFO] [stderr]    Compiling futures-io v0.3.16
[INFO] [stderr]    Compiling pin-utils v0.1.0
[INFO] [stderr]    Compiling bytes v0.5.6
[INFO] [stderr]    Compiling pin-project-lite v0.1.12
[INFO] [stderr]    Compiling parking_lot_core v0.8.5
[INFO] [stderr]    Compiling instant v0.1.10
[INFO] [stderr]    Compiling lock_api v0.4.5
[INFO] [stderr]    Compiling pin-project-internal v0.4.28
[INFO] [stderr]    Compiling either v1.6.1
[INFO] [stderr]    Compiling getrandom v0.1.16
[INFO] [stderr]    Compiling mio-uds v0.6.8
[INFO] [stderr]    Compiling convert_case v0.4.0
[INFO] [stderr]    Compiling tokio v0.2.25
[INFO] [stderr]    Compiling bitflags v1.3.2
[INFO] [stderr]    Compiling threadpool v1.8.1
[INFO] [stderr]    Compiling parking_lot v0.11.2
[INFO] [stderr]    Compiling tinyvec_macros v0.1.0
[INFO] [stderr]    Compiling percent-encoding v2.1.0
[INFO] [stderr]    Compiling matches v0.1.9
[INFO] [stderr]    Compiling crossbeam-utils v0.8.5
[INFO] [stderr]    Compiling tinyvec v1.3.1
[INFO] [stderr]    Compiling standback v0.2.17
[INFO] [stderr]    Compiling memoffset v0.6.4
[INFO] [stderr]    Compiling typenum v1.13.0
[INFO] [stderr]    Compiling serde_derive v1.0.130
[INFO] [stderr]    Compiling copyless v0.1.5
[INFO] [stderr]    Compiling itoa v0.4.8
[INFO] [stderr]    Compiling rand_core v0.5.1
[INFO] [stderr]    Compiling form_urlencoded v1.0.1
[INFO] [stderr]    Compiling generic-array v0.14.4
[INFO] [stderr]    Compiling unicode-normalization v0.1.19
[INFO] [stderr]    Compiling miniz_oxide v0.4.4
[INFO] [stderr]    Compiling crossbeam-epoch v0.9.5
[INFO] [stderr]    Compiling unicode-segmentation v1.8.0
[INFO] [stderr]    Compiling unicode-bidi v0.3.6
[INFO] [stderr]    Compiling ppv-lite86 v0.2.10
[INFO] [stderr]    Compiling bytes v1.1.0
[INFO] [stderr]    Compiling async-trait v0.1.51
[INFO] [stderr]    Compiling crc32fast v1.2.1
[INFO] [stderr]    Compiling serde v1.0.130
[INFO] [stderr]    Compiling rand_chacha v0.2.2
[INFO] [stderr]    Compiling idna v0.2.3
[INFO] [stderr]    Compiling heck v0.3.3
[INFO] [stderr]    Compiling fnv v1.0.7
[INFO] [stderr]    Compiling match_cfg v0.1.0
[INFO] [stderr]    Compiling tokio-util v0.3.1
[INFO] [stderr]    Compiling rayon-core v1.9.1
[INFO] [stderr]    Compiling cc v1.0.69
[INFO] [stderr]    Compiling ryu v1.0.5
[INFO] [stderr]    Compiling byteorder v1.4.3
[INFO] [stderr]    Compiling const_fn v0.4.8
[INFO] [stderr]    Compiling adler v1.0.2
[INFO] [stderr]    Compiling hostname v0.3.1
[INFO] [stderr]    Compiling http v0.2.4
[INFO] [stderr]    Compiling url v2.2.2
[INFO] [stderr]    Compiling brotli-sys v0.3.2
[INFO] [stderr]    Compiling rand v0.7.3
[INFO] [stderr]    Compiling time v0.2.27
[INFO] [stderr]    Compiling indexmap v1.7.0
[INFO] [stderr]    Compiling num-traits v0.2.14
[INFO] [stderr]    Compiling tracing-core v0.1.19
[INFO] [stderr]    Compiling linked-hash-map v0.5.4
[INFO] [stderr]    Compiling quick-error v1.2.3
[INFO] [stderr]    Compiling resolv-conf v0.7.0
[INFO] [stderr]    Compiling lru-cache v0.1.2
[INFO] [stderr]    Compiling tracing v0.1.26
[INFO] [stderr]    Compiling crossbeam-deque v0.8.1
[INFO] [stderr]    Compiling crossbeam-channel v0.5.1
[INFO] [stderr]    Compiling aho-corasick v0.7.18
[INFO] [stderr]    Compiling cookie v0.14.4
[INFO] [stderr]    Compiling num-integer v0.1.44
[INFO] [stderr]    Compiling rayon v1.5.1
[INFO] [stderr]    Compiling derive_more v0.99.16
[INFO] [stderr]    Compiling actix-macros v0.1.3
[INFO] [stderr]    Compiling thiserror-impl v1.0.28
[INFO] [stderr]    Compiling time-macros-impl v0.1.2
[INFO] [stderr]    Compiling enum-as-inner v0.3.3
[INFO] [stderr]    Compiling pin-project v0.4.28
[INFO] [stderr]    Compiling actix-codec v0.3.0
[INFO] [stderr]    Compiling thiserror v1.0.28
[INFO] [stderr]    Compiling pin-project-internal v1.0.8
[INFO] [stderr]    Compiling time-macros v0.1.1
[INFO] [stderr]    Compiling encoding_rs v0.8.28
[INFO] [stderr]    Compiling regex-syntax v0.6.25
[INFO] [stderr]    Compiling hashbrown v0.11.2
[INFO] [stderr]    Compiling httparse v1.5.1
[INFO] [stderr]    Compiling serde_json v1.0.67
[INFO] [stderr]    Compiling actix-service v1.0.6
[INFO] [stderr]    Compiling futures v0.3.16
[INFO] [stderr]    Compiling trust-dns-proto v0.19.7
[INFO] [stderr]    Compiling actix-threadpool v0.3.3
[INFO] [stderr]    Compiling pin-project v1.0.8
[INFO] [stderr]    Compiling actix-rt v1.1.1
[INFO] [stderr]    Compiling tracing-futures v0.2.5
[INFO] [stderr]    Compiling digest v0.9.0
[INFO] [stderr]    Compiling actix-utils v2.0.0
[INFO] [stderr]    Compiling regex v1.5.4
[INFO] [stderr]    Compiling trust-dns-resolver v0.19.7
[INFO] [stderr]    Compiling block-buffer v0.9.0
[INFO] [stderr]    Compiling opaque-debug v0.3.0
[INFO] [stderr]    Compiling adler32 v1.2.0
[INFO] [stderr]    Compiling cpufeatures v0.2.1
[INFO] [stderr]    Compiling sha-1 v0.9.8
[INFO] [stderr]    Compiling actix-connect v2.0.0
[INFO] [stderr]    Compiling h2 v0.2.7
[INFO] [stderr]    Compiling brotli2 v0.3.2
[INFO] [stderr]    Compiling serde_urlencoded v0.7.0
[INFO] [stderr]    Compiling flate2 v1.0.20
[INFO] [stderr]    Compiling fxhash v0.2.1
[INFO] [stderr]    Compiling socket2 v0.3.19
[INFO] [stderr]    Compiling num-iter v0.1.42
[INFO] [stderr]    Compiling tokio v1.13.0
[INFO] [stderr]    Compiling num-rational v0.3.2
[INFO] [stderr]    Compiling base64 v0.13.0
[INFO] [stderr]    Compiling weezl v0.1.5
[INFO] [stderr]    Compiling language-tags v0.2.2
[INFO] [stderr]    Compiling mime v0.3.16
[INFO] [stderr]    Compiling jpeg-decoder v0.1.22
[INFO] [stderr]    Compiling actix-server v1.0.4
[INFO] [stderr]    Compiling miniz_oxide v0.3.7
[INFO] [stderr]    Compiling deflate v0.8.6
[INFO] [stderr]    Compiling bytestring v1.0.0
[INFO] [stderr]    Compiling mio v0.7.14
[INFO] [stderr]    Compiling actix-http v2.2.1
[INFO] [stderr]    Compiling color_quant v1.1.0
[INFO] [stderr]    Compiling once_cell v1.8.0
[INFO] [stderr]    Compiling png v0.16.8
[INFO] [stderr]    Compiling gif v0.11.2
[INFO] [stderr]    Compiling actix-testing v1.0.1
[INFO] [stderr]    Compiling actix-router v0.2.7
[INFO] [stderr]    Compiling tiff v0.6.1
[INFO] [stderr]    Compiling actix-tls v2.0.0
[INFO] [stderr]    Compiling actix-macros v0.2.3
[INFO] [stderr]    Compiling actix-web-codegen v0.4.0
[INFO] [stderr]    Compiling bytemuck v1.7.2
[INFO] [stderr]    Compiling scoped_threadpool v0.1.9
[INFO] [stderr]    Compiling image v0.23.14
[INFO] [stderr]    Compiling awc v2.0.3
[INFO] [stderr]    Compiling actix-rt v2.3.0
[INFO] [stderr]    Compiling actix-web v3.3.2
[INFO] [stderr]    Compiling curunir v0.3.0 (/opt/rustwide/workdir)
[INFO] [stderr]     Finished dev [unoptimized + debuginfo] target(s) in 45.33s
[INFO] running `Command { std: "docker" "inspect" "d72c3838a0930791386c2fd874b50e6d0f6b84a9d62ad5c57c98f52152c7167d", kill_on_drop: false }`
[INFO] running `Command { std: "docker" "rm" "-f" "d72c3838a0930791386c2fd874b50e6d0f6b84a9d62ad5c57c98f52152c7167d", kill_on_drop: false }`
[INFO] [stdout] d72c3838a0930791386c2fd874b50e6d0f6b84a9d62ad5c57c98f52152c7167d
[INFO] running `Command { std: "docker" "create" "-v" "/var/lib/crater-agent-workspace/builds/worker-1-tc2/target:/opt/rustwide/target:rw,Z" "-v" "/var/lib/crater-agent-workspace/builds/worker-1-tc2/source:/opt/rustwide/workdir:ro,Z" "-v" "/var/lib/crater-agent-workspace/cargo-home:/opt/rustwide/cargo-home:ro,Z" "-v" "/var/lib/crater-agent-workspace/rustup-home:/opt/rustwide/rustup-home:ro,Z" "-e" "SOURCE_DIR=/opt/rustwide/workdir" "-e" "CARGO_TARGET_DIR=/opt/rustwide/target" "-e" "CARGO_INCREMENTAL=0" "-e" "RUST_BACKTRACE=full" "-e" "RUSTFLAGS=--cap-lints=warn" "-e" "RUSTDOCFLAGS=--cap-lints=warn" "-e" "CARGO_HOME=/opt/rustwide/cargo-home" "-e" "RUSTUP_HOME=/opt/rustwide/rustup-home" "-w" "/opt/rustwide/workdir" "-m" "1610612736" "--user" "0:0" "--network" "none" "ghcr.io/rust-lang/crates-build-env/linux@sha256:5ff2268d62e97bff2cde7d5815dd6ed5b47097566f13b8d0ca110b04b60e07ed" "/opt/rustwide/cargo-home/bin/cargo" "+beta-2023-04-20" "test" "--frozen" "--no-run" "--message-format=json", kill_on_drop: false }`
[INFO] [stdout] a6a784c0d985fbabe486788c36917b070dd903ea64c0f247ff39da3249dd4bb2
[INFO] running `Command { std: "docker" "start" "-a" "a6a784c0d985fbabe486788c36917b070dd903ea64c0f247ff39da3249dd4bb2", kill_on_drop: false }`
[INFO] [stderr] warning: unused manifest key: registries
[INFO] [stderr]    Compiling semver v1.0.4
[INFO] [stderr]    Compiling plotters-backend v0.3.2
[INFO] [stderr]    Compiling regex-automata v0.1.10
[INFO] [stderr]    Compiling unicode-width v0.1.8
[INFO] [stderr]    Compiling itertools v0.10.1
[INFO] [stderr]    Compiling csv-core v0.1.10
[INFO] [stderr]    Compiling half v1.7.1
[INFO] [stderr]    Compiling same-file v1.0.6
[INFO] [stderr]    Compiling textwrap v0.11.0
[INFO] [stderr]    Compiling walkdir v2.3.2
[INFO] [stderr]    Compiling bstr v0.2.16
[INFO] [stderr]    Compiling plotters-svg v0.3.1
[INFO] [stderr]    Compiling clap v2.33.3
[INFO] [stderr]    Compiling serde_cbor v0.11.2
[INFO] [stderr]    Compiling tinytemplate v1.2.1
[INFO] [stderr]    Compiling plotters v0.3.1
[INFO] [stderr]    Compiling rustc_version v0.4.0
[INFO] [stderr]    Compiling atty v0.2.14
[INFO] [stderr]    Compiling csv v1.1.6
[INFO] [stderr]    Compiling cast v0.2.7
[INFO] [stderr]    Compiling oorandom v11.1.3
[INFO] [stderr]    Compiling criterion-plot v0.4.4
[INFO] [stderr]    Compiling criterion v0.3.5
[INFO] [stderr]    Compiling curunir v0.3.0 (/opt/rustwide/workdir)
[INFO] [stderr]     Finished test [unoptimized + debuginfo] target(s) in 19.24s
[INFO] [stderr] warning: the following packages contain code that will be rejected by a future version of Rust: criterion v0.3.5
[INFO] [stderr] note: to see what the problems were, use the option `--future-incompat-report`, or run `cargo report future-incompatibilities --id 1`
[INFO] running `Command { std: "docker" "inspect" "a6a784c0d985fbabe486788c36917b070dd903ea64c0f247ff39da3249dd4bb2", kill_on_drop: false }`
[INFO] running `Command { std: "docker" "rm" "-f" "a6a784c0d985fbabe486788c36917b070dd903ea64c0f247ff39da3249dd4bb2", kill_on_drop: false }`
[INFO] [stdout] a6a784c0d985fbabe486788c36917b070dd903ea64c0f247ff39da3249dd4bb2
[INFO] running `Command { std: "docker" "create" "-v" "/var/lib/crater-agent-workspace/builds/worker-1-tc2/target:/opt/rustwide/target:rw,Z" "-v" "/var/lib/crater-agent-workspace/builds/worker-1-tc2/source:/opt/rustwide/workdir:ro,Z" "-v" "/var/lib/crater-agent-workspace/cargo-home:/opt/rustwide/cargo-home:ro,Z" "-v" "/var/lib/crater-agent-workspace/rustup-home:/opt/rustwide/rustup-home:ro,Z" "-e" "SOURCE_DIR=/opt/rustwide/workdir" "-e" "CARGO_TARGET_DIR=/opt/rustwide/target" "-e" "CARGO_INCREMENTAL=0" "-e" "RUST_BACKTRACE=full" "-e" "RUSTFLAGS=--cap-lints=warn" "-e" "RUSTDOCFLAGS=--cap-lints=warn" "-e" "CARGO_HOME=/opt/rustwide/cargo-home" "-e" "RUSTUP_HOME=/opt/rustwide/rustup-home" "-w" "/opt/rustwide/workdir" "-m" "1610612736" "--user" "0:0" "--network" "none" "ghcr.io/rust-lang/crates-build-env/linux@sha256:5ff2268d62e97bff2cde7d5815dd6ed5b47097566f13b8d0ca110b04b60e07ed" "/opt/rustwide/cargo-home/bin/cargo" "+beta-2023-04-20" "test" "--frozen", kill_on_drop: false }`
[INFO] [stdout] 59b4debeb735e6d6912841ceae414074e6fda6a058da14ad08f2e25cff046386
[INFO] running `Command { std: "docker" "start" "-a" "59b4debeb735e6d6912841ceae414074e6fda6a058da14ad08f2e25cff046386", kill_on_drop: false }`
[INFO] [stderr] warning: unused manifest key: registries
[INFO] [stderr]     Finished test [unoptimized + debuginfo] target(s) in 0.18s
[INFO] [stderr] warning: the following packages contain code that will be rejected by a future version of Rust: criterion v0.3.5
[INFO] [stderr] note: to see what the problems were, use the option `--future-incompat-report`, or run `cargo report future-incompatibilities --id 1`
[INFO] [stderr]      Running unittests src/lib.rs (/opt/rustwide/target/debug/deps/curunir-6a9498624ac605e3)
[INFO] [stdout] 
[INFO] [stdout] running 48 tests
[INFO] [stdout] test structures::board::area_controlled::tests::test_area_controlled_one ... ok
[INFO] [stdout] test structures::battlesnake::tests::test_move_to ... ok
[INFO] [stdout] test structures::battlesnake::tests::test_no_headon_collision ... ok
[INFO] [stdout] test structures::board::area_controlled::tests::test_area_controlled_three ... ok
[INFO] [stdout] test structures::battlesnake::tests::test_win_headon_collision ... ok
[INFO] [stdout] test structures::board::area_controlled::tests::test_calculate_areas_one ... ok
[INFO] [stdout] test structures::battlesnake::tests::test_collision ... ok
[INFO] [stdout] test structures::battlesnake::tests::test_no_collision ... ok
[INFO] [stdout] test structures::battlesnake::tests::test_lose_headon_collision ... ok
[INFO] [stdout] test structures::board::area_controlled::tests::test_area_controlled_two ... ok
[INFO] [stdout] test structures::battlesnake::tests::test_eat_food ... ok
[INFO] [stdout] test structures::board::evaluate::tests::test_better_than_long ... ok
[INFO] [stdout] test structures::board::evaluate::tests::test_compare_to_dead ... ok
[INFO] [stdout] test structures::board::evaluate::tests::test_compare_to_advantage ... ok
[INFO] [stdout] test structures::board::evaluate::tests::test_compare_to_alive ... ok
[INFO] [stdout] test structures::board::game_step::tests::test_eat_food ... ok
[INFO] [stdout] test structures::board::game_step::tests::test_body_collision ... ok
[INFO] [stdout] test structures::board::area_controlled::tests::test_calculate_areas_two ... ok
[INFO] [stdout] test structures::board::game_step::tests::test_no_change ... ok
[INFO] [stdout] test structures::board::game_step::tests::test_double_headon_collision ... ok
[INFO] [stdout] test structures::board::game_step::tests::test_headon_collision ... ok
[INFO] [stdout] test structures::board::evaluate::tests::test_better_than_food ... ok
[INFO] [stdout] test structures::board::longest_path::tests::test_longest_path_closed ... ok
[INFO] [stdout] test structures::board::longest_path::tests::test_longest_path_hit ... ok
[INFO] [stdout] test structures::board::longest_path::tests::test_longest_path_miss ... ok
[INFO] [stdout] test structures::board::game_step::tests::test_out_of_health ... ok
[INFO] [stdout] test structures::board::longest_path::tests::test_longest_path_food ... ok
[INFO] [stdout] test structures::board::game_step::tests::test_out_of_bounds ... ok
[INFO] [stdout] test structures::board::longest_path::tests::test_longest_path_open ... ok
[INFO] [stdout] test structures::board::longest_path::tests::test_longest_path_tail ... ok
[INFO] [stdout] test structures::board::longest_path::tests::test_longest_path_route ... ok
[INFO] [stdout] test structures::board::tests::test_find_closest_food_none ... ok
[INFO] [stdout] test structures::board::tests::test_find_closest_food_one ... ok
[INFO] [stdout] test structures::board::tests::test_find_closest_food_two ... ok
[INFO] [stdout] test structures::board::tests::test_find_weaker_snake_none ... ok
[INFO] [stdout] test structures::board::longest_path::tests::test_longest_path_real ... ok
[INFO] [stdout] test structures::board::tests::test_find_weaker_snake_one ... ok
[INFO] [stdout] test structures::board::tests::test_open_directions_3 ... ok
[INFO] [stdout] test structures::board::simulate::tests::test_minimax ... ok
[INFO] [stdout] test structures::coordinate::tests::test_distance_to ... ok
[INFO] [stdout] test structures::board::tests::test_get_snake_none ... ok
[INFO] [stdout] test structures::board::tests::test_get_snake_one ... ok
[INFO] [stdout] test structures::board::tests::test_open_directions_2 ... ok
[INFO] [stdout] test structures::board::tests::test_is_against_wall_false ... ok
[INFO] [stdout] test structures::board::tests::test_is_against_wall_true ... ok
[INFO] [stdout] test structures::board::draw::tests::test_draw ... FAILED
[INFO] [stdout] test structures::game::tests::test_decision ... ok
[INFO] [stdout] test structures::game::tests::test_avoid_headon ... ok
[INFO] [stdout] 
[INFO] [stdout] failures:
[INFO] [stdout] 
[INFO] [stdout] ---- structures::board::draw::tests::test_draw stdout ----
[INFO] [stdout] thread 'structures::board::draw::tests::test_draw' panicked at 'assertion failed: result.is_ok()', src/structures/board/draw.rs:127:9
[INFO] [stdout] stack backtrace:
[INFO] [stdout]    0:     0x555a3d95571a - std::backtrace_rs::backtrace::libunwind::trace::h2f05d0192276a8f6
[INFO] [stdout]                                at /rustc/1b7dd2252b99671ce5d1cb9664c5f8636329436d/library/std/src/../../backtrace/src/backtrace/libunwind.rs:93:5
[INFO] [stdout]    1:     0x555a3d95571a - std::backtrace_rs::backtrace::trace_unsynchronized::hedc23dff7a1af150
[INFO] [stdout]                                at /rustc/1b7dd2252b99671ce5d1cb9664c5f8636329436d/library/std/src/../../backtrace/src/backtrace/mod.rs:66:5
[INFO] [stdout]    2:     0x555a3d95571a - std::sys_common::backtrace::_print_fmt::h17541ef7592f3ce2
[INFO] [stdout]                                at /rustc/1b7dd2252b99671ce5d1cb9664c5f8636329436d/library/std/src/sys_common/backtrace.rs:65:5
[INFO] [stdout]    3:     0x555a3d95571a - <std::sys_common::backtrace::_print::DisplayBacktrace as core::fmt::Display>::fmt::h20f75df5ab0c0792
[INFO] [stdout]                                at /rustc/1b7dd2252b99671ce5d1cb9664c5f8636329436d/library/std/src/sys_common/backtrace.rs:44:22
[INFO] [stdout]    4:     0x555a3d97a45f - core::fmt::write::h78109e6f466b3af6
[INFO] [stdout]                                at /rustc/1b7dd2252b99671ce5d1cb9664c5f8636329436d/library/core/src/fmt/mod.rs:1254:17
[INFO] [stdout]    5:     0x555a3d952985 - std::io::Write::write_fmt::hd24bfb68a1b35a25
[INFO] [stdout]                                at /rustc/1b7dd2252b99671ce5d1cb9664c5f8636329436d/library/std/src/io/mod.rs:1698:15
[INFO] [stdout]    6:     0x555a3d9554e5 - std::sys_common::backtrace::_print::h8dac57a9f8fbf9a5
[INFO] [stdout]                                at /rustc/1b7dd2252b99671ce5d1cb9664c5f8636329436d/library/std/src/sys_common/backtrace.rs:47:5
[INFO] [stdout]    7:     0x555a3d9554e5 - std::sys_common::backtrace::print::hf9ecbf41d1aa712f
[INFO] [stdout]                                at /rustc/1b7dd2252b99671ce5d1cb9664c5f8636329436d/library/std/src/sys_common/backtrace.rs:34:9
[INFO] [stdout]    8:     0x555a3d95719e - std::panicking::default_hook::{{closure}}::h04c07acfc84ca028
[INFO] [stdout]                                at /rustc/1b7dd2252b99671ce5d1cb9664c5f8636329436d/library/std/src/panicking.rs:269:22
[INFO] [stdout]    9:     0x555a3d956ed1 - std::panicking::default_hook::h01f6bb23e1eceb2c
[INFO] [stdout]                                at /rustc/1b7dd2252b99671ce5d1cb9664c5f8636329436d/library/std/src/panicking.rs:285:9
[INFO] [stdout]   10:     0x555a3d8612cb - <alloc::boxed::Box<F,A> as core::ops::function::Fn<Args>>::call::h87fe9f7b2fd49e4c
[INFO] [stdout]                                at /rustc/1b7dd2252b99671ce5d1cb9664c5f8636329436d/library/alloc/src/boxed.rs:1987:9
[INFO] [stdout]   11:     0x555a3d8612cb - test::test_main::{{closure}}::he94d679243a7531b
[INFO] [stdout]                                at /rustc/1b7dd2252b99671ce5d1cb9664c5f8636329436d/library/test/src/lib.rs:134:21
[INFO] [stdout]   12:     0x555a3d957884 - <alloc::boxed::Box<F,A> as core::ops::function::Fn<Args>>::call::h3f2d6d8b14c4769f
[INFO] [stdout]                                at /rustc/1b7dd2252b99671ce5d1cb9664c5f8636329436d/library/alloc/src/boxed.rs:1987:9
[INFO] [stdout]   13:     0x555a3d957884 - std::panicking::rust_panic_with_hook::h2bb3722bbaf2f6df
[INFO] [stdout]                                at /rustc/1b7dd2252b99671ce5d1cb9664c5f8636329436d/library/std/src/panicking.rs:695:13
[INFO] [stdout]   14:     0x555a3d9575b2 - std::panicking::begin_panic_handler::{{closure}}::h91bc7f36a4be011b
[INFO] [stdout]                                at /rustc/1b7dd2252b99671ce5d1cb9664c5f8636329436d/library/std/src/panicking.rs:580:13
[INFO] [stdout]   15:     0x555a3d955b86 - std::sys_common::backtrace::__rust_end_short_backtrace::h8b3d3717114f9e59
[INFO] [stdout]                                at /rustc/1b7dd2252b99671ce5d1cb9664c5f8636329436d/library/std/src/sys_common/backtrace.rs:150:18
[INFO] [stdout]   16:     0x555a3d957352 - rust_begin_unwind
[INFO] [stdout]                                at /rustc/1b7dd2252b99671ce5d1cb9664c5f8636329436d/library/std/src/panicking.rs:578:5
[INFO] [stdout]   17:     0x555a3d7920e3 - core::panicking::panic_fmt::hfd368e3fbdabea26
[INFO] [stdout]                                at /rustc/1b7dd2252b99671ce5d1cb9664c5f8636329436d/library/core/src/panicking.rs:67:14
[INFO] [stdout]   18:     0x555a3d79217d - core::panicking::panic::h3f9042d09bd0bf2e
[INFO] [stdout]                                at /rustc/1b7dd2252b99671ce5d1cb9664c5f8636329436d/library/core/src/panicking.rs:117:5
[INFO] [stdout]   19:     0x555a3d81c001 - curunir::structures::board::draw::tests::test_draw::hf84007fc8c11be53
[INFO] [stdout]                                at /opt/rustwide/workdir/src/structures/board/draw.rs:127:9
[INFO] [stdout]   20:     0x555a3d81bb37 - curunir::structures::board::draw::tests::test_draw::{{closure}}::hbedc83f5d0f77385
[INFO] [stdout]                                at /opt/rustwide/workdir/src/structures/board/draw.rs:121:20
[INFO] [stdout]   21:     0x555a3d7cb115 - core::ops::function::FnOnce::call_once::h56110a293529c3d5
[INFO] [stdout]                                at /rustc/1b7dd2252b99671ce5d1cb9664c5f8636329436d/library/core/src/ops/function.rs:250:5
[INFO] [stdout]   22:     0x555a3d86619f - core::ops::function::FnOnce::call_once::ha6a70e79f7481a7e
[INFO] [stdout]                                at /rustc/1b7dd2252b99671ce5d1cb9664c5f8636329436d/library/core/src/ops/function.rs:250:5
[INFO] [stdout]   23:     0x555a3d86619f - test::__rust_begin_short_backtrace::hce33033019b61e69
[INFO] [stdout]                                at /rustc/1b7dd2252b99671ce5d1cb9664c5f8636329436d/library/test/src/lib.rs:655:18
[INFO] [stdout]   24:     0x555a3d83398c - test::run_test::{{closure}}::h858d3528838ae3e5
[INFO] [stdout]                                at /rustc/1b7dd2252b99671ce5d1cb9664c5f8636329436d/library/test/src/lib.rs:646:30
[INFO] [stdout]   25:     0x555a3d83398c - core::ops::function::FnOnce::call_once{{vtable.shim}}::he8ac2b00f01ae79e
[INFO] [stdout]                                at /rustc/1b7dd2252b99671ce5d1cb9664c5f8636329436d/library/core/src/ops/function.rs:250:5
[INFO] [stdout]   26:     0x555a3d865276 - <alloc::boxed::Box<F,A> as core::ops::function::FnOnce<Args>>::call_once::h8093d25b522725ef
[INFO] [stdout]                                at /rustc/1b7dd2252b99671ce5d1cb9664c5f8636329436d/library/alloc/src/boxed.rs:1973:9
[INFO] [stdout]   27:     0x555a3d865276 - <core::panic::unwind_safe::AssertUnwindSafe<F> as core::ops::function::FnOnce<()>>::call_once::h5c334c204e4a3913
[INFO] [stdout]                                at /rustc/1b7dd2252b99671ce5d1cb9664c5f8636329436d/library/core/src/panic/unwind_safe.rs:271:9
[INFO] [stdout]   28:     0x555a3d865276 - std::panicking::try::do_call::ha8b740c7b9478074
[INFO] [stdout]                                at /rustc/1b7dd2252b99671ce5d1cb9664c5f8636329436d/library/std/src/panicking.rs:485:40
[INFO] [stdout]   29:     0x555a3d865276 - std::panicking::try::h5d34f63d0e41b64e
[INFO] [stdout]                                at /rustc/1b7dd2252b99671ce5d1cb9664c5f8636329436d/library/std/src/panicking.rs:449:19
[INFO] [stdout]   30:     0x555a3d865276 - std::panic::catch_unwind::hcfbb511e1aa7fc67
[INFO] [stdout]                                at /rustc/1b7dd2252b99671ce5d1cb9664c5f8636329436d/library/std/src/panic.rs:140:14
[INFO] [stdout]   31:     0x555a3d865276 - test::run_test_in_process::h9abda90f802eaf21
[INFO] [stdout]                                at /rustc/1b7dd2252b99671ce5d1cb9664c5f8636329436d/library/test/src/lib.rs:678:27
[INFO] [stdout]   32:     0x555a3d865276 - test::run_test::run_test_inner::{{closure}}::h0f058de91f6c6edf
[INFO] [stdout]                                at /rustc/1b7dd2252b99671ce5d1cb9664c5f8636329436d/library/test/src/lib.rs:572:39
[INFO] [stdout]   33:     0x555a3d82e195 - test::run_test::run_test_inner::{{closure}}::h5ca48a4c59c6c1fb
[INFO] [stdout]                                at /rustc/1b7dd2252b99671ce5d1cb9664c5f8636329436d/library/test/src/lib.rs:599:37
[INFO] [stdout]   34:     0x555a3d82e195 - std::sys_common::backtrace::__rust_begin_short_backtrace::h32bd51e1495d4a33
[INFO] [stdout]                                at /rustc/1b7dd2252b99671ce5d1cb9664c5f8636329436d/library/std/src/sys_common/backtrace.rs:134:18
[INFO] [stdout]   35:     0x555a3d8336d1 - std::thread::Builder::spawn_unchecked_::{{closure}}::{{closure}}::hc086fae9b128b2db
[INFO] [stdout]                                at /rustc/1b7dd2252b99671ce5d1cb9664c5f8636329436d/library/std/src/thread/mod.rs:526:17
[INFO] [stdout]   36:     0x555a3d8336d1 - <core::panic::unwind_safe::AssertUnwindSafe<F> as core::ops::function::FnOnce<()>>::call_once::hb66571888d270d43
[INFO] [stdout]                                at /rustc/1b7dd2252b99671ce5d1cb9664c5f8636329436d/library/core/src/panic/unwind_safe.rs:271:9
[INFO] [stdout]   37:     0x555a3d8336d1 - std::panicking::try::do_call::h4fa2ef4f6e51fecf
[INFO] [stdout]                                at /rustc/1b7dd2252b99671ce5d1cb9664c5f8636329436d/library/std/src/panicking.rs:485:40
[INFO] [stdout]   38:     0x555a3d8336d1 - std::panicking::try::h1e9e22b8584489b5
[INFO] [stdout]                                at /rustc/1b7dd2252b99671ce5d1cb9664c5f8636329436d/library/std/src/panicking.rs:449:19
[INFO] [stdout]   39:     0x555a3d8336d1 - std::panic::catch_unwind::h44698a3de0e0769e
[INFO] [stdout]                                at /rustc/1b7dd2252b99671ce5d1cb9664c5f8636329436d/library/std/src/panic.rs:140:14
[INFO] [stdout]   40:     0x555a3d8336d1 - std::thread::Builder::spawn_unchecked_::{{closure}}::h50153abde3fe239e
[INFO] [stdout]                                at /rustc/1b7dd2252b99671ce5d1cb9664c5f8636329436d/library/std/src/thread/mod.rs:525:30
[INFO] [stdout]   41:     0x555a3d8336d1 - core::ops::function::FnOnce::call_once{{vtable.shim}}::hbe5bbf6f38394364
[INFO] [stdout]                                at /rustc/1b7dd2252b99671ce5d1cb9664c5f8636329436d/library/core/src/ops/function.rs:250:5
[INFO] [stdout]   42:     0x555a3d95bd55 - <alloc::boxed::Box<F,A> as core::ops::function::FnOnce<Args>>::call_once::h0d83cb2920a49046
[INFO] [stdout]                                at /rustc/1b7dd2252b99671ce5d1cb9664c5f8636329436d/library/alloc/src/boxed.rs:1973:9
[INFO] [stdout]   43:     0x555a3d95bd55 - <alloc::boxed::Box<F,A> as core::ops::function::FnOnce<Args>>::call_once::hbe0a008aa7d9ef59
[INFO] [stdout]                                at /rustc/1b7dd2252b99671ce5d1cb9664c5f8636329436d/library/alloc/src/boxed.rs:1973:9
[INFO] [stdout]   44:     0x555a3d95bd55 - std::sys::unix::thread::Thread::new::thread_start::h3a466996bdf6b1f9
[INFO] [stdout]                                at /rustc/1b7dd2252b99671ce5d1cb9664c5f8636329436d/library/std/src/sys/unix/thread.rs:108:17
[INFO] [stdout]   45:     0x7feb07ef5b43 - <unknown>
[INFO] [stdout]   46:     0x7feb07f86bb4 - __clone
[INFO] [stdout]   47:                0x0 - <unknown>
[INFO] [stdout] 
[INFO] [stdout] 
[INFO] [stdout] failures:
[INFO] [stdout]     structures::board::draw::tests::test_draw
[INFO] [stdout] 
[INFO] [stdout] test result: FAILED. 47 passed; 1 failed; 0 ignored; 0 measured; 0 filtered out; finished in 1.15s
[INFO] [stdout] 
[INFO] [stderr] error: test failed, to rerun pass `--lib`
[INFO] running `Command { std: "docker" "inspect" "59b4debeb735e6d6912841ceae414074e6fda6a058da14ad08f2e25cff046386", kill_on_drop: false }`
[INFO] running `Command { std: "docker" "rm" "-f" "59b4debeb735e6d6912841ceae414074e6fda6a058da14ad08f2e25cff046386", kill_on_drop: false }`
[INFO] [stdout] 59b4debeb735e6d6912841ceae414074e6fda6a058da14ad08f2e25cff046386
