[INFO] cloning repository https://github.com/kocsis1david/wgrepp
[INFO] running `Command { std: "git" "-c" "credential.helper=" "-c" "credential.helper=/workspace/cargo-home/bin/git-credential-null" "clone" "--bare" "https://github.com/kocsis1david/wgrepp" "/workspace/cache/git-repos/https%3A%2F%2Fgithub.com%2Fkocsis1david%2Fwgrepp", kill_on_drop: false }`
[INFO] [stderr] Cloning into bare repository '/workspace/cache/git-repos/https%3A%2F%2Fgithub.com%2Fkocsis1david%2Fwgrepp'...
[INFO] running `Command { std: "git" "rev-parse" "HEAD", kill_on_drop: false }`
[INFO] [stdout] 4e87d121afcc0fa62791466eb1208ffccb214f59
[INFO] testing kocsis1david/wgrepp against 1.69.0 for beta-1.70-1
[INFO] running `Command { std: "git" "clone" "/workspace/cache/git-repos/https%3A%2F%2Fgithub.com%2Fkocsis1david%2Fwgrepp" "/workspace/builds/worker-6-tc1/source", kill_on_drop: false }`
[INFO] [stderr] Cloning into '/workspace/builds/worker-6-tc1/source'...
[INFO] [stderr] done.
[INFO] validating manifest of git repo https://github.com/kocsis1david/wgrepp on toolchain 1.69.0
[INFO] running `Command { std: CARGO_HOME="/workspace/cargo-home" RUSTUP_HOME="/workspace/rustup-home" "/workspace/cargo-home/bin/cargo" "+1.69.0" "metadata" "--manifest-path" "Cargo.toml" "--no-deps", kill_on_drop: false }`
[INFO] started tweaking git repo https://github.com/kocsis1david/wgrepp
[INFO] finished tweaking git repo https://github.com/kocsis1david/wgrepp
[INFO] tweaked toml for git repo https://github.com/kocsis1david/wgrepp written to /workspace/builds/worker-6-tc1/source/Cargo.toml
[INFO] crate git repo https://github.com/kocsis1david/wgrepp already has a lockfile, it will not be regenerated
[INFO] running `Command { std: CARGO_HOME="/workspace/cargo-home" RUSTUP_HOME="/workspace/rustup-home" "/workspace/cargo-home/bin/cargo" "+1.69.0" "fetch" "--manifest-path" "Cargo.toml", kill_on_drop: false }`
[INFO] [stderr]  Downloading crates ...
[INFO] [stderr]   Downloaded gpu-alloc v0.5.1
[INFO] [stderr]   Downloaded gpu-descriptor v0.2.1
[INFO] [stderr]   Downloaded wayland-cursor v0.29.1
[INFO] [stderr]   Downloaded x11-dl v2.19.0
[INFO] [stderr]   Downloaded glow v0.11.1
[INFO] running `Command { std: "docker" "create" "-v" "/var/lib/crater-agent-workspace/builds/worker-6-tc1/target:/opt/rustwide/target:rw,Z" "-v" "/var/lib/crater-agent-workspace/builds/worker-6-tc1/source:/opt/rustwide/workdir:ro,Z" "-v" "/var/lib/crater-agent-workspace/cargo-home:/opt/rustwide/cargo-home:ro,Z" "-v" "/var/lib/crater-agent-workspace/rustup-home:/opt/rustwide/rustup-home:ro,Z" "-e" "SOURCE_DIR=/opt/rustwide/workdir" "-e" "CARGO_TARGET_DIR=/opt/rustwide/target" "-e" "CARGO_HOME=/opt/rustwide/cargo-home" "-e" "RUSTUP_HOME=/opt/rustwide/rustup-home" "-w" "/opt/rustwide/workdir" "-m" "1610612736" "--user" "0:0" "--network" "none" "ghcr.io/rust-lang/crates-build-env/linux@sha256:5ff2268d62e97bff2cde7d5815dd6ed5b47097566f13b8d0ca110b04b60e07ed" "/opt/rustwide/cargo-home/bin/cargo" "+1.69.0" "metadata" "--no-deps" "--format-version=1", kill_on_drop: false }`
[INFO] [stdout] 0f93f0f1fa4981db5342afff1de3bcccda2dfa4a93551b8e57ac14b2a415d9c4
[INFO] running `Command { std: "docker" "start" "-a" "0f93f0f1fa4981db5342afff1de3bcccda2dfa4a93551b8e57ac14b2a415d9c4", kill_on_drop: false }`
[INFO] running `Command { std: "docker" "inspect" "0f93f0f1fa4981db5342afff1de3bcccda2dfa4a93551b8e57ac14b2a415d9c4", kill_on_drop: false }`
[INFO] running `Command { std: "docker" "rm" "-f" "0f93f0f1fa4981db5342afff1de3bcccda2dfa4a93551b8e57ac14b2a415d9c4", kill_on_drop: false }`
[INFO] [stdout] 0f93f0f1fa4981db5342afff1de3bcccda2dfa4a93551b8e57ac14b2a415d9c4
[INFO] running `Command { std: "docker" "create" "-v" "/var/lib/crater-agent-workspace/builds/worker-6-tc1/target:/opt/rustwide/target:rw,Z" "-v" "/var/lib/crater-agent-workspace/builds/worker-6-tc1/source:/opt/rustwide/workdir:ro,Z" "-v" "/var/lib/crater-agent-workspace/cargo-home:/opt/rustwide/cargo-home:ro,Z" "-v" "/var/lib/crater-agent-workspace/rustup-home:/opt/rustwide/rustup-home:ro,Z" "-e" "SOURCE_DIR=/opt/rustwide/workdir" "-e" "CARGO_TARGET_DIR=/opt/rustwide/target" "-e" "CARGO_INCREMENTAL=0" "-e" "RUST_BACKTRACE=full" "-e" "RUSTFLAGS=--cap-lints=warn" "-e" "RUSTDOCFLAGS=--cap-lints=warn" "-e" "CARGO_HOME=/opt/rustwide/cargo-home" "-e" "RUSTUP_HOME=/opt/rustwide/rustup-home" "-w" "/opt/rustwide/workdir" "-m" "1610612736" "--user" "0:0" "--network" "none" "ghcr.io/rust-lang/crates-build-env/linux@sha256:5ff2268d62e97bff2cde7d5815dd6ed5b47097566f13b8d0ca110b04b60e07ed" "/opt/rustwide/cargo-home/bin/cargo" "+1.69.0" "build" "--frozen" "--message-format=json", kill_on_drop: false }`
[INFO] [stdout] 1bd1ee5dc9e997af15596333b01781862ede50e6cb494d659784394d244c927c
[INFO] running `Command { std: "docker" "start" "-a" "1bd1ee5dc9e997af15596333b01781862ede50e6cb494d659784394d244c927c", kill_on_drop: false }`
[INFO] [stderr]    Compiling autocfg v1.0.1
[INFO] [stderr]    Compiling cfg-if v1.0.0
[INFO] [stderr]    Compiling libc v0.2.138
[INFO] [stderr]    Compiling bitflags v1.3.2
[INFO] [stderr]    Compiling proc-macro2 v1.0.29
[INFO] [stderr]    Compiling unicode-xid v0.2.4
[INFO] [stderr]    Compiling syn v1.0.77
[INFO] [stderr]    Compiling ahash v0.4.7
[INFO] [stderr]    Compiling log v0.4.14
[INFO] [stderr]    Compiling parking_lot_core v0.8.5
[INFO] [stderr]    Compiling termcolor v1.1.2
[INFO] [stderr]    Compiling bit-vec v0.6.3
[INFO] [stderr]    Compiling scopeguard v1.1.0
[INFO] [stderr]    Compiling smallvec v1.6.1
[INFO] [stderr]    Compiling khronos-egl v4.1.0
[INFO] [stderr]    Compiling ash v0.37.1+1.3.235
[INFO] [stderr]    Compiling libloading v0.7.0
[INFO] [stderr]    Compiling instant v0.1.11
[INFO] [stderr]    Compiling unicode-width v0.1.9
[INFO] [stderr]    Compiling lock_api v0.4.6
[INFO] [stderr]    Compiling bit-set v0.5.2
[INFO] [stderr]    Compiling hashbrown v0.9.1
[INFO] [stderr]    Compiling gpu-descriptor-types v0.1.1
[INFO] [stderr]    Compiling gpu-alloc-types v0.2.0
[INFO] [stderr]    Compiling cty v0.2.2
[INFO] [stderr]    Compiling hexf-parse v0.2.1
[INFO] [stderr]    Compiling codespan-reporting v0.11.1
[INFO] [stderr]    Compiling cfg_aliases v0.1.1
[INFO] [stderr]    Compiling rustc-hash v1.1.0
[INFO] [stderr]    Compiling byteorder v1.4.3
[INFO] [stderr]    Compiling num-traits v0.2.14
[INFO] [stderr]    Compiling num-integer v0.1.44
[INFO] [stderr]    Compiling indexmap v1.6.2
[INFO] [stderr]    Compiling num-bigint v0.4.2
[INFO] [stderr]    Compiling wgpu-core v0.14.2
[INFO] [stderr]    Compiling gpu-alloc v0.5.1
[INFO] [stderr]    Compiling num-rational v0.4.0
[INFO] [stderr]    Compiling num-iter v0.1.42
[INFO] [stderr]    Compiling raw-window-handle v0.5.0
[INFO] [stderr]    Compiling wgpu-types v0.14.1
[INFO] [stderr]    Compiling fxhash v0.2.1
[INFO] [stderr]    Compiling gpu-descriptor v0.2.1
[INFO] [stderr]    Compiling arrayvec v0.7.2
[INFO] [stderr]    Compiling renderdoc-sys v0.7.1
[INFO] [stderr]    Compiling glow v0.11.1
[INFO] [stderr]    Compiling profiling v1.0.3
[INFO] [stderr]    Compiling ppv-lite86 v0.2.10
[INFO] [stderr]    Compiling static_assertions v1.1.0
[INFO] [stderr]    Compiling bytemuck v1.7.3
[INFO] [stderr]    Compiling once_cell v1.16.0
[INFO] [stderr]    Compiling quote v1.0.9
[INFO] [stderr]    Compiling getrandom v0.2.3
[INFO] [stderr]    Compiling rand_core v0.6.3
[INFO] [stderr]    Compiling parking_lot v0.11.2
[INFO] [stderr]    Compiling spirv v0.2.0+1.5.4
[INFO] [stderr]    Compiling num-complex v0.4.0
[INFO] [stderr]    Compiling rand_chacha v0.3.1
[INFO] [stderr]    Compiling rand_xoshiro v0.6.0
[INFO] [stderr]    Compiling rand v0.8.4
[INFO] [stderr]    Compiling thiserror-impl v1.0.29
[INFO] [stderr]    Compiling num v0.4.0
[INFO] [stderr]    Compiling thiserror v1.0.29
[INFO] [stderr]    Compiling naga v0.10.0
[INFO] [stderr]    Compiling wgpu-hal v0.14.1
[INFO] [stderr]    Compiling wgpu v0.14.2
[INFO] [stderr]    Compiling wgrepp v0.1.0 (/opt/rustwide/workdir)
[INFO] [stderr]     Finished dev [unoptimized + debuginfo] target(s) in 26.07s
[INFO] running `Command { std: "docker" "inspect" "1bd1ee5dc9e997af15596333b01781862ede50e6cb494d659784394d244c927c", kill_on_drop: false }`
[INFO] running `Command { std: "docker" "rm" "-f" "1bd1ee5dc9e997af15596333b01781862ede50e6cb494d659784394d244c927c", kill_on_drop: false }`
[INFO] [stdout] 1bd1ee5dc9e997af15596333b01781862ede50e6cb494d659784394d244c927c
[INFO] running `Command { std: "docker" "create" "-v" "/var/lib/crater-agent-workspace/builds/worker-6-tc1/target:/opt/rustwide/target:rw,Z" "-v" "/var/lib/crater-agent-workspace/builds/worker-6-tc1/source:/opt/rustwide/workdir:ro,Z" "-v" "/var/lib/crater-agent-workspace/cargo-home:/opt/rustwide/cargo-home:ro,Z" "-v" "/var/lib/crater-agent-workspace/rustup-home:/opt/rustwide/rustup-home:ro,Z" "-e" "SOURCE_DIR=/opt/rustwide/workdir" "-e" "CARGO_TARGET_DIR=/opt/rustwide/target" "-e" "CARGO_INCREMENTAL=0" "-e" "RUST_BACKTRACE=full" "-e" "RUSTFLAGS=--cap-lints=warn" "-e" "RUSTDOCFLAGS=--cap-lints=warn" "-e" "CARGO_HOME=/opt/rustwide/cargo-home" "-e" "RUSTUP_HOME=/opt/rustwide/rustup-home" "-w" "/opt/rustwide/workdir" "-m" "1610612736" "--user" "0:0" "--network" "none" "ghcr.io/rust-lang/crates-build-env/linux@sha256:5ff2268d62e97bff2cde7d5815dd6ed5b47097566f13b8d0ca110b04b60e07ed" "/opt/rustwide/cargo-home/bin/cargo" "+1.69.0" "test" "--frozen" "--no-run" "--message-format=json", kill_on_drop: false }`
[INFO] [stdout] 9f51e42f9bf8e2a715666dcf82bae1b58d8ea439663464eb5021391ab092f213
[INFO] running `Command { std: "docker" "start" "-a" "9f51e42f9bf8e2a715666dcf82bae1b58d8ea439663464eb5021391ab092f213", kill_on_drop: false }`
[INFO] [stderr]    Compiling libc v0.2.138
[INFO] [stderr]    Compiling pkg-config v0.3.19
[INFO] [stderr]    Compiling syn v1.0.77
[INFO] [stderr]    Compiling log v0.4.14
[INFO] [stderr]    Compiling cc v1.0.77
[INFO] [stderr]    Compiling memchr v2.4.1
[INFO] [stderr]    Compiling version_check v0.9.3
[INFO] [stderr]    Compiling xml-rs v0.8.4
[INFO] [stderr]    Compiling lazy_static v1.4.0
[INFO] [stderr]    Compiling memoffset v0.6.4
[INFO] [stderr]    Compiling instant v0.1.11
[INFO] [stderr]    Compiling dlib v0.5.0
[INFO] [stderr]    Compiling crc32fast v1.3.2
[INFO] [stderr]    Compiling scoped-tls v1.0.0
[INFO] [stderr]    Compiling minimal-lexical v0.1.3
[INFO] [stderr]    Compiling downcast-rs v1.2.0
[INFO] [stderr]    Compiling adler v1.0.2
[INFO] [stderr]    Compiling io-lifetimes v1.0.3
[INFO] [stderr]    Compiling parking_lot_core v0.9.5
[INFO] [stderr]    Compiling arrayref v0.3.6
[INFO] [stderr]    Compiling maybe-uninit v2.0.0
[INFO] [stderr]    Compiling miniz_oxide v0.6.2
[INFO] [stderr]    Compiling vec_map v0.8.2
[INFO] [stderr]    Compiling rustix v0.36.5
[INFO] [stderr]    Compiling nom v7.0.0
[INFO] [stderr]    Compiling slotmap v1.0.6
[INFO] [stderr]    Compiling foreign-types-shared v0.3.1
[INFO] [stderr]    Compiling cmake v0.1.49
[INFO] [stderr]    Compiling tiny-skia-path v0.7.0
[INFO] [stderr]    Compiling safe_arch v0.5.2
[INFO] [stderr]    Compiling linux-raw-sys v0.1.3
[INFO] [stderr]    Compiling wayland-sys v0.29.5
[INFO] [stderr]    Compiling servo-fontconfig-sys v5.1.0
[INFO] [stderr]    Compiling wayland-scanner v0.29.5
[INFO] [stderr]    Compiling flate2 v1.0.25
[INFO] [stderr]    Compiling smithay-client-toolkit v0.16.0
[INFO] [stderr]    Compiling crossfont v0.5.1
[INFO] [stderr]    Compiling x11-dl v2.19.0
[INFO] [stderr]    Compiling arrayvec v0.5.2
[INFO] [stderr]    Compiling aho-corasick v0.7.18
[INFO] [stderr]    Compiling freetype-sys v0.13.1
[INFO] [stderr]    Compiling expat-sys v2.1.6
[INFO] [stderr]    Compiling png v0.17.7
[INFO] [stderr]    Compiling regex-syntax v0.6.25
[INFO] [stderr]    Compiling cgmath v0.18.0
[INFO] [stderr]    Compiling raw-window-handle v0.4.3
[INFO] [stderr]    Compiling approx v0.4.0
[INFO] [stderr]    Compiling humantime v2.1.0
[INFO] [stderr]    Compiling bytes v1.1.0
[INFO] [stderr]    Compiling pin-project-lite v0.2.7
[INFO] [stderr]    Compiling percent-encoding v2.1.0
[INFO] [stderr]    Compiling nix v0.24.3
[INFO] [stderr]    Compiling parking_lot_core v0.8.5
[INFO] [stderr]    Compiling getrandom v0.2.3
[INFO] [stderr]    Compiling khronos-egl v4.1.0
[INFO] [stderr]    Compiling nix v0.22.0
[INFO] [stderr]    Compiling wayland-client v0.29.5
[INFO] [stderr]    Compiling wayland-protocols v0.29.5
[INFO] [stderr]    Compiling parking_lot v0.11.2
[INFO] [stderr]    Compiling rand_core v0.6.3
[INFO] [stderr]    Compiling freetype-rs v0.26.0
[INFO] [stderr]    Compiling servo-fontconfig v0.5.1
[INFO] [stderr]    Compiling memmap2 v0.5.8
[INFO] [stderr]    Compiling rand_chacha v0.3.1
[INFO] [stderr]    Compiling tiny-skia v0.7.0
[INFO] [stderr]    Compiling regex v1.5.4
[INFO] [stderr]    Compiling parking_lot v0.12.1
[INFO] [stderr]    Compiling rand v0.8.4
[INFO] [stderr]    Compiling xcursor v0.3.4
[INFO] [stderr]    Compiling rand_xoshiro v0.6.0
[INFO] [stderr]    Compiling mio v0.7.13
[INFO] [stderr]    Compiling num_cpus v1.13.0
[INFO] [stderr]    Compiling mio v0.8.0
[INFO] [stderr]    Compiling signal-hook-registry v1.4.0
[INFO] [stderr]    Compiling is-terminal v0.4.1
[INFO] [stderr]    Compiling wayland-commons v0.29.5
[INFO] [stderr]    Compiling env_logger v0.10.0
[INFO] [stderr]    Compiling thiserror-impl v1.0.29
[INFO] [stderr]    Compiling foreign-types-macros v0.2.2
[INFO] [stderr]    Compiling tokio-macros v1.7.0
[INFO] [stderr]    Compiling foreign-types v0.5.0
[INFO] [stderr]    Compiling tokio v1.15.0
[INFO] [stderr]    Compiling wayland-cursor v0.29.1
[INFO] [stderr]    Compiling thiserror v1.0.29
[INFO] [stderr]    Compiling naga v0.10.0
[INFO] [stderr]    Compiling calloop v0.10.2
[INFO] [stderr]    Compiling wgpu-hal v0.14.1
[INFO] [stderr]    Compiling wgpu-core v0.14.2
[INFO] [stderr]    Compiling wgpu v0.14.2
[INFO] [stderr]    Compiling wgrepp v0.1.0 (/opt/rustwide/workdir)
[INFO] [stderr]    Compiling sctk-adwaita v0.4.3
[INFO] [stderr]    Compiling winit v0.27.5
[INFO] [stderr]     Finished test [unoptimized + debuginfo] target(s) in 54.14s
[INFO] running `Command { std: "docker" "inspect" "9f51e42f9bf8e2a715666dcf82bae1b58d8ea439663464eb5021391ab092f213", kill_on_drop: false }`
[INFO] running `Command { std: "docker" "rm" "-f" "9f51e42f9bf8e2a715666dcf82bae1b58d8ea439663464eb5021391ab092f213", kill_on_drop: false }`
[INFO] [stdout] 9f51e42f9bf8e2a715666dcf82bae1b58d8ea439663464eb5021391ab092f213
[INFO] running `Command { std: "docker" "create" "-v" "/var/lib/crater-agent-workspace/builds/worker-6-tc1/target:/opt/rustwide/target:rw,Z" "-v" "/var/lib/crater-agent-workspace/builds/worker-6-tc1/source:/opt/rustwide/workdir:ro,Z" "-v" "/var/lib/crater-agent-workspace/cargo-home:/opt/rustwide/cargo-home:ro,Z" "-v" "/var/lib/crater-agent-workspace/rustup-home:/opt/rustwide/rustup-home:ro,Z" "-e" "SOURCE_DIR=/opt/rustwide/workdir" "-e" "CARGO_TARGET_DIR=/opt/rustwide/target" "-e" "CARGO_INCREMENTAL=0" "-e" "RUST_BACKTRACE=full" "-e" "RUSTFLAGS=--cap-lints=warn" "-e" "RUSTDOCFLAGS=--cap-lints=warn" "-e" "CARGO_HOME=/opt/rustwide/cargo-home" "-e" "RUSTUP_HOME=/opt/rustwide/rustup-home" "-w" "/opt/rustwide/workdir" "-m" "1610612736" "--user" "0:0" "--network" "none" "ghcr.io/rust-lang/crates-build-env/linux@sha256:5ff2268d62e97bff2cde7d5815dd6ed5b47097566f13b8d0ca110b04b60e07ed" "/opt/rustwide/cargo-home/bin/cargo" "+1.69.0" "test" "--frozen", kill_on_drop: false }`
[INFO] [stdout] a4d6329cee95e2aaf014eb8437941482bf04a6cdf408783dc25bb2b92b19169c
[INFO] running `Command { std: "docker" "start" "-a" "a4d6329cee95e2aaf014eb8437941482bf04a6cdf408783dc25bb2b92b19169c", kill_on_drop: false }`
[INFO] [stderr]     Finished test [unoptimized + debuginfo] target(s) in 1.02s
[INFO] [stderr]      Running unittests src/lib.rs (/opt/rustwide/target/debug/deps/wgrepp-cf51384478b21dde)
[INFO] [stdout] 
[INFO] [stdout] running 0 tests
[INFO] [stdout] 
[INFO] [stdout] test result: ok. 0 passed; 0 failed; 0 ignored; 0 measured; 0 filtered out; finished in 0.00s
[INFO] [stdout] 
[INFO] [stderr]    Doc-tests wgrepp
[INFO] [stdout] 
[INFO] [stdout] running 1 test
[INFO] [stdout] test src/ssao/mod.rs - ssao (line 11) ... FAILED
[INFO] [stdout] 
[INFO] [stdout] failures:
[INFO] [stdout] 
[INFO] [stdout] ---- src/ssao/mod.rs - ssao (line 11) stdout ----
[INFO] [stdout] error: expected `;`, found `resources`
[INFO] [stdout]   --> src/ssao/mod.rs:28:2
[INFO] [stdout]    |
[INFO] [stdout] 19 | )
[INFO] [stdout]    |  ^ help: add `;` here
[INFO] [stdout] ...
[INFO] [stdout] 22 | resources.write_uniforms(
[INFO] [stdout]    | --------- unexpected token
[INFO] [stdout] 
[INFO] [stdout] error[E0433]: failed to resolve: use of undeclared type `TextureFormat`
[INFO] [stdout]  --> src/ssao/mod.rs:16:5
[INFO] [stdout]   |
[INFO] [stdout] 7 |     TextureFormat::Rg16Float,
[INFO] [stdout]   |     ^^^^^^^^^^^^^ use of undeclared type `TextureFormat`
[INFO] [stdout] 
[INFO] [stdout] error[E0433]: failed to resolve: use of undeclared type `SsaoEffect`
[INFO] [stdout]  --> src/ssao/mod.rs:13:14
[INFO] [stdout]   |
[INFO] [stdout] 4 | let effect = SsaoEffect::new(
[INFO] [stdout]   |              ^^^^^^^^^^ use of undeclared type `SsaoEffect`
[INFO] [stdout]   |
[INFO] [stdout] help: consider importing this struct
[INFO] [stdout]   |
[INFO] [stdout] 3 | use wgrepp::ssao::SsaoEffect;
[INFO] [stdout]   |
[INFO] [stdout] 
[INFO] [stdout] error[E0425]: cannot find value `device` in this scope
[INFO] [stdout]  --> src/ssao/mod.rs:14:6
[INFO] [stdout]   |
[INFO] [stdout] 5 |     &device,
[INFO] [stdout]   |      ^^^^^^ not found in this scope
[INFO] [stdout] 
[INFO] [stdout] error[E0425]: cannot find value `queue` in this scope
[INFO] [stdout]  --> src/ssao/mod.rs:15:6
[INFO] [stdout]   |
[INFO] [stdout] 6 |     &queue,
[INFO] [stdout]   |      ^^^^^ not found in this scope
[INFO] [stdout] 
[INFO] [stdout] error[E0433]: failed to resolve: use of undeclared type `SsaoResources`
[INFO] [stdout]   --> src/ssao/mod.rs:20:17
[INFO] [stdout]    |
[INFO] [stdout] 11 | let resources = SsaoResources::new(
[INFO] [stdout]    |                 ^^^^^^^^^^^^^ use of undeclared type `SsaoResources`
[INFO] [stdout]    |
[INFO] [stdout] help: consider importing this struct
[INFO] [stdout]    |
[INFO] [stdout] 3  | use wgrepp::ssao::SsaoResources;
[INFO] [stdout]    |
[INFO] [stdout] 
[INFO] [stdout] error[E0425]: cannot find value `device` in this scope
[INFO] [stdout]   --> src/ssao/mod.rs:22:6
[INFO] [stdout]    |
[INFO] [stdout] 13 |     &device,
[INFO] [stdout]    |      ^^^^^^ not found in this scope
[INFO] [stdout] 
[INFO] [stdout] error[E0425]: cannot find value `queue` in this scope
[INFO] [stdout]   --> src/ssao/mod.rs:23:6
[INFO] [stdout]    |
[INFO] [stdout] 14 |     &queue,
[INFO] [stdout]    |      ^^^^^ not found in this scope
[INFO] [stdout] 
[INFO] [stdout] error[E0425]: cannot find value `depth_texture_view` in this scope
[INFO] [stdout]   --> src/ssao/mod.rs:24:6
[INFO] [stdout]    |
[INFO] [stdout] 15 |     &depth_texture_view,
[INFO] [stdout]    |      ^^^^^^^^^^^^^^^^^^ not found in this scope
[INFO] [stdout] 
[INFO] [stdout] error[E0425]: cannot find value `normal_texture_view` in this scope
[INFO] [stdout]   --> src/ssao/mod.rs:25:6
[INFO] [stdout]    |
[INFO] [stdout] 16 |     &normal_texture_view,
[INFO] [stdout]    |      ^^^^^^^^^^^^^^^^^^^ not found in this scope
[INFO] [stdout] 
[INFO] [stdout] error[E0425]: cannot find value `window_size` in this scope
[INFO] [stdout]   --> src/ssao/mod.rs:26:6
[INFO] [stdout]    |
[INFO] [stdout] 17 |     [window_size.x, window_size.y],
[INFO] [stdout]    |      ^^^^^^^^^^^ not found in this scope
[INFO] [stdout] 
[INFO] [stdout] error[E0425]: cannot find value `window_size` in this scope
[INFO] [stdout]   --> src/ssao/mod.rs:26:21
[INFO] [stdout]    |
[INFO] [stdout] 17 |     [window_size.x, window_size.y],
[INFO] [stdout]    |                     ^^^^^^^^^^^ not found in this scope
[INFO] [stdout] 
[INFO] [stdout] error[E0425]: cannot find value `queue` in this scope
[INFO] [stdout]   --> src/ssao/mod.rs:32:6
[INFO] [stdout]    |
[INFO] [stdout] 23 |     &queue,
[INFO] [stdout]    |      ^^^^^ not found in this scope
[INFO] [stdout] 
[INFO] [stdout] error[E0425]: cannot find value `proj_matrix` in this scope
[INFO] [stdout]   --> src/ssao/mod.rs:33:6
[INFO] [stdout]    |
[INFO] [stdout] 24 |     &proj_matrix.into(),
[INFO] [stdout]    |      ^^^^^^^^^^^ not found in this scope
[INFO] [stdout] 
[INFO] [stdout] error[E0425]: cannot find value `encoder` in this scope
[INFO] [stdout]   --> src/ssao/mod.rs:39:30
[INFO] [stdout]    |
[INFO] [stdout] 30 | resources.draw(&effect, &mut encoder, true);
[INFO] [stdout]    |                              ^^^^^^^ not found in this scope
[INFO] [stdout] 
[INFO] [stdout] error: aborting due to 15 previous errors
[INFO] [stdout] 
[INFO] [stdout] Some errors have detailed explanations: E0425, E0433.
[INFO] [stdout] For more information about an error, try `rustc --explain E0425`.
[INFO] [stdout] Couldn't compile the test.
[INFO] [stdout] 
[INFO] [stdout] failures:
[INFO] [stdout]     src/ssao/mod.rs - ssao (line 11)
[INFO] [stdout] 
[INFO] [stdout] test result: FAILED. 0 passed; 1 failed; 0 ignored; 0 measured; 0 filtered out; finished in 0.32s
[INFO] [stdout] 
[INFO] [stderr] error: doctest failed, to rerun pass `--doc`
[INFO] running `Command { std: "docker" "inspect" "a4d6329cee95e2aaf014eb8437941482bf04a6cdf408783dc25bb2b92b19169c", kill_on_drop: false }`
[INFO] running `Command { std: "docker" "rm" "-f" "a4d6329cee95e2aaf014eb8437941482bf04a6cdf408783dc25bb2b92b19169c", kill_on_drop: false }`
[INFO] [stdout] a4d6329cee95e2aaf014eb8437941482bf04a6cdf408783dc25bb2b92b19169c
