[INFO] cloning repository https://github.com/kilbd/digital-garden-cli
[INFO] running `Command { std: "git" "-c" "credential.helper=" "-c" "credential.helper=/workspace/cargo-home/bin/git-credential-null" "clone" "--bare" "https://github.com/kilbd/digital-garden-cli" "/workspace/cache/git-repos/https%3A%2F%2Fgithub.com%2Fkilbd%2Fdigital-garden-cli", kill_on_drop: false }`
[INFO] [stderr] Cloning into bare repository '/workspace/cache/git-repos/https%3A%2F%2Fgithub.com%2Fkilbd%2Fdigital-garden-cli'...
[INFO] running `Command { std: "git" "rev-parse" "HEAD", kill_on_drop: false }`
[INFO] [stdout] 30dae2a2f358d8a6cf018600224839b47a2c1ad5
[INFO] testing kilbd/digital-garden-cli against beta-2023-04-20 for beta-1.70-1
[INFO] running `Command { std: "git" "clone" "/workspace/cache/git-repos/https%3A%2F%2Fgithub.com%2Fkilbd%2Fdigital-garden-cli" "/workspace/builds/worker-6-tc2/source", kill_on_drop: false }`
[INFO] [stderr] Cloning into '/workspace/builds/worker-6-tc2/source'...
[INFO] [stderr] done.
[INFO] validating manifest of git repo https://github.com/kilbd/digital-garden-cli on toolchain beta-2023-04-20
[INFO] running `Command { std: CARGO_HOME="/workspace/cargo-home" RUSTUP_HOME="/workspace/rustup-home" "/workspace/cargo-home/bin/cargo" "+beta-2023-04-20" "metadata" "--manifest-path" "Cargo.toml" "--no-deps", kill_on_drop: false }`
[INFO] started tweaking git repo https://github.com/kilbd/digital-garden-cli
[INFO] finished tweaking git repo https://github.com/kilbd/digital-garden-cli
[INFO] tweaked toml for git repo https://github.com/kilbd/digital-garden-cli written to /workspace/builds/worker-6-tc2/source/Cargo.toml
[INFO] crate git repo https://github.com/kilbd/digital-garden-cli already has a lockfile, it will not be regenerated
[INFO] running `Command { std: CARGO_HOME="/workspace/cargo-home" RUSTUP_HOME="/workspace/rustup-home" "/workspace/cargo-home/bin/cargo" "+beta-2023-04-20" "fetch" "--manifest-path" "Cargo.toml", kill_on_drop: false }`
[INFO] [stderr]  Downloading crates ...
[INFO] [stderr]   Downloaded termtree v0.2.1
[INFO] [stderr]   Downloaded object v0.27.0
[INFO] [stderr]   Downloaded rprompt v1.0.5
[INFO] running `Command { std: "docker" "create" "-v" "/var/lib/crater-agent-workspace/builds/worker-6-tc2/target:/opt/rustwide/target:rw,Z" "-v" "/var/lib/crater-agent-workspace/builds/worker-6-tc2/source:/opt/rustwide/workdir:ro,Z" "-v" "/var/lib/crater-agent-workspace/cargo-home:/opt/rustwide/cargo-home:ro,Z" "-v" "/var/lib/crater-agent-workspace/rustup-home:/opt/rustwide/rustup-home:ro,Z" "-e" "SOURCE_DIR=/opt/rustwide/workdir" "-e" "CARGO_TARGET_DIR=/opt/rustwide/target" "-e" "CARGO_HOME=/opt/rustwide/cargo-home" "-e" "RUSTUP_HOME=/opt/rustwide/rustup-home" "-w" "/opt/rustwide/workdir" "-m" "1610612736" "--user" "0:0" "--network" "none" "ghcr.io/rust-lang/crates-build-env/linux@sha256:5ff2268d62e97bff2cde7d5815dd6ed5b47097566f13b8d0ca110b04b60e07ed" "/opt/rustwide/cargo-home/bin/cargo" "+beta-2023-04-20" "metadata" "--no-deps" "--format-version=1", kill_on_drop: false }`
[INFO] [stdout] 2d9a67a1c76ab361955e36c832ec5c8f71ec4b75232752fd05464510fe935473
[INFO] running `Command { std: "docker" "start" "-a" "2d9a67a1c76ab361955e36c832ec5c8f71ec4b75232752fd05464510fe935473", kill_on_drop: false }`
[INFO] running `Command { std: "docker" "inspect" "2d9a67a1c76ab361955e36c832ec5c8f71ec4b75232752fd05464510fe935473", kill_on_drop: false }`
[INFO] running `Command { std: "docker" "rm" "-f" "2d9a67a1c76ab361955e36c832ec5c8f71ec4b75232752fd05464510fe935473", kill_on_drop: false }`
[INFO] [stdout] 2d9a67a1c76ab361955e36c832ec5c8f71ec4b75232752fd05464510fe935473
[INFO] running `Command { std: "docker" "create" "-v" "/var/lib/crater-agent-workspace/builds/worker-6-tc2/target:/opt/rustwide/target:rw,Z" "-v" "/var/lib/crater-agent-workspace/builds/worker-6-tc2/source:/opt/rustwide/workdir:ro,Z" "-v" "/var/lib/crater-agent-workspace/cargo-home:/opt/rustwide/cargo-home:ro,Z" "-v" "/var/lib/crater-agent-workspace/rustup-home:/opt/rustwide/rustup-home:ro,Z" "-e" "SOURCE_DIR=/opt/rustwide/workdir" "-e" "CARGO_TARGET_DIR=/opt/rustwide/target" "-e" "CARGO_INCREMENTAL=0" "-e" "RUST_BACKTRACE=full" "-e" "RUSTFLAGS=--cap-lints=warn" "-e" "RUSTDOCFLAGS=--cap-lints=warn" "-e" "CARGO_HOME=/opt/rustwide/cargo-home" "-e" "RUSTUP_HOME=/opt/rustwide/rustup-home" "-w" "/opt/rustwide/workdir" "-m" "1610612736" "--user" "0:0" "--network" "none" "ghcr.io/rust-lang/crates-build-env/linux@sha256:5ff2268d62e97bff2cde7d5815dd6ed5b47097566f13b8d0ca110b04b60e07ed" "/opt/rustwide/cargo-home/bin/cargo" "+beta-2023-04-20" "build" "--frozen" "--message-format=json", kill_on_drop: false }`
[INFO] [stdout] 705726cef4f381958e3a6cd1d55d7ae4d1d5fc70dd35c4aee355d5cf1ca447bd
[INFO] running `Command { std: "docker" "start" "-a" "705726cef4f381958e3a6cd1d55d7ae4d1d5fc70dd35c4aee355d5cf1ca447bd", kill_on_drop: false }`
[INFO] [stderr]    Compiling libc v0.2.104
[INFO] [stderr]    Compiling proc-macro2 v1.0.30
[INFO] [stderr]    Compiling unicode-xid v0.2.2
[INFO] [stderr]    Compiling cfg-if v1.0.0
[INFO] [stderr]    Compiling syn v1.0.80
[INFO] [stderr]    Compiling autocfg v1.0.1
[INFO] [stderr]    Compiling lazy_static v1.4.0
[INFO] [stderr]    Compiling version_check v0.9.3
[INFO] [stderr]    Compiling memchr v2.4.1
[INFO] [stderr]    Compiling once_cell v1.8.0
[INFO] [stderr]    Compiling ppv-lite86 v0.2.14
[INFO] [stderr]    Compiling cc v1.0.71
[INFO] [stderr]    Compiling pin-project-lite v0.2.7
[INFO] [stderr]    Compiling gimli v0.25.0
[INFO] [stderr]    Compiling adler v1.0.2
[INFO] [stderr]    Compiling eyre v0.6.5
[INFO] [stderr]    Compiling rustc-demangle v0.1.21
[INFO] [stderr]    Compiling owo-colors v1.3.0
[INFO] [stderr]    Compiling tracing-core v0.1.21
[INFO] [stderr]    Compiling sharded-slab v0.1.4
[INFO] [stderr]    Compiling thread_local v1.1.3
[INFO] [stderr]    Compiling remove_dir_all v0.5.3
[INFO] [stderr]    Compiling hashbrown v0.11.2
[INFO] [stderr]    Compiling miniz_oxide v0.4.4
[INFO] [stderr]    Compiling indexmap v1.8.0
[INFO] [stderr]    Compiling either v1.6.1
[INFO] [stderr]    Compiling proc-macro-error-attr v1.0.4
[INFO] [stderr]    Compiling proc-macro-error v1.0.4
[INFO] [stderr]    Compiling heck v0.4.0
[INFO] [stderr]    Compiling indenter v0.3.3
[INFO] [stderr]    Compiling bitflags v1.3.2
[INFO] [stderr]    Compiling textwrap v0.14.2
[INFO] [stderr]    Compiling tracing-subscriber v0.2.25
[INFO] [stderr]    Compiling object v0.27.0
[INFO] [stderr]    Compiling os_str_bytes v6.0.0
[INFO] [stderr]    Compiling quote v1.0.10
[INFO] [stderr]    Compiling deunicode v0.4.3
[INFO] [stderr]    Compiling termcolor v1.1.2
[INFO] [stderr]    Compiling getrandom v0.2.3
[INFO] [stderr]    Compiling backtrace v0.3.62
[INFO] [stderr]    Compiling dirs-sys v0.3.6
[INFO] [stderr]    Compiling rand_core v0.6.3
[INFO] [stderr]    Compiling atty v0.2.14
[INFO] [stderr]    Compiling which v4.2.2
[INFO] [stderr]    Compiling strsim v0.10.0
[INFO] [stderr]    Compiling slug v0.1.4
[INFO] [stderr]    Compiling rprompt v1.0.5
[INFO] [stderr]    Compiling directories v4.0.1
[INFO] [stderr]    Compiling rand_chacha v0.3.1
[INFO] [stderr]    Compiling rand v0.8.4
[INFO] [stderr]    Compiling addr2line v0.16.0
[INFO] [stderr]    Compiling tempfile v3.2.0
[INFO] [stderr]    Compiling edit v0.1.3
[INFO] [stderr]    Compiling tracing-attributes v0.1.18
[INFO] [stderr]    Compiling clap_derive v3.0.6
[INFO] [stderr]    Compiling tracing v0.1.29
[INFO] [stderr]    Compiling tracing-error v0.1.2
[INFO] [stderr]    Compiling color-spantrace v0.1.6
[INFO] [stderr]    Compiling color-eyre v0.5.11
[INFO] [stderr]    Compiling clap v3.0.7
[INFO] [stderr]    Compiling garden-cli v0.1.0 (/opt/rustwide/workdir)
[INFO] [stderr]     Finished dev [unoptimized + debuginfo] target(s) in 15.84s
[INFO] running `Command { std: "docker" "inspect" "705726cef4f381958e3a6cd1d55d7ae4d1d5fc70dd35c4aee355d5cf1ca447bd", kill_on_drop: false }`
[INFO] running `Command { std: "docker" "rm" "-f" "705726cef4f381958e3a6cd1d55d7ae4d1d5fc70dd35c4aee355d5cf1ca447bd", kill_on_drop: false }`
[INFO] [stdout] 705726cef4f381958e3a6cd1d55d7ae4d1d5fc70dd35c4aee355d5cf1ca447bd
[INFO] running `Command { std: "docker" "create" "-v" "/var/lib/crater-agent-workspace/builds/worker-6-tc2/target:/opt/rustwide/target:rw,Z" "-v" "/var/lib/crater-agent-workspace/builds/worker-6-tc2/source:/opt/rustwide/workdir:ro,Z" "-v" "/var/lib/crater-agent-workspace/cargo-home:/opt/rustwide/cargo-home:ro,Z" "-v" "/var/lib/crater-agent-workspace/rustup-home:/opt/rustwide/rustup-home:ro,Z" "-e" "SOURCE_DIR=/opt/rustwide/workdir" "-e" "CARGO_TARGET_DIR=/opt/rustwide/target" "-e" "CARGO_INCREMENTAL=0" "-e" "RUST_BACKTRACE=full" "-e" "RUSTFLAGS=--cap-lints=warn" "-e" "RUSTDOCFLAGS=--cap-lints=warn" "-e" "CARGO_HOME=/opt/rustwide/cargo-home" "-e" "RUSTUP_HOME=/opt/rustwide/rustup-home" "-w" "/opt/rustwide/workdir" "-m" "1610612736" "--user" "0:0" "--network" "none" "ghcr.io/rust-lang/crates-build-env/linux@sha256:5ff2268d62e97bff2cde7d5815dd6ed5b47097566f13b8d0ca110b04b60e07ed" "/opt/rustwide/cargo-home/bin/cargo" "+beta-2023-04-20" "test" "--frozen" "--no-run" "--message-format=json", kill_on_drop: false }`
[INFO] [stdout] 936ac3e464c7cff781b0934453af65e103455bdb2614ced1b03248341163077c
[INFO] running `Command { std: "docker" "start" "-a" "936ac3e464c7cff781b0934453af65e103455bdb2614ced1b03248341163077c", kill_on_drop: false }`
[INFO] [stderr]    Compiling regex-syntax v0.6.25
[INFO] [stderr]    Compiling log v0.4.14
[INFO] [stderr]    Compiling regex-automata v0.1.10
[INFO] [stderr]    Compiling num-traits v0.2.14
[INFO] [stderr]    Compiling aho-corasick v0.7.18
[INFO] [stderr]    Compiling crossbeam-utils v0.8.5
[INFO] [stderr]    Compiling fnv v1.0.7
[INFO] [stderr]    Compiling predicates-core v1.0.2
[INFO] [stderr]    Compiling same-file v1.0.6
[INFO] [stderr]    Compiling doc-comment v0.3.3
[INFO] [stderr]    Compiling itertools v0.10.1
[INFO] [stderr]    Compiling difflib v0.4.0
[INFO] [stderr]    Compiling normalize-line-endings v0.3.0
[INFO] [stderr]    Compiling termtree v0.2.1
[INFO] [stderr]    Compiling wait-timeout v0.2.0
[INFO] [stderr]    Compiling walkdir v2.3.2
[INFO] [stderr]    Compiling predicates-tree v1.0.4
[INFO] [stderr]    Compiling bstr v0.2.17
[INFO] [stderr]    Compiling float-cmp v0.9.0
[INFO] [stderr]    Compiling regex v1.5.4
[INFO] [stderr]    Compiling globset v0.4.8
[INFO] [stderr]    Compiling predicates v2.0.3
[INFO] [stderr]    Compiling ignore v0.4.18
[INFO] [stderr]    Compiling assert_cmd v2.0.2
[INFO] [stderr]    Compiling globwalk v0.8.1
[INFO] [stderr]    Compiling assert_fs v1.0.6
[INFO] [stderr]    Compiling garden-cli v0.1.0 (/opt/rustwide/workdir)
[INFO] [stderr]     Finished test [unoptimized + debuginfo] target(s) in 4.33s
[INFO] running `Command { std: "docker" "inspect" "936ac3e464c7cff781b0934453af65e103455bdb2614ced1b03248341163077c", kill_on_drop: false }`
[INFO] running `Command { std: "docker" "rm" "-f" "936ac3e464c7cff781b0934453af65e103455bdb2614ced1b03248341163077c", kill_on_drop: false }`
[INFO] [stdout] 936ac3e464c7cff781b0934453af65e103455bdb2614ced1b03248341163077c
[INFO] running `Command { std: "docker" "create" "-v" "/var/lib/crater-agent-workspace/builds/worker-6-tc2/target:/opt/rustwide/target:rw,Z" "-v" "/var/lib/crater-agent-workspace/builds/worker-6-tc2/source:/opt/rustwide/workdir:ro,Z" "-v" "/var/lib/crater-agent-workspace/cargo-home:/opt/rustwide/cargo-home:ro,Z" "-v" "/var/lib/crater-agent-workspace/rustup-home:/opt/rustwide/rustup-home:ro,Z" "-e" "SOURCE_DIR=/opt/rustwide/workdir" "-e" "CARGO_TARGET_DIR=/opt/rustwide/target" "-e" "CARGO_INCREMENTAL=0" "-e" "RUST_BACKTRACE=full" "-e" "RUSTFLAGS=--cap-lints=warn" "-e" "RUSTDOCFLAGS=--cap-lints=warn" "-e" "CARGO_HOME=/opt/rustwide/cargo-home" "-e" "RUSTUP_HOME=/opt/rustwide/rustup-home" "-w" "/opt/rustwide/workdir" "-m" "1610612736" "--user" "0:0" "--network" "none" "ghcr.io/rust-lang/crates-build-env/linux@sha256:5ff2268d62e97bff2cde7d5815dd6ed5b47097566f13b8d0ca110b04b60e07ed" "/opt/rustwide/cargo-home/bin/cargo" "+beta-2023-04-20" "test" "--frozen", kill_on_drop: false }`
[INFO] [stdout] 65fd3bf13826ae227590c0778d7a20d8953e3bb9314f293d4af1456836ec54a8
[INFO] running `Command { std: "docker" "start" "-a" "65fd3bf13826ae227590c0778d7a20d8953e3bb9314f293d4af1456836ec54a8", kill_on_drop: false }`
[INFO] [stderr]     Finished test [unoptimized + debuginfo] target(s) in 0.04s
[INFO] [stderr]      Running unittests src/lib.rs (/opt/rustwide/target/debug/deps/digital_garden-d1fa568c47695066)
[INFO] [stdout] 
[INFO] [stdout] running 0 tests
[INFO] [stdout] 
[INFO] [stdout] test result: ok. 0 passed; 0 failed; 0 ignored; 0 measured; 0 filtered out; finished in 0.00s
[INFO] [stdout] 
[INFO] [stderr]      Running unittests src/main.rs (/opt/rustwide/target/debug/deps/garden-3ba7eca0db68d1e9)
[INFO] [stdout] 
[INFO] [stdout] running 0 tests
[INFO] [stdout] 
[INFO] [stdout] test result: ok. 0 passed; 0 failed; 0 ignored; 0 measured; 0 filtered out; finished in 0.00s
[INFO] [stdout] 
[INFO] [stderr]      Running tests/integration.rs (/opt/rustwide/target/debug/deps/integration-ce939bf2f855f65c)
[INFO] [stdout] 
[INFO] [stdout] running 4 tests
[INFO] [stdout] test test_help ... ok
[INFO] [stdout] test test_write_help ... ok
[INFO] [stdout] test test_write_with_title ... FAILED
[INFO] [stdout] test test_write_with_written_title ... FAILED
[INFO] [stdout] 
[INFO] [stdout] failures:
[INFO] [stdout] 
[INFO] [stdout] ---- test_write_with_title stdout ----
[INFO] [stdout] thread 'test_write_with_title' panicked at 'Unexpected failure.
[INFO] [stdout] code-1
[INFO] [stdout] stderr=```"Error: \n   0: \u{1b}[91mExec format error (os error 8)\u{1b}[0m\n\nLocation:\n   \u{1b}[35msrc/write.rs\u{1b}[0m:\u{1b}[35m17\u{1b}[0m\n\n  ━━━━━━━━━━━━━━━━━━━━━━━━━━━━━━━━━━ BACKTRACE ━━━━━━━━━━━━━━━━━━━━━━━━━━━━━━━━━━━\n  \u{1b}[96m                              ⋮ 5 frames hidden ⋮                               \u{1b}[0m\n   6: \u{1b}[32m<core::result::Result<T,F> as core::ops::try_trait::FromResidual<core::result::Result<core::convert::Infallible,E>>>::from_residual\u{1b}[0m\u{1b}[90m::hadf96e738b7d0034\u{1b}[0m\n      at \u{1b}[35m/rustc/1b7dd2252b99671ce5d1cb9664c5f8636329436d/library/core/src/result.rs\u{1b}[0m:\u{1b}[35m2002\u{1b}[0m\n   7: \u{1b}[91mdigital_garden::write::write\u{1b}[0m\u{1b}[90m::h3bb99814f428a746\u{1b}[0m\n      at \u{1b}[35m/opt/rustwide/workdir/src/write.rs\u{1b}[0m:\u{1b}[35m17\u{1b}[0m\n        15 │         .wrap_err(\"Failed to keep temp file\")?;\n        16 │     file.write_all(TEMPLATE)?;\n  \u{1b}[37m\u{1b}[1m      17\u{1b}[0m \u{1b}[37m\u{1b}[1m>\u{1b}[0m \u{1b}[37m\u{1b}[1m    edit_file(&filepath)?;\u{1b}[0m\n        18 │     let contents = fs::read_to_string(&filepath)?;\n        19 │     dbg!(&contents);\n   8: \u{1b}[91mgarden::main\u{1b}[0m\u{1b}[90m::h3a7388868541435e\u{1b}[0m\n      at \u{1b}[35m/opt/rustwide/workdir/src/main.rs\u{1b}[0m:\u{1b}[35m46\u{1b}[0m\n        44 │     }?;\n        45 │     match cli.cmd {\n  \u{1b}[37m\u{1b}[1m      46\u{1b}[0m \u{1b}[37m\u{1b}[1m>\u{1b}[0m \u{1b}[37m\u{1b}[1m        Command::Write { title } => write(garden_path, title),\u{1b}[0m\n        47 │     }\n        48 │ }\n   9: \u{1b}[32mcore::ops::function::FnOnce::call_once\u{1b}[0m\u{1b}[90m::ha9272f73fffe13af\u{1b}[0m\n      at \u{1b}[35m/rustc/1b7dd2252b99671ce5d1cb9664c5f8636329436d/library/core/src/ops/function.rs\u{1b}[0m:\u{1b}[35m250\u{1b}[0m\n  \u{1b}[96m                              ⋮ 15 frames hidden ⋮                              \u{1b}[0m\n\nRun with COLORBT_SHOW_HIDDEN=1 environment variable to disable frame filtering.\n"```
[INFO] [stdout] command=`EDITOR="/opt/rustwide/workdir/tests/fake_editor.sh" GARDEN_PATH="/tmp/.tmpc7SNhW" "/opt/rustwide/target/debug/garden" "write" "-t" "atitle"`
[INFO] [stdout] stdin=`"N\n"`
[INFO] [stdout] code=1
[INFO] [stdout] stdout=""
[INFO] [stdout] stderr="Error: \n   0: \u{1b}[91mExec format error (os error 8)\u{1b}[0m\n\nLocation:\n   \u{1b}[35msrc/write.rs\u{1b}[0m:\u{1b}[35m17\u{1b}[0m\n\n  ━━━━━━━━━━━━━━━━━━━━━━━━━━━━━━━━━━ BACKTRACE ━━━━━━━━━━━━━━━━━━━━━━━━━━━━━━━━━━━\n  \u{1b}[96m                              ⋮ 5 frames hidden ⋮                               \u{1b}[0m\n   6: \u{1b}[32m<core::result::Result<T,F> as core::ops::try_trait::FromResidual<core::result::Result<core::convert::Infallible,E>>>::from_residual\u{1b}[0m\u{1b}[90m::hadf96e738b7d0034\u{1b}[0m\n      at \u{1b}[35m/rustc/1b7dd2252b99671ce5d1cb9664c5f8636329436d/library/core/src/result.rs\u{1b}[0m:\u{1b}[35m2002\u{1b}[0m\n   7: \u{1b}[91mdigital_garden::write::write\u{1b}[0m\u{1b}[90m::h3bb99814f428a746\u{1b}[0m\n      at \u{1b}[35m/opt/rustwide/workdir/src/write.rs\u{1b}[0m:\u{1b}[35m17\u{1b}[0m\n        15 │         .wrap_err(\"Failed to keep temp file\")?;\n        16 │     file.write_all(TEMPLATE)?;\n  \u{1b}[37m\u{1b}[1m      17\u{1b}[0m \u{1b}[37m\u{1b}[1m>\u{1b}[0m \u{1b}[37m\u{1b}[1m    edit_file(&filepath)?;\u{1b}[0m\n        18 │     let contents = fs::read_to_string(&filepath)?;\n        19 │     dbg!(&contents);\n   8: \u{1b}[91mgarden::main\u{1b}[0m\u{1b}[90m::h3a7388868541435e\u{1b}[0m\n      at \u{1b}[35m/opt/rustwide/workdir/src/main.rs\u{1b}[0m:\u{1b}[35m46\u{1b}[0m\n        44 │     }?;\n        45 │     match cli.cmd {\n  \u{1b}[37m\u{1b}[1m      46\u{1b}[0m \u{1b}[37m\u{1b}[1m>\u{1b}[0m \u{1b}[37m\u{1b}[1m        Command::Write { title } => write(garden_path, title),\u{1b}[0m\n        47 │     }\n        48 │ }\n   9: \u{1b}[32mcore::ops::function::FnOnce::call_once\u{1b}[0m\u{1b}[90m::ha9272f73fffe13af\u{1b}[0m\n      at \u{1b}[35m/rustc/1b7dd2252b99671ce5d1cb9664c5f8636329436d/library/core/src/ops/function.rs\u{1b}[0m:\u{1b}[35m250\u{1b}[0m\n  \u{1b}[96m                              ⋮ 15 frames hidden ⋮                              \u{1b}[0m\n\nRun with COLORBT_SHOW_HIDDEN=1 environment variable to disable frame filtering.\n"
[INFO] [stdout] ', /rustc/1b7dd2252b99671ce5d1cb9664c5f8636329436d/library/core/src/ops/function.rs:250:5
[INFO] [stdout] stack backtrace:
[INFO] [stdout]    0:     0x55d9e372880a - std::backtrace_rs::backtrace::libunwind::trace::h2f05d0192276a8f6
[INFO] [stdout]                                at /rustc/1b7dd2252b99671ce5d1cb9664c5f8636329436d/library/std/src/../../backtrace/src/backtrace/libunwind.rs:93:5
[INFO] [stdout]    1:     0x55d9e372880a - std::backtrace_rs::backtrace::trace_unsynchronized::hedc23dff7a1af150
[INFO] [stdout]                                at /rustc/1b7dd2252b99671ce5d1cb9664c5f8636329436d/library/std/src/../../backtrace/src/backtrace/mod.rs:66:5
[INFO] [stdout]    2:     0x55d9e372880a - std::sys_common::backtrace::_print_fmt::h17541ef7592f3ce2
[INFO] [stdout]                                at /rustc/1b7dd2252b99671ce5d1cb9664c5f8636329436d/library/std/src/sys_common/backtrace.rs:65:5
[INFO] [stdout]    3:     0x55d9e372880a - <std::sys_common::backtrace::_print::DisplayBacktrace as core::fmt::Display>::fmt::h20f75df5ab0c0792
[INFO] [stdout]                                at /rustc/1b7dd2252b99671ce5d1cb9664c5f8636329436d/library/std/src/sys_common/backtrace.rs:44:22
[INFO] [stdout]    4:     0x55d9e374dc9f - core::fmt::write::h78109e6f466b3af6
[INFO] [stdout]                                at /rustc/1b7dd2252b99671ce5d1cb9664c5f8636329436d/library/core/src/fmt/mod.rs:1254:17
[INFO] [stdout]    5:     0x55d9e37254c5 - std::io::Write::write_fmt::hd24bfb68a1b35a25
[INFO] [stdout]                                at /rustc/1b7dd2252b99671ce5d1cb9664c5f8636329436d/library/std/src/io/mod.rs:1698:15
[INFO] [stdout]    6:     0x55d9e37285d5 - std::sys_common::backtrace::_print::h8dac57a9f8fbf9a5
[INFO] [stdout]                                at /rustc/1b7dd2252b99671ce5d1cb9664c5f8636329436d/library/std/src/sys_common/backtrace.rs:47:5
[INFO] [stdout]    7:     0x55d9e37285d5 - std::sys_common::backtrace::print::hf9ecbf41d1aa712f
[INFO] [stdout]                                at /rustc/1b7dd2252b99671ce5d1cb9664c5f8636329436d/library/std/src/sys_common/backtrace.rs:34:9
[INFO] [stdout]    8:     0x55d9e372a30e - std::panicking::default_hook::{{closure}}::h04c07acfc84ca028
[INFO] [stdout]                                at /rustc/1b7dd2252b99671ce5d1cb9664c5f8636329436d/library/std/src/panicking.rs:269:22
[INFO] [stdout]    9:     0x55d9e372a041 - std::panicking::default_hook::h01f6bb23e1eceb2c
[INFO] [stdout]                                at /rustc/1b7dd2252b99671ce5d1cb9664c5f8636329436d/library/std/src/panicking.rs:285:9
[INFO] [stdout]   10:     0x55d9e364fddb - <alloc::boxed::Box<F,A> as core::ops::function::Fn<Args>>::call::h87fe9f7b2fd49e4c
[INFO] [stdout]                                at /rustc/1b7dd2252b99671ce5d1cb9664c5f8636329436d/library/alloc/src/boxed.rs:1987:9
[INFO] [stdout]   11:     0x55d9e364fddb - test::test_main::{{closure}}::he94d679243a7531b
[INFO] [stdout]                                at /rustc/1b7dd2252b99671ce5d1cb9664c5f8636329436d/library/test/src/lib.rs:134:21
[INFO] [stdout]   12:     0x55d9e372a9f4 - <alloc::boxed::Box<F,A> as core::ops::function::Fn<Args>>::call::h3f2d6d8b14c4769f
[INFO] [stdout]                                at /rustc/1b7dd2252b99671ce5d1cb9664c5f8636329436d/library/alloc/src/boxed.rs:1987:9
[INFO] [stdout]   13:     0x55d9e372a9f4 - std::panicking::rust_panic_with_hook::h2bb3722bbaf2f6df
[INFO] [stdout]                                at /rustc/1b7dd2252b99671ce5d1cb9664c5f8636329436d/library/std/src/panicking.rs:695:13
[INFO] [stdout]   14:     0x55d9e372a769 - std::panicking::begin_panic_handler::{{closure}}::h91bc7f36a4be011b
[INFO] [stdout]                                at /rustc/1b7dd2252b99671ce5d1cb9664c5f8636329436d/library/std/src/panicking.rs:582:13
[INFO] [stdout]   15:     0x55d9e3728c76 - std::sys_common::backtrace::__rust_end_short_backtrace::h8b3d3717114f9e59
[INFO] [stdout]                                at /rustc/1b7dd2252b99671ce5d1cb9664c5f8636329436d/library/std/src/sys_common/backtrace.rs:150:18
[INFO] [stdout]   16:     0x55d9e372a4c2 - rust_begin_unwind
[INFO] [stdout]                                at /rustc/1b7dd2252b99671ce5d1cb9664c5f8636329436d/library/std/src/panicking.rs:578:5
[INFO] [stdout]   17:     0x55d9e3618413 - core::panicking::panic_fmt::hfd368e3fbdabea26
[INFO] [stdout]                                at /rustc/1b7dd2252b99671ce5d1cb9664c5f8636329436d/library/core/src/panicking.rs:67:14
[INFO] [stdout]   18:     0x55d9e36a83ef - core::panicking::panic_display::h16723b4353cecc3f
[INFO] [stdout]                                at /rustc/1b7dd2252b99671ce5d1cb9664c5f8636329436d/library/core/src/panicking.rs:150:5
[INFO] [stdout]   19:     0x55d9e36a1827 - assert_cmd::assert::AssertError::panic::h07a896ae24ec136e
[INFO] [stdout]                                at /opt/rustwide/cargo-home/registry/src/index.crates.io-6f17d22bba15001f/assert_cmd-2.0.2/src/assert.rs:1036:9
[INFO] [stdout]   20:     0x55d9e36a1fc7 - core::ops::function::FnOnce::call_once::h3d6ad8890f227fa3
[INFO] [stdout]                                at /rustc/1b7dd2252b99671ce5d1cb9664c5f8636329436d/library/core/src/ops/function.rs:250:5
[INFO] [stdout]   21:     0x55d9e369f6d0 - core::result::Result<T,E>::unwrap_or_else::h1efc6efa17cd0848
[INFO] [stdout]                                at /rustc/1b7dd2252b99671ce5d1cb9664c5f8636329436d/library/core/src/result.rs:1464:23
[INFO] [stdout]   22:     0x55d9e36a0fda - assert_cmd::assert::Assert::success::h2601d2d2be902732
[INFO] [stdout]                                at /opt/rustwide/cargo-home/registry/src/index.crates.io-6f17d22bba15001f/assert_cmd-2.0.2/src/assert.rs:156:9
[INFO] [stdout]   23:     0x55d9e3619d75 - integration::test_write_with_title::h007ce32a9212756f
[INFO] [stdout]                                at /opt/rustwide/workdir/tests/integration.rs:51:5
[INFO] [stdout]   24:     0x55d9e3619bc7 - integration::test_write_with_title::{{closure}}::h0b186c277dbcba3e
[INFO] [stdout]                                at /opt/rustwide/workdir/tests/integration.rs:42:28
[INFO] [stdout]   25:     0x55d9e361a535 - core::ops::function::FnOnce::call_once::haf4adf475a0eb00a
[INFO] [stdout]                                at /rustc/1b7dd2252b99671ce5d1cb9664c5f8636329436d/library/core/src/ops/function.rs:250:5
[INFO] [stdout]   26:     0x55d9e3654caf - core::ops::function::FnOnce::call_once::ha6a70e79f7481a7e
[INFO] [stdout]                                at /rustc/1b7dd2252b99671ce5d1cb9664c5f8636329436d/library/core/src/ops/function.rs:250:5
[INFO] [stdout]   27:     0x55d9e3654caf - test::__rust_begin_short_backtrace::hce33033019b61e69
[INFO] [stdout]                                at /rustc/1b7dd2252b99671ce5d1cb9664c5f8636329436d/library/test/src/lib.rs:655:18
[INFO] [stdout]   28:     0x55d9e362249c - test::run_test::{{closure}}::h858d3528838ae3e5
[INFO] [stdout]                                at /rustc/1b7dd2252b99671ce5d1cb9664c5f8636329436d/library/test/src/lib.rs:646:30
[INFO] [stdout]   29:     0x55d9e362249c - core::ops::function::FnOnce::call_once{{vtable.shim}}::he8ac2b00f01ae79e
[INFO] [stdout]                                at /rustc/1b7dd2252b99671ce5d1cb9664c5f8636329436d/library/core/src/ops/function.rs:250:5
[INFO] [stdout]   30:     0x55d9e3653d86 - <alloc::boxed::Box<F,A> as core::ops::function::FnOnce<Args>>::call_once::h8093d25b522725ef
[INFO] [stdout]                                at /rustc/1b7dd2252b99671ce5d1cb9664c5f8636329436d/library/alloc/src/boxed.rs:1973:9
[INFO] [stdout]   31:     0x55d9e3653d86 - <core::panic::unwind_safe::AssertUnwindSafe<F> as core::ops::function::FnOnce<()>>::call_once::h5c334c204e4a3913
[INFO] [stdout]                                at /rustc/1b7dd2252b99671ce5d1cb9664c5f8636329436d/library/core/src/panic/unwind_safe.rs:271:9
[INFO] [stdout]   32:     0x55d9e3653d86 - std::panicking::try::do_call::ha8b740c7b9478074
[INFO] [stdout]                                at /rustc/1b7dd2252b99671ce5d1cb9664c5f8636329436d/library/std/src/panicking.rs:485:40
[INFO] [stdout]   33:     0x55d9e3653d86 - std::panicking::try::h5d34f63d0e41b64e
[INFO] [stdout]                                at /rustc/1b7dd2252b99671ce5d1cb9664c5f8636329436d/library/std/src/panicking.rs:449:19
[INFO] [stdout]   34:     0x55d9e3653d86 - std::panic::catch_unwind::hcfbb511e1aa7fc67
[INFO] [stdout]                                at /rustc/1b7dd2252b99671ce5d1cb9664c5f8636329436d/library/std/src/panic.rs:140:14
[INFO] [stdout]   35:     0x55d9e3653d86 - test::run_test_in_process::h9abda90f802eaf21
[INFO] [stdout]                                at /rustc/1b7dd2252b99671ce5d1cb9664c5f8636329436d/library/test/src/lib.rs:678:27
[INFO] [stdout]   36:     0x55d9e3653d86 - test::run_test::run_test_inner::{{closure}}::h0f058de91f6c6edf
[INFO] [stdout]                                at /rustc/1b7dd2252b99671ce5d1cb9664c5f8636329436d/library/test/src/lib.rs:572:39
[INFO] [stdout]   37:     0x55d9e361cca5 - test::run_test::run_test_inner::{{closure}}::h5ca48a4c59c6c1fb
[INFO] [stdout]                                at /rustc/1b7dd2252b99671ce5d1cb9664c5f8636329436d/library/test/src/lib.rs:599:37
[INFO] [stdout]   38:     0x55d9e361cca5 - std::sys_common::backtrace::__rust_begin_short_backtrace::h32bd51e1495d4a33
[INFO] [stdout]                                at /rustc/1b7dd2252b99671ce5d1cb9664c5f8636329436d/library/std/src/sys_common/backtrace.rs:134:18
[INFO] [stdout]   39:     0x55d9e36221e1 - std::thread::Builder::spawn_unchecked_::{{closure}}::{{closure}}::hc086fae9b128b2db
[INFO] [stdout]                                at /rustc/1b7dd2252b99671ce5d1cb9664c5f8636329436d/library/std/src/thread/mod.rs:526:17
[INFO] [stdout]   40:     0x55d9e36221e1 - <core::panic::unwind_safe::AssertUnwindSafe<F> as core::ops::function::FnOnce<()>>::call_once::hb66571888d270d43
[INFO] [stdout]                                at /rustc/1b7dd2252b99671ce5d1cb9664c5f8636329436d/library/core/src/panic/unwind_safe.rs:271:9
[INFO] [stdout]   41:     0x55d9e36221e1 - std::panicking::try::do_call::h4fa2ef4f6e51fecf
[INFO] [stdout]                                at /rustc/1b7dd2252b99671ce5d1cb9664c5f8636329436d/library/std/src/panicking.rs:485:40
[INFO] [stdout]   42:     0x55d9e36221e1 - std::panicking::try::h1e9e22b8584489b5
[INFO] [stdout]                                at /rustc/1b7dd2252b99671ce5d1cb9664c5f8636329436d/library/std/src/panicking.rs:449:19
[INFO] [stdout]   43:     0x55d9e36221e1 - std::panic::catch_unwind::h44698a3de0e0769e
[INFO] [stdout]                                at /rustc/1b7dd2252b99671ce5d1cb9664c5f8636329436d/library/std/src/panic.rs:140:14
[INFO] [stdout]   44:     0x55d9e36221e1 - std::thread::Builder::spawn_unchecked_::{{closure}}::h50153abde3fe239e
[INFO] [stdout]                                at /rustc/1b7dd2252b99671ce5d1cb9664c5f8636329436d/library/std/src/thread/mod.rs:525:30
[INFO] [stdout]   45:     0x55d9e36221e1 - core::ops::function::FnOnce::call_once{{vtable.shim}}::hbe5bbf6f38394364
[INFO] [stdout]                                at /rustc/1b7dd2252b99671ce5d1cb9664c5f8636329436d/library/core/src/ops/function.rs:250:5
[INFO] [stdout]   46:     0x55d9e3730005 - <alloc::boxed::Box<F,A> as core::ops::function::FnOnce<Args>>::call_once::h0d83cb2920a49046
[INFO] [stdout]                                at /rustc/1b7dd2252b99671ce5d1cb9664c5f8636329436d/library/alloc/src/boxed.rs:1973:9
[INFO] [stdout]   47:     0x55d9e3730005 - <alloc::boxed::Box<F,A> as core::ops::function::FnOnce<Args>>::call_once::hbe0a008aa7d9ef59
[INFO] [stdout]                                at /rustc/1b7dd2252b99671ce5d1cb9664c5f8636329436d/library/alloc/src/boxed.rs:1973:9
[INFO] [stdout]   48:     0x55d9e3730005 - std::sys::unix::thread::Thread::new::thread_start::h3a466996bdf6b1f9
[INFO] [stdout]                                at /rustc/1b7dd2252b99671ce5d1cb9664c5f8636329436d/library/std/src/sys/unix/thread.rs:108:17
[INFO] [stdout]   49:     0x7f0af34b4b43 - <unknown>
[INFO] [stdout]   50:     0x7f0af3545bb4 - __clone
[INFO] [stdout]   51:                0x0 - <unknown>
[INFO] [stdout] 
[INFO] [stdout] ---- test_write_with_written_title stdout ----
[INFO] [stdout] thread 'test_write_with_written_title' panicked at 'Unexpected failure.
[INFO] [stdout] code-1
[INFO] [stdout] stderr=```"Error: \n   0: \u{1b}[91mExec format error (os error 8)\u{1b}[0m\n\nLocation:\n   \u{1b}[35msrc/write.rs\u{1b}[0m:\u{1b}[35m17\u{1b}[0m\n\n  ━━━━━━━━━━━━━━━━━━━━━━━━━━━━━━━━━━ BACKTRACE ━━━━━━━━━━━━━━━━━━━━━━━━━━━━━━━━━━━\n  \u{1b}[96m                              ⋮ 5 frames hidden ⋮                               \u{1b}[0m\n   6: \u{1b}[32m<core::result::Result<T,F> as core::ops::try_trait::FromResidual<core::result::Result<core::convert::Infallible,E>>>::from_residual\u{1b}[0m\u{1b}[90m::hadf96e738b7d0034\u{1b}[0m\n      at \u{1b}[35m/rustc/1b7dd2252b99671ce5d1cb9664c5f8636329436d/library/core/src/result.rs\u{1b}[0m:\u{1b}[35m2002\u{1b}[0m\n   7: \u{1b}[91mdigital_garden::write::write\u{1b}[0m\u{1b}[90m::h3bb99814f428a746\u{1b}[0m\n      at \u{1b}[35m/opt/rustwide/workdir/src/write.rs\u{1b}[0m:\u{1b}[35m17\u{1b}[0m\n        15 │         .wrap_err(\"Failed to keep temp file\")?;\n        16 │     file.write_all(TEMPLATE)?;\n  \u{1b}[37m\u{1b}[1m      17\u{1b}[0m \u{1b}[37m\u{1b}[1m>\u{1b}[0m \u{1b}[37m\u{1b}[1m    edit_file(&filepath)?;\u{1b}[0m\n        18 │     let contents = fs::read_to_string(&filepath)?;\n        19 │     dbg!(&contents);\n   8: \u{1b}[91mgarden::main\u{1b}[0m\u{1b}[90m::h3a7388868541435e\u{1b}[0m\n      at \u{1b}[35m/opt/rustwide/workdir/src/main.rs\u{1b}[0m:\u{1b}[35m46\u{1b}[0m\n        44 │     }?;\n        45 │     match cli.cmd {\n  \u{1b}[37m\u{1b}[1m      46\u{1b}[0m \u{1b}[37m\u{1b}[1m>\u{1b}[0m \u{1b}[37m\u{1b}[1m        Command::Write { title } => write(garden_path, title),\u{1b}[0m\n        47 │     }\n        48 │ }\n   9: \u{1b}[32mcore::ops::function::FnOnce::call_once\u{1b}[0m\u{1b}[90m::ha9272f73fffe13af\u{1b}[0m\n      at \u{1b}[35m/rustc/1b7dd2252b99671ce5d1cb9664c5f8636329436d/library/core/src/ops/function.rs\u{1b}[0m:\u{1b}[35m250\u{1b}[0m\n  \u{1b}[96m                              ⋮ 15 frames hidden ⋮                              \u{1b}[0m\n\nRun with COLORBT_SHOW_HIDDEN=1 environment variable to disable frame filtering.\n"```
[INFO] [stdout] command=`EDITOR="/opt/rustwide/workdir/tests/fake_editor.sh" GARDEN_PATH="/tmp/.tmpM37S5M" "/opt/rustwide/target/debug/garden" "write"`
[INFO] [stdout] stdin=`"N\n"`
[INFO] [stdout] code=1
[INFO] [stdout] stdout=""
[INFO] [stdout] stderr="Error: \n   0: \u{1b}[91mExec format error (os error 8)\u{1b}[0m\n\nLocation:\n   \u{1b}[35msrc/write.rs\u{1b}[0m:\u{1b}[35m17\u{1b}[0m\n\n  ━━━━━━━━━━━━━━━━━━━━━━━━━━━━━━━━━━ BACKTRACE ━━━━━━━━━━━━━━━━━━━━━━━━━━━━━━━━━━━\n  \u{1b}[96m                              ⋮ 5 frames hidden ⋮                               \u{1b}[0m\n   6: \u{1b}[32m<core::result::Result<T,F> as core::ops::try_trait::FromResidual<core::result::Result<core::convert::Infallible,E>>>::from_residual\u{1b}[0m\u{1b}[90m::hadf96e738b7d0034\u{1b}[0m\n      at \u{1b}[35m/rustc/1b7dd2252b99671ce5d1cb9664c5f8636329436d/library/core/src/result.rs\u{1b}[0m:\u{1b}[35m2002\u{1b}[0m\n   7: \u{1b}[91mdigital_garden::write::write\u{1b}[0m\u{1b}[90m::h3bb99814f428a746\u{1b}[0m\n      at \u{1b}[35m/opt/rustwide/workdir/src/write.rs\u{1b}[0m:\u{1b}[35m17\u{1b}[0m\n        15 │         .wrap_err(\"Failed to keep temp file\")?;\n        16 │     file.write_all(TEMPLATE)?;\n  \u{1b}[37m\u{1b}[1m      17\u{1b}[0m \u{1b}[37m\u{1b}[1m>\u{1b}[0m \u{1b}[37m\u{1b}[1m    edit_file(&filepath)?;\u{1b}[0m\n        18 │     let contents = fs::read_to_string(&filepath)?;\n        19 │     dbg!(&contents);\n   8: \u{1b}[91mgarden::main\u{1b}[0m\u{1b}[90m::h3a7388868541435e\u{1b}[0m\n      at \u{1b}[35m/opt/rustwide/workdir/src/main.rs\u{1b}[0m:\u{1b}[35m46\u{1b}[0m\n        44 │     }?;\n        45 │     match cli.cmd {\n  \u{1b}[37m\u{1b}[1m      46\u{1b}[0m \u{1b}[37m\u{1b}[1m>\u{1b}[0m \u{1b}[37m\u{1b}[1m        Command::Write { title } => write(garden_path, title),\u{1b}[0m\n        47 │     }\n        48 │ }\n   9: \u{1b}[32mcore::ops::function::FnOnce::call_once\u{1b}[0m\u{1b}[90m::ha9272f73fffe13af\u{1b}[0m\n      at \u{1b}[35m/rustc/1b7dd2252b99671ce5d1cb9664c5f8636329436d/library/core/src/ops/function.rs\u{1b}[0m:\u{1b}[35m250\u{1b}[0m\n  \u{1b}[96m                              ⋮ 15 frames hidden ⋮                              \u{1b}[0m\n\nRun with COLORBT_SHOW_HIDDEN=1 environment variable to disable frame filtering.\n"
[INFO] [stdout] ', /rustc/1b7dd2252b99671ce5d1cb9664c5f8636329436d/library/core/src/ops/function.rs:250:5
[INFO] [stdout] stack backtrace:
[INFO] [stdout]    0:     0x55d9e372880a - std::backtrace_rs::backtrace::libunwind::trace::h2f05d0192276a8f6
[INFO] [stdout]                                at /rustc/1b7dd2252b99671ce5d1cb9664c5f8636329436d/library/std/src/../../backtrace/src/backtrace/libunwind.rs:93:5
[INFO] [stdout]    1:     0x55d9e372880a - std::backtrace_rs::backtrace::trace_unsynchronized::hedc23dff7a1af150
[INFO] [stdout]                                at /rustc/1b7dd2252b99671ce5d1cb9664c5f8636329436d/library/std/src/../../backtrace/src/backtrace/mod.rs:66:5
[INFO] [stdout]    2:     0x55d9e372880a - std::sys_common::backtrace::_print_fmt::h17541ef7592f3ce2
[INFO] [stdout]                                at /rustc/1b7dd2252b99671ce5d1cb9664c5f8636329436d/library/std/src/sys_common/backtrace.rs:65:5
[INFO] [stdout]    3:     0x55d9e372880a - <std::sys_common::backtrace::_print::DisplayBacktrace as core::fmt::Display>::fmt::h20f75df5ab0c0792
[INFO] [stdout]                                at /rustc/1b7dd2252b99671ce5d1cb9664c5f8636329436d/library/std/src/sys_common/backtrace.rs:44:22
[INFO] [stdout]    4:     0x55d9e374dc9f - core::fmt::write::h78109e6f466b3af6
[INFO] [stdout]                                at /rustc/1b7dd2252b99671ce5d1cb9664c5f8636329436d/library/core/src/fmt/mod.rs:1254:17
[INFO] [stdout]    5:     0x55d9e37254c5 - std::io::Write::write_fmt::hd24bfb68a1b35a25
[INFO] [stdout]                                at /rustc/1b7dd2252b99671ce5d1cb9664c5f8636329436d/library/std/src/io/mod.rs:1698:15
[INFO] [stdout]    6:     0x55d9e37285d5 - std::sys_common::backtrace::_print::h8dac57a9f8fbf9a5
[INFO] [stdout]                                at /rustc/1b7dd2252b99671ce5d1cb9664c5f8636329436d/library/std/src/sys_common/backtrace.rs:47:5
[INFO] [stdout]    7:     0x55d9e37285d5 - std::sys_common::backtrace::print::hf9ecbf41d1aa712f
[INFO] [stdout]                                at /rustc/1b7dd2252b99671ce5d1cb9664c5f8636329436d/library/std/src/sys_common/backtrace.rs:34:9
[INFO] [stdout]    8:     0x55d9e372a30e - std::panicking::default_hook::{{closure}}::h04c07acfc84ca028
[INFO] [stdout]                                at /rustc/1b7dd2252b99671ce5d1cb9664c5f8636329436d/library/std/src/panicking.rs:269:22
[INFO] [stdout]    9:     0x55d9e372a041 - std::panicking::default_hook::h01f6bb23e1eceb2c
[INFO] [stdout]                                at /rustc/1b7dd2252b99671ce5d1cb9664c5f8636329436d/library/std/src/panicking.rs:285:9
[INFO] [stdout]   10:     0x55d9e364fddb - <alloc::boxed::Box<F,A> as core::ops::function::Fn<Args>>::call::h87fe9f7b2fd49e4c
[INFO] [stdout]                                at /rustc/1b7dd2252b99671ce5d1cb9664c5f8636329436d/library/alloc/src/boxed.rs:1987:9
[INFO] [stdout]   11:     0x55d9e364fddb - test::test_main::{{closure}}::he94d679243a7531b
[INFO] [stdout]                                at /rustc/1b7dd2252b99671ce5d1cb9664c5f8636329436d/library/test/src/lib.rs:134:21
[INFO] [stdout]   12:     0x55d9e372a9f4 - <alloc::boxed::Box<F,A> as core::ops::function::Fn<Args>>::call::h3f2d6d8b14c4769f
[INFO] [stdout]                                at /rustc/1b7dd2252b99671ce5d1cb9664c5f8636329436d/library/alloc/src/boxed.rs:1987:9
[INFO] [stdout]   13:     0x55d9e372a9f4 - std::panicking::rust_panic_with_hook::h2bb3722bbaf2f6df
[INFO] [stdout]                                at /rustc/1b7dd2252b99671ce5d1cb9664c5f8636329436d/library/std/src/panicking.rs:695:13
[INFO] [stdout]   14:     0x55d9e372a769 - std::panicking::begin_panic_handler::{{closure}}::h91bc7f36a4be011b
[INFO] [stdout]                                at /rustc/1b7dd2252b99671ce5d1cb9664c5f8636329436d/library/std/src/panicking.rs:582:13
[INFO] [stdout]   15:     0x55d9e3728c76 - std::sys_common::backtrace::__rust_end_short_backtrace::h8b3d3717114f9e59
[INFO] [stdout]                                at /rustc/1b7dd2252b99671ce5d1cb9664c5f8636329436d/library/std/src/sys_common/backtrace.rs:150:18
[INFO] [stdout]   16:     0x55d9e372a4c2 - rust_begin_unwind
[INFO] [stdout]                                at /rustc/1b7dd2252b99671ce5d1cb9664c5f8636329436d/library/std/src/panicking.rs:578:5
[INFO] [stdout]   17:     0x55d9e3618413 - core::panicking::panic_fmt::hfd368e3fbdabea26
[INFO] [stdout]                                at /rustc/1b7dd2252b99671ce5d1cb9664c5f8636329436d/library/core/src/panicking.rs:67:14
[INFO] [stdout]   18:     0x55d9e36a83ef - core::panicking::panic_display::h16723b4353cecc3f
[INFO] [stdout]                                at /rustc/1b7dd2252b99671ce5d1cb9664c5f8636329436d/library/core/src/panicking.rs:150:5
[INFO] [stdout]   19:     0x55d9e36a1827 - assert_cmd::assert::AssertError::panic::h07a896ae24ec136e
[INFO] [stdout]                                at /opt/rustwide/cargo-home/registry/src/index.crates.io-6f17d22bba15001f/assert_cmd-2.0.2/src/assert.rs:1036:9
[INFO] [stdout]   20:     0x55d9e36a1fc7 - core::ops::function::FnOnce::call_once::h3d6ad8890f227fa3
[INFO] [stdout]                                at /rustc/1b7dd2252b99671ce5d1cb9664c5f8636329436d/library/core/src/ops/function.rs:250:5
[INFO] [stdout]   21:     0x55d9e369f6d0 - core::result::Result<T,E>::unwrap_or_else::h1efc6efa17cd0848
[INFO] [stdout]                                at /rustc/1b7dd2252b99671ce5d1cb9664c5f8636329436d/library/core/src/result.rs:1464:23
[INFO] [stdout]   22:     0x55d9e36a0fda - assert_cmd::assert::Assert::success::h2601d2d2be902732
[INFO] [stdout]                                at /opt/rustwide/cargo-home/registry/src/index.crates.io-6f17d22bba15001f/assert_cmd-2.0.2/src/assert.rs:156:9
[INFO] [stdout]   23:     0x55d9e3619ffb - integration::test_write_with_written_title::hd1901f3cf288a0ef
[INFO] [stdout]                                at /opt/rustwide/workdir/tests/integration.rs:63:5
[INFO] [stdout]   24:     0x55d9e3619e87 - integration::test_write_with_written_title::{{closure}}::haf781cb9cd3d8925
[INFO] [stdout]                                at /opt/rustwide/workdir/tests/integration.rs:59:36
[INFO] [stdout]   25:     0x55d9e361a4b5 - core::ops::function::FnOnce::call_once::h64b2bae0ec48b0ef
[INFO] [stdout]                                at /rustc/1b7dd2252b99671ce5d1cb9664c5f8636329436d/library/core/src/ops/function.rs:250:5
[INFO] [stdout]   26:     0x55d9e3654caf - core::ops::function::FnOnce::call_once::ha6a70e79f7481a7e
[INFO] [stdout]                                at /rustc/1b7dd2252b99671ce5d1cb9664c5f8636329436d/library/core/src/ops/function.rs:250:5
[INFO] [stdout]   27:     0x55d9e3654caf - test::__rust_begin_short_backtrace::hce33033019b61e69
[INFO] [stdout]                                at /rustc/1b7dd2252b99671ce5d1cb9664c5f8636329436d/library/test/src/lib.rs:655:18
[INFO] [stdout]   28:     0x55d9e362249c - test::run_test::{{closure}}::h858d3528838ae3e5
[INFO] [stdout]                                at /rustc/1b7dd2252b99671ce5d1cb9664c5f8636329436d/library/test/src/lib.rs:646:30
[INFO] [stdout]   29:     0x55d9e362249c - core::ops::function::FnOnce::call_once{{vtable.shim}}::he8ac2b00f01ae79e
[INFO] [stdout]                                at /rustc/1b7dd2252b99671ce5d1cb9664c5f8636329436d/library/core/src/ops/function.rs:250:5
[INFO] [stdout]   30:     0x55d9e3653d86 - <alloc::boxed::Box<F,A> as core::ops::function::FnOnce<Args>>::call_once::h8093d25b522725ef
[INFO] [stdout]                                at /rustc/1b7dd2252b99671ce5d1cb9664c5f8636329436d/library/alloc/src/boxed.rs:1973:9
[INFO] [stdout]   31:     0x55d9e3653d86 - <core::panic::unwind_safe::AssertUnwindSafe<F> as core::ops::function::FnOnce<()>>::call_once::h5c334c204e4a3913
[INFO] [stdout]                                at /rustc/1b7dd2252b99671ce5d1cb9664c5f8636329436d/library/core/src/panic/unwind_safe.rs:271:9
[INFO] [stdout]   32:     0x55d9e3653d86 - std::panicking::try::do_call::ha8b740c7b9478074
[INFO] [stdout]                                at /rustc/1b7dd2252b99671ce5d1cb9664c5f8636329436d/library/std/src/panicking.rs:485:40
[INFO] [stdout]   33:     0x55d9e3653d86 - std::panicking::try::h5d34f63d0e41b64e
[INFO] [stdout]                                at /rustc/1b7dd2252b99671ce5d1cb9664c5f8636329436d/library/std/src/panicking.rs:449:19
[INFO] [stdout]   34:     0x55d9e3653d86 - std::panic::catch_unwind::hcfbb511e1aa7fc67
[INFO] [stdout]                                at /rustc/1b7dd2252b99671ce5d1cb9664c5f8636329436d/library/std/src/panic.rs:140:14
[INFO] [stdout]   35:     0x55d9e3653d86 - test::run_test_in_process::h9abda90f802eaf21
[INFO] [stdout]                                at /rustc/1b7dd2252b99671ce5d1cb9664c5f8636329436d/library/test/src/lib.rs:678:27
[INFO] [stdout]   36:     0x55d9e3653d86 - test::run_test::run_test_inner::{{closure}}::h0f058de91f6c6edf
[INFO] [stdout]                                at /rustc/1b7dd2252b99671ce5d1cb9664c5f8636329436d/library/test/src/lib.rs:572:39
[INFO] [stdout]   37:     0x55d9e361cca5 - test::run_test::run_test_inner::{{closure}}::h5ca48a4c59c6c1fb
[INFO] [stdout]                                at /rustc/1b7dd2252b99671ce5d1cb9664c5f8636329436d/library/test/src/lib.rs:599:37
[INFO] [stdout]   38:     0x55d9e361cca5 - std::sys_common::backtrace::__rust_begin_short_backtrace::h32bd51e1495d4a33
[INFO] [stdout]                                at /rustc/1b7dd2252b99671ce5d1cb9664c5f8636329436d/library/std/src/sys_common/backtrace.rs:134:18
[INFO] [stdout]   39:     0x55d9e36221e1 - std::thread::Builder::spawn_unchecked_::{{closure}}::{{closure}}::hc086fae9b128b2db
[INFO] [stdout]                                at /rustc/1b7dd2252b99671ce5d1cb9664c5f8636329436d/library/std/src/thread/mod.rs:526:17
[INFO] [stdout]   40:     0x55d9e36221e1 - <core::panic::unwind_safe::AssertUnwindSafe<F> as core::ops::function::FnOnce<()>>::call_once::hb66571888d270d43
[INFO] [stdout]                                at /rustc/1b7dd2252b99671ce5d1cb9664c5f8636329436d/library/core/src/panic/unwind_safe.rs:271:9
[INFO] [stdout]   41:     0x55d9e36221e1 - std::panicking::try::do_call::h4fa2ef4f6e51fecf
[INFO] [stdout]                                at /rustc/1b7dd2252b99671ce5d1cb9664c5f8636329436d/library/std/src/panicking.rs:485:40
[INFO] [stdout]   42:     0x55d9e36221e1 - std::panicking::try::h1e9e22b8584489b5
[INFO] [stdout]                                at /rustc/1b7dd2252b99671ce5d1cb9664c5f8636329436d/library/std/src/panicking.rs:449:19
[INFO] [stdout]   43:     0x55d9e36221e1 - std::panic::catch_unwind::h44698a3de0e0769e
[INFO] [stdout]                                at /rustc/1b7dd2252b99671ce5d1cb9664c5f8636329436d/library/std/src/panic.rs:140:14
[INFO] [stdout]   44:     0x55d9e36221e1 - std::thread::Builder::spawn_unchecked_::{{closure}}::h50153abde3fe239e
[INFO] [stdout]                                at /rustc/1b7dd2252b99671ce5d1cb9664c5f8636329436d/library/std/src/thread/mod.rs:525:30
[INFO] [stdout]   45:     0x55d9e36221e1 - core::ops::function::FnOnce::call_once{{vtable.shim}}::hbe5bbf6f38394364
[INFO] [stdout]                                at /rustc/1b7dd2252b99671ce5d1cb9664c5f8636329436d/library/core/src/ops/function.rs:250:5
[INFO] [stdout]   46:     0x55d9e3730005 - <alloc::boxed::Box<F,A> as core::ops::function::FnOnce<Args>>::call_once::h0d83cb2920a49046
[INFO] [stdout]                                at /rustc/1b7dd2252b99671ce5d1cb9664c5f8636329436d/library/alloc/src/boxed.rs:1973:9
[INFO] [stdout]   47:     0x55d9e3730005 - <alloc::boxed::Box<F,A> as core::ops::function::FnOnce<Args>>::call_once::hbe0a008aa7d9ef59
[INFO] [stdout]                                at /rustc/1b7dd2252b99671ce5d1cb9664c5f8636329436d/library/alloc/src/boxed.rs:1973:9
[INFO] [stdout]   48:     0x55d9e3730005 - std::sys::unix::thread::Thread::new::thread_start::h3a466996bdf6b1f9
[INFO] [stdout]                                at /rustc/1b7dd2252b99671ce5d1cb9664c5f8636329436d/library/std/src/sys/unix/thread.rs:108:17
[INFO] [stdout]   49:     0x7f0af34b4b43 - <unknown>
[INFO] [stdout]   50:     0x7f0af3545bb4 - __clone
[INFO] [stdout]   51:                0x0 - <unknown>
[INFO] [stdout] 
[INFO] [stdout] 
[INFO] [stdout] failures:
[INFO] [stdout]     test_write_with_title
[INFO] [stdout]     test_write_with_written_title
[INFO] [stdout] 
[INFO] [stdout] test result: FAILED. 2 passed; 2 failed; 0 ignored; 0 measured; 0 filtered out; finished in 0.17s
[INFO] [stdout] 
[INFO] [stderr] error: test failed, to rerun pass `--test integration`
[INFO] running `Command { std: "docker" "inspect" "65fd3bf13826ae227590c0778d7a20d8953e3bb9314f293d4af1456836ec54a8", kill_on_drop: false }`
[INFO] running `Command { std: "docker" "rm" "-f" "65fd3bf13826ae227590c0778d7a20d8953e3bb9314f293d4af1456836ec54a8", kill_on_drop: false }`
[INFO] [stdout] 65fd3bf13826ae227590c0778d7a20d8953e3bb9314f293d4af1456836ec54a8
