[INFO] cloning repository https://github.com/kfnx/gem-farm-lite
[INFO] running `Command { std: "git" "-c" "credential.helper=" "-c" "credential.helper=/workspace/cargo-home/bin/git-credential-null" "clone" "--bare" "https://github.com/kfnx/gem-farm-lite" "/workspace/cache/git-repos/https%3A%2F%2Fgithub.com%2Fkfnx%2Fgem-farm-lite", kill_on_drop: false }`
[INFO] [stderr] Cloning into bare repository '/workspace/cache/git-repos/https%3A%2F%2Fgithub.com%2Fkfnx%2Fgem-farm-lite'...
[INFO] running `Command { std: "git" "rev-parse" "HEAD", kill_on_drop: false }`
[INFO] [stdout] 23ae74bcc981b59228371a9ce434f3fc6ab88bd7
[INFO] testing kfnx/gem-farm-lite against beta-2023-04-20 for beta-1.70-1
[INFO] running `Command { std: "git" "clone" "/workspace/cache/git-repos/https%3A%2F%2Fgithub.com%2Fkfnx%2Fgem-farm-lite" "/workspace/builds/worker-2-tc2/source", kill_on_drop: false }`
[INFO] [stderr] Cloning into '/workspace/builds/worker-2-tc2/source'...
[INFO] [stderr] done.
[INFO] validating manifest of git repo https://github.com/kfnx/gem-farm-lite on toolchain beta-2023-04-20
[INFO] running `Command { std: CARGO_HOME="/workspace/cargo-home" RUSTUP_HOME="/workspace/rustup-home" "/workspace/cargo-home/bin/cargo" "+beta-2023-04-20" "metadata" "--manifest-path" "Cargo.toml" "--no-deps", kill_on_drop: false }`
[INFO] started tweaking git repo https://github.com/kfnx/gem-farm-lite
[INFO] finished tweaking git repo https://github.com/kfnx/gem-farm-lite
[INFO] tweaked toml for git repo https://github.com/kfnx/gem-farm-lite written to /workspace/builds/worker-2-tc2/source/Cargo.toml
[INFO] crate git repo https://github.com/kfnx/gem-farm-lite already has a lockfile, it will not be regenerated
[INFO] running `Command { std: CARGO_HOME="/workspace/cargo-home" RUSTUP_HOME="/workspace/rustup-home" "/workspace/cargo-home/bin/cargo" "+beta-2023-04-20" "fetch" "--manifest-path" "Cargo.toml", kill_on_drop: false }`
[INFO] running `Command { std: "docker" "create" "-v" "/var/lib/crater-agent-workspace/builds/worker-2-tc2/target:/opt/rustwide/target:rw,Z" "-v" "/var/lib/crater-agent-workspace/builds/worker-2-tc2/source:/opt/rustwide/workdir:ro,Z" "-v" "/var/lib/crater-agent-workspace/cargo-home:/opt/rustwide/cargo-home:ro,Z" "-v" "/var/lib/crater-agent-workspace/rustup-home:/opt/rustwide/rustup-home:ro,Z" "-e" "SOURCE_DIR=/opt/rustwide/workdir" "-e" "CARGO_TARGET_DIR=/opt/rustwide/target" "-e" "CARGO_HOME=/opt/rustwide/cargo-home" "-e" "RUSTUP_HOME=/opt/rustwide/rustup-home" "-w" "/opt/rustwide/workdir" "-m" "1610612736" "--user" "0:0" "--network" "none" "ghcr.io/rust-lang/crates-build-env/linux@sha256:5ff2268d62e97bff2cde7d5815dd6ed5b47097566f13b8d0ca110b04b60e07ed" "/opt/rustwide/cargo-home/bin/cargo" "+beta-2023-04-20" "metadata" "--no-deps" "--format-version=1", kill_on_drop: false }`
[INFO] [stdout] 318062a28b3fc5e8030359de48695274db7fd64bede12faf428a22cb90d25ffb
[INFO] running `Command { std: "docker" "start" "-a" "318062a28b3fc5e8030359de48695274db7fd64bede12faf428a22cb90d25ffb", kill_on_drop: false }`
[INFO] running `Command { std: "docker" "inspect" "318062a28b3fc5e8030359de48695274db7fd64bede12faf428a22cb90d25ffb", kill_on_drop: false }`
[INFO] running `Command { std: "docker" "rm" "-f" "318062a28b3fc5e8030359de48695274db7fd64bede12faf428a22cb90d25ffb", kill_on_drop: false }`
[INFO] [stdout] 318062a28b3fc5e8030359de48695274db7fd64bede12faf428a22cb90d25ffb
[INFO] running `Command { std: "docker" "create" "-v" "/var/lib/crater-agent-workspace/builds/worker-2-tc2/target:/opt/rustwide/target:rw,Z" "-v" "/var/lib/crater-agent-workspace/builds/worker-2-tc2/source:/opt/rustwide/workdir:ro,Z" "-v" "/var/lib/crater-agent-workspace/cargo-home:/opt/rustwide/cargo-home:ro,Z" "-v" "/var/lib/crater-agent-workspace/rustup-home:/opt/rustwide/rustup-home:ro,Z" "-e" "SOURCE_DIR=/opt/rustwide/workdir" "-e" "CARGO_TARGET_DIR=/opt/rustwide/target" "-e" "CARGO_INCREMENTAL=0" "-e" "RUST_BACKTRACE=full" "-e" "RUSTFLAGS=--cap-lints=warn" "-e" "RUSTDOCFLAGS=--cap-lints=warn" "-e" "CARGO_HOME=/opt/rustwide/cargo-home" "-e" "RUSTUP_HOME=/opt/rustwide/rustup-home" "-w" "/opt/rustwide/workdir" "-m" "1610612736" "--user" "0:0" "--network" "none" "ghcr.io/rust-lang/crates-build-env/linux@sha256:5ff2268d62e97bff2cde7d5815dd6ed5b47097566f13b8d0ca110b04b60e07ed" "/opt/rustwide/cargo-home/bin/cargo" "+beta-2023-04-20" "build" "--frozen" "--message-format=json", kill_on_drop: false }`
[INFO] [stdout] de2c3749fd4c4f7b8a4b4c5764599f95950dac5f900bcdab575568ce8d6fe6d1
[INFO] running `Command { std: "docker" "start" "-a" "de2c3749fd4c4f7b8a4b4c5764599f95950dac5f900bcdab575568ce8d6fe6d1", kill_on_drop: false }`
[INFO] [stderr]    Compiling proc-macro2 v1.0.32
[INFO] [stderr]    Compiling unicode-xid v0.2.2
[INFO] [stderr]    Compiling syn v1.0.82
[INFO] [stderr]    Compiling serde_derive v1.0.130
[INFO] [stderr]    Compiling serde v1.0.130
[INFO] [stderr]    Compiling typenum v1.14.0
[INFO] [stderr]    Compiling generic-array v0.14.4
[INFO] [stderr]    Compiling libc v0.2.108
[INFO] [stderr]    Compiling cpufeatures v0.2.1
[INFO] [stderr]    Compiling bs58 v0.3.1
[INFO] [stderr]    Compiling subtle v2.4.1
[INFO] [stderr]    Compiling crunchy v0.2.2
[INFO] [stderr]    Compiling memchr v2.4.1
[INFO] [stderr]    Compiling getrandom v0.1.16
[INFO] [stderr]    Compiling ryu v1.0.6
[INFO] [stderr]    Compiling proc-macro2-diagnostics v0.9.1
[INFO] [stderr]    Compiling quote v1.0.10
[INFO] [stderr]    Compiling serde_json v1.0.72
[INFO] [stderr]    Compiling anyhow v1.0.51
[INFO] [stderr]    Compiling aho-corasick v0.7.18
[INFO] [stderr]    Compiling regex-syntax v0.6.25
[INFO] [stderr]    Compiling itoa v0.4.8
[INFO] [stderr]    Compiling unicode-segmentation v1.8.0
[INFO] [stderr]    Compiling yansi v0.5.0
[INFO] [stderr]    Compiling log v0.4.14
[INFO] [stderr]    Compiling rand_core v0.5.1
[INFO] [stderr]    Compiling heck v0.3.3
[INFO] [stderr]    Compiling feature-probe v0.1.1
[INFO] [stderr]    Compiling rustversion v1.0.5
[INFO] [stderr]    Compiling bv v0.11.1
[INFO] [stderr]    Compiling atty v0.2.14
[INFO] [stderr]    Compiling solana-frozen-abi-macro v1.8.5
[INFO] [stderr]    Compiling termcolor v1.1.2
[INFO] [stderr]    Compiling humantime v2.1.0
[INFO] [stderr]    Compiling ppv-lite86 v0.2.15
[INFO] [stderr]    Compiling autocfg v1.0.1
[INFO] [stderr]    Compiling cc v1.0.72
[INFO] [stderr]    Compiling num-traits v0.2.14
[INFO] [stderr]    Compiling rand_chacha v0.2.2
[INFO] [stderr]    Compiling generic-array v0.12.4
[INFO] [stderr]    Compiling solana-frozen-abi v1.8.5
[INFO] [stderr]    Compiling byteorder v1.4.3
[INFO] [stderr]    Compiling arrayref v0.3.6
[INFO] [stderr]    Compiling ahash v0.4.7
[INFO] [stderr]    Compiling digest v0.8.1
[INFO] [stderr]    Compiling rand v0.7.3
[INFO] [stderr]    Compiling blake3 v0.3.8
[INFO] [stderr]    Compiling hashbrown v0.9.1
[INFO] [stderr]    Compiling memmap2 v0.1.0
[INFO] [stderr]    Compiling regex v1.5.4
[INFO] [stderr]    Compiling solana-program v1.8.5
[INFO] [stderr]    Compiling constant_time_eq v0.1.5
[INFO] [stderr]    Compiling zeroize v1.4.3
[INFO] [stderr]    Compiling base64 v0.12.3
[INFO] [stderr]    Compiling arrayvec v0.5.2
[INFO] [stderr]    Compiling curve25519-dalek v2.1.3
[INFO] [stderr]    Compiling itertools v0.9.0
[INFO] [stderr]    Compiling base64 v0.13.0
[INFO] [stderr]    Compiling hex v0.4.3
[INFO] [stderr]    Compiling env_logger v0.8.4
[INFO] [stderr]    Compiling static_assertions v1.1.0
[INFO] [stderr]    Compiling bs58 v0.4.0
[INFO] [stderr]    Compiling borsh-schema-derive-internal v0.9.1
[INFO] [stderr]    Compiling borsh-derive-internal v0.9.1
[INFO] [stderr]    Compiling solana-logger v1.8.5
[INFO] [stderr]    Compiling borsh-schema-derive-internal v0.7.2
[INFO] [stderr]    Compiling borsh-derive-internal v0.7.2
[INFO] [stderr]    Compiling borsh-derive-internal v0.8.2
[INFO] [stderr]    Compiling borsh-schema-derive-internal v0.8.2
[INFO] [stderr]    Compiling rustc-hex v2.1.0
[INFO] [stderr]    Compiling bitflags v1.3.2
[INFO] [stderr]    Compiling uint v0.8.5
[INFO] [stderr]    Compiling thiserror-impl v1.0.30
[INFO] [stderr]    Compiling bytemuck_derive v1.0.1
[INFO] [stderr]    Compiling num-derive v0.3.3
[INFO] [stderr]    Compiling solana-sdk-macro v1.8.5
[INFO] [stderr]    Compiling derivative v2.2.0
[INFO] [stderr]    Compiling borsh-derive v0.7.2
[INFO] [stderr]    Compiling proc_macros v0.1.0 (/opt/rustwide/workdir/lib/proc_macros)
[INFO] [stderr]    Compiling borsh v0.7.2
[INFO] [stderr]    Compiling bytemuck v1.7.2
[INFO] [stderr]    Compiling thiserror v1.0.30
[INFO] [stderr]    Compiling toml v0.5.8
[INFO] [stderr]    Compiling bincode v1.3.3
[INFO] [stderr]    Compiling serde_bytes v0.11.5
[INFO] [stderr]    Compiling digest v0.9.0
[INFO] [stderr]    Compiling block-buffer v0.9.0
[INFO] [stderr]    Compiling crypto-mac v0.8.0
[INFO] [stderr]    Compiling sha2 v0.9.8
[INFO] [stderr]    Compiling libsecp256k1-core v0.2.2
[INFO] [stderr]    Compiling sha3 v0.9.1
[INFO] [stderr]    Compiling hmac v0.8.1
[INFO] [stderr]    Compiling hmac-drbg v0.3.0
[INFO] [stderr]    Compiling proc-macro-crate v0.1.5
[INFO] [stderr]    Compiling proc-macro-crate v1.1.0
[INFO] [stderr]    Compiling anchor-syn v0.22.0
[INFO] [stderr]    Compiling borsh-derive v0.9.1
[INFO] [stderr]    Compiling num_enum_derive v0.5.4
[INFO] [stderr]    Compiling borsh-derive v0.8.2
[INFO] [stderr]    Compiling libsecp256k1-gen-ecmult v0.2.1
[INFO] [stderr]    Compiling libsecp256k1-gen-genmult v0.2.1
[INFO] [stderr]    Compiling libsecp256k1 v0.5.0
[INFO] [stderr]    Compiling borsh v0.9.1
[INFO] [stderr]    Compiling num_enum v0.5.4
[INFO] [stderr]    Compiling anchor-attribute-account v0.22.0
[INFO] [stderr]    Compiling anchor-attribute-state v0.22.0
[INFO] [stderr]    Compiling anchor-attribute-error v0.22.0
[INFO] [stderr]    Compiling anchor-attribute-constant v0.22.0
[INFO] [stderr]    Compiling anchor-attribute-access-control v0.22.0
[INFO] [stderr]    Compiling anchor-attribute-event v0.22.0
[INFO] [stderr]    Compiling anchor-derive-accounts v0.22.0
[INFO] [stderr]    Compiling anchor-attribute-interface v0.22.0
[INFO] [stderr]    Compiling anchor-attribute-program v0.22.0
[INFO] [stderr]    Compiling anchor-lang v0.22.0
[INFO] [stderr]    Compiling spl-token v3.2.0
[INFO] [stderr]    Compiling spl-math v0.1.0
[INFO] [stderr]    Compiling spl-associated-token-account v1.0.3
[INFO] [stderr]    Compiling metaplex-token-vault v0.0.1
[INFO] [stderr]    Compiling anchor-spl v0.22.0
[INFO] [stderr]    Compiling gem_common v0.1.0 (/opt/rustwide/workdir/lib/gem_common)
[INFO] [stderr]    Compiling metaplex-token-metadata v0.0.1
[INFO] [stderr]    Compiling gem_bank v0.1.0 (/opt/rustwide/workdir/programs/gem_bank)
[INFO] [stdout] warning: ambiguous glob re-exports
[INFO] [stdout]   --> programs/gem_bank/src/instructions/mod.rs:13:9
[INFO] [stdout]    |
[INFO] [stdout] 13 | pub use add_to_whitelist::*;
[INFO] [stdout]    |         ^^^^^^^^^^^^^^^^^^^ the name `handler` in the value namespace is first re-exported here
[INFO] [stdout] ...
[INFO] [stdout] 23 | pub use withdraw_gem::*;
[INFO] [stdout]    |         --------------- but the name `handler` in the value namespace is also re-exported here
[INFO] [stdout]    |
[INFO] [stdout]    = note: `#[warn(ambiguous_glob_reexports)]` on by default
[INFO] [stdout] 
[INFO] [stdout] 
[INFO] [stdout] warning: 1 warning emitted
[INFO] [stdout] 
[INFO] [stdout] 
[INFO] [stderr]    Compiling gem_farm v0.1.0 (/opt/rustwide/workdir/programs/gem_farm)
[INFO] [stdout] warning: ambiguous glob re-exports
[INFO] [stdout]   --> programs/gem_farm/src/instructions/mod.rs:20:9
[INFO] [stdout]    |
[INFO] [stdout] 20 | pub use add_rarities_to_bank::*;
[INFO] [stdout]    |         ^^^^^^^^^^^^^^^^^^^^^^^ the name `handler` in the value namespace is first re-exported here
[INFO] [stdout] ...
[INFO] [stdout] 37 | pub use update_farm::*;
[INFO] [stdout]    |         -------------- but the name `handler` in the value namespace is also re-exported here
[INFO] [stdout]    |
[INFO] [stdout]    = note: `#[warn(ambiguous_glob_reexports)]` on by default
[INFO] [stdout] 
[INFO] [stdout] 
[INFO] [stdout] warning: 1 warning emitted
[INFO] [stdout] 
[INFO] [stdout] 
[INFO] [stderr]     Finished dev [unoptimized + debuginfo] target(s) in 1m 02s
[INFO] running `Command { std: "docker" "inspect" "de2c3749fd4c4f7b8a4b4c5764599f95950dac5f900bcdab575568ce8d6fe6d1", kill_on_drop: false }`
[INFO] running `Command { std: "docker" "rm" "-f" "de2c3749fd4c4f7b8a4b4c5764599f95950dac5f900bcdab575568ce8d6fe6d1", kill_on_drop: false }`
[INFO] [stdout] de2c3749fd4c4f7b8a4b4c5764599f95950dac5f900bcdab575568ce8d6fe6d1
[INFO] running `Command { std: "docker" "create" "-v" "/var/lib/crater-agent-workspace/builds/worker-2-tc2/target:/opt/rustwide/target:rw,Z" "-v" "/var/lib/crater-agent-workspace/builds/worker-2-tc2/source:/opt/rustwide/workdir:ro,Z" "-v" "/var/lib/crater-agent-workspace/cargo-home:/opt/rustwide/cargo-home:ro,Z" "-v" "/var/lib/crater-agent-workspace/rustup-home:/opt/rustwide/rustup-home:ro,Z" "-e" "SOURCE_DIR=/opt/rustwide/workdir" "-e" "CARGO_TARGET_DIR=/opt/rustwide/target" "-e" "CARGO_INCREMENTAL=0" "-e" "RUST_BACKTRACE=full" "-e" "RUSTFLAGS=--cap-lints=warn" "-e" "RUSTDOCFLAGS=--cap-lints=warn" "-e" "CARGO_HOME=/opt/rustwide/cargo-home" "-e" "RUSTUP_HOME=/opt/rustwide/rustup-home" "-w" "/opt/rustwide/workdir" "-m" "1610612736" "--user" "0:0" "--network" "none" "ghcr.io/rust-lang/crates-build-env/linux@sha256:5ff2268d62e97bff2cde7d5815dd6ed5b47097566f13b8d0ca110b04b60e07ed" "/opt/rustwide/cargo-home/bin/cargo" "+beta-2023-04-20" "test" "--frozen" "--no-run" "--message-format=json", kill_on_drop: false }`
[INFO] [stdout] ca5160e8d84c4598ea05ad8257fc779721d706265a0cd717b278a028622a76e8
[INFO] running `Command { std: "docker" "start" "-a" "ca5160e8d84c4598ea05ad8257fc779721d706265a0cd717b278a028622a76e8", kill_on_drop: false }`
[INFO] [stderr]    Compiling proc_macros v0.1.0 (/opt/rustwide/workdir/lib/proc_macros)
[INFO] [stderr]    Compiling gem_common v0.1.0 (/opt/rustwide/workdir/lib/gem_common)
[INFO] [stderr]    Compiling gem_bank v0.1.0 (/opt/rustwide/workdir/programs/gem_bank)
[INFO] [stdout] warning: ambiguous glob re-exports
[INFO] [stdout]   --> programs/gem_bank/src/instructions/mod.rs:13:9
[INFO] [stdout]    |
[INFO] [stdout] 13 | pub use add_to_whitelist::*;
[INFO] [stdout]    |         ^^^^^^^^^^^^^^^^^^^ the name `handler` in the value namespace is first re-exported here
[INFO] [stdout] ...
[INFO] [stdout] 23 | pub use withdraw_gem::*;
[INFO] [stdout]    |         --------------- but the name `handler` in the value namespace is also re-exported here
[INFO] [stdout]    |
[INFO] [stdout]    = note: `#[warn(ambiguous_glob_reexports)]` on by default
[INFO] [stdout] 
[INFO] [stdout] 
[INFO] [stdout] warning: ambiguous glob re-exports
[INFO] [stdout]   --> programs/gem_bank/src/instructions/mod.rs:13:9
[INFO] [stdout]    |
[INFO] [stdout] 13 | pub use add_to_whitelist::*;
[INFO] [stdout]    |         ^^^^^^^^^^^^^^^^^^^ the name `handler` in the value namespace is first re-exported here
[INFO] [stdout] ...
[INFO] [stdout] 23 | pub use withdraw_gem::*;
[INFO] [stdout]    |         --------------- but the name `handler` in the value namespace is also re-exported here
[INFO] [stdout]    |
[INFO] [stdout]    = note: `#[warn(ambiguous_glob_reexports)]` on by default
[INFO] [stdout] 
[INFO] [stdout] 
[INFO] [stdout] warning: 1 warning emitted
[INFO] [stdout] 
[INFO] [stdout] 
[INFO] [stdout] warning: 1 warning emitted
[INFO] [stdout] 
[INFO] [stdout] 
[INFO] [stderr]    Compiling gem_farm v0.1.0 (/opt/rustwide/workdir/programs/gem_farm)
[INFO] [stdout] warning: ambiguous glob re-exports
[INFO] [stdout]   --> programs/gem_farm/src/instructions/mod.rs:20:9
[INFO] [stdout]    |
[INFO] [stdout] 20 | pub use add_rarities_to_bank::*;
[INFO] [stdout]    |         ^^^^^^^^^^^^^^^^^^^^^^^ the name `handler` in the value namespace is first re-exported here
[INFO] [stdout] ...
[INFO] [stdout] 37 | pub use update_farm::*;
[INFO] [stdout]    |         -------------- but the name `handler` in the value namespace is also re-exported here
[INFO] [stdout]    |
[INFO] [stdout]    = note: `#[warn(ambiguous_glob_reexports)]` on by default
[INFO] [stdout] 
[INFO] [stdout] 
[INFO] [stdout] warning: 1 warning emitted
[INFO] [stdout] 
[INFO] [stdout] 
[INFO] [stderr]     Finished test [unoptimized + debuginfo] target(s) in 8.40s
[INFO] running `Command { std: "docker" "inspect" "ca5160e8d84c4598ea05ad8257fc779721d706265a0cd717b278a028622a76e8", kill_on_drop: false }`
[INFO] running `Command { std: "docker" "rm" "-f" "ca5160e8d84c4598ea05ad8257fc779721d706265a0cd717b278a028622a76e8", kill_on_drop: false }`
[INFO] [stdout] ca5160e8d84c4598ea05ad8257fc779721d706265a0cd717b278a028622a76e8
[INFO] running `Command { std: "docker" "create" "-v" "/var/lib/crater-agent-workspace/builds/worker-2-tc2/target:/opt/rustwide/target:rw,Z" "-v" "/var/lib/crater-agent-workspace/builds/worker-2-tc2/source:/opt/rustwide/workdir:ro,Z" "-v" "/var/lib/crater-agent-workspace/cargo-home:/opt/rustwide/cargo-home:ro,Z" "-v" "/var/lib/crater-agent-workspace/rustup-home:/opt/rustwide/rustup-home:ro,Z" "-e" "SOURCE_DIR=/opt/rustwide/workdir" "-e" "CARGO_TARGET_DIR=/opt/rustwide/target" "-e" "CARGO_INCREMENTAL=0" "-e" "RUST_BACKTRACE=full" "-e" "RUSTFLAGS=--cap-lints=warn" "-e" "RUSTDOCFLAGS=--cap-lints=warn" "-e" "CARGO_HOME=/opt/rustwide/cargo-home" "-e" "RUSTUP_HOME=/opt/rustwide/rustup-home" "-w" "/opt/rustwide/workdir" "-m" "1610612736" "--user" "0:0" "--network" "none" "ghcr.io/rust-lang/crates-build-env/linux@sha256:5ff2268d62e97bff2cde7d5815dd6ed5b47097566f13b8d0ca110b04b60e07ed" "/opt/rustwide/cargo-home/bin/cargo" "+beta-2023-04-20" "test" "--frozen", kill_on_drop: false }`
[INFO] [stdout] 820ba820a86e10487109f2b3237c479c117fe65f3837ddedf9f02759c69ce290
[INFO] running `Command { std: "docker" "start" "-a" "820ba820a86e10487109f2b3237c479c117fe65f3837ddedf9f02759c69ce290", kill_on_drop: false }`
[INFO] [stderr] warning: ambiguous glob re-exports
[INFO] [stderr]   --> programs/gem_bank/src/instructions/mod.rs:13:9
[INFO] [stderr]    |
[INFO] [stderr] 13 | pub use add_to_whitelist::*;
[INFO] [stderr]    |         ^^^^^^^^^^^^^^^^^^^ the name `handler` in the value namespace is first re-exported here
[INFO] [stderr] ...
[INFO] [stderr] 23 | pub use withdraw_gem::*;
[INFO] [stderr]    |         --------------- but the name `handler` in the value namespace is also re-exported here
[INFO] [stderr]    |
[INFO] [stderr]    = note: `#[warn(ambiguous_glob_reexports)]` on by default
[INFO] [stderr] 
[INFO] [stderr] warning: `gem_bank` (lib) generated 1 warning
[INFO] [stderr] warning: `gem_bank` (lib test) generated 1 warning (1 duplicate)
[INFO] [stderr] warning: ambiguous glob re-exports
[INFO] [stderr]   --> programs/gem_farm/src/instructions/mod.rs:20:9
[INFO] [stderr]    |
[INFO] [stderr] 20 | pub use add_rarities_to_bank::*;
[INFO] [stderr]    |         ^^^^^^^^^^^^^^^^^^^^^^^ the name `handler` in the value namespace is first re-exported here
[INFO] [stderr] ...
[INFO] [stderr] 37 | pub use update_farm::*;
[INFO] [stderr]    |         -------------- but the name `handler` in the value namespace is also re-exported here
[INFO] [stderr]    |
[INFO] [stderr]    = note: `#[warn(ambiguous_glob_reexports)]` on by default
[INFO] [stderr] 
[INFO] [stderr] warning: `gem_farm` (lib test) generated 1 warning
[INFO] [stderr]     Finished test [unoptimized + debuginfo] target(s) in 0.15s
[INFO] [stderr]      Running unittests src/lib.rs (/opt/rustwide/target/debug/deps/gem_bank-b6dd77072345ce8b)
[INFO] [stdout] 
[INFO] [stdout] running 1 test
[INFO] [stdout] test test_id ... ok
[INFO] [stdout] 
[INFO] [stdout] test result: ok. 1 passed; 0 failed; 0 ignored; 0 measured; 0 filtered out; finished in 0.01s
[INFO] [stdout] 
[INFO] [stderr]      Running unittests src/lib.rs (/opt/rustwide/target/debug/deps/gem_common-512682a5f22d6a17)
[INFO] [stdout] 
[INFO] [stdout] running 12 tests
[INFO] [stdout] test try_math::tests::test_add_assign ... ok
[INFO] [stdout] test try_math::tests::test_ceil_div_assign ... ok
[INFO] [stdout] test try_math::tests::test_div ... ok
[INFO] [stdout] test try_math::tests::test_div_assign ... ok
[INFO] [stdout] test try_math::tests::test_ceil_div ... ok
[INFO] [stdout] test try_math::tests::test_rounded_div ... ok
[INFO] [stdout] test try_math::tests::test_mul_assign ... ok
[INFO] [stdout] test try_math::tests::test_sub_assign ... ok
[INFO] [stdout] test try_math::tests::test_rounded_div_assign ... ok
[INFO] [stdout] test try_math::tests::test_pow_assign ... ok
[INFO] [stdout] test try_math::tests::test_sqrt_assign ... ok
[INFO] [stdout] test try_math::tests::test_try_cast - should panic ... ok
[INFO] [stdout] 
[INFO] [stdout] test result: ok. 12 passed; 0 failed; 0 ignored; 0 measured; 0 filtered out; finished in 0.05s
[INFO] [stdout] 
[INFO] [stderr]      Running unittests src/lib.rs (/opt/rustwide/target/debug/deps/gem_farm-ea4f6cc00543f843)
[INFO] [stdout] 
[INFO] [stdout] running 44 tests
[INFO] [stdout] test number128::tests2::ceil_of_int ... ok
[INFO] [stdout] test number128::tests2::one_plus_one_equals_two ... ok
[INFO] [stdout] test number128::tests2::one_times_one_equals_one ... ok
[INFO] [stdout] test number128::tests2::one_divided_by_one_equals_one ... ok
[INFO] [stdout] test number128::tests2::ten_div_100_equals_point_1 ... ok
[INFO] [stdout] test number128::tests2::test_add_assign ... ok
[INFO] [stdout] test number128::tests2::ceil_gt_one ... ok
[INFO] [stdout] test number128::tests2::test_mul_assign ... ok
[INFO] [stdout] test number128::tests2::test_pow_assign ... ok
[INFO] [stdout] test number128::tests2::multiply_by_u64 ... ok
[INFO] [stdout] test number128::tests2::zero_equals_zero ... ok
[INFO] [stdout] test number128::tests2::test_sub_assign ... ok
[INFO] [stdout] test number128::tests2::test_div_assign ... ok
[INFO] [stdout] test number128::tests2::to_string ... ok
[INFO] [stdout] test state::farm::tests::test_funds_tracker ... ok
[INFO] [stdout] test state::farm::tests::test_time_tracker ... ok
[INFO] [stdout] test state::farm::tests::test_time_tracker_end_reward ... ok
[INFO] [stdout] test number128::tests2::test_div ... ok
[INFO] [stdout] test number128::tests2::one_equals_one ... ok
[INFO] [stdout] test number128::tests2::one_minus_one_equals_zero ... ok
[INFO] [stdout] test state::farmer::tests::test_farmer_fixed_rate_reward ... ok
[INFO] [stdout] test state::farmer::tests::test_farmer_reward_update_variable ... ok
[INFO] [stdout] test state::farmer::tests::test_farmer_reward_update_fixed ... ok
[INFO] [stdout] test state::farmer::tests::test_farmer_reward_claim ... ok
[INFO] [stdout] test state::fixed_rewards::tests::test_base_reward_amounts ... ok
[INFO] [stdout] test state::fixed_rewards::tests::test_base_reward_amounts_with_denominator ... ok
[INFO] [stdout] test state::fixed_rewards::tests::test_base_reward_amounts_with_inconvenient_denominator ... ok
[INFO] [stdout] test state::fixed_rewards::tests::test_good_schedule_invariants ... ok
[INFO] [stdout] test state::fixed_rewards::tests::test_t1_reward_amounts ... ok
[INFO] [stdout] test state::fixed_rewards::tests::test_t2_reward_amounts ... ok
[INFO] [stdout] test number128::tests2::ceil_lt_one ... FAILED
[INFO] [stdout] test state::fixed_rewards::tests::test_base_bad_denominator - should panic ... ok
[INFO] [stdout] test state::fixed_rewards::tests::test_t3_reward_amounts ... ok
[INFO] [stdout] test state::fixed_rewards::tests::test_t2_bad_tenure - should panic ... ok
[INFO] [stdout] test state::fixed_rewards::tests::test_t3_bad_tenure_t3 - should panic ... ok
[INFO] [stdout] test state::fixed_rewards::tests::test_t2_bad_gap - should panic ... ok
[INFO] [stdout] test state::fixed_rewards::tests::test_t3_bad_gap_t2 - should panic ... ok
[INFO] [stdout] test state::fixed_rewards::tests::test_t3_bad_gap_t1 - should panic ... ok
[INFO] [stdout] test state::variable_rewards::tests::test_fund_reward_merged_2 ... ok
[INFO] [stdout] test state::variable_rewards::tests::test_fund_reward_merged_1 ... ok
[INFO] [stdout] test state::fixed_rewards::tests::test_t3_bad_tenure_t2 - should panic ... ok
[INFO] [stdout] test test_id ... ok
[INFO] [stdout] test state::variable_rewards::tests::test_accrued_reward_per_rarity_point ... ok
[INFO] [stdout] test state::variable_rewards::tests::test_fund_reward_fresh ... ok
[INFO] [stdout] 
[INFO] [stdout] failures:
[INFO] [stdout] 
[INFO] [stdout] ---- number128::tests2::ceil_lt_one stdout ----
[INFO] [stdout] thread 'number128::tests2::ceil_lt_one' panicked at 'assertion failed: `(left == right)`
[INFO] [stdout]   left: `0`,
[INFO] [stdout]  right: `1`', programs/gem_farm/src/number128.rs:324:9
[INFO] [stdout] stack backtrace:
[INFO] [stdout]    0:     0x55cfb5ee135a - std::backtrace_rs::backtrace::libunwind::trace::h2f05d0192276a8f6
[INFO] [stdout]                                at /rustc/1b7dd2252b99671ce5d1cb9664c5f8636329436d/library/std/src/../../backtrace/src/backtrace/libunwind.rs:93:5
[INFO] [stdout]    1:     0x55cfb5ee135a - std::backtrace_rs::backtrace::trace_unsynchronized::hedc23dff7a1af150
[INFO] [stdout]                                at /rustc/1b7dd2252b99671ce5d1cb9664c5f8636329436d/library/std/src/../../backtrace/src/backtrace/mod.rs:66:5
[INFO] [stdout]    2:     0x55cfb5ee135a - std::sys_common::backtrace::_print_fmt::h17541ef7592f3ce2
[INFO] [stdout]                                at /rustc/1b7dd2252b99671ce5d1cb9664c5f8636329436d/library/std/src/sys_common/backtrace.rs:65:5
[INFO] [stdout]    3:     0x55cfb5ee135a - <std::sys_common::backtrace::_print::DisplayBacktrace as core::fmt::Display>::fmt::h20f75df5ab0c0792
[INFO] [stdout]                                at /rustc/1b7dd2252b99671ce5d1cb9664c5f8636329436d/library/std/src/sys_common/backtrace.rs:44:22
[INFO] [stdout]    4:     0x55cfb5f0560f - core::fmt::write::h78109e6f466b3af6
[INFO] [stdout]                                at /rustc/1b7dd2252b99671ce5d1cb9664c5f8636329436d/library/core/src/fmt/mod.rs:1254:17
[INFO] [stdout]    5:     0x55cfb5ede6a5 - std::io::Write::write_fmt::hd24bfb68a1b35a25
[INFO] [stdout]                                at /rustc/1b7dd2252b99671ce5d1cb9664c5f8636329436d/library/std/src/io/mod.rs:1698:15
[INFO] [stdout]    6:     0x55cfb5ee1125 - std::sys_common::backtrace::_print::h8dac57a9f8fbf9a5
[INFO] [stdout]                                at /rustc/1b7dd2252b99671ce5d1cb9664c5f8636329436d/library/std/src/sys_common/backtrace.rs:47:5
[INFO] [stdout]    7:     0x55cfb5ee1125 - std::sys_common::backtrace::print::hf9ecbf41d1aa712f
[INFO] [stdout]                                at /rustc/1b7dd2252b99671ce5d1cb9664c5f8636329436d/library/std/src/sys_common/backtrace.rs:34:9
[INFO] [stdout]    8:     0x55cfb5ee2dde - std::panicking::default_hook::{{closure}}::h04c07acfc84ca028
[INFO] [stdout]                                at /rustc/1b7dd2252b99671ce5d1cb9664c5f8636329436d/library/std/src/panicking.rs:269:22
[INFO] [stdout]    9:     0x55cfb5ee2b11 - std::panicking::default_hook::h01f6bb23e1eceb2c
[INFO] [stdout]                                at /rustc/1b7dd2252b99671ce5d1cb9664c5f8636329436d/library/std/src/panicking.rs:285:9
[INFO] [stdout]   10:     0x55cfb5ea257b - <alloc::boxed::Box<F,A> as core::ops::function::Fn<Args>>::call::h87fe9f7b2fd49e4c
[INFO] [stdout]                                at /rustc/1b7dd2252b99671ce5d1cb9664c5f8636329436d/library/alloc/src/boxed.rs:1987:9
[INFO] [stdout]   11:     0x55cfb5ea257b - test::test_main::{{closure}}::he94d679243a7531b
[INFO] [stdout]                                at /rustc/1b7dd2252b99671ce5d1cb9664c5f8636329436d/library/test/src/lib.rs:134:21
[INFO] [stdout]   12:     0x55cfb5ee34c4 - <alloc::boxed::Box<F,A> as core::ops::function::Fn<Args>>::call::h3f2d6d8b14c4769f
[INFO] [stdout]                                at /rustc/1b7dd2252b99671ce5d1cb9664c5f8636329436d/library/alloc/src/boxed.rs:1987:9
[INFO] [stdout]   13:     0x55cfb5ee34c4 - std::panicking::rust_panic_with_hook::h2bb3722bbaf2f6df
[INFO] [stdout]                                at /rustc/1b7dd2252b99671ce5d1cb9664c5f8636329436d/library/std/src/panicking.rs:695:13
[INFO] [stdout]   14:     0x55cfb5ee3239 - std::panicking::begin_panic_handler::{{closure}}::h91bc7f36a4be011b
[INFO] [stdout]                                at /rustc/1b7dd2252b99671ce5d1cb9664c5f8636329436d/library/std/src/panicking.rs:582:13
[INFO] [stdout]   15:     0x55cfb5ee17c6 - std::sys_common::backtrace::__rust_end_short_backtrace::h8b3d3717114f9e59
[INFO] [stdout]                                at /rustc/1b7dd2252b99671ce5d1cb9664c5f8636329436d/library/std/src/sys_common/backtrace.rs:150:18
[INFO] [stdout]   16:     0x55cfb5ee2f92 - rust_begin_unwind
[INFO] [stdout]                                at /rustc/1b7dd2252b99671ce5d1cb9664c5f8636329436d/library/std/src/panicking.rs:578:5
[INFO] [stdout]   17:     0x55cfb5e59ba3 - core::panicking::panic_fmt::hfd368e3fbdabea26
[INFO] [stdout]                                at /rustc/1b7dd2252b99671ce5d1cb9664c5f8636329436d/library/core/src/panicking.rs:67:14
[INFO] [stdout]   18:     0x55cfb5e59f6f - core::panicking::assert_failed_inner::haef49168e1798a91
[INFO] [stdout]   19:     0x55cfb5ebacfa - core::panicking::assert_failed::hbfd449379f784948
[INFO] [stdout]                                at /rustc/1b7dd2252b99671ce5d1cb9664c5f8636329436d/library/core/src/panicking.rs:228:5
[INFO] [stdout]   20:     0x55cfb5e6957f - gem_farm::number128::tests2::ceil_lt_one::h7797faf852368cb4
[INFO] [stdout]                                at /opt/rustwide/workdir/programs/gem_farm/src/number128.rs:324:9
[INFO] [stdout]   21:     0x55cfb5e69397 - gem_farm::number128::tests2::ceil_lt_one::{{closure}}::hb253c09a0ef6d709
[INFO] [stdout]                                at /opt/rustwide/workdir/programs/gem_farm/src/number128.rs:317:22
[INFO] [stdout]   22:     0x55cfb5e5a9d5 - core::ops::function::FnOnce::call_once::h25171fc66e7e7bbd
[INFO] [stdout]                                at /rustc/1b7dd2252b99671ce5d1cb9664c5f8636329436d/library/core/src/ops/function.rs:250:5
[INFO] [stdout]   23:     0x55cfb5ea744f - core::ops::function::FnOnce::call_once::ha6a70e79f7481a7e
[INFO] [stdout]                                at /rustc/1b7dd2252b99671ce5d1cb9664c5f8636329436d/library/core/src/ops/function.rs:250:5
[INFO] [stdout]   24:     0x55cfb5ea744f - test::__rust_begin_short_backtrace::hce33033019b61e69
[INFO] [stdout]                                at /rustc/1b7dd2252b99671ce5d1cb9664c5f8636329436d/library/test/src/lib.rs:655:18
[INFO] [stdout]   25:     0x55cfb5e74c3c - test::run_test::{{closure}}::h858d3528838ae3e5
[INFO] [stdout]                                at /rustc/1b7dd2252b99671ce5d1cb9664c5f8636329436d/library/test/src/lib.rs:646:30
[INFO] [stdout]   26:     0x55cfb5e74c3c - core::ops::function::FnOnce::call_once{{vtable.shim}}::he8ac2b00f01ae79e
[INFO] [stdout]                                at /rustc/1b7dd2252b99671ce5d1cb9664c5f8636329436d/library/core/src/ops/function.rs:250:5
[INFO] [stdout]   27:     0x55cfb5ea6526 - <alloc::boxed::Box<F,A> as core::ops::function::FnOnce<Args>>::call_once::h8093d25b522725ef
[INFO] [stdout]                                at /rustc/1b7dd2252b99671ce5d1cb9664c5f8636329436d/library/alloc/src/boxed.rs:1973:9
[INFO] [stdout]   28:     0x55cfb5ea6526 - <core::panic::unwind_safe::AssertUnwindSafe<F> as core::ops::function::FnOnce<()>>::call_once::h5c334c204e4a3913
[INFO] [stdout]                                at /rustc/1b7dd2252b99671ce5d1cb9664c5f8636329436d/library/core/src/panic/unwind_safe.rs:271:9
[INFO] [stdout]   29:     0x55cfb5ea6526 - std::panicking::try::do_call::ha8b740c7b9478074
[INFO] [stdout]                                at /rustc/1b7dd2252b99671ce5d1cb9664c5f8636329436d/library/std/src/panicking.rs:485:40
[INFO] [stdout]   30:     0x55cfb5ea6526 - std::panicking::try::h5d34f63d0e41b64e
[INFO] [stdout]                                at /rustc/1b7dd2252b99671ce5d1cb9664c5f8636329436d/library/std/src/panicking.rs:449:19
[INFO] [stdout]   31:     0x55cfb5ea6526 - std::panic::catch_unwind::hcfbb511e1aa7fc67
[INFO] [stdout]                                at /rustc/1b7dd2252b99671ce5d1cb9664c5f8636329436d/library/std/src/panic.rs:140:14
[INFO] [stdout]   32:     0x55cfb5ea6526 - test::run_test_in_process::h9abda90f802eaf21
[INFO] [stdout]                                at /rustc/1b7dd2252b99671ce5d1cb9664c5f8636329436d/library/test/src/lib.rs:678:27
[INFO] [stdout]   33:     0x55cfb5ea6526 - test::run_test::run_test_inner::{{closure}}::h0f058de91f6c6edf
[INFO] [stdout]                                at /rustc/1b7dd2252b99671ce5d1cb9664c5f8636329436d/library/test/src/lib.rs:572:39
[INFO] [stdout]   34:     0x55cfb5e6f445 - test::run_test::run_test_inner::{{closure}}::h5ca48a4c59c6c1fb
[INFO] [stdout]                                at /rustc/1b7dd2252b99671ce5d1cb9664c5f8636329436d/library/test/src/lib.rs:599:37
[INFO] [stdout]   35:     0x55cfb5e6f445 - std::sys_common::backtrace::__rust_begin_short_backtrace::h32bd51e1495d4a33
[INFO] [stdout]                                at /rustc/1b7dd2252b99671ce5d1cb9664c5f8636329436d/library/std/src/sys_common/backtrace.rs:134:18
[INFO] [stdout]   36:     0x55cfb5e74981 - std::thread::Builder::spawn_unchecked_::{{closure}}::{{closure}}::hc086fae9b128b2db
[INFO] [stdout]                                at /rustc/1b7dd2252b99671ce5d1cb9664c5f8636329436d/library/std/src/thread/mod.rs:526:17
[INFO] [stdout]   37:     0x55cfb5e74981 - <core::panic::unwind_safe::AssertUnwindSafe<F> as core::ops::function::FnOnce<()>>::call_once::hb66571888d270d43
[INFO] [stdout]                                at /rustc/1b7dd2252b99671ce5d1cb9664c5f8636329436d/library/core/src/panic/unwind_safe.rs:271:9
[INFO] [stdout]   38:     0x55cfb5e74981 - std::panicking::try::do_call::h4fa2ef4f6e51fecf
[INFO] [stdout]                                at /rustc/1b7dd2252b99671ce5d1cb9664c5f8636329436d/library/std/src/panicking.rs:485:40
[INFO] [stdout]   39:     0x55cfb5e74981 - std::panicking::try::h1e9e22b8584489b5
[INFO] [stdout]                                at /rustc/1b7dd2252b99671ce5d1cb9664c5f8636329436d/library/std/src/panicking.rs:449:19
[INFO] [stdout]   40:     0x55cfb5e74981 - std::panic::catch_unwind::h44698a3de0e0769e
[INFO] [stdout]                                at /rustc/1b7dd2252b99671ce5d1cb9664c5f8636329436d/library/std/src/panic.rs:140:14
[INFO] [stdout]   41:     0x55cfb5e74981 - std::thread::Builder::spawn_unchecked_::{{closure}}::h50153abde3fe239e
[INFO] [stdout]                                at /rustc/1b7dd2252b99671ce5d1cb9664c5f8636329436d/library/std/src/thread/mod.rs:525:30
[INFO] [stdout]   42:     0x55cfb5e74981 - core::ops::function::FnOnce::call_once{{vtable.shim}}::hbe5bbf6f38394364
[INFO] [stdout]                                at /rustc/1b7dd2252b99671ce5d1cb9664c5f8636329436d/library/core/src/ops/function.rs:250:5
[INFO] [stdout]   43:     0x55cfb5ee7995 - <alloc::boxed::Box<F,A> as core::ops::function::FnOnce<Args>>::call_once::h0d83cb2920a49046
[INFO] [stdout]                                at /rustc/1b7dd2252b99671ce5d1cb9664c5f8636329436d/library/alloc/src/boxed.rs:1973:9
[INFO] [stdout]   44:     0x55cfb5ee7995 - <alloc::boxed::Box<F,A> as core::ops::function::FnOnce<Args>>::call_once::hbe0a008aa7d9ef59
[INFO] [stdout]                                at /rustc/1b7dd2252b99671ce5d1cb9664c5f8636329436d/library/alloc/src/boxed.rs:1973:9
[INFO] [stdout]   45:     0x55cfb5ee7995 - std::sys::unix::thread::Thread::new::thread_start::h3a466996bdf6b1f9
[INFO] [stdout]                                at /rustc/1b7dd2252b99671ce5d1cb9664c5f8636329436d/library/std/src/sys/unix/thread.rs:108:17
[INFO] [stdout]   46:     0x7f24a5abfb43 - <unknown>
[INFO] [stdout]   47:     0x7f24a5b50bb4 - __clone
[INFO] [stdout]   48:                0x0 - <unknown>
[INFO] [stdout] 
[INFO] [stdout] 
[INFO] [stdout] failures:
[INFO] [stdout]     number128::tests2::ceil_lt_one
[INFO] [stdout] 
[INFO] [stdout] test result: FAILED. 43 passed; 1 failed; 0 ignored; 0 measured; 0 filtered out; finished in 0.08s
[INFO] [stdout] 
[INFO] [stderr] error: test failed, to rerun pass `-p gem_farm --lib`
[INFO] running `Command { std: "docker" "inspect" "820ba820a86e10487109f2b3237c479c117fe65f3837ddedf9f02759c69ce290", kill_on_drop: false }`
[INFO] running `Command { std: "docker" "rm" "-f" "820ba820a86e10487109f2b3237c479c117fe65f3837ddedf9f02759c69ce290", kill_on_drop: false }`
[INFO] [stdout] 820ba820a86e10487109f2b3237c479c117fe65f3837ddedf9f02759c69ce290
