[INFO] cloning repository https://github.com/kentfredric/portage_repo
[INFO] running `Command { std: "git" "-c" "credential.helper=" "-c" "credential.helper=/workspace/cargo-home/bin/git-credential-null" "clone" "--bare" "https://github.com/kentfredric/portage_repo" "/workspace/cache/git-repos/https%3A%2F%2Fgithub.com%2Fkentfredric%2Fportage_repo", kill_on_drop: false }`
[INFO] [stderr] Cloning into bare repository '/workspace/cache/git-repos/https%3A%2F%2Fgithub.com%2Fkentfredric%2Fportage_repo'...
[INFO] running `Command { std: "git" "rev-parse" "HEAD", kill_on_drop: false }`
[INFO] [stdout] 6b9bd88eb4df70fed96a7c38ab7e1a3f52b6d5f9
[INFO] testing kentfredric/portage_repo against beta-2023-04-20 for beta-1.70-1
[INFO] running `Command { std: "git" "clone" "/workspace/cache/git-repos/https%3A%2F%2Fgithub.com%2Fkentfredric%2Fportage_repo" "/workspace/builds/worker-1-tc2/source", kill_on_drop: false }`
[INFO] [stderr] Cloning into '/workspace/builds/worker-1-tc2/source'...
[INFO] [stderr] done.
[INFO] validating manifest of git repo https://github.com/kentfredric/portage_repo on toolchain beta-2023-04-20
[INFO] running `Command { std: CARGO_HOME="/workspace/cargo-home" RUSTUP_HOME="/workspace/rustup-home" "/workspace/cargo-home/bin/cargo" "+beta-2023-04-20" "metadata" "--manifest-path" "Cargo.toml" "--no-deps", kill_on_drop: false }`
[INFO] started tweaking git repo https://github.com/kentfredric/portage_repo
[INFO] removed 0 missing examples
[INFO] finished tweaking git repo https://github.com/kentfredric/portage_repo
[INFO] tweaked toml for git repo https://github.com/kentfredric/portage_repo written to /workspace/builds/worker-1-tc2/source/Cargo.toml
[INFO] crate git repo https://github.com/kentfredric/portage_repo already has a lockfile, it will not be regenerated
[INFO] running `Command { std: CARGO_HOME="/workspace/cargo-home" RUSTUP_HOME="/workspace/rustup-home" "/workspace/cargo-home/bin/cargo" "+beta-2023-04-20" "fetch" "--manifest-path" "Cargo.toml", kill_on_drop: false }`
[INFO] [stderr]     Updating crates.io index
[INFO] [stderr]  Downloading crates ...
[INFO] [stderr]   Downloaded display_attr v0.1.1
[INFO] running `Command { std: "docker" "create" "-v" "/var/lib/crater-agent-workspace/builds/worker-1-tc2/target:/opt/rustwide/target:rw,Z" "-v" "/var/lib/crater-agent-workspace/builds/worker-1-tc2/source:/opt/rustwide/workdir:ro,Z" "-v" "/var/lib/crater-agent-workspace/cargo-home:/opt/rustwide/cargo-home:ro,Z" "-v" "/var/lib/crater-agent-workspace/rustup-home:/opt/rustwide/rustup-home:ro,Z" "-e" "SOURCE_DIR=/opt/rustwide/workdir" "-e" "CARGO_TARGET_DIR=/opt/rustwide/target" "-e" "CARGO_HOME=/opt/rustwide/cargo-home" "-e" "RUSTUP_HOME=/opt/rustwide/rustup-home" "-w" "/opt/rustwide/workdir" "-m" "1610612736" "--user" "0:0" "--network" "none" "ghcr.io/rust-lang/crates-build-env/linux@sha256:5ff2268d62e97bff2cde7d5815dd6ed5b47097566f13b8d0ca110b04b60e07ed" "/opt/rustwide/cargo-home/bin/cargo" "+beta-2023-04-20" "metadata" "--no-deps" "--format-version=1", kill_on_drop: false }`
[INFO] [stdout] 0f8368e712154cf01a7a79e71861bbafd97a31584bd43abbed00acdd0ed84e9d
[INFO] running `Command { std: "docker" "start" "-a" "0f8368e712154cf01a7a79e71861bbafd97a31584bd43abbed00acdd0ed84e9d", kill_on_drop: false }`
[INFO] running `Command { std: "docker" "inspect" "0f8368e712154cf01a7a79e71861bbafd97a31584bd43abbed00acdd0ed84e9d", kill_on_drop: false }`
[INFO] running `Command { std: "docker" "rm" "-f" "0f8368e712154cf01a7a79e71861bbafd97a31584bd43abbed00acdd0ed84e9d", kill_on_drop: false }`
[INFO] [stdout] 0f8368e712154cf01a7a79e71861bbafd97a31584bd43abbed00acdd0ed84e9d
[INFO] running `Command { std: "docker" "create" "-v" "/var/lib/crater-agent-workspace/builds/worker-1-tc2/target:/opt/rustwide/target:rw,Z" "-v" "/var/lib/crater-agent-workspace/builds/worker-1-tc2/source:/opt/rustwide/workdir:ro,Z" "-v" "/var/lib/crater-agent-workspace/cargo-home:/opt/rustwide/cargo-home:ro,Z" "-v" "/var/lib/crater-agent-workspace/rustup-home:/opt/rustwide/rustup-home:ro,Z" "-e" "SOURCE_DIR=/opt/rustwide/workdir" "-e" "CARGO_TARGET_DIR=/opt/rustwide/target" "-e" "CARGO_INCREMENTAL=0" "-e" "RUST_BACKTRACE=full" "-e" "RUSTFLAGS=--cap-lints=warn" "-e" "RUSTDOCFLAGS=--cap-lints=warn" "-e" "CARGO_HOME=/opt/rustwide/cargo-home" "-e" "RUSTUP_HOME=/opt/rustwide/rustup-home" "-w" "/opt/rustwide/workdir" "-m" "1610612736" "--user" "0:0" "--network" "none" "ghcr.io/rust-lang/crates-build-env/linux@sha256:5ff2268d62e97bff2cde7d5815dd6ed5b47097566f13b8d0ca110b04b60e07ed" "/opt/rustwide/cargo-home/bin/cargo" "+beta-2023-04-20" "build" "--frozen" "--message-format=json", kill_on_drop: false }`
[INFO] [stdout] acd0d352c3f41e20e52331d26b5fac79cd9b89d1188f87012b8acc2f9c2ad870
[INFO] running `Command { std: "docker" "start" "-a" "acd0d352c3f41e20e52331d26b5fac79cd9b89d1188f87012b8acc2f9c2ad870", kill_on_drop: false }`
[INFO] [stderr]    Compiling proc-macro2 v0.4.30
[INFO] [stderr]    Compiling unicode-xid v0.1.0
[INFO] [stderr]    Compiling libc v0.2.58
[INFO] [stderr]    Compiling quote v0.6.12
[INFO] [stderr]    Compiling syn v0.14.9
[INFO] [stderr]    Compiling display_attr v0.1.1
[INFO] [stderr]    Compiling portage_repo v0.1.0 (/opt/rustwide/workdir)
[INFO] [stdout] warning: field `file` is never read
[INFO] [stdout]   --> src/iter.rs:21:5
[INFO] [stdout]    |
[INFO] [stdout] 19 | pub struct CategoryFileIterator {
[INFO] [stdout]    |            -------------------- field in this struct
[INFO] [stdout] 20 |     root:        PathBuf,
[INFO] [stdout] 21 |     file:        PathBuf,
[INFO] [stdout]    |     ^^^^
[INFO] [stdout]    |
[INFO] [stdout]    = note: `CategoryFileIterator` has a derived impl for the trait `Debug`, but this is intentionally ignored during dead code analysis
[INFO] [stdout]    = note: `#[warn(dead_code)]` on by default
[INFO] [stdout] 
[INFO] [stdout] 
[INFO] [stdout] warning: 1 warning emitted
[INFO] [stdout] 
[INFO] [stdout] 
[INFO] [stderr]     Finished dev [unoptimized + debuginfo] target(s) in 7.35s
[INFO] [stderr] warning: the following packages contain code that will be rejected by a future version of Rust: syn v0.14.9
[INFO] [stderr] note: to see what the problems were, use the option `--future-incompat-report`, or run `cargo report future-incompatibilities --id 1`
[INFO] running `Command { std: "docker" "inspect" "acd0d352c3f41e20e52331d26b5fac79cd9b89d1188f87012b8acc2f9c2ad870", kill_on_drop: false }`
[INFO] running `Command { std: "docker" "rm" "-f" "acd0d352c3f41e20e52331d26b5fac79cd9b89d1188f87012b8acc2f9c2ad870", kill_on_drop: false }`
[INFO] [stdout] acd0d352c3f41e20e52331d26b5fac79cd9b89d1188f87012b8acc2f9c2ad870
[INFO] running `Command { std: "docker" "create" "-v" "/var/lib/crater-agent-workspace/builds/worker-1-tc2/target:/opt/rustwide/target:rw,Z" "-v" "/var/lib/crater-agent-workspace/builds/worker-1-tc2/source:/opt/rustwide/workdir:ro,Z" "-v" "/var/lib/crater-agent-workspace/cargo-home:/opt/rustwide/cargo-home:ro,Z" "-v" "/var/lib/crater-agent-workspace/rustup-home:/opt/rustwide/rustup-home:ro,Z" "-e" "SOURCE_DIR=/opt/rustwide/workdir" "-e" "CARGO_TARGET_DIR=/opt/rustwide/target" "-e" "CARGO_INCREMENTAL=0" "-e" "RUST_BACKTRACE=full" "-e" "RUSTFLAGS=--cap-lints=warn" "-e" "RUSTDOCFLAGS=--cap-lints=warn" "-e" "CARGO_HOME=/opt/rustwide/cargo-home" "-e" "RUSTUP_HOME=/opt/rustwide/rustup-home" "-w" "/opt/rustwide/workdir" "-m" "1610612736" "--user" "0:0" "--network" "none" "ghcr.io/rust-lang/crates-build-env/linux@sha256:5ff2268d62e97bff2cde7d5815dd6ed5b47097566f13b8d0ca110b04b60e07ed" "/opt/rustwide/cargo-home/bin/cargo" "+beta-2023-04-20" "test" "--frozen" "--no-run" "--message-format=json", kill_on_drop: false }`
[INFO] [stdout] 2a646134edcfda278a89e13048c856ec49a9493f01cf5ebac16e7303e9b39227
[INFO] running `Command { std: "docker" "start" "-a" "2a646134edcfda278a89e13048c856ec49a9493f01cf5ebac16e7303e9b39227", kill_on_drop: false }`
[INFO] [stderr]    Compiling portage_repo v0.1.0 (/opt/rustwide/workdir)
[INFO] [stdout] warning: field `file` is never read
[INFO] [stdout]   --> src/iter.rs:21:5
[INFO] [stdout]    |
[INFO] [stdout] 19 | pub struct CategoryFileIterator {
[INFO] [stdout]    |            -------------------- field in this struct
[INFO] [stdout] 20 |     root:        PathBuf,
[INFO] [stdout] 21 |     file:        PathBuf,
[INFO] [stdout]    |     ^^^^
[INFO] [stdout]    |
[INFO] [stdout]    = note: `CategoryFileIterator` has a derived impl for the trait `Debug`, but this is intentionally ignored during dead code analysis
[INFO] [stdout]    = note: `#[warn(dead_code)]` on by default
[INFO] [stdout] 
[INFO] [stdout] 
[INFO] [stdout] warning: 1 warning emitted
[INFO] [stdout] 
[INFO] [stdout] 
[INFO] [stdout] warning: field `file` is never read
[INFO] [stdout]   --> src/iter.rs:21:5
[INFO] [stdout]    |
[INFO] [stdout] 19 | pub struct CategoryFileIterator {
[INFO] [stdout]    |            -------------------- field in this struct
[INFO] [stdout] 20 |     root:        PathBuf,
[INFO] [stdout] 21 |     file:        PathBuf,
[INFO] [stdout]    |     ^^^^
[INFO] [stdout]    |
[INFO] [stdout]    = note: `CategoryFileIterator` has a derived impl for the trait `Debug`, but this is intentionally ignored during dead code analysis
[INFO] [stdout]    = note: `#[warn(dead_code)]` on by default
[INFO] [stdout] 
[INFO] [stdout] 
[INFO] [stdout] warning: 1 warning emitted
[INFO] [stdout] 
[INFO] [stdout] 
[INFO] [stderr]     Finished test [unoptimized + debuginfo] target(s) in 1.92s
[INFO] [stderr] warning: the following packages contain code that will be rejected by a future version of Rust: syn v0.14.9
[INFO] [stderr] note: to see what the problems were, use the option `--future-incompat-report`, or run `cargo report future-incompatibilities --id 1`
[INFO] running `Command { std: "docker" "inspect" "2a646134edcfda278a89e13048c856ec49a9493f01cf5ebac16e7303e9b39227", kill_on_drop: false }`
[INFO] running `Command { std: "docker" "rm" "-f" "2a646134edcfda278a89e13048c856ec49a9493f01cf5ebac16e7303e9b39227", kill_on_drop: false }`
[INFO] [stdout] 2a646134edcfda278a89e13048c856ec49a9493f01cf5ebac16e7303e9b39227
[INFO] running `Command { std: "docker" "create" "-v" "/var/lib/crater-agent-workspace/builds/worker-1-tc2/target:/opt/rustwide/target:rw,Z" "-v" "/var/lib/crater-agent-workspace/builds/worker-1-tc2/source:/opt/rustwide/workdir:ro,Z" "-v" "/var/lib/crater-agent-workspace/cargo-home:/opt/rustwide/cargo-home:ro,Z" "-v" "/var/lib/crater-agent-workspace/rustup-home:/opt/rustwide/rustup-home:ro,Z" "-e" "SOURCE_DIR=/opt/rustwide/workdir" "-e" "CARGO_TARGET_DIR=/opt/rustwide/target" "-e" "CARGO_INCREMENTAL=0" "-e" "RUST_BACKTRACE=full" "-e" "RUSTFLAGS=--cap-lints=warn" "-e" "RUSTDOCFLAGS=--cap-lints=warn" "-e" "CARGO_HOME=/opt/rustwide/cargo-home" "-e" "RUSTUP_HOME=/opt/rustwide/rustup-home" "-w" "/opt/rustwide/workdir" "-m" "1610612736" "--user" "0:0" "--network" "none" "ghcr.io/rust-lang/crates-build-env/linux@sha256:5ff2268d62e97bff2cde7d5815dd6ed5b47097566f13b8d0ca110b04b60e07ed" "/opt/rustwide/cargo-home/bin/cargo" "+beta-2023-04-20" "test" "--frozen", kill_on_drop: false }`
[INFO] [stdout] 39a36e9d121514d96a240884f32c94e48b53c1cb781f99400f5fbbd37557d243
[INFO] running `Command { std: "docker" "start" "-a" "39a36e9d121514d96a240884f32c94e48b53c1cb781f99400f5fbbd37557d243", kill_on_drop: false }`
[INFO] [stderr] warning: field `file` is never read
[INFO] [stderr]   --> src/iter.rs:21:5
[INFO] [stderr]    |
[INFO] [stderr] 19 | pub struct CategoryFileIterator {
[INFO] [stderr]    |            -------------------- field in this struct
[INFO] [stderr] 20 |     root:        PathBuf,
[INFO] [stderr] 21 |     file:        PathBuf,
[INFO] [stderr]    |     ^^^^
[INFO] [stderr]    |
[INFO] [stderr]    = note: `CategoryFileIterator` has a derived impl for the trait `Debug`, but this is intentionally ignored during dead code analysis
[INFO] [stderr]    = note: `#[warn(dead_code)]` on by default
[INFO] [stderr] 
[INFO] [stderr] warning: `portage_repo` (lib) generated 1 warning
[INFO] [stderr] warning: `portage_repo` (lib test) generated 1 warning (1 duplicate)
[INFO] [stderr]     Finished test [unoptimized + debuginfo] target(s) in 0.02s
[INFO] [stderr] warning: the following packages contain code that will be rejected by a future version of Rust: syn v0.14.9
[INFO] [stderr] note: to see what the problems were, use the option `--future-incompat-report`, or run `cargo report future-incompatibilities --id 1`
[INFO] [stderr]      Running unittests src/lib.rs (/opt/rustwide/target/debug/deps/portage_repo-1e12aaf6339b1275)
[INFO] [stdout] 
[INFO] [stdout] running 0 tests
[INFO] [stderr]      Running tests/repository.rs (/opt/rustwide/target/debug/deps/repository-bcb4c246b4fd6e4f)
[INFO] [stdout] 
[INFO] [stdout] test result: ok. 0 passed; 0 failed; 0 ignored; 0 measured; 0 filtered out; finished in 0.00s
[INFO] [stdout] 
[INFO] [stdout] 
[INFO] [stdout] running 31 tests
[INFO] [stdout] test category::noncat::new ... ok
[INFO] [stdout] test category::noncat::name ... ok
[INFO] [stdout] test category::basic::new ... ok
[INFO] [stdout] test category::basic::into_pathbuf ... ok
[INFO] [stdout] test category::basic::borrow_into_pathbuf ... ok
[INFO] [stdout] test category::nonexisting::name ... ok
[INFO] [stdout] test category::basic::as_ref_path ... ok
[INFO] [stdout] test category::basic::path ... ok
[INFO] [stdout] test category::nonexisting::new ... ok
[INFO] [stdout] test category_file_iterator::basic ... ok
[INFO] [stdout] test ebuild::new ... ok
[INFO] [stdout] test ebuild::as_ref_pathbuf ... ok
[INFO] [stdout] test ebuild::into_pathbuf ... ok
[INFO] [stdout] test ebuild::borrow_into_pathbuf ... ok
[INFO] [stdout] test category::noncat::path ... ok
[INFO] [stdout] test package::as_ref_pathbuf ... ok
[INFO] [stdout] test category::basic::name ... ok
[INFO] [stdout] test package::name ... ok
[INFO] [stdout] test ebuild::path ... ok
[INFO] [stdout] test package::borrow_into_pathbuf ... ok
[INFO] [stdout] test package::new ... ok
[INFO] [stdout] test package::into_pathbuf ... ok
[INFO] [stdout] test category::nonexisting::path ... ok
[INFO] [stdout] test repository::as_ref_path ... ok
[INFO] [stdout] test repository::into_pathbuf ... ok
[INFO] [stdout] test repository::borrow_into_pathbuf ... ok
[INFO] [stdout] test package::path ... ok
[INFO] [stdout] test repository::name ... ok
[INFO] [stdout] test repository::path ... ok
[INFO] [stdout] test category_dirs_iterator::basic ... FAILED
[INFO] [stdout] test repository::new ... ok
[INFO] [stdout] 
[INFO] [stdout] failures:
[INFO] [stdout] 
[INFO] [stdout] ---- category_dirs_iterator::basic stdout ----
[INFO] [stdout] thread 'category_dirs_iterator::basic' panicked at 'PathAccessError("/opt/rustwide/workdir/tests/repos/basic/dev-perl/metadata.xml", Os { code: 20, kind: NotADirectory, message: "Not a directory" }, CategoryMatcher("src/iter.rs", 138, 30))', tests/repository.rs:357:27
[INFO] [stdout] stack backtrace:
[INFO] [stdout]    0:     0x555ea847052a - std::backtrace_rs::backtrace::libunwind::trace::h2f05d0192276a8f6
[INFO] [stdout]                                at /rustc/1b7dd2252b99671ce5d1cb9664c5f8636329436d/library/std/src/../../backtrace/src/backtrace/libunwind.rs:93:5
[INFO] [stdout]    1:     0x555ea847052a - std::backtrace_rs::backtrace::trace_unsynchronized::hedc23dff7a1af150
[INFO] [stdout]                                at /rustc/1b7dd2252b99671ce5d1cb9664c5f8636329436d/library/std/src/../../backtrace/src/backtrace/mod.rs:66:5
[INFO] [stdout]    2:     0x555ea847052a - std::sys_common::backtrace::_print_fmt::h17541ef7592f3ce2
[INFO] [stdout]                                at /rustc/1b7dd2252b99671ce5d1cb9664c5f8636329436d/library/std/src/sys_common/backtrace.rs:65:5
[INFO] [stdout]    3:     0x555ea847052a - <std::sys_common::backtrace::_print::DisplayBacktrace as core::fmt::Display>::fmt::h20f75df5ab0c0792
[INFO] [stdout]                                at /rustc/1b7dd2252b99671ce5d1cb9664c5f8636329436d/library/std/src/sys_common/backtrace.rs:44:22
[INFO] [stdout]    4:     0x555ea849473f - core::fmt::write::h78109e6f466b3af6
[INFO] [stdout]                                at /rustc/1b7dd2252b99671ce5d1cb9664c5f8636329436d/library/core/src/fmt/mod.rs:1254:17
[INFO] [stdout]    5:     0x555ea846d5a5 - std::io::Write::write_fmt::hd24bfb68a1b35a25
[INFO] [stdout]                                at /rustc/1b7dd2252b99671ce5d1cb9664c5f8636329436d/library/std/src/io/mod.rs:1698:15
[INFO] [stdout]    6:     0x555ea84702f5 - std::sys_common::backtrace::_print::h8dac57a9f8fbf9a5
[INFO] [stdout]                                at /rustc/1b7dd2252b99671ce5d1cb9664c5f8636329436d/library/std/src/sys_common/backtrace.rs:47:5
[INFO] [stdout]    7:     0x555ea84702f5 - std::sys_common::backtrace::print::hf9ecbf41d1aa712f
[INFO] [stdout]                                at /rustc/1b7dd2252b99671ce5d1cb9664c5f8636329436d/library/std/src/sys_common/backtrace.rs:34:9
[INFO] [stdout]    8:     0x555ea8471fae - std::panicking::default_hook::{{closure}}::h04c07acfc84ca028
[INFO] [stdout]                                at /rustc/1b7dd2252b99671ce5d1cb9664c5f8636329436d/library/std/src/panicking.rs:269:22
[INFO] [stdout]    9:     0x555ea8471ce1 - std::panicking::default_hook::h01f6bb23e1eceb2c
[INFO] [stdout]                                at /rustc/1b7dd2252b99671ce5d1cb9664c5f8636329436d/library/std/src/panicking.rs:285:9
[INFO] [stdout]   10:     0x555ea8437a8b - <alloc::boxed::Box<F,A> as core::ops::function::Fn<Args>>::call::h87fe9f7b2fd49e4c
[INFO] [stdout]                                at /rustc/1b7dd2252b99671ce5d1cb9664c5f8636329436d/library/alloc/src/boxed.rs:1987:9
[INFO] [stdout]   11:     0x555ea8437a8b - test::test_main::{{closure}}::he94d679243a7531b
[INFO] [stdout]                                at /rustc/1b7dd2252b99671ce5d1cb9664c5f8636329436d/library/test/src/lib.rs:134:21
[INFO] [stdout]   12:     0x555ea8472694 - <alloc::boxed::Box<F,A> as core::ops::function::Fn<Args>>::call::h3f2d6d8b14c4769f
[INFO] [stdout]                                at /rustc/1b7dd2252b99671ce5d1cb9664c5f8636329436d/library/alloc/src/boxed.rs:1987:9
[INFO] [stdout]   13:     0x555ea8472694 - std::panicking::rust_panic_with_hook::h2bb3722bbaf2f6df
[INFO] [stdout]                                at /rustc/1b7dd2252b99671ce5d1cb9664c5f8636329436d/library/std/src/panicking.rs:695:13
[INFO] [stdout]   14:     0x555ea8472409 - std::panicking::begin_panic_handler::{{closure}}::h91bc7f36a4be011b
[INFO] [stdout]                                at /rustc/1b7dd2252b99671ce5d1cb9664c5f8636329436d/library/std/src/panicking.rs:582:13
[INFO] [stdout]   15:     0x555ea8470996 - std::sys_common::backtrace::__rust_end_short_backtrace::h8b3d3717114f9e59
[INFO] [stdout]                                at /rustc/1b7dd2252b99671ce5d1cb9664c5f8636329436d/library/std/src/sys_common/backtrace.rs:150:18
[INFO] [stdout]   16:     0x555ea8472162 - rust_begin_unwind
[INFO] [stdout]                                at /rustc/1b7dd2252b99671ce5d1cb9664c5f8636329436d/library/std/src/panicking.rs:578:5
[INFO] [stdout]   17:     0x555ea83f4c33 - core::panicking::panic_fmt::hfd368e3fbdabea26
[INFO] [stdout]                                at /rustc/1b7dd2252b99671ce5d1cb9664c5f8636329436d/library/core/src/panicking.rs:67:14
[INFO] [stdout]   18:     0x555ea83f923e - repository::category_dirs_iterator::basic::{{closure}}::ha75ae07e56c5cd0b
[INFO] [stdout]                                at /opt/rustwide/workdir/tests/repository.rs:357:27
[INFO] [stdout]   19:     0x555ea83f8999 - core::ops::function::impls::<impl core::ops::function::FnMut<A> for &mut F>::call_mut::he41be62cd9872ea0
[INFO] [stdout]                                at /rustc/1b7dd2252b99671ce5d1cb9664c5f8636329436d/library/core/src/ops/function.rs:298:13
[INFO] [stdout]   20:     0x555ea8402f9e - core::iter::traits::iterator::Iterator::find_map::check::{{closure}}::h71a53ac62f79da34
[INFO] [stdout]                                at /rustc/1b7dd2252b99671ce5d1cb9664c5f8636329436d/library/core/src/iter/traits/iterator.rs:2800:32
[INFO] [stdout]   21:     0x555ea83f9c1f - core::iter::traits::iterator::Iterator::try_fold::h3d47a0efab803795
[INFO] [stdout]                                at /rustc/1b7dd2252b99671ce5d1cb9664c5f8636329436d/library/core/src/iter/traits/iterator.rs:2304:21
[INFO] [stdout]   22:     0x555ea83f9a64 - core::iter::traits::iterator::Iterator::find_map::h65259d3f55159281
[INFO] [stdout]                                at /rustc/1b7dd2252b99671ce5d1cb9664c5f8636329436d/library/core/src/iter/traits/iterator.rs:2806:9
[INFO] [stdout]   23:     0x555ea840289c - <core::iter::adapters::filter_map::FilterMap<I,F> as core::iter::traits::iterator::Iterator>::next::h18cd06d001768d5b
[INFO] [stdout]                                at /rustc/1b7dd2252b99671ce5d1cb9664c5f8636329436d/library/core/src/iter/adapters/filter_map.rs:61:9
[INFO] [stdout]   24:     0x555ea83f5df8 - <alloc::vec::Vec<T> as alloc::vec::spec_from_iter_nested::SpecFromIterNested<T,I>>::from_iter::h8aaf32c2c625fd1b
[INFO] [stdout]                                at /rustc/1b7dd2252b99671ce5d1cb9664c5f8636329436d/library/alloc/src/vec/spec_from_iter_nested.rs:26:32
[INFO] [stdout]   25:     0x555ea83f6e1d - <alloc::vec::Vec<T> as alloc::vec::spec_from_iter::SpecFromIter<T,I>>::from_iter::h9e32a865a29d46e2
[INFO] [stdout]                                at /rustc/1b7dd2252b99671ce5d1cb9664c5f8636329436d/library/alloc/src/vec/spec_from_iter.rs:33:9
[INFO] [stdout]   26:     0x555ea83f6d97 - <alloc::vec::Vec<T> as core::iter::traits::collect::FromIterator<T>>::from_iter::hb3030474927056ec
[INFO] [stdout]                                at /rustc/1b7dd2252b99671ce5d1cb9664c5f8636329436d/library/alloc/src/vec/mod.rs:2712:9
[INFO] [stdout]   27:     0x555ea8402f1d - core::iter::traits::iterator::Iterator::collect::hb1cc2a2156ce79b8
[INFO] [stdout]                                at /rustc/1b7dd2252b99671ce5d1cb9664c5f8636329436d/library/core/src/iter/traits/iterator.rs:1896:9
[INFO] [stdout]   28:     0x555ea83f8eee - repository::category_dirs_iterator::basic::h3fecef09d23ad7b6
[INFO] [stdout]                                at /opt/rustwide/workdir/tests/repository.rs:353:38
[INFO] [stdout]   29:     0x555ea83f8dc7 - repository::category_dirs_iterator::basic::{{closure}}::hc5a102ca1b9e5ca3
[INFO] [stdout]                                at /opt/rustwide/workdir/tests/repository.rs:350:16
[INFO] [stdout]   30:     0x555ea83ff3e5 - core::ops::function::FnOnce::call_once::h365223055688bbea
[INFO] [stdout]                                at /rustc/1b7dd2252b99671ce5d1cb9664c5f8636329436d/library/core/src/ops/function.rs:250:5
[INFO] [stdout]   31:     0x555ea843c95f - core::ops::function::FnOnce::call_once::ha6a70e79f7481a7e
[INFO] [stdout]                                at /rustc/1b7dd2252b99671ce5d1cb9664c5f8636329436d/library/core/src/ops/function.rs:250:5
[INFO] [stdout]   32:     0x555ea843c95f - test::__rust_begin_short_backtrace::hce33033019b61e69
[INFO] [stdout]                                at /rustc/1b7dd2252b99671ce5d1cb9664c5f8636329436d/library/test/src/lib.rs:655:18
[INFO] [stdout]   33:     0x555ea840a14c - test::run_test::{{closure}}::h858d3528838ae3e5
[INFO] [stdout]                                at /rustc/1b7dd2252b99671ce5d1cb9664c5f8636329436d/library/test/src/lib.rs:646:30
[INFO] [stdout]   34:     0x555ea840a14c - core::ops::function::FnOnce::call_once{{vtable.shim}}::he8ac2b00f01ae79e
[INFO] [stdout]                                at /rustc/1b7dd2252b99671ce5d1cb9664c5f8636329436d/library/core/src/ops/function.rs:250:5
[INFO] [stdout]   35:     0x555ea843ba36 - <alloc::boxed::Box<F,A> as core::ops::function::FnOnce<Args>>::call_once::h8093d25b522725ef
[INFO] [stdout]                                at /rustc/1b7dd2252b99671ce5d1cb9664c5f8636329436d/library/alloc/src/boxed.rs:1973:9
[INFO] [stdout]   36:     0x555ea843ba36 - <core::panic::unwind_safe::AssertUnwindSafe<F> as core::ops::function::FnOnce<()>>::call_once::h5c334c204e4a3913
[INFO] [stdout]                                at /rustc/1b7dd2252b99671ce5d1cb9664c5f8636329436d/library/core/src/panic/unwind_safe.rs:271:9
[INFO] [stdout]   37:     0x555ea843ba36 - std::panicking::try::do_call::ha8b740c7b9478074
[INFO] [stdout]                                at /rustc/1b7dd2252b99671ce5d1cb9664c5f8636329436d/library/std/src/panicking.rs:485:40
[INFO] [stdout]   38:     0x555ea843ba36 - std::panicking::try::h5d34f63d0e41b64e
[INFO] [stdout]                                at /rustc/1b7dd2252b99671ce5d1cb9664c5f8636329436d/library/std/src/panicking.rs:449:19
[INFO] [stdout]   39:     0x555ea843ba36 - std::panic::catch_unwind::hcfbb511e1aa7fc67
[INFO] [stdout]                                at /rustc/1b7dd2252b99671ce5d1cb9664c5f8636329436d/library/std/src/panic.rs:140:14
[INFO] [stdout]   40:     0x555ea843ba36 - test::run_test_in_process::h9abda90f802eaf21
[INFO] [stdout]                                at /rustc/1b7dd2252b99671ce5d1cb9664c5f8636329436d/library/test/src/lib.rs:678:27
[INFO] [stdout]   41:     0x555ea843ba36 - test::run_test::run_test_inner::{{closure}}::h0f058de91f6c6edf
[INFO] [stdout]                                at /rustc/1b7dd2252b99671ce5d1cb9664c5f8636329436d/library/test/src/lib.rs:572:39
[INFO] [stdout]   42:     0x555ea8404955 - test::run_test::run_test_inner::{{closure}}::h5ca48a4c59c6c1fb
[INFO] [stdout]                                at /rustc/1b7dd2252b99671ce5d1cb9664c5f8636329436d/library/test/src/lib.rs:599:37
[INFO] [stdout]   43:     0x555ea8404955 - std::sys_common::backtrace::__rust_begin_short_backtrace::h32bd51e1495d4a33
[INFO] [stdout]                                at /rustc/1b7dd2252b99671ce5d1cb9664c5f8636329436d/library/std/src/sys_common/backtrace.rs:134:18
[INFO] [stdout]   44:     0x555ea8409e91 - std::thread::Builder::spawn_unchecked_::{{closure}}::{{closure}}::hc086fae9b128b2db
[INFO] [stdout]                                at /rustc/1b7dd2252b99671ce5d1cb9664c5f8636329436d/library/std/src/thread/mod.rs:526:17
[INFO] [stdout]   45:     0x555ea8409e91 - <core::panic::unwind_safe::AssertUnwindSafe<F> as core::ops::function::FnOnce<()>>::call_once::hb66571888d270d43
[INFO] [stdout]                                at /rustc/1b7dd2252b99671ce5d1cb9664c5f8636329436d/library/core/src/panic/unwind_safe.rs:271:9
[INFO] [stdout]   46:     0x555ea8409e91 - std::panicking::try::do_call::h4fa2ef4f6e51fecf
[INFO] [stdout]                                at /rustc/1b7dd2252b99671ce5d1cb9664c5f8636329436d/library/std/src/panicking.rs:485:40
[INFO] [stdout]   47:     0x555ea8409e91 - std::panicking::try::h1e9e22b8584489b5
[INFO] [stdout]                                at /rustc/1b7dd2252b99671ce5d1cb9664c5f8636329436d/library/std/src/panicking.rs:449:19
[INFO] [stdout]   48:     0x555ea8409e91 - std::panic::catch_unwind::h44698a3de0e0769e
[INFO] [stdout]                                at /rustc/1b7dd2252b99671ce5d1cb9664c5f8636329436d/library/std/src/panic.rs:140:14
[INFO] [stdout]   49:     0x555ea8409e91 - std::thread::Builder::spawn_unchecked_::{{closure}}::h50153abde3fe239e
[INFO] [stdout]                                at /rustc/1b7dd2252b99671ce5d1cb9664c5f8636329436d/library/std/src/thread/mod.rs:525:30
[INFO] [stdout]   50:     0x555ea8409e91 - core::ops::function::FnOnce::call_once{{vtable.shim}}::hbe5bbf6f38394364
[INFO] [stdout]                                at /rustc/1b7dd2252b99671ce5d1cb9664c5f8636329436d/library/core/src/ops/function.rs:250:5
[INFO] [stdout]   51:     0x555ea84770b5 - <alloc::boxed::Box<F,A> as core::ops::function::FnOnce<Args>>::call_once::h0d83cb2920a49046
[INFO] [stdout]                                at /rustc/1b7dd2252b99671ce5d1cb9664c5f8636329436d/library/alloc/src/boxed.rs:1973:9
[INFO] [stdout]   52:     0x555ea84770b5 - <alloc::boxed::Box<F,A> as core::ops::function::FnOnce<Args>>::call_once::hbe0a008aa7d9ef59
[INFO] [stdout]                                at /rustc/1b7dd2252b99671ce5d1cb9664c5f8636329436d/library/alloc/src/boxed.rs:1973:9
[INFO] [stdout]   53:     0x555ea84770b5 - std::sys::unix::thread::Thread::new::thread_start::h3a466996bdf6b1f9
[INFO] [stdout]                                at /rustc/1b7dd2252b99671ce5d1cb9664c5f8636329436d/library/std/src/sys/unix/thread.rs:108:17
[INFO] [stdout]   54:     0x7f47e883fb43 - <unknown>
[INFO] [stdout]   55:     0x7f47e88d0bb4 - __clone
[INFO] [stdout]   56:                0x0 - <unknown>
[INFO] [stdout] 
[INFO] [stdout] 
[INFO] [stdout] failures:
[INFO] [stdout]     category_dirs_iterator::basic
[INFO] [stdout] 
[INFO] [stdout] test result: FAILED. 30 passed; 1 failed; 0 ignored; 0 measured; 0 filtered out; finished in 0.05s
[INFO] [stdout] 
[INFO] [stderr] error: test failed, to rerun pass `--test repository`
[INFO] running `Command { std: "docker" "inspect" "39a36e9d121514d96a240884f32c94e48b53c1cb781f99400f5fbbd37557d243", kill_on_drop: false }`
[INFO] running `Command { std: "docker" "rm" "-f" "39a36e9d121514d96a240884f32c94e48b53c1cb781f99400f5fbbd37557d243", kill_on_drop: false }`
[INFO] [stdout] 39a36e9d121514d96a240884f32c94e48b53c1cb781f99400f5fbbd37557d243
