[INFO] cloning repository https://github.com/kbacha/todo-rs
[INFO] running `Command { std: "git" "-c" "credential.helper=" "-c" "credential.helper=/workspace/cargo-home/bin/git-credential-null" "clone" "--bare" "https://github.com/kbacha/todo-rs" "/workspace/cache/git-repos/https%3A%2F%2Fgithub.com%2Fkbacha%2Ftodo-rs", kill_on_drop: false }`
[INFO] [stderr] Cloning into bare repository '/workspace/cache/git-repos/https%3A%2F%2Fgithub.com%2Fkbacha%2Ftodo-rs'...
[INFO] running `Command { std: "git" "rev-parse" "HEAD", kill_on_drop: false }`
[INFO] [stdout] cb4db40e312115a4a17412cf83688810e4fc8f2f
[INFO] testing kbacha/todo-rs against beta-2023-04-20 for beta-1.70-1
[INFO] running `Command { std: "git" "clone" "/workspace/cache/git-repos/https%3A%2F%2Fgithub.com%2Fkbacha%2Ftodo-rs" "/workspace/builds/worker-2-tc2/source", kill_on_drop: false }`
[INFO] [stderr] Cloning into '/workspace/builds/worker-2-tc2/source'...
[INFO] [stderr] done.
[INFO] validating manifest of git repo https://github.com/kbacha/todo-rs on toolchain beta-2023-04-20
[INFO] running `Command { std: CARGO_HOME="/workspace/cargo-home" RUSTUP_HOME="/workspace/rustup-home" "/workspace/cargo-home/bin/cargo" "+beta-2023-04-20" "metadata" "--manifest-path" "Cargo.toml" "--no-deps", kill_on_drop: false }`
[INFO] started tweaking git repo https://github.com/kbacha/todo-rs
[INFO] finished tweaking git repo https://github.com/kbacha/todo-rs
[INFO] tweaked toml for git repo https://github.com/kbacha/todo-rs written to /workspace/builds/worker-2-tc2/source/Cargo.toml
[INFO] crate git repo https://github.com/kbacha/todo-rs already has a lockfile, it will not be regenerated
[INFO] running `Command { std: CARGO_HOME="/workspace/cargo-home" RUSTUP_HOME="/workspace/rustup-home" "/workspace/cargo-home/bin/cargo" "+beta-2023-04-20" "fetch" "--manifest-path" "Cargo.toml", kill_on_drop: false }`
[INFO] [stderr]  Downloading crates ...
[INFO] [stderr]   Downloaded diesel v1.3.2
[INFO] running `Command { std: "docker" "create" "-v" "/var/lib/crater-agent-workspace/builds/worker-2-tc2/target:/opt/rustwide/target:rw,Z" "-v" "/var/lib/crater-agent-workspace/builds/worker-2-tc2/source:/opt/rustwide/workdir:ro,Z" "-v" "/var/lib/crater-agent-workspace/cargo-home:/opt/rustwide/cargo-home:ro,Z" "-v" "/var/lib/crater-agent-workspace/rustup-home:/opt/rustwide/rustup-home:ro,Z" "-e" "SOURCE_DIR=/opt/rustwide/workdir" "-e" "CARGO_TARGET_DIR=/opt/rustwide/target" "-e" "CARGO_HOME=/opt/rustwide/cargo-home" "-e" "RUSTUP_HOME=/opt/rustwide/rustup-home" "-w" "/opt/rustwide/workdir" "-m" "1610612736" "--user" "0:0" "--network" "none" "ghcr.io/rust-lang/crates-build-env/linux@sha256:5ff2268d62e97bff2cde7d5815dd6ed5b47097566f13b8d0ca110b04b60e07ed" "/opt/rustwide/cargo-home/bin/cargo" "+beta-2023-04-20" "metadata" "--no-deps" "--format-version=1", kill_on_drop: false }`
[INFO] [stdout] 00b479dafe2d366d26d481fea1667505dba3e3cedae5451db01d0e53e2865e08
[INFO] running `Command { std: "docker" "start" "-a" "00b479dafe2d366d26d481fea1667505dba3e3cedae5451db01d0e53e2865e08", kill_on_drop: false }`
[INFO] running `Command { std: "docker" "inspect" "00b479dafe2d366d26d481fea1667505dba3e3cedae5451db01d0e53e2865e08", kill_on_drop: false }`
[INFO] running `Command { std: "docker" "rm" "-f" "00b479dafe2d366d26d481fea1667505dba3e3cedae5451db01d0e53e2865e08", kill_on_drop: false }`
[INFO] [stdout] 00b479dafe2d366d26d481fea1667505dba3e3cedae5451db01d0e53e2865e08
[INFO] running `Command { std: "docker" "create" "-v" "/var/lib/crater-agent-workspace/builds/worker-2-tc2/target:/opt/rustwide/target:rw,Z" "-v" "/var/lib/crater-agent-workspace/builds/worker-2-tc2/source:/opt/rustwide/workdir:ro,Z" "-v" "/var/lib/crater-agent-workspace/cargo-home:/opt/rustwide/cargo-home:ro,Z" "-v" "/var/lib/crater-agent-workspace/rustup-home:/opt/rustwide/rustup-home:ro,Z" "-e" "SOURCE_DIR=/opt/rustwide/workdir" "-e" "CARGO_TARGET_DIR=/opt/rustwide/target" "-e" "CARGO_INCREMENTAL=0" "-e" "RUST_BACKTRACE=full" "-e" "RUSTFLAGS=--cap-lints=warn" "-e" "RUSTDOCFLAGS=--cap-lints=warn" "-e" "CARGO_HOME=/opt/rustwide/cargo-home" "-e" "RUSTUP_HOME=/opt/rustwide/rustup-home" "-w" "/opt/rustwide/workdir" "-m" "1610612736" "--user" "0:0" "--network" "none" "ghcr.io/rust-lang/crates-build-env/linux@sha256:5ff2268d62e97bff2cde7d5815dd6ed5b47097566f13b8d0ca110b04b60e07ed" "/opt/rustwide/cargo-home/bin/cargo" "+beta-2023-04-20" "build" "--frozen" "--message-format=json", kill_on_drop: false }`
[INFO] [stdout] e87c8e1767f4d94397f3c54300f882aded6f1b2e0fa9ff63ee4b000f03e7a92b
[INFO] running `Command { std: "docker" "start" "-a" "e87c8e1767f4d94397f3c54300f882aded6f1b2e0fa9ff63ee4b000f03e7a92b", kill_on_drop: false }`
[INFO] [stderr]    Compiling unicode-xid v0.1.0
[INFO] [stderr]    Compiling pq-sys v0.4.6
[INFO] [stderr]    Compiling bitflags v1.0.4
[INFO] [stderr]    Compiling byteorder v1.2.6
[INFO] [stderr]    Compiling proc-macro2 v0.3.8
[INFO] [stderr]    Compiling quote v0.5.2
[INFO] [stderr]    Compiling syn v0.13.11
[INFO] [stderr]    Compiling diesel_derives v1.3.0
[INFO] [stderr]    Compiling diesel v1.3.2
[INFO] [stderr]    Compiling todo-rs v0.1.0 (/opt/rustwide/workdir)
[INFO] [stdout] warning: cannot find type `table` in this scope
[INFO] [stdout]  --> src/schema.rs:1:1
[INFO] [stdout]   |
[INFO] [stdout] 1 | / table! {
[INFO] [stdout] 2 | |     lists (id) {
[INFO] [stdout] 3 | |         id -> Int4,
[INFO] [stdout] 4 | |         title -> Text,
[INFO] [stdout] 5 | |     }
[INFO] [stdout] 6 | | }
[INFO] [stdout]   | |_^ names from parent modules are not accessible without an explicit import
[INFO] [stdout]   |
[INFO] [stdout]   = warning: this was previously accepted by the compiler but is being phased out; it will become a hard error in a future release!
[INFO] [stdout]   = note: for more information, see issue #83583 <https://github.com/rust-lang/rust/issues/83583>
[INFO] [stdout]   = note: `#[warn(proc_macro_derive_resolution_fallback)]` on by default
[INFO] [stdout]   = note: this warning originates in the derive macro `QueryId` which comes from the expansion of the macro `table` (in Nightly builds, run with -Z macro-backtrace for more info)
[INFO] [stdout] 
[INFO] [stdout] 
[INFO] [stdout] warning: cannot find type `id` in this scope
[INFO] [stdout]  --> src/schema.rs:1:1
[INFO] [stdout]   |
[INFO] [stdout] 1 | / table! {
[INFO] [stdout] 2 | |     lists (id) {
[INFO] [stdout] 3 | |         id -> Int4,
[INFO] [stdout] 4 | |         title -> Text,
[INFO] [stdout] 5 | |     }
[INFO] [stdout] 6 | | }
[INFO] [stdout]   | |_^ names from parent modules are not accessible without an explicit import
[INFO] [stdout]   |
[INFO] [stdout]   = warning: this was previously accepted by the compiler but is being phased out; it will become a hard error in a future release!
[INFO] [stdout]   = note: for more information, see issue #83583 <https://github.com/rust-lang/rust/issues/83583>
[INFO] [stdout]   = note: this warning originates in the derive macro `QueryId` which comes from the expansion of the macro `table` (in Nightly builds, run with -Z macro-backtrace for more info)
[INFO] [stdout] 
[INFO] [stdout] 
[INFO] [stdout] warning: cannot find type `title` in this scope
[INFO] [stdout]  --> src/schema.rs:1:1
[INFO] [stdout]   |
[INFO] [stdout] 1 | / table! {
[INFO] [stdout] 2 | |     lists (id) {
[INFO] [stdout] 3 | |         id -> Int4,
[INFO] [stdout] 4 | |         title -> Text,
[INFO] [stdout] 5 | |     }
[INFO] [stdout] 6 | | }
[INFO] [stdout]   | |_^ names from parent modules are not accessible without an explicit import
[INFO] [stdout]   |
[INFO] [stdout]   = warning: this was previously accepted by the compiler but is being phased out; it will become a hard error in a future release!
[INFO] [stdout]   = note: for more information, see issue #83583 <https://github.com/rust-lang/rust/issues/83583>
[INFO] [stdout]   = note: this warning originates in the derive macro `QueryId` which comes from the expansion of the macro `table` (in Nightly builds, run with -Z macro-backtrace for more info)
[INFO] [stdout] 
[INFO] [stdout] 
[INFO] [stdout] warning: cannot find type `table` in this scope
[INFO] [stdout]   --> src/schema.rs:8:1
[INFO] [stdout]    |
[INFO] [stdout] 8  | / table! {
[INFO] [stdout] 9  | |     todos (id) {
[INFO] [stdout] 10 | |         id -> Int4,
[INFO] [stdout] 11 | |         title -> Text,
[INFO] [stdout] ...  |
[INFO] [stdout] 14 | |     }
[INFO] [stdout] 15 | | }
[INFO] [stdout]    | |_^ names from parent modules are not accessible without an explicit import
[INFO] [stdout]    |
[INFO] [stdout]    = warning: this was previously accepted by the compiler but is being phased out; it will become a hard error in a future release!
[INFO] [stdout]    = note: for more information, see issue #83583 <https://github.com/rust-lang/rust/issues/83583>
[INFO] [stdout]    = note: this warning originates in the derive macro `QueryId` which comes from the expansion of the macro `table` (in Nightly builds, run with -Z macro-backtrace for more info)
[INFO] [stdout] 
[INFO] [stdout] 
[INFO] [stdout] warning: cannot find type `id` in this scope
[INFO] [stdout]   --> src/schema.rs:8:1
[INFO] [stdout]    |
[INFO] [stdout] 8  | / table! {
[INFO] [stdout] 9  | |     todos (id) {
[INFO] [stdout] 10 | |         id -> Int4,
[INFO] [stdout] 11 | |         title -> Text,
[INFO] [stdout] ...  |
[INFO] [stdout] 14 | |     }
[INFO] [stdout] 15 | | }
[INFO] [stdout]    | |_^ names from parent modules are not accessible without an explicit import
[INFO] [stdout]    |
[INFO] [stdout]    = warning: this was previously accepted by the compiler but is being phased out; it will become a hard error in a future release!
[INFO] [stdout]    = note: for more information, see issue #83583 <https://github.com/rust-lang/rust/issues/83583>
[INFO] [stdout]    = note: this warning originates in the derive macro `QueryId` which comes from the expansion of the macro `table` (in Nightly builds, run with -Z macro-backtrace for more info)
[INFO] [stdout] 
[INFO] [stdout] 
[INFO] [stdout] warning: cannot find type `title` in this scope
[INFO] [stdout]   --> src/schema.rs:8:1
[INFO] [stdout]    |
[INFO] [stdout] 8  | / table! {
[INFO] [stdout] 9  | |     todos (id) {
[INFO] [stdout] 10 | |         id -> Int4,
[INFO] [stdout] 11 | |         title -> Text,
[INFO] [stdout] ...  |
[INFO] [stdout] 14 | |     }
[INFO] [stdout] 15 | | }
[INFO] [stdout]    | |_^ names from parent modules are not accessible without an explicit import
[INFO] [stdout]    |
[INFO] [stdout]    = warning: this was previously accepted by the compiler but is being phased out; it will become a hard error in a future release!
[INFO] [stdout]    = note: for more information, see issue #83583 <https://github.com/rust-lang/rust/issues/83583>
[INFO] [stdout]    = note: this warning originates in the derive macro `QueryId` which comes from the expansion of the macro `table` (in Nightly builds, run with -Z macro-backtrace for more info)
[INFO] [stdout] 
[INFO] [stdout] 
[INFO] [stdout] warning: cannot find type `is_completed` in this scope
[INFO] [stdout]   --> src/schema.rs:8:1
[INFO] [stdout]    |
[INFO] [stdout] 8  | / table! {
[INFO] [stdout] 9  | |     todos (id) {
[INFO] [stdout] 10 | |         id -> Int4,
[INFO] [stdout] 11 | |         title -> Text,
[INFO] [stdout] ...  |
[INFO] [stdout] 14 | |     }
[INFO] [stdout] 15 | | }
[INFO] [stdout]    | |_^ names from parent modules are not accessible without an explicit import
[INFO] [stdout]    |
[INFO] [stdout]    = warning: this was previously accepted by the compiler but is being phased out; it will become a hard error in a future release!
[INFO] [stdout]    = note: for more information, see issue #83583 <https://github.com/rust-lang/rust/issues/83583>
[INFO] [stdout]    = note: this warning originates in the derive macro `QueryId` which comes from the expansion of the macro `table` (in Nightly builds, run with -Z macro-backtrace for more info)
[INFO] [stdout] 
[INFO] [stdout] 
[INFO] [stdout] warning: cannot find type `list_id` in this scope
[INFO] [stdout]   --> src/schema.rs:8:1
[INFO] [stdout]    |
[INFO] [stdout] 8  | / table! {
[INFO] [stdout] 9  | |     todos (id) {
[INFO] [stdout] 10 | |         id -> Int4,
[INFO] [stdout] 11 | |         title -> Text,
[INFO] [stdout] ...  |
[INFO] [stdout] 14 | |     }
[INFO] [stdout] 15 | | }
[INFO] [stdout]    | |_^ names from parent modules are not accessible without an explicit import
[INFO] [stdout]    |
[INFO] [stdout]    = warning: this was previously accepted by the compiler but is being phased out; it will become a hard error in a future release!
[INFO] [stdout]    = note: for more information, see issue #83583 <https://github.com/rust-lang/rust/issues/83583>
[INFO] [stdout]    = note: this warning originates in the derive macro `QueryId` which comes from the expansion of the macro `table` (in Nightly builds, run with -Z macro-backtrace for more info)
[INFO] [stdout] 
[INFO] [stdout] 
[INFO] [stdout] warning: cannot find type `List` in this scope
[INFO] [stdout]  --> src/models.rs:3:10
[INFO] [stdout]   |
[INFO] [stdout] 3 | #[derive(Queryable)]
[INFO] [stdout]   |          ^^^^^^^^^ names from parent modules are not accessible without an explicit import
[INFO] [stdout]   |
[INFO] [stdout]   = warning: this was previously accepted by the compiler but is being phased out; it will become a hard error in a future release!
[INFO] [stdout]   = note: for more information, see issue #83583 <https://github.com/rust-lang/rust/issues/83583>
[INFO] [stdout]   = note: this warning originates in the derive macro `Queryable` (in Nightly builds, run with -Z macro-backtrace for more info)
[INFO] [stdout] 
[INFO] [stdout] 
[INFO] [stdout] warning: cannot find type `lists` in this scope
[INFO] [stdout]  --> src/models.rs:9:10
[INFO] [stdout]   |
[INFO] [stdout] 9 | #[derive(Insertable)]
[INFO] [stdout]   |          ^^^^^^^^^^ names from parent modules are not accessible without an explicit import
[INFO] [stdout]   |
[INFO] [stdout]   = warning: this was previously accepted by the compiler but is being phased out; it will become a hard error in a future release!
[INFO] [stdout]   = note: for more information, see issue #83583 <https://github.com/rust-lang/rust/issues/83583>
[INFO] [stdout]   = note: this warning originates in the derive macro `Insertable` (in Nightly builds, run with -Z macro-backtrace for more info)
[INFO] [stdout] 
[INFO] [stdout] 
[INFO] [stdout] warning: cannot find type `NewList` in this scope
[INFO] [stdout]  --> src/models.rs:9:10
[INFO] [stdout]   |
[INFO] [stdout] 9 | #[derive(Insertable)]
[INFO] [stdout]   |          ^^^^^^^^^^ names from parent modules are not accessible without an explicit import
[INFO] [stdout]   |
[INFO] [stdout]   = warning: this was previously accepted by the compiler but is being phased out; it will become a hard error in a future release!
[INFO] [stdout]   = note: for more information, see issue #83583 <https://github.com/rust-lang/rust/issues/83583>
[INFO] [stdout]   = note: this warning originates in the derive macro `Insertable` (in Nightly builds, run with -Z macro-backtrace for more info)
[INFO] [stdout] 
[INFO] [stdout] 
[INFO] [stdout] warning: cannot find type `Todo` in this scope
[INFO] [stdout]   --> src/models.rs:15:10
[INFO] [stdout]    |
[INFO] [stdout] 15 | #[derive(Queryable, Debug)]
[INFO] [stdout]    |          ^^^^^^^^^ names from parent modules are not accessible without an explicit import
[INFO] [stdout]    |
[INFO] [stdout]    = warning: this was previously accepted by the compiler but is being phased out; it will become a hard error in a future release!
[INFO] [stdout]    = note: for more information, see issue #83583 <https://github.com/rust-lang/rust/issues/83583>
[INFO] [stdout]    = note: this warning originates in the derive macro `Queryable` (in Nightly builds, run with -Z macro-backtrace for more info)
[INFO] [stdout] 
[INFO] [stdout] 
[INFO] [stdout] warning: cannot find type `todos` in this scope
[INFO] [stdout]   --> src/models.rs:23:10
[INFO] [stdout]    |
[INFO] [stdout] 23 | #[derive(Insertable)]
[INFO] [stdout]    |          ^^^^^^^^^^ names from parent modules are not accessible without an explicit import
[INFO] [stdout]    |
[INFO] [stdout]    = warning: this was previously accepted by the compiler but is being phased out; it will become a hard error in a future release!
[INFO] [stdout]    = note: for more information, see issue #83583 <https://github.com/rust-lang/rust/issues/83583>
[INFO] [stdout]    = note: this warning originates in the derive macro `Insertable` (in Nightly builds, run with -Z macro-backtrace for more info)
[INFO] [stdout] 
[INFO] [stdout] 
[INFO] [stdout] warning: cannot find type `NewTodo` in this scope
[INFO] [stdout]   --> src/models.rs:23:10
[INFO] [stdout]    |
[INFO] [stdout] 23 | #[derive(Insertable)]
[INFO] [stdout]    |          ^^^^^^^^^^ names from parent modules are not accessible without an explicit import
[INFO] [stdout]    |
[INFO] [stdout]    = warning: this was previously accepted by the compiler but is being phased out; it will become a hard error in a future release!
[INFO] [stdout]    = note: for more information, see issue #83583 <https://github.com/rust-lang/rust/issues/83583>
[INFO] [stdout]    = note: this warning originates in the derive macro `Insertable` (in Nightly builds, run with -Z macro-backtrace for more info)
[INFO] [stdout] 
[INFO] [stdout] 
[INFO] [stdout] warning: 14 warnings emitted
[INFO] [stdout] 
[INFO] [stdout] 
[INFO] [stderr]     Finished dev [unoptimized + debuginfo] target(s) in 16.16s
[INFO] [stderr] warning: the following packages contain code that will be rejected by a future version of Rust: diesel v1.3.2, syn v0.13.11, todo-rs v0.1.0 (/opt/rustwide/workdir)
[INFO] [stderr] note: to see what the problems were, use the option `--future-incompat-report`, or run `cargo report future-incompatibilities --id 1`
[INFO] running `Command { std: "docker" "inspect" "e87c8e1767f4d94397f3c54300f882aded6f1b2e0fa9ff63ee4b000f03e7a92b", kill_on_drop: false }`
[INFO] running `Command { std: "docker" "rm" "-f" "e87c8e1767f4d94397f3c54300f882aded6f1b2e0fa9ff63ee4b000f03e7a92b", kill_on_drop: false }`
[INFO] [stdout] e87c8e1767f4d94397f3c54300f882aded6f1b2e0fa9ff63ee4b000f03e7a92b
[INFO] running `Command { std: "docker" "create" "-v" "/var/lib/crater-agent-workspace/builds/worker-2-tc2/target:/opt/rustwide/target:rw,Z" "-v" "/var/lib/crater-agent-workspace/builds/worker-2-tc2/source:/opt/rustwide/workdir:ro,Z" "-v" "/var/lib/crater-agent-workspace/cargo-home:/opt/rustwide/cargo-home:ro,Z" "-v" "/var/lib/crater-agent-workspace/rustup-home:/opt/rustwide/rustup-home:ro,Z" "-e" "SOURCE_DIR=/opt/rustwide/workdir" "-e" "CARGO_TARGET_DIR=/opt/rustwide/target" "-e" "CARGO_INCREMENTAL=0" "-e" "RUST_BACKTRACE=full" "-e" "RUSTFLAGS=--cap-lints=warn" "-e" "RUSTDOCFLAGS=--cap-lints=warn" "-e" "CARGO_HOME=/opt/rustwide/cargo-home" "-e" "RUSTUP_HOME=/opt/rustwide/rustup-home" "-w" "/opt/rustwide/workdir" "-m" "1610612736" "--user" "0:0" "--network" "none" "ghcr.io/rust-lang/crates-build-env/linux@sha256:5ff2268d62e97bff2cde7d5815dd6ed5b47097566f13b8d0ca110b04b60e07ed" "/opt/rustwide/cargo-home/bin/cargo" "+beta-2023-04-20" "test" "--frozen" "--no-run" "--message-format=json", kill_on_drop: false }`
[INFO] [stdout] 5822725254e015a1495a745e44b555b359d81feac040e0d4ec7c0e967b9a2eb1
[INFO] running `Command { std: "docker" "start" "-a" "5822725254e015a1495a745e44b555b359d81feac040e0d4ec7c0e967b9a2eb1", kill_on_drop: false }`
[INFO] [stderr]    Compiling todo-rs v0.1.0 (/opt/rustwide/workdir)
[INFO] [stdout] warning: cannot find type `table` in this scope
[INFO] [stdout]  --> src/schema.rs:1:1
[INFO] [stdout]   |
[INFO] [stdout] 1 | / table! {
[INFO] [stdout] 2 | |     lists (id) {
[INFO] [stdout] 3 | |         id -> Int4,
[INFO] [stdout] 4 | |         title -> Text,
[INFO] [stdout] 5 | |     }
[INFO] [stdout] 6 | | }
[INFO] [stdout]   | |_^ names from parent modules are not accessible without an explicit import
[INFO] [stdout]   |
[INFO] [stdout]   = warning: this was previously accepted by the compiler but is being phased out; it will become a hard error in a future release!
[INFO] [stdout]   = note: for more information, see issue #83583 <https://github.com/rust-lang/rust/issues/83583>
[INFO] [stdout]   = note: `#[warn(proc_macro_derive_resolution_fallback)]` on by default
[INFO] [stdout]   = note: this warning originates in the derive macro `QueryId` which comes from the expansion of the macro `table` (in Nightly builds, run with -Z macro-backtrace for more info)
[INFO] [stdout] 
[INFO] [stdout] 
[INFO] [stdout] warning: cannot find type `id` in this scope
[INFO] [stdout]  --> src/schema.rs:1:1
[INFO] [stdout]   |
[INFO] [stdout] 1 | / table! {
[INFO] [stdout] 2 | |     lists (id) {
[INFO] [stdout] 3 | |         id -> Int4,
[INFO] [stdout] 4 | |         title -> Text,
[INFO] [stdout] 5 | |     }
[INFO] [stdout] 6 | | }
[INFO] [stdout]   | |_^ names from parent modules are not accessible without an explicit import
[INFO] [stdout]   |
[INFO] [stdout]   = warning: this was previously accepted by the compiler but is being phased out; it will become a hard error in a future release!
[INFO] [stdout]   = note: for more information, see issue #83583 <https://github.com/rust-lang/rust/issues/83583>
[INFO] [stdout]   = note: this warning originates in the derive macro `QueryId` which comes from the expansion of the macro `table` (in Nightly builds, run with -Z macro-backtrace for more info)
[INFO] [stdout] 
[INFO] [stdout] 
[INFO] [stdout] warning: cannot find type `title` in this scope
[INFO] [stdout]  --> src/schema.rs:1:1
[INFO] [stdout]   |
[INFO] [stdout] 1 | / table! {
[INFO] [stdout] 2 | |     lists (id) {
[INFO] [stdout] 3 | |         id -> Int4,
[INFO] [stdout] 4 | |         title -> Text,
[INFO] [stdout] 5 | |     }
[INFO] [stdout] 6 | | }
[INFO] [stdout]   | |_^ names from parent modules are not accessible without an explicit import
[INFO] [stdout]   |
[INFO] [stdout]   = warning: this was previously accepted by the compiler but is being phased out; it will become a hard error in a future release!
[INFO] [stdout]   = note: for more information, see issue #83583 <https://github.com/rust-lang/rust/issues/83583>
[INFO] [stdout]   = note: this warning originates in the derive macro `QueryId` which comes from the expansion of the macro `table` (in Nightly builds, run with -Z macro-backtrace for more info)
[INFO] [stdout] 
[INFO] [stdout] 
[INFO] [stdout] warning: cannot find type `table` in this scope
[INFO] [stdout]   --> src/schema.rs:8:1
[INFO] [stdout]    |
[INFO] [stdout] 8  | / table! {
[INFO] [stdout] 9  | |     todos (id) {
[INFO] [stdout] 10 | |         id -> Int4,
[INFO] [stdout] 11 | |         title -> Text,
[INFO] [stdout] ...  |
[INFO] [stdout] 14 | |     }
[INFO] [stdout] 15 | | }
[INFO] [stdout]    | |_^ names from parent modules are not accessible without an explicit import
[INFO] [stdout]    |
[INFO] [stdout]    = warning: this was previously accepted by the compiler but is being phased out; it will become a hard error in a future release!
[INFO] [stdout]    = note: for more information, see issue #83583 <https://github.com/rust-lang/rust/issues/83583>
[INFO] [stdout]    = note: this warning originates in the derive macro `QueryId` which comes from the expansion of the macro `table` (in Nightly builds, run with -Z macro-backtrace for more info)
[INFO] [stdout] 
[INFO] [stdout] 
[INFO] [stdout] warning: cannot find type `id` in this scope
[INFO] [stdout]   --> src/schema.rs:8:1
[INFO] [stdout]    |
[INFO] [stdout] 8  | / table! {
[INFO] [stdout] 9  | |     todos (id) {
[INFO] [stdout] 10 | |         id -> Int4,
[INFO] [stdout] 11 | |         title -> Text,
[INFO] [stdout] ...  |
[INFO] [stdout] 14 | |     }
[INFO] [stdout] 15 | | }
[INFO] [stdout]    | |_^ names from parent modules are not accessible without an explicit import
[INFO] [stdout]    |
[INFO] [stdout]    = warning: this was previously accepted by the compiler but is being phased out; it will become a hard error in a future release!
[INFO] [stdout]    = note: for more information, see issue #83583 <https://github.com/rust-lang/rust/issues/83583>
[INFO] [stdout]    = note: this warning originates in the derive macro `QueryId` which comes from the expansion of the macro `table` (in Nightly builds, run with -Z macro-backtrace for more info)
[INFO] [stdout] 
[INFO] [stdout] 
[INFO] [stdout] warning: cannot find type `title` in this scope
[INFO] [stdout]   --> src/schema.rs:8:1
[INFO] [stdout]    |
[INFO] [stdout] 8  | / table! {
[INFO] [stdout] 9  | |     todos (id) {
[INFO] [stdout] 10 | |         id -> Int4,
[INFO] [stdout] 11 | |         title -> Text,
[INFO] [stdout] ...  |
[INFO] [stdout] 14 | |     }
[INFO] [stdout] 15 | | }
[INFO] [stdout]    | |_^ names from parent modules are not accessible without an explicit import
[INFO] [stdout]    |
[INFO] [stdout]    = warning: this was previously accepted by the compiler but is being phased out; it will become a hard error in a future release!
[INFO] [stdout]    = note: for more information, see issue #83583 <https://github.com/rust-lang/rust/issues/83583>
[INFO] [stdout]    = note: this warning originates in the derive macro `QueryId` which comes from the expansion of the macro `table` (in Nightly builds, run with -Z macro-backtrace for more info)
[INFO] [stdout] 
[INFO] [stdout] 
[INFO] [stdout] warning: cannot find type `is_completed` in this scope
[INFO] [stdout]   --> src/schema.rs:8:1
[INFO] [stdout]    |
[INFO] [stdout] 8  | / table! {
[INFO] [stdout] 9  | |     todos (id) {
[INFO] [stdout] 10 | |         id -> Int4,
[INFO] [stdout] 11 | |         title -> Text,
[INFO] [stdout] ...  |
[INFO] [stdout] 14 | |     }
[INFO] [stdout] 15 | | }
[INFO] [stdout]    | |_^ names from parent modules are not accessible without an explicit import
[INFO] [stdout]    |
[INFO] [stdout]    = warning: this was previously accepted by the compiler but is being phased out; it will become a hard error in a future release!
[INFO] [stdout]    = note: for more information, see issue #83583 <https://github.com/rust-lang/rust/issues/83583>
[INFO] [stdout]    = note: this warning originates in the derive macro `QueryId` which comes from the expansion of the macro `table` (in Nightly builds, run with -Z macro-backtrace for more info)
[INFO] [stdout] 
[INFO] [stdout] 
[INFO] [stdout] warning: cannot find type `list_id` in this scope
[INFO] [stdout]   --> src/schema.rs:8:1
[INFO] [stdout]    |
[INFO] [stdout] 8  | / table! {
[INFO] [stdout] 9  | |     todos (id) {
[INFO] [stdout] 10 | |         id -> Int4,
[INFO] [stdout] 11 | |         title -> Text,
[INFO] [stdout] ...  |
[INFO] [stdout] 14 | |     }
[INFO] [stdout] 15 | | }
[INFO] [stdout]    | |_^ names from parent modules are not accessible without an explicit import
[INFO] [stdout]    |
[INFO] [stdout]    = warning: this was previously accepted by the compiler but is being phased out; it will become a hard error in a future release!
[INFO] [stdout]    = note: for more information, see issue #83583 <https://github.com/rust-lang/rust/issues/83583>
[INFO] [stdout]    = note: this warning originates in the derive macro `QueryId` which comes from the expansion of the macro `table` (in Nightly builds, run with -Z macro-backtrace for more info)
[INFO] [stdout] 
[INFO] [stdout] 
[INFO] [stdout] warning: cannot find type `List` in this scope
[INFO] [stdout]  --> src/models.rs:3:10
[INFO] [stdout]   |
[INFO] [stdout] 3 | #[derive(Queryable)]
[INFO] [stdout]   |          ^^^^^^^^^ names from parent modules are not accessible without an explicit import
[INFO] [stdout]   |
[INFO] [stdout]   = warning: this was previously accepted by the compiler but is being phased out; it will become a hard error in a future release!
[INFO] [stdout]   = note: for more information, see issue #83583 <https://github.com/rust-lang/rust/issues/83583>
[INFO] [stdout]   = note: this warning originates in the derive macro `Queryable` (in Nightly builds, run with -Z macro-backtrace for more info)
[INFO] [stdout] 
[INFO] [stdout] 
[INFO] [stdout] warning: cannot find type `lists` in this scope
[INFO] [stdout]  --> src/models.rs:9:10
[INFO] [stdout]   |
[INFO] [stdout] 9 | #[derive(Insertable)]
[INFO] [stdout]   |          ^^^^^^^^^^ names from parent modules are not accessible without an explicit import
[INFO] [stdout]   |
[INFO] [stdout]   = warning: this was previously accepted by the compiler but is being phased out; it will become a hard error in a future release!
[INFO] [stdout]   = note: for more information, see issue #83583 <https://github.com/rust-lang/rust/issues/83583>
[INFO] [stdout]   = note: this warning originates in the derive macro `Insertable` (in Nightly builds, run with -Z macro-backtrace for more info)
[INFO] [stdout] 
[INFO] [stdout] 
[INFO] [stdout] warning: cannot find type `NewList` in this scope
[INFO] [stdout]  --> src/models.rs:9:10
[INFO] [stdout]   |
[INFO] [stdout] 9 | #[derive(Insertable)]
[INFO] [stdout]   |          ^^^^^^^^^^ names from parent modules are not accessible without an explicit import
[INFO] [stdout]   |
[INFO] [stdout]   = warning: this was previously accepted by the compiler but is being phased out; it will become a hard error in a future release!
[INFO] [stdout]   = note: for more information, see issue #83583 <https://github.com/rust-lang/rust/issues/83583>
[INFO] [stdout]   = note: this warning originates in the derive macro `Insertable` (in Nightly builds, run with -Z macro-backtrace for more info)
[INFO] [stdout] 
[INFO] [stdout] 
[INFO] [stdout] warning: cannot find type `Todo` in this scope
[INFO] [stdout]   --> src/models.rs:15:10
[INFO] [stdout]    |
[INFO] [stdout] 15 | #[derive(Queryable, Debug)]
[INFO] [stdout]    |          ^^^^^^^^^ names from parent modules are not accessible without an explicit import
[INFO] [stdout]    |
[INFO] [stdout]    = warning: this was previously accepted by the compiler but is being phased out; it will become a hard error in a future release!
[INFO] [stdout]    = note: for more information, see issue #83583 <https://github.com/rust-lang/rust/issues/83583>
[INFO] [stdout]    = note: this warning originates in the derive macro `Queryable` (in Nightly builds, run with -Z macro-backtrace for more info)
[INFO] [stdout] 
[INFO] [stdout] 
[INFO] [stdout] warning: cannot find type `todos` in this scope
[INFO] [stdout]   --> src/models.rs:23:10
[INFO] [stdout]    |
[INFO] [stdout] 23 | #[derive(Insertable)]
[INFO] [stdout]    |          ^^^^^^^^^^ names from parent modules are not accessible without an explicit import
[INFO] [stdout]    |
[INFO] [stdout]    = warning: this was previously accepted by the compiler but is being phased out; it will become a hard error in a future release!
[INFO] [stdout]    = note: for more information, see issue #83583 <https://github.com/rust-lang/rust/issues/83583>
[INFO] [stdout]    = note: this warning originates in the derive macro `Insertable` (in Nightly builds, run with -Z macro-backtrace for more info)
[INFO] [stdout] 
[INFO] [stdout] 
[INFO] [stdout] warning: cannot find type `NewTodo` in this scope
[INFO] [stdout]   --> src/models.rs:23:10
[INFO] [stdout]    |
[INFO] [stdout] 23 | #[derive(Insertable)]
[INFO] [stdout]    |          ^^^^^^^^^^ names from parent modules are not accessible without an explicit import
[INFO] [stdout]    |
[INFO] [stdout]    = warning: this was previously accepted by the compiler but is being phased out; it will become a hard error in a future release!
[INFO] [stdout]    = note: for more information, see issue #83583 <https://github.com/rust-lang/rust/issues/83583>
[INFO] [stdout]    = note: this warning originates in the derive macro `Insertable` (in Nightly builds, run with -Z macro-backtrace for more info)
[INFO] [stdout] 
[INFO] [stdout] 
[INFO] [stdout] warning: 14 warnings emitted
[INFO] [stdout] 
[INFO] [stdout] 
[INFO] [stderr]     Finished test [unoptimized + debuginfo] target(s) in 0.81s
[INFO] [stderr] warning: the following packages contain code that will be rejected by a future version of Rust: diesel v1.3.2, syn v0.13.11, todo-rs v0.1.0 (/opt/rustwide/workdir)
[INFO] [stderr] note: to see what the problems were, use the option `--future-incompat-report`, or run `cargo report future-incompatibilities --id 1`
[INFO] running `Command { std: "docker" "inspect" "5822725254e015a1495a745e44b555b359d81feac040e0d4ec7c0e967b9a2eb1", kill_on_drop: false }`
[INFO] running `Command { std: "docker" "rm" "-f" "5822725254e015a1495a745e44b555b359d81feac040e0d4ec7c0e967b9a2eb1", kill_on_drop: false }`
[INFO] [stdout] 5822725254e015a1495a745e44b555b359d81feac040e0d4ec7c0e967b9a2eb1
[INFO] running `Command { std: "docker" "create" "-v" "/var/lib/crater-agent-workspace/builds/worker-2-tc2/target:/opt/rustwide/target:rw,Z" "-v" "/var/lib/crater-agent-workspace/builds/worker-2-tc2/source:/opt/rustwide/workdir:ro,Z" "-v" "/var/lib/crater-agent-workspace/cargo-home:/opt/rustwide/cargo-home:ro,Z" "-v" "/var/lib/crater-agent-workspace/rustup-home:/opt/rustwide/rustup-home:ro,Z" "-e" "SOURCE_DIR=/opt/rustwide/workdir" "-e" "CARGO_TARGET_DIR=/opt/rustwide/target" "-e" "CARGO_INCREMENTAL=0" "-e" "RUST_BACKTRACE=full" "-e" "RUSTFLAGS=--cap-lints=warn" "-e" "RUSTDOCFLAGS=--cap-lints=warn" "-e" "CARGO_HOME=/opt/rustwide/cargo-home" "-e" "RUSTUP_HOME=/opt/rustwide/rustup-home" "-w" "/opt/rustwide/workdir" "-m" "1610612736" "--user" "0:0" "--network" "none" "ghcr.io/rust-lang/crates-build-env/linux@sha256:5ff2268d62e97bff2cde7d5815dd6ed5b47097566f13b8d0ca110b04b60e07ed" "/opt/rustwide/cargo-home/bin/cargo" "+beta-2023-04-20" "test" "--frozen", kill_on_drop: false }`
[INFO] [stdout] 88b4374a7ac6eea3e15b4ea92fa60f3a49082ff018d8ba7e70010b8a8c7166ee
[INFO] running `Command { std: "docker" "start" "-a" "88b4374a7ac6eea3e15b4ea92fa60f3a49082ff018d8ba7e70010b8a8c7166ee", kill_on_drop: false }`
[INFO] [stderr] warning: cannot find type `table` in this scope
[INFO] [stderr]  --> src/schema.rs:1:1
[INFO] [stderr]   |
[INFO] [stderr] 1 | / table! {
[INFO] [stderr] 2 | |     lists (id) {
[INFO] [stderr] 3 | |         id -> Int4,
[INFO] [stderr] 4 | |         title -> Text,
[INFO] [stderr] 5 | |     }
[INFO] [stderr] 6 | | }
[INFO] [stderr]   | |_^ names from parent modules are not accessible without an explicit import
[INFO] [stderr]   |
[INFO] [stderr]   = warning: this was previously accepted by the compiler but is being phased out; it will become a hard error in a future release!
[INFO] [stderr]   = note: for more information, see issue #83583 <https://github.com/rust-lang/rust/issues/83583>
[INFO] [stderr]   = note: `#[warn(proc_macro_derive_resolution_fallback)]` on by default
[INFO] [stderr]   = note: this warning originates in the derive macro `QueryId` which comes from the expansion of the macro `table` (in Nightly builds, run with -Z macro-backtrace for more info)
[INFO] [stderr] 
[INFO] [stderr] warning: cannot find type `id` in this scope
[INFO] [stderr]  --> src/schema.rs:1:1
[INFO] [stderr]   |
[INFO] [stderr] 1 | / table! {
[INFO] [stderr] 2 | |     lists (id) {
[INFO] [stderr] 3 | |         id -> Int4,
[INFO] [stderr] 4 | |         title -> Text,
[INFO] [stderr] 5 | |     }
[INFO] [stderr] 6 | | }
[INFO] [stderr]   | |_^ names from parent modules are not accessible without an explicit import
[INFO] [stderr]   |
[INFO] [stderr]   = warning: this was previously accepted by the compiler but is being phased out; it will become a hard error in a future release!
[INFO] [stderr]   = note: for more information, see issue #83583 <https://github.com/rust-lang/rust/issues/83583>
[INFO] [stderr]   = note: this warning originates in the derive macro `QueryId` which comes from the expansion of the macro `table` (in Nightly builds, run with -Z macro-backtrace for more info)
[INFO] [stderr] 
[INFO] [stderr] warning: cannot find type `title` in this scope
[INFO] [stderr]  --> src/schema.rs:1:1
[INFO] [stderr]   |
[INFO] [stderr] 1 | / table! {
[INFO] [stderr] 2 | |     lists (id) {
[INFO] [stderr] 3 | |         id -> Int4,
[INFO] [stderr] 4 | |         title -> Text,
[INFO] [stderr] 5 | |     }
[INFO] [stderr] 6 | | }
[INFO] [stderr]   | |_^ names from parent modules are not accessible without an explicit import
[INFO] [stderr]   |
[INFO] [stderr]   = warning: this was previously accepted by the compiler but is being phased out; it will become a hard error in a future release!
[INFO] [stderr]   = note: for more information, see issue #83583 <https://github.com/rust-lang/rust/issues/83583>
[INFO] [stderr]   = note: this warning originates in the derive macro `QueryId` which comes from the expansion of the macro `table` (in Nightly builds, run with -Z macro-backtrace for more info)
[INFO] [stderr] 
[INFO] [stderr] warning: cannot find type `table` in this scope
[INFO] [stderr]   --> src/schema.rs:8:1
[INFO] [stderr]    |
[INFO] [stderr] 8  | / table! {
[INFO] [stderr] 9  | |     todos (id) {
[INFO] [stderr] 10 | |         id -> Int4,
[INFO] [stderr] 11 | |         title -> Text,
[INFO] [stderr] ...  |
[INFO] [stderr] 14 | |     }
[INFO] [stderr] 15 | | }
[INFO] [stderr]    | |_^ names from parent modules are not accessible without an explicit import
[INFO] [stderr]    |
[INFO] [stderr]    = warning: this was previously accepted by the compiler but is being phased out; it will become a hard error in a future release!
[INFO] [stderr]    = note: for more information, see issue #83583 <https://github.com/rust-lang/rust/issues/83583>
[INFO] [stderr]    = note: this warning originates in the derive macro `QueryId` which comes from the expansion of the macro `table` (in Nightly builds, run with -Z macro-backtrace for more info)
[INFO] [stderr] 
[INFO] [stderr] warning: cannot find type `id` in this scope
[INFO] [stderr]   --> src/schema.rs:8:1
[INFO] [stderr]    |
[INFO] [stderr] 8  | / table! {
[INFO] [stderr] 9  | |     todos (id) {
[INFO] [stderr] 10 | |         id -> Int4,
[INFO] [stderr] 11 | |         title -> Text,
[INFO] [stderr] ...  |
[INFO] [stderr] 14 | |     }
[INFO] [stderr] 15 | | }
[INFO] [stderr]    | |_^ names from parent modules are not accessible without an explicit import
[INFO] [stderr]    |
[INFO] [stderr]    = warning: this was previously accepted by the compiler but is being phased out; it will become a hard error in a future release!
[INFO] [stderr]    = note: for more information, see issue #83583 <https://github.com/rust-lang/rust/issues/83583>
[INFO] [stderr]    = note: this warning originates in the derive macro `QueryId` which comes from the expansion of the macro `table` (in Nightly builds, run with -Z macro-backtrace for more info)
[INFO] [stderr] 
[INFO] [stderr] warning: cannot find type `title` in this scope
[INFO] [stderr]   --> src/schema.rs:8:1
[INFO] [stderr]    |
[INFO] [stderr] 8  | / table! {
[INFO] [stderr] 9  | |     todos (id) {
[INFO] [stderr] 10 | |         id -> Int4,
[INFO] [stderr] 11 | |         title -> Text,
[INFO] [stderr] ...  |
[INFO] [stderr] 14 | |     }
[INFO] [stderr] 15 | | }
[INFO] [stderr]    | |_^ names from parent modules are not accessible without an explicit import
[INFO] [stderr]    |
[INFO] [stderr]    = warning: this was previously accepted by the compiler but is being phased out; it will become a hard error in a future release!
[INFO] [stderr]    = note: for more information, see issue #83583 <https://github.com/rust-lang/rust/issues/83583>
[INFO] [stderr]    = note: this warning originates in the derive macro `QueryId` which comes from the expansion of the macro `table` (in Nightly builds, run with -Z macro-backtrace for more info)
[INFO] [stderr] 
[INFO] [stderr] warning: cannot find type `is_completed` in this scope
[INFO] [stderr]   --> src/schema.rs:8:1
[INFO] [stderr]    |
[INFO] [stderr] 8  | / table! {
[INFO] [stderr] 9  | |     todos (id) {
[INFO] [stderr] 10 | |         id -> Int4,
[INFO] [stderr] 11 | |         title -> Text,
[INFO] [stderr] ...  |
[INFO] [stderr] 14 | |     }
[INFO] [stderr] 15 | | }
[INFO] [stderr]    | |_^ names from parent modules are not accessible without an explicit import
[INFO] [stderr]    |
[INFO] [stderr]    = warning: this was previously accepted by the compiler but is being phased out; it will become a hard error in a future release!
[INFO] [stderr]    = note: for more information, see issue #83583 <https://github.com/rust-lang/rust/issues/83583>
[INFO] [stderr]    = note: this warning originates in the derive macro `QueryId` which comes from the expansion of the macro `table` (in Nightly builds, run with -Z macro-backtrace for more info)
[INFO] [stderr] 
[INFO] [stderr] warning: cannot find type `list_id` in this scope
[INFO] [stderr]   --> src/schema.rs:8:1
[INFO] [stderr]    |
[INFO] [stderr] 8  | / table! {
[INFO] [stderr] 9  | |     todos (id) {
[INFO] [stderr] 10 | |         id -> Int4,
[INFO] [stderr] 11 | |         title -> Text,
[INFO] [stderr] ...  |
[INFO] [stderr] 14 | |     }
[INFO] [stderr] 15 | | }
[INFO] [stderr]    | |_^ names from parent modules are not accessible without an explicit import
[INFO] [stderr]    |
[INFO] [stderr]    = warning: this was previously accepted by the compiler but is being phased out; it will become a hard error in a future release!
[INFO] [stderr]    = note: for more information, see issue #83583 <https://github.com/rust-lang/rust/issues/83583>
[INFO] [stderr]    = note: this warning originates in the derive macro `QueryId` which comes from the expansion of the macro `table` (in Nightly builds, run with -Z macro-backtrace for more info)
[INFO] [stderr] 
[INFO] [stderr] warning: cannot find type `List` in this scope
[INFO] [stderr]  --> src/models.rs:3:10
[INFO] [stderr]   |
[INFO] [stderr] 3 | #[derive(Queryable)]
[INFO] [stderr]   |          ^^^^^^^^^ names from parent modules are not accessible without an explicit import
[INFO] [stderr]   |
[INFO] [stderr]   = warning: this was previously accepted by the compiler but is being phased out; it will become a hard error in a future release!
[INFO] [stderr]   = note: for more information, see issue #83583 <https://github.com/rust-lang/rust/issues/83583>
[INFO] [stderr]   = note: this warning originates in the derive macro `Queryable` (in Nightly builds, run with -Z macro-backtrace for more info)
[INFO] [stderr] 
[INFO] [stderr] warning: cannot find type `lists` in this scope
[INFO] [stderr]  --> src/models.rs:9:10
[INFO] [stderr]   |
[INFO] [stderr] 9 | #[derive(Insertable)]
[INFO] [stderr]   |          ^^^^^^^^^^ names from parent modules are not accessible without an explicit import
[INFO] [stderr]   |
[INFO] [stderr]   = warning: this was previously accepted by the compiler but is being phased out; it will become a hard error in a future release!
[INFO] [stderr]   = note: for more information, see issue #83583 <https://github.com/rust-lang/rust/issues/83583>
[INFO] [stderr]   = note: this warning originates in the derive macro `Insertable` (in Nightly builds, run with -Z macro-backtrace for more info)
[INFO] [stderr] 
[INFO] [stderr] warning: cannot find type `NewList` in this scope
[INFO] [stderr]  --> src/models.rs:9:10
[INFO] [stderr]   |
[INFO] [stderr] 9 | #[derive(Insertable)]
[INFO] [stderr]   |          ^^^^^^^^^^ names from parent modules are not accessible without an explicit import
[INFO] [stderr]   |
[INFO] [stderr]   = warning: this was previously accepted by the compiler but is being phased out; it will become a hard error in a future release!
[INFO] [stderr]   = note: for more information, see issue #83583 <https://github.com/rust-lang/rust/issues/83583>
[INFO] [stderr]   = note: this warning originates in the derive macro `Insertable` (in Nightly builds, run with -Z macro-backtrace for more info)
[INFO] [stderr] 
[INFO] [stderr] warning: cannot find type `Todo` in this scope
[INFO] [stderr]   --> src/models.rs:15:10
[INFO] [stderr]    |
[INFO] [stderr] 15 | #[derive(Queryable, Debug)]
[INFO] [stderr]    |          ^^^^^^^^^ names from parent modules are not accessible without an explicit import
[INFO] [stderr]    |
[INFO] [stderr]    = warning: this was previously accepted by the compiler but is being phased out; it will become a hard error in a future release!
[INFO] [stderr]    = note: for more information, see issue #83583 <https://github.com/rust-lang/rust/issues/83583>
[INFO] [stderr]    = note: this warning originates in the derive macro `Queryable` (in Nightly builds, run with -Z macro-backtrace for more info)
[INFO] [stderr] 
[INFO] [stderr] warning: cannot find type `todos` in this scope
[INFO] [stderr]   --> src/models.rs:23:10
[INFO] [stderr]    |
[INFO] [stderr] 23 | #[derive(Insertable)]
[INFO] [stderr]    |          ^^^^^^^^^^ names from parent modules are not accessible without an explicit import
[INFO] [stderr]    |
[INFO] [stderr]    = warning: this was previously accepted by the compiler but is being phased out; it will become a hard error in a future release!
[INFO] [stderr]    = note: for more information, see issue #83583 <https://github.com/rust-lang/rust/issues/83583>
[INFO] [stderr]    = note: this warning originates in the derive macro `Insertable` (in Nightly builds, run with -Z macro-backtrace for more info)
[INFO] [stderr] 
[INFO] [stderr] warning: cannot find type `NewTodo` in this scope
[INFO] [stderr]   --> src/models.rs:23:10
[INFO] [stderr]    |
[INFO] [stderr] 23 | #[derive(Insertable)]
[INFO] [stderr]    |          ^^^^^^^^^^ names from parent modules are not accessible without an explicit import
[INFO] [stderr]    |
[INFO] [stderr]    = warning: this was previously accepted by the compiler but is being phased out; it will become a hard error in a future release!
[INFO] [stderr]    = note: for more information, see issue #83583 <https://github.com/rust-lang/rust/issues/83583>
[INFO] [stderr]    = note: this warning originates in the derive macro `Insertable` (in Nightly builds, run with -Z macro-backtrace for more info)
[INFO] [stderr] 
[INFO] [stderr] warning: `todo-rs` (bin "todo-rs" test) generated 14 warnings
[INFO] [stderr]     Finished test [unoptimized + debuginfo] target(s) in 0.02s
[INFO] [stderr] warning: the following packages contain code that will be rejected by a future version of Rust: diesel v1.3.2, syn v0.13.11, todo-rs v0.1.0 (/opt/rustwide/workdir)
[INFO] [stderr] note: to see what the problems were, use the option `--future-incompat-report`, or run `cargo report future-incompatibilities --id 1`
[INFO] [stderr]      Running unittests src/main.rs (/opt/rustwide/target/debug/deps/todo_rs-c714b261bcb245c6)
[INFO] [stdout] 
[INFO] [stdout] running 2 tests
[INFO] [stdout] test some_toy_tests::test_inserting_todos ... FAILED
[INFO] [stdout] test some_toy_tests::test_some_things ... FAILED
[INFO] [stdout] 
[INFO] [stdout] failures:
[INFO] [stdout] 
[INFO] [stdout] ---- some_toy_tests::test_inserting_todos stdout ----
[INFO] [stdout] thread 'some_toy_tests::test_inserting_todos' panicked at 'DATABASE_URL must be set: NotPresent', src/main.rs:14:10
[INFO] [stdout] stack backtrace:
[INFO] [stdout]    0:     0x557620d96d4a - std::backtrace_rs::backtrace::libunwind::trace::h2f05d0192276a8f6
[INFO] [stdout]                                at /rustc/1b7dd2252b99671ce5d1cb9664c5f8636329436d/library/std/src/../../backtrace/src/backtrace/libunwind.rs:93:5
[INFO] [stdout]    1:     0x557620d96d4a - std::backtrace_rs::backtrace::trace_unsynchronized::hedc23dff7a1af150
[INFO] [stdout]                                at /rustc/1b7dd2252b99671ce5d1cb9664c5f8636329436d/library/std/src/../../backtrace/src/backtrace/mod.rs:66:5
[INFO] [stdout]    2:     0x557620d96d4a - std::sys_common::backtrace::_print_fmt::h17541ef7592f3ce2
[INFO] [stdout]                                at /rustc/1b7dd2252b99671ce5d1cb9664c5f8636329436d/library/std/src/sys_common/backtrace.rs:65:5
[INFO] [stdout]    3:     0x557620d96d4a - <std::sys_common::backtrace::_print::DisplayBacktrace as core::fmt::Display>::fmt::h20f75df5ab0c0792
[INFO] [stdout]                                at /rustc/1b7dd2252b99671ce5d1cb9664c5f8636329436d/library/std/src/sys_common/backtrace.rs:44:22
[INFO] [stdout]    4:     0x557620dbaa0f - core::fmt::write::h78109e6f466b3af6
[INFO] [stdout]                                at /rustc/1b7dd2252b99671ce5d1cb9664c5f8636329436d/library/core/src/fmt/mod.rs:1254:17
[INFO] [stdout]    5:     0x557620d94095 - std::io::Write::write_fmt::hd24bfb68a1b35a25
[INFO] [stdout]                                at /rustc/1b7dd2252b99671ce5d1cb9664c5f8636329436d/library/std/src/io/mod.rs:1698:15
[INFO] [stdout]    6:     0x557620d96b15 - std::sys_common::backtrace::_print::h8dac57a9f8fbf9a5
[INFO] [stdout]                                at /rustc/1b7dd2252b99671ce5d1cb9664c5f8636329436d/library/std/src/sys_common/backtrace.rs:47:5
[INFO] [stdout]    7:     0x557620d96b15 - std::sys_common::backtrace::print::hf9ecbf41d1aa712f
[INFO] [stdout]                                at /rustc/1b7dd2252b99671ce5d1cb9664c5f8636329436d/library/std/src/sys_common/backtrace.rs:34:9
[INFO] [stdout]    8:     0x557620d987ce - std::panicking::default_hook::{{closure}}::h04c07acfc84ca028
[INFO] [stdout]                                at /rustc/1b7dd2252b99671ce5d1cb9664c5f8636329436d/library/std/src/panicking.rs:269:22
[INFO] [stdout]    9:     0x557620d98501 - std::panicking::default_hook::h01f6bb23e1eceb2c
[INFO] [stdout]                                at /rustc/1b7dd2252b99671ce5d1cb9664c5f8636329436d/library/std/src/panicking.rs:285:9
[INFO] [stdout]   10:     0x557620d50ddb - <alloc::boxed::Box<F,A> as core::ops::function::Fn<Args>>::call::h87fe9f7b2fd49e4c
[INFO] [stdout]                                at /rustc/1b7dd2252b99671ce5d1cb9664c5f8636329436d/library/alloc/src/boxed.rs:1987:9
[INFO] [stdout]   11:     0x557620d50ddb - test::test_main::{{closure}}::he94d679243a7531b
[INFO] [stdout]                                at /rustc/1b7dd2252b99671ce5d1cb9664c5f8636329436d/library/test/src/lib.rs:134:21
[INFO] [stdout]   12:     0x557620d98eb4 - <alloc::boxed::Box<F,A> as core::ops::function::Fn<Args>>::call::h3f2d6d8b14c4769f
[INFO] [stdout]                                at /rustc/1b7dd2252b99671ce5d1cb9664c5f8636329436d/library/alloc/src/boxed.rs:1987:9
[INFO] [stdout]   13:     0x557620d98eb4 - std::panicking::rust_panic_with_hook::h2bb3722bbaf2f6df
[INFO] [stdout]                                at /rustc/1b7dd2252b99671ce5d1cb9664c5f8636329436d/library/std/src/panicking.rs:695:13
[INFO] [stdout]   14:     0x557620d98c29 - std::panicking::begin_panic_handler::{{closure}}::h91bc7f36a4be011b
[INFO] [stdout]                                at /rustc/1b7dd2252b99671ce5d1cb9664c5f8636329436d/library/std/src/panicking.rs:582:13
[INFO] [stdout]   15:     0x557620d971b6 - std::sys_common::backtrace::__rust_end_short_backtrace::h8b3d3717114f9e59
[INFO] [stdout]                                at /rustc/1b7dd2252b99671ce5d1cb9664c5f8636329436d/library/std/src/sys_common/backtrace.rs:150:18
[INFO] [stdout]   16:     0x557620d98982 - rust_begin_unwind
[INFO] [stdout]                                at /rustc/1b7dd2252b99671ce5d1cb9664c5f8636329436d/library/std/src/panicking.rs:578:5
[INFO] [stdout]   17:     0x557620d09ba3 - core::panicking::panic_fmt::hfd368e3fbdabea26
[INFO] [stdout]                                at /rustc/1b7dd2252b99671ce5d1cb9664c5f8636329436d/library/core/src/panicking.rs:67:14
[INFO] [stdout]   18:     0x557620d0a0e3 - core::result::unwrap_failed::he54eb4b2f125b26f
[INFO] [stdout]                                at /rustc/1b7dd2252b99671ce5d1cb9664c5f8636329436d/library/core/src/result.rs:1687:5
[INFO] [stdout]   19:     0x557620d0d1f6 - core::result::Result<T,E>::expect::hc14c681a9903ea67
[INFO] [stdout]                                at /rustc/1b7dd2252b99671ce5d1cb9664c5f8636329436d/library/core/src/result.rs:1046:23
[INFO] [stdout]   20:     0x557620d118cb - todo_rs::establish_connection::h734b559388fc06f2
[INFO] [stdout]                                at /opt/rustwide/workdir/src/main.rs:13:24
[INFO] [stdout]   21:     0x557620d12036 - todo_rs::some_toy_tests::test_inserting_todos::h9aac7345424f7ddb
[INFO] [stdout]                                at /opt/rustwide/workdir/src/main.rs:47:20
[INFO] [stdout]   22:     0x557620d12007 - todo_rs::some_toy_tests::test_inserting_todos::{{closure}}::h94b41fd3fc112740
[INFO] [stdout]                                at /opt/rustwide/workdir/src/main.rs:46:31
[INFO] [stdout]   23:     0x557620d0ecf5 - core::ops::function::FnOnce::call_once::h14e67bd46abd714a
[INFO] [stdout]                                at /rustc/1b7dd2252b99671ce5d1cb9664c5f8636329436d/library/core/src/ops/function.rs:250:5
[INFO] [stdout]   24:     0x557620d55caf - core::ops::function::FnOnce::call_once::ha6a70e79f7481a7e
[INFO] [stdout]                                at /rustc/1b7dd2252b99671ce5d1cb9664c5f8636329436d/library/core/src/ops/function.rs:250:5
[INFO] [stdout]   25:     0x557620d55caf - test::__rust_begin_short_backtrace::hce33033019b61e69
[INFO] [stdout]                                at /rustc/1b7dd2252b99671ce5d1cb9664c5f8636329436d/library/test/src/lib.rs:655:18
[INFO] [stdout]   26:     0x557620d2349c - test::run_test::{{closure}}::h858d3528838ae3e5
[INFO] [stdout]                                at /rustc/1b7dd2252b99671ce5d1cb9664c5f8636329436d/library/test/src/lib.rs:646:30
[INFO] [stdout]   27:     0x557620d2349c - core::ops::function::FnOnce::call_once{{vtable.shim}}::he8ac2b00f01ae79e
[INFO] [stdout]                                at /rustc/1b7dd2252b99671ce5d1cb9664c5f8636329436d/library/core/src/ops/function.rs:250:5
[INFO] [stdout]   28:     0x557620d54d86 - <alloc::boxed::Box<F,A> as core::ops::function::FnOnce<Args>>::call_once::h8093d25b522725ef
[INFO] [stdout]                                at /rustc/1b7dd2252b99671ce5d1cb9664c5f8636329436d/library/alloc/src/boxed.rs:1973:9
[INFO] [stdout]   29:     0x557620d54d86 - <core::panic::unwind_safe::AssertUnwindSafe<F> as core::ops::function::FnOnce<()>>::call_once::h5c334c204e4a3913
[INFO] [stdout]                                at /rustc/1b7dd2252b99671ce5d1cb9664c5f8636329436d/library/core/src/panic/unwind_safe.rs:271:9
[INFO] [stdout]   30:     0x557620d54d86 - std::panicking::try::do_call::ha8b740c7b9478074
[INFO] [stdout]                                at /rustc/1b7dd2252b99671ce5d1cb9664c5f8636329436d/library/std/src/panicking.rs:485:40
[INFO] [stdout]   31:     0x557620d54d86 - std::panicking::try::h5d34f63d0e41b64e
[INFO] [stdout]                                at /rustc/1b7dd2252b99671ce5d1cb9664c5f8636329436d/library/std/src/panicking.rs:449:19
[INFO] [stdout]   32:     0x557620d54d86 - std::panic::catch_unwind::hcfbb511e1aa7fc67
[INFO] [stdout]                                at /rustc/1b7dd2252b99671ce5d1cb9664c5f8636329436d/library/std/src/panic.rs:140:14
[INFO] [stdout]   33:     0x557620d54d86 - test::run_test_in_process::h9abda90f802eaf21
[INFO] [stdout]                                at /rustc/1b7dd2252b99671ce5d1cb9664c5f8636329436d/library/test/src/lib.rs:678:27
[INFO] [stdout]   34:     0x557620d54d86 - test::run_test::run_test_inner::{{closure}}::h0f058de91f6c6edf
[INFO] [stdout]                                at /rustc/1b7dd2252b99671ce5d1cb9664c5f8636329436d/library/test/src/lib.rs:572:39
[INFO] [stdout]   35:     0x557620d1dca5 - test::run_test::run_test_inner::{{closure}}::h5ca48a4c59c6c1fb
[INFO] [stdout]                                at /rustc/1b7dd2252b99671ce5d1cb9664c5f8636329436d/library/test/src/lib.rs:599:37
[INFO] [stdout]   36:     0x557620d1dca5 - std::sys_common::backtrace::__rust_begin_short_backtrace::h32bd51e1495d4a33
[INFO] [stdout]                                at /rustc/1b7dd2252b99671ce5d1cb9664c5f8636329436d/library/std/src/sys_common/backtrace.rs:134:18
[INFO] [stdout]   37:     0x557620d231e1 - std::thread::Builder::spawn_unchecked_::{{closure}}::{{closure}}::hc086fae9b128b2db
[INFO] [stdout]                                at /rustc/1b7dd2252b99671ce5d1cb9664c5f8636329436d/library/std/src/thread/mod.rs:526:17
[INFO] [stdout]   38:     0x557620d231e1 - <core::panic::unwind_safe::AssertUnwindSafe<F> as core::ops::function::FnOnce<()>>::call_once::hb66571888d270d43
[INFO] [stdout]                                at /rustc/1b7dd2252b99671ce5d1cb9664c5f8636329436d/library/core/src/panic/unwind_safe.rs:271:9
[INFO] [stdout]   39:     0x557620d231e1 - std::panicking::try::do_call::h4fa2ef4f6e51fecf
[INFO] [stdout]                                at /rustc/1b7dd2252b99671ce5d1cb9664c5f8636329436d/library/std/src/panicking.rs:485:40
[INFO] [stdout]   40:     0x557620d231e1 - std::panicking::try::h1e9e22b8584489b5
[INFO] [stdout]                                at /rustc/1b7dd2252b99671ce5d1cb9664c5f8636329436d/library/std/src/panicking.rs:449:19
[INFO] [stdout]   41:     0x557620d231e1 - std::panic::catch_unwind::h44698a3de0e0769e
[INFO] [stdout]                                at /rustc/1b7dd2252b99671ce5d1cb9664c5f8636329436d/library/std/src/panic.rs:140:14
[INFO] [stdout]   42:     0x557620d231e1 - std::thread::Builder::spawn_unchecked_::{{closure}}::h50153abde3fe239e
[INFO] [stdout]                                at /rustc/1b7dd2252b99671ce5d1cb9664c5f8636329436d/library/std/src/thread/mod.rs:525:30
[INFO] [stdout]   43:     0x557620d231e1 - core::ops::function::FnOnce::call_once{{vtable.shim}}::hbe5bbf6f38394364
[INFO] [stdout]                                at /rustc/1b7dd2252b99671ce5d1cb9664c5f8636329436d/library/core/src/ops/function.rs:250:5
[INFO] [stdout]   44:     0x557620d9d3d5 - <alloc::boxed::Box<F,A> as core::ops::function::FnOnce<Args>>::call_once::h0d83cb2920a49046
[INFO] [stdout]                                at /rustc/1b7dd2252b99671ce5d1cb9664c5f8636329436d/library/alloc/src/boxed.rs:1973:9
[INFO] [stdout]   45:     0x557620d9d3d5 - <alloc::boxed::Box<F,A> as core::ops::function::FnOnce<Args>>::call_once::hbe0a008aa7d9ef59
[INFO] [stdout]                                at /rustc/1b7dd2252b99671ce5d1cb9664c5f8636329436d/library/alloc/src/boxed.rs:1973:9
[INFO] [stdout]   46:     0x557620d9d3d5 - std::sys::unix::thread::Thread::new::thread_start::h3a466996bdf6b1f9
[INFO] [stdout]                                at /rustc/1b7dd2252b99671ce5d1cb9664c5f8636329436d/library/std/src/sys/unix/thread.rs:108:17
[INFO] [stdout]   47:     0x7f6ad4824b43 - <unknown>
[INFO] [stdout]   48:     0x7f6ad48b5bb4 - __clone
[INFO] [stdout]   49:                0x0 - <unknown>
[INFO] [stdout] 
[INFO] [stdout] ---- some_toy_tests::test_some_things stdout ----
[INFO] [stdout] thread 'some_toy_tests::test_some_things' panicked at 'DATABASE_URL must be set: NotPresent', src/main.rs:14:10
[INFO] [stdout] stack backtrace:
[INFO] [stdout]    0:     0x557620d96d4a - std::backtrace_rs::backtrace::libunwind::trace::h2f05d0192276a8f6
[INFO] [stdout]                                at /rustc/1b7dd2252b99671ce5d1cb9664c5f8636329436d/library/std/src/../../backtrace/src/backtrace/libunwind.rs:93:5
[INFO] [stdout]    1:     0x557620d96d4a - std::backtrace_rs::backtrace::trace_unsynchronized::hedc23dff7a1af150
[INFO] [stdout]                                at /rustc/1b7dd2252b99671ce5d1cb9664c5f8636329436d/library/std/src/../../backtrace/src/backtrace/mod.rs:66:5
[INFO] [stdout]    2:     0x557620d96d4a - std::sys_common::backtrace::_print_fmt::h17541ef7592f3ce2
[INFO] [stdout]                                at /rustc/1b7dd2252b99671ce5d1cb9664c5f8636329436d/library/std/src/sys_common/backtrace.rs:65:5
[INFO] [stdout]    3:     0x557620d96d4a - <std::sys_common::backtrace::_print::DisplayBacktrace as core::fmt::Display>::fmt::h20f75df5ab0c0792
[INFO] [stdout]                                at /rustc/1b7dd2252b99671ce5d1cb9664c5f8636329436d/library/std/src/sys_common/backtrace.rs:44:22
[INFO] [stdout]    4:     0x557620dbaa0f - core::fmt::write::h78109e6f466b3af6
[INFO] [stdout]                                at /rustc/1b7dd2252b99671ce5d1cb9664c5f8636329436d/library/core/src/fmt/mod.rs:1254:17
[INFO] [stdout]    5:     0x557620d94095 - std::io::Write::write_fmt::hd24bfb68a1b35a25
[INFO] [stdout]                                at /rustc/1b7dd2252b99671ce5d1cb9664c5f8636329436d/library/std/src/io/mod.rs:1698:15
[INFO] [stdout]    6:     0x557620d96b15 - std::sys_common::backtrace::_print::h8dac57a9f8fbf9a5
[INFO] [stdout]                                at /rustc/1b7dd2252b99671ce5d1cb9664c5f8636329436d/library/std/src/sys_common/backtrace.rs:47:5
[INFO] [stdout]    7:     0x557620d96b15 - std::sys_common::backtrace::print::hf9ecbf41d1aa712f
[INFO] [stdout]                                at /rustc/1b7dd2252b99671ce5d1cb9664c5f8636329436d/library/std/src/sys_common/backtrace.rs:34:9
[INFO] [stdout]    8:     0x557620d987ce - std::panicking::default_hook::{{closure}}::h04c07acfc84ca028
[INFO] [stdout]                                at /rustc/1b7dd2252b99671ce5d1cb9664c5f8636329436d/library/std/src/panicking.rs:269:22
[INFO] [stdout]    9:     0x557620d98501 - std::panicking::default_hook::h01f6bb23e1eceb2c
[INFO] [stdout]                                at /rustc/1b7dd2252b99671ce5d1cb9664c5f8636329436d/library/std/src/panicking.rs:285:9
[INFO] [stdout]   10:     0x557620d50ddb - <alloc::boxed::Box<F,A> as core::ops::function::Fn<Args>>::call::h87fe9f7b2fd49e4c
[INFO] [stdout]                                at /rustc/1b7dd2252b99671ce5d1cb9664c5f8636329436d/library/alloc/src/boxed.rs:1987:9
[INFO] [stdout]   11:     0x557620d50ddb - test::test_main::{{closure}}::he94d679243a7531b
[INFO] [stdout]                                at /rustc/1b7dd2252b99671ce5d1cb9664c5f8636329436d/library/test/src/lib.rs:134:21
[INFO] [stdout]   12:     0x557620d98eb4 - <alloc::boxed::Box<F,A> as core::ops::function::Fn<Args>>::call::h3f2d6d8b14c4769f
[INFO] [stdout]                                at /rustc/1b7dd2252b99671ce5d1cb9664c5f8636329436d/library/alloc/src/boxed.rs:1987:9
[INFO] [stdout]   13:     0x557620d98eb4 - std::panicking::rust_panic_with_hook::h2bb3722bbaf2f6df
[INFO] [stdout]                                at /rustc/1b7dd2252b99671ce5d1cb9664c5f8636329436d/library/std/src/panicking.rs:695:13
[INFO] [stdout]   14:     0x557620d98c29 - std::panicking::begin_panic_handler::{{closure}}::h91bc7f36a4be011b
[INFO] [stdout]                                at /rustc/1b7dd2252b99671ce5d1cb9664c5f8636329436d/library/std/src/panicking.rs:582:13
[INFO] [stdout]   15:     0x557620d971b6 - std::sys_common::backtrace::__rust_end_short_backtrace::h8b3d3717114f9e59
[INFO] [stdout]                                at /rustc/1b7dd2252b99671ce5d1cb9664c5f8636329436d/library/std/src/sys_common/backtrace.rs:150:18
[INFO] [stdout]   16:     0x557620d98982 - rust_begin_unwind
[INFO] [stdout]                                at /rustc/1b7dd2252b99671ce5d1cb9664c5f8636329436d/library/std/src/panicking.rs:578:5
[INFO] [stdout]   17:     0x557620d09ba3 - core::panicking::panic_fmt::hfd368e3fbdabea26
[INFO] [stdout]                                at /rustc/1b7dd2252b99671ce5d1cb9664c5f8636329436d/library/core/src/panicking.rs:67:14
[INFO] [stdout]   18:     0x557620d0a0e3 - core::result::unwrap_failed::he54eb4b2f125b26f
[INFO] [stdout]                                at /rustc/1b7dd2252b99671ce5d1cb9664c5f8636329436d/library/core/src/result.rs:1687:5
[INFO] [stdout]   19:     0x557620d0d1f6 - core::result::Result<T,E>::expect::hc14c681a9903ea67
[INFO] [stdout]                                at /rustc/1b7dd2252b99671ce5d1cb9664c5f8636329436d/library/core/src/result.rs:1046:23
[INFO] [stdout]   20:     0x557620d118cb - todo_rs::establish_connection::h734b559388fc06f2
[INFO] [stdout]                                at /opt/rustwide/workdir/src/main.rs:13:24
[INFO] [stdout]   21:     0x557620d11d36 - todo_rs::some_toy_tests::test_some_things::h9e5405f8b9792c07
[INFO] [stdout]                                at /opt/rustwide/workdir/src/main.rs:30:20
[INFO] [stdout]   22:     0x557620d11d07 - todo_rs::some_toy_tests::test_some_things::{{closure}}::h72def59ed31ab1f6
[INFO] [stdout]                                at /opt/rustwide/workdir/src/main.rs:29:27
[INFO] [stdout]   23:     0x557620d0edf5 - core::ops::function::FnOnce::call_once::h8fcb9f48efc8c01e
[INFO] [stdout]                                at /rustc/1b7dd2252b99671ce5d1cb9664c5f8636329436d/library/core/src/ops/function.rs:250:5
[INFO] [stdout]   24:     0x557620d55caf - core::ops::function::FnOnce::call_once::ha6a70e79f7481a7e
[INFO] [stdout]                                at /rustc/1b7dd2252b99671ce5d1cb9664c5f8636329436d/library/core/src/ops/function.rs:250:5
[INFO] [stdout]   25:     0x557620d55caf - test::__rust_begin_short_backtrace::hce33033019b61e69
[INFO] [stdout]                                at /rustc/1b7dd2252b99671ce5d1cb9664c5f8636329436d/library/test/src/lib.rs:655:18
[INFO] [stdout]   26:     0x557620d2349c - test::run_test::{{closure}}::h858d3528838ae3e5
[INFO] [stdout]                                at /rustc/1b7dd2252b99671ce5d1cb9664c5f8636329436d/library/test/src/lib.rs:646:30
[INFO] [stdout]   27:     0x557620d2349c - core::ops::function::FnOnce::call_once{{vtable.shim}}::he8ac2b00f01ae79e
[INFO] [stdout]                                at /rustc/1b7dd2252b99671ce5d1cb9664c5f8636329436d/library/core/src/ops/function.rs:250:5
[INFO] [stdout]   28:     0x557620d54d86 - <alloc::boxed::Box<F,A> as core::ops::function::FnOnce<Args>>::call_once::h8093d25b522725ef
[INFO] [stdout]                                at /rustc/1b7dd2252b99671ce5d1cb9664c5f8636329436d/library/alloc/src/boxed.rs:1973:9
[INFO] [stdout]   29:     0x557620d54d86 - <core::panic::unwind_safe::AssertUnwindSafe<F> as core::ops::function::FnOnce<()>>::call_once::h5c334c204e4a3913
[INFO] [stdout]                                at /rustc/1b7dd2252b99671ce5d1cb9664c5f8636329436d/library/core/src/panic/unwind_safe.rs:271:9
[INFO] [stdout]   30:     0x557620d54d86 - std::panicking::try::do_call::ha8b740c7b9478074
[INFO] [stdout]                                at /rustc/1b7dd2252b99671ce5d1cb9664c5f8636329436d/library/std/src/panicking.rs:485:40
[INFO] [stdout]   31:     0x557620d54d86 - std::panicking::try::h5d34f63d0e41b64e
[INFO] [stdout]                                at /rustc/1b7dd2252b99671ce5d1cb9664c5f8636329436d/library/std/src/panicking.rs:449:19
[INFO] [stdout]   32:     0x557620d54d86 - std::panic::catch_unwind::hcfbb511e1aa7fc67
[INFO] [stdout]                                at /rustc/1b7dd2252b99671ce5d1cb9664c5f8636329436d/library/std/src/panic.rs:140:14
[INFO] [stdout]   33:     0x557620d54d86 - test::run_test_in_process::h9abda90f802eaf21
[INFO] [stdout]                                at /rustc/1b7dd2252b99671ce5d1cb9664c5f8636329436d/library/test/src/lib.rs:678:27
[INFO] [stdout]   34:     0x557620d54d86 - test::run_test::run_test_inner::{{closure}}::h0f058de91f6c6edf
[INFO] [stdout]                                at /rustc/1b7dd2252b99671ce5d1cb9664c5f8636329436d/library/test/src/lib.rs:572:39
[INFO] [stdout]   35:     0x557620d1dca5 - test::run_test::run_test_inner::{{closure}}::h5ca48a4c59c6c1fb
[INFO] [stdout]                                at /rustc/1b7dd2252b99671ce5d1cb9664c5f8636329436d/library/test/src/lib.rs:599:37
[INFO] [stdout]   36:     0x557620d1dca5 - std::sys_common::backtrace::__rust_begin_short_backtrace::h32bd51e1495d4a33
[INFO] [stdout]                                at /rustc/1b7dd2252b99671ce5d1cb9664c5f8636329436d/library/std/src/sys_common/backtrace.rs:134:18
[INFO] [stdout]   37:     0x557620d231e1 - std::thread::Builder::spawn_unchecked_::{{closure}}::{{closure}}::hc086fae9b128b2db
[INFO] [stdout]                                at /rustc/1b7dd2252b99671ce5d1cb9664c5f8636329436d/library/std/src/thread/mod.rs:526:17
[INFO] [stdout]   38:     0x557620d231e1 - <core::panic::unwind_safe::AssertUnwindSafe<F> as core::ops::function::FnOnce<()>>::call_once::hb66571888d270d43
[INFO] [stdout]                                at /rustc/1b7dd2252b99671ce5d1cb9664c5f8636329436d/library/core/src/panic/unwind_safe.rs:271:9
[INFO] [stdout]   39:     0x557620d231e1 - std::panicking::try::do_call::h4fa2ef4f6e51fecf
[INFO] [stdout]                                at /rustc/1b7dd2252b99671ce5d1cb9664c5f8636329436d/library/std/src/panicking.rs:485:40
[INFO] [stdout]   40:     0x557620d231e1 - std::panicking::try::h1e9e22b8584489b5
[INFO] [stdout]                                at /rustc/1b7dd2252b99671ce5d1cb9664c5f8636329436d/library/std/src/panicking.rs:449:19
[INFO] [stdout]   41:     0x557620d231e1 - std::panic::catch_unwind::h44698a3de0e0769e
[INFO] [stdout]                                at /rustc/1b7dd2252b99671ce5d1cb9664c5f8636329436d/library/std/src/panic.rs:140:14
[INFO] [stdout]   42:     0x557620d231e1 - std::thread::Builder::spawn_unchecked_::{{closure}}::h50153abde3fe239e
[INFO] [stdout]                                at /rustc/1b7dd2252b99671ce5d1cb9664c5f8636329436d/library/std/src/thread/mod.rs:525:30
[INFO] [stdout]   43:     0x557620d231e1 - core::ops::function::FnOnce::call_once{{vtable.shim}}::hbe5bbf6f38394364
[INFO] [stdout]                                at /rustc/1b7dd2252b99671ce5d1cb9664c5f8636329436d/library/core/src/ops/function.rs:250:5
[INFO] [stdout]   44:     0x557620d9d3d5 - <alloc::boxed::Box<F,A> as core::ops::function::FnOnce<Args>>::call_once::h0d83cb2920a49046
[INFO] [stdout]                                at /rustc/1b7dd2252b99671ce5d1cb9664c5f8636329436d/library/alloc/src/boxed.rs:1973:9
[INFO] [stdout]   45:     0x557620d9d3d5 - <alloc::boxed::Box<F,A> as core::ops::function::FnOnce<Args>>::call_once::hbe0a008aa7d9ef59
[INFO] [stdout]                                at /rustc/1b7dd2252b99671ce5d1cb9664c5f8636329436d/library/alloc/src/boxed.rs:1973:9
[INFO] [stdout]   46:     0x557620d9d3d5 - std::sys::unix::thread::Thread::new::thread_start::h3a466996bdf6b1f9
[INFO] [stdout]                                at /rustc/1b7dd2252b99671ce5d1cb9664c5f8636329436d/library/std/src/sys/unix/thread.rs:108:17
[INFO] [stdout]   47:     0x7f6ad4824b43 - <unknown>
[INFO] [stdout]   48:     0x7f6ad48b5bb4 - __clone
[INFO] [stdout]   49:                0x0 - <unknown>
[INFO] [stdout] 
[INFO] [stdout] 
[INFO] [stdout] failures:
[INFO] [stdout]     some_toy_tests::test_inserting_todos
[INFO] [stdout]     some_toy_tests::test_some_things
[INFO] [stdout] 
[INFO] [stdout] test result: FAILED. 0 passed; 2 failed; 0 ignored; 0 measured; 0 filtered out; finished in 0.02s
[INFO] [stdout] 
[INFO] [stderr] error: test failed, to rerun pass `--bin todo-rs`
[INFO] running `Command { std: "docker" "inspect" "88b4374a7ac6eea3e15b4ea92fa60f3a49082ff018d8ba7e70010b8a8c7166ee", kill_on_drop: false }`
[INFO] running `Command { std: "docker" "rm" "-f" "88b4374a7ac6eea3e15b4ea92fa60f3a49082ff018d8ba7e70010b8a8c7166ee", kill_on_drop: false }`
[INFO] [stdout] 88b4374a7ac6eea3e15b4ea92fa60f3a49082ff018d8ba7e70010b8a8c7166ee
