[INFO] cloning repository https://github.com/kamilduda/mnist_classification
[INFO] running `Command { std: "git" "-c" "credential.helper=" "-c" "credential.helper=/workspace/cargo-home/bin/git-credential-null" "clone" "--bare" "https://github.com/kamilduda/mnist_classification" "/workspace/cache/git-repos/https%3A%2F%2Fgithub.com%2Fkamilduda%2Fmnist_classification", kill_on_drop: false }`
[INFO] [stderr] Cloning into bare repository '/workspace/cache/git-repos/https%3A%2F%2Fgithub.com%2Fkamilduda%2Fmnist_classification'...
[INFO] running `Command { std: "git" "rev-parse" "HEAD", kill_on_drop: false }`
[INFO] [stdout] 8aa45a1680583211e6fe203b342a6f181223ce25
[INFO] testing kamilduda/mnist_classification against beta-2023-04-20 for beta-1.70-1
[INFO] running `Command { std: "git" "clone" "/workspace/cache/git-repos/https%3A%2F%2Fgithub.com%2Fkamilduda%2Fmnist_classification" "/workspace/builds/worker-3-tc2/source", kill_on_drop: false }`
[INFO] [stderr] Cloning into '/workspace/builds/worker-3-tc2/source'...
[INFO] [stderr] done.
[INFO] validating manifest of git repo https://github.com/kamilduda/mnist_classification on toolchain beta-2023-04-20
[INFO] running `Command { std: CARGO_HOME="/workspace/cargo-home" RUSTUP_HOME="/workspace/rustup-home" "/workspace/cargo-home/bin/cargo" "+beta-2023-04-20" "metadata" "--manifest-path" "Cargo.toml" "--no-deps", kill_on_drop: false }`
[INFO] started tweaking git repo https://github.com/kamilduda/mnist_classification
[INFO] finished tweaking git repo https://github.com/kamilduda/mnist_classification
[INFO] tweaked toml for git repo https://github.com/kamilduda/mnist_classification written to /workspace/builds/worker-3-tc2/source/Cargo.toml
[INFO] crate git repo https://github.com/kamilduda/mnist_classification already has a lockfile, it will not be regenerated
[INFO] running `Command { std: CARGO_HOME="/workspace/cargo-home" RUSTUP_HOME="/workspace/rustup-home" "/workspace/cargo-home/bin/cargo" "+beta-2023-04-20" "fetch" "--manifest-path" "Cargo.toml", kill_on_drop: false }`
[INFO] [stderr]  Downloading crates ...
[INFO] [stderr]   Downloaded ndarray-rand v0.11.0
[INFO] [stderr]   Downloaded ndarray-stats v0.3.0
[INFO] [stderr]   Downloaded noisy_float v0.1.12
[INFO] running `Command { std: "docker" "create" "-v" "/var/lib/crater-agent-workspace/builds/worker-3-tc2/target:/opt/rustwide/target:rw,Z" "-v" "/var/lib/crater-agent-workspace/builds/worker-3-tc2/source:/opt/rustwide/workdir:ro,Z" "-v" "/var/lib/crater-agent-workspace/cargo-home:/opt/rustwide/cargo-home:ro,Z" "-v" "/var/lib/crater-agent-workspace/rustup-home:/opt/rustwide/rustup-home:ro,Z" "-e" "SOURCE_DIR=/opt/rustwide/workdir" "-e" "CARGO_TARGET_DIR=/opt/rustwide/target" "-e" "CARGO_HOME=/opt/rustwide/cargo-home" "-e" "RUSTUP_HOME=/opt/rustwide/rustup-home" "-w" "/opt/rustwide/workdir" "-m" "1610612736" "--user" "0:0" "--network" "none" "ghcr.io/rust-lang/crates-build-env/linux@sha256:5ff2268d62e97bff2cde7d5815dd6ed5b47097566f13b8d0ca110b04b60e07ed" "/opt/rustwide/cargo-home/bin/cargo" "+beta-2023-04-20" "metadata" "--no-deps" "--format-version=1", kill_on_drop: false }`
[INFO] [stdout] a0d05892c1c7dbbed71a9adec11b3c48eafb5de0c17af3cacd38d53475c25100
[INFO] running `Command { std: "docker" "start" "-a" "a0d05892c1c7dbbed71a9adec11b3c48eafb5de0c17af3cacd38d53475c25100", kill_on_drop: false }`
[INFO] running `Command { std: "docker" "inspect" "a0d05892c1c7dbbed71a9adec11b3c48eafb5de0c17af3cacd38d53475c25100", kill_on_drop: false }`
[INFO] running `Command { std: "docker" "rm" "-f" "a0d05892c1c7dbbed71a9adec11b3c48eafb5de0c17af3cacd38d53475c25100", kill_on_drop: false }`
[INFO] [stdout] a0d05892c1c7dbbed71a9adec11b3c48eafb5de0c17af3cacd38d53475c25100
[INFO] running `Command { std: "docker" "create" "-v" "/var/lib/crater-agent-workspace/builds/worker-3-tc2/target:/opt/rustwide/target:rw,Z" "-v" "/var/lib/crater-agent-workspace/builds/worker-3-tc2/source:/opt/rustwide/workdir:ro,Z" "-v" "/var/lib/crater-agent-workspace/cargo-home:/opt/rustwide/cargo-home:ro,Z" "-v" "/var/lib/crater-agent-workspace/rustup-home:/opt/rustwide/rustup-home:ro,Z" "-e" "SOURCE_DIR=/opt/rustwide/workdir" "-e" "CARGO_TARGET_DIR=/opt/rustwide/target" "-e" "CARGO_INCREMENTAL=0" "-e" "RUST_BACKTRACE=full" "-e" "RUSTFLAGS=--cap-lints=warn" "-e" "RUSTDOCFLAGS=--cap-lints=warn" "-e" "CARGO_HOME=/opt/rustwide/cargo-home" "-e" "RUSTUP_HOME=/opt/rustwide/rustup-home" "-w" "/opt/rustwide/workdir" "-m" "1610612736" "--user" "0:0" "--network" "none" "ghcr.io/rust-lang/crates-build-env/linux@sha256:5ff2268d62e97bff2cde7d5815dd6ed5b47097566f13b8d0ca110b04b60e07ed" "/opt/rustwide/cargo-home/bin/cargo" "+beta-2023-04-20" "build" "--frozen" "--message-format=json", kill_on_drop: false }`
[INFO] [stdout] ac0f55fe5939e1a9addbb2b8854df3c44f68340b33c416c90847feb211ad0dd0
[INFO] running `Command { std: "docker" "start" "-a" "ac0f55fe5939e1a9addbb2b8854df3c44f68340b33c416c90847feb211ad0dd0", kill_on_drop: false }`
[INFO] [stderr]    Compiling autocfg v1.0.0
[INFO] [stderr]    Compiling libc v0.2.71
[INFO] [stderr]    Compiling cfg-if v0.1.10
[INFO] [stderr]    Compiling getrandom v0.1.14
[INFO] [stderr]    Compiling ppv-lite86 v0.2.8
[INFO] [stderr]    Compiling memchr v2.3.3
[INFO] [stderr]    Compiling adler v0.2.3
[INFO] [stderr]    Compiling rawpointer v0.2.1
[INFO] [stderr]    Compiling ndarray v0.13.1
[INFO] [stderr]    Compiling gimli v0.22.0
[INFO] [stderr]    Compiling log v0.4.8
[INFO] [stderr]    Compiling crc32fast v1.2.0
[INFO] [stderr]    Compiling version_check v0.9.2
[INFO] [stderr]    Compiling lazy_static v1.4.0
[INFO] [stderr]    Compiling either v1.5.3
[INFO] [stderr]    Compiling regex-syntax v0.6.18
[INFO] [stderr]    Compiling matrixmultiply v0.2.3
[INFO] [stderr]    Compiling thread_local v1.0.1
[INFO] [stderr]    Compiling miniz_oxide v0.4.0
[INFO] [stderr]    Compiling object v0.20.0
[INFO] [stderr]    Compiling quick-error v1.2.3
[INFO] [stderr]    Compiling rustc-demangle v0.1.16
[INFO] [stderr]    Compiling humantime v1.3.0
[INFO] [stderr]    Compiling itertools v0.8.2
[INFO] [stderr]    Compiling num-traits v0.2.12
[INFO] [stderr]    Compiling num-complex v0.2.4
[INFO] [stderr]    Compiling num-integer v0.1.43
[INFO] [stderr]    Compiling hashbrown v0.8.1
[INFO] [stderr]    Compiling indexmap v1.5.0
[INFO] [stderr]    Compiling aho-corasick v0.7.13
[INFO] [stderr]    Compiling error-chain v0.12.2
[INFO] [stderr]    Compiling termcolor v1.1.0
[INFO] [stderr]    Compiling atty v0.2.14
[INFO] [stderr]    Compiling flate2 v1.0.16
[INFO] [stderr]    Compiling rand_core v0.5.1
[INFO] [stderr]    Compiling rand_pcg v0.2.1
[INFO] [stderr]    Compiling rand_chacha v0.2.2
[INFO] [stderr]    Compiling rand v0.7.3
[INFO] [stderr]    Compiling noisy_float v0.1.12
[INFO] [stderr]    Compiling addr2line v0.13.0
[INFO] [stderr]    Compiling regex v1.3.9
[INFO] [stderr]    Compiling backtrace v0.3.50
[INFO] [stderr]    Compiling rand_distr v0.2.2
[INFO] [stderr]    Compiling env_logger v0.7.1
[INFO] [stderr]    Compiling ndarray-rand v0.11.0
[INFO] [stderr]    Compiling ndarray-stats v0.3.0
[INFO] [stderr]    Compiling mnist_classification v0.1.0 (/opt/rustwide/workdir)
[INFO] [stdout] warning: associated function `exp` is never used
[INFO] [stdout]   --> src/algebra/mod.rs:23:12
[INFO] [stdout]    |
[INFO] [stdout] 5  | impl Algebra {
[INFO] [stdout]    | ------------ associated function in this implementation
[INFO] [stdout] ...
[INFO] [stdout] 23 |     pub fn exp<D>(array: &Array<f64, D>) -> Array<f64, D>
[INFO] [stdout]    |            ^^^
[INFO] [stdout]    |
[INFO] [stdout]    = note: `#[warn(dead_code)]` on by default
[INFO] [stdout] 
[INFO] [stdout] 
[INFO] [stdout] warning: 1 warning emitted
[INFO] [stdout] 
[INFO] [stdout] 
[INFO] [stderr]     Finished dev [unoptimized + debuginfo] target(s) in 6.10s
[INFO] running `Command { std: "docker" "inspect" "ac0f55fe5939e1a9addbb2b8854df3c44f68340b33c416c90847feb211ad0dd0", kill_on_drop: false }`
[INFO] running `Command { std: "docker" "rm" "-f" "ac0f55fe5939e1a9addbb2b8854df3c44f68340b33c416c90847feb211ad0dd0", kill_on_drop: false }`
[INFO] [stdout] ac0f55fe5939e1a9addbb2b8854df3c44f68340b33c416c90847feb211ad0dd0
[INFO] running `Command { std: "docker" "create" "-v" "/var/lib/crater-agent-workspace/builds/worker-3-tc2/target:/opt/rustwide/target:rw,Z" "-v" "/var/lib/crater-agent-workspace/builds/worker-3-tc2/source:/opt/rustwide/workdir:ro,Z" "-v" "/var/lib/crater-agent-workspace/cargo-home:/opt/rustwide/cargo-home:ro,Z" "-v" "/var/lib/crater-agent-workspace/rustup-home:/opt/rustwide/rustup-home:ro,Z" "-e" "SOURCE_DIR=/opt/rustwide/workdir" "-e" "CARGO_TARGET_DIR=/opt/rustwide/target" "-e" "CARGO_INCREMENTAL=0" "-e" "RUST_BACKTRACE=full" "-e" "RUSTFLAGS=--cap-lints=warn" "-e" "RUSTDOCFLAGS=--cap-lints=warn" "-e" "CARGO_HOME=/opt/rustwide/cargo-home" "-e" "RUSTUP_HOME=/opt/rustwide/rustup-home" "-w" "/opt/rustwide/workdir" "-m" "1610612736" "--user" "0:0" "--network" "none" "ghcr.io/rust-lang/crates-build-env/linux@sha256:5ff2268d62e97bff2cde7d5815dd6ed5b47097566f13b8d0ca110b04b60e07ed" "/opt/rustwide/cargo-home/bin/cargo" "+beta-2023-04-20" "test" "--frozen" "--no-run" "--message-format=json", kill_on_drop: false }`
[INFO] [stdout] b9634e8113605cfde85347558fd4d3cdb8dc8fc6e9d865a204bc9340a1875a02
[INFO] running `Command { std: "docker" "start" "-a" "b9634e8113605cfde85347558fd4d3cdb8dc8fc6e9d865a204bc9340a1875a02", kill_on_drop: false }`
[INFO] [stderr]    Compiling remove_dir_all v0.5.3
[INFO] [stderr]    Compiling approx v0.3.2
[INFO] [stdout] warning: associated function `exp` is never used
[INFO] [stdout]   --> src/algebra/mod.rs:23:12
[INFO] [stdout]    |
[INFO] [stdout] 5  | impl Algebra {
[INFO] [stdout]    | ------------ associated function in this implementation
[INFO] [stdout] ...
[INFO] [stdout] 23 |     pub fn exp<D>(array: &Array<f64, D>) -> Array<f64, D>
[INFO] [stdout]    |            ^^^
[INFO] [stdout]    |
[INFO] [stdout]    = note: `#[warn(dead_code)]` on by default
[INFO] [stdout] 
[INFO] [stdout] 
[INFO] [stdout] warning: 1 warning emitted
[INFO] [stdout] 
[INFO] [stdout] 
[INFO] [stderr]    Compiling tempfile v3.1.0
[INFO] [stderr]    Compiling mnist_classification v0.1.0 (/opt/rustwide/workdir)
[INFO] [stdout] warning: variable does not need to be mutable
[INFO] [stdout]    --> src/prelude/mod.rs:285:13
[INFO] [stdout]     |
[INFO] [stdout] 285 |         let mut network = NeuralNetwork::new(&layers_sizes);
[INFO] [stdout]     |             ----^^^^^^^
[INFO] [stdout]     |             |
[INFO] [stdout]     |             help: remove this `mut`
[INFO] [stdout]     |
[INFO] [stdout]     = note: `#[warn(unused_mut)]` on by default
[INFO] [stdout] 
[INFO] [stdout] 
[INFO] [stdout] warning: 1 warning emitted
[INFO] [stdout] 
[INFO] [stdout] 
[INFO] [stderr]     Finished test [unoptimized + debuginfo] target(s) in 1.50s
[INFO] running `Command { std: "docker" "inspect" "b9634e8113605cfde85347558fd4d3cdb8dc8fc6e9d865a204bc9340a1875a02", kill_on_drop: false }`
[INFO] running `Command { std: "docker" "rm" "-f" "b9634e8113605cfde85347558fd4d3cdb8dc8fc6e9d865a204bc9340a1875a02", kill_on_drop: false }`
[INFO] [stdout] b9634e8113605cfde85347558fd4d3cdb8dc8fc6e9d865a204bc9340a1875a02
[INFO] running `Command { std: "docker" "create" "-v" "/var/lib/crater-agent-workspace/builds/worker-3-tc2/target:/opt/rustwide/target:rw,Z" "-v" "/var/lib/crater-agent-workspace/builds/worker-3-tc2/source:/opt/rustwide/workdir:ro,Z" "-v" "/var/lib/crater-agent-workspace/cargo-home:/opt/rustwide/cargo-home:ro,Z" "-v" "/var/lib/crater-agent-workspace/rustup-home:/opt/rustwide/rustup-home:ro,Z" "-e" "SOURCE_DIR=/opt/rustwide/workdir" "-e" "CARGO_TARGET_DIR=/opt/rustwide/target" "-e" "CARGO_INCREMENTAL=0" "-e" "RUST_BACKTRACE=full" "-e" "RUSTFLAGS=--cap-lints=warn" "-e" "RUSTDOCFLAGS=--cap-lints=warn" "-e" "CARGO_HOME=/opt/rustwide/cargo-home" "-e" "RUSTUP_HOME=/opt/rustwide/rustup-home" "-w" "/opt/rustwide/workdir" "-m" "1610612736" "--user" "0:0" "--network" "none" "ghcr.io/rust-lang/crates-build-env/linux@sha256:5ff2268d62e97bff2cde7d5815dd6ed5b47097566f13b8d0ca110b04b60e07ed" "/opt/rustwide/cargo-home/bin/cargo" "+beta-2023-04-20" "test" "--frozen", kill_on_drop: false }`
[INFO] [stdout] 957af337130f81bfbb93c8d934f5cd76270ddeadfba4ec4fb3772dc6196adb44
[INFO] running `Command { std: "docker" "start" "-a" "957af337130f81bfbb93c8d934f5cd76270ddeadfba4ec4fb3772dc6196adb44", kill_on_drop: false }`
[INFO] [stderr] warning: associated function `exp` is never used
[INFO] [stderr]   --> src/algebra/mod.rs:23:12
[INFO] [stderr]    |
[INFO] [stderr] 5  | impl Algebra {
[INFO] [stderr]    | ------------ associated function in this implementation
[INFO] [stderr] ...
[INFO] [stderr] 23 |     pub fn exp<D>(array: &Array<f64, D>) -> Array<f64, D>
[INFO] [stderr]    |            ^^^
[INFO] [stderr]    |
[INFO] [stderr]    = note: `#[warn(dead_code)]` on by default
[INFO] [stderr] 
[INFO] [stderr] warning: variable does not need to be mutable
[INFO] [stderr]    --> src/prelude/mod.rs:285:13
[INFO] [stderr]     |
[INFO] [stderr] 285 |         let mut network = NeuralNetwork::new(&layers_sizes);
[INFO] [stderr]     |             ----^^^^^^^
[INFO] [stderr]     |             |
[INFO] [stderr]     |             help: remove this `mut`
[INFO] [stderr]     |
[INFO] [stderr]     = note: `#[warn(unused_mut)]` on by default
[INFO] [stderr] 
[INFO] [stderr] warning: `mnist_classification` (lib) generated 1 warning
[INFO] [stderr] warning: `mnist_classification` (lib test) generated 1 warning (run `cargo fix --lib -p mnist_classification --tests` to apply 1 suggestion)
[INFO] [stderr]     Finished test [unoptimized + debuginfo] target(s) in 0.03s
[INFO] [stderr]      Running unittests src/lib.rs (/opt/rustwide/target/debug/deps/mnist_classification-f20c0afcbc83ce7f)
[INFO] [stdout] 
[INFO] [stdout] running 29 tests
[INFO] [stdout] test algebra::tests::calculates_exp_for_1d_array ... ok
[INFO] [stdout] test algebra::tests::calculates_sigmoid_prime_for_1d_array ... ok
[INFO] [stdout] test algebra::tests::calculates_exp_for_2d_array ... ok
[INFO] [stdout] test algebra::tests::calculates_sigmoid_for_2d_array ... ok
[INFO] [stdout] test algebra::tests::calculates_sigmoid_prime_for_2d_array ... ok
[INFO] [stdout] test algebra::tests::calculates_sigmoid_for_1d_array ... ok
[INFO] [stdout] test infrastructure::mnist_loader::dataset::tests::zero_on_other_places ... ok
[INFO] [stdout] test infrastructure::mnist_loader::file_reader::flat_file_reader::tests::error_when_file_does_not_exist ... ok
[INFO] [stdout] test infrastructure::mnist_loader::dataset::tests::vectorizes_from_zero_to_nine ... ok
[INFO] [stdout] test infrastructure::mnist_loader::file_reader::gz_file_reader::tests::error_when_file_does_not_exist ... ok
[INFO] [stdout] test infrastructure::mnist_loader::file_reader::flat_file_reader::tests::opens_file_that_exists ... ok
[INFO] [stdout] test infrastructure::mnist_loader::raw::images::tests::creates_new_instance ... ok
[INFO] [stdout] test infrastructure::mnist_loader::file_reader::flat_file_reader::tests::reads_file_contents ... ok
[INFO] [stdout] test infrastructure::mnist_loader::raw::labels::tests::creates_new_instance ... ok
[INFO] [stdout] test prelude::tests::does_not_initialise_weights_for_input_layer ... ok
[INFO] [stdout] test prelude::tests::initializes_neural_network ... ok
[INFO] [stdout] test prelude::tests::does_not_initialise_biases_for_input_layer ... ok
[INFO] [stdout] test prelude::tests::outputs_value_for_each_neuron_in_last_layer ... ok
[INFO] [stdout] test infrastructure::mnist_loader::file_reader::gz_file_reader::tests::opens_file_that_exists ... ok
[INFO] [stdout] test prelude::tests::outputs_values_within_sigmoid_range ... ok
[INFO] [stdout] test infrastructure::mnist_loader::tests::error_when_empty_images_file ... ok
[INFO] [stdout] test infrastructure::mnist_loader::tests::error_when_empty_labels_file ... ok
[INFO] [stdout] test infrastructure::mnist_loader::file_reader::gz_file_reader::tests::reads_file_contents ... ok
[INFO] [stdout] test infrastructure::mnist_loader::tests::error_when_images_instead_of_labels_header ... ok
[INFO] [stdout] test infrastructure::mnist_loader::tests::error_when_could_not_read_images_header ... ok
[INFO] [stdout] test infrastructure::mnist_loader::tests::loads_labels_from_valid_file ... ok
[INFO] [stdout] test infrastructure::mnist_loader::tests::error_when_labels_instead_of_images_header ... ok
[INFO] [stdout] test infrastructure::mnist_loader::tests::error_when_images_file_not_found ... FAILED
[INFO] [stdout] test infrastructure::mnist_loader::tests::error_when_labels_file_not_found ... FAILED
[INFO] [stdout] 
[INFO] [stdout] failures:
[INFO] [stdout] 
[INFO] [stdout] ---- infrastructure::mnist_loader::tests::error_when_images_file_not_found stdout ----
[INFO] [stdout] thread 'infrastructure::mnist_loader::tests::error_when_images_file_not_found' panicked at 'assertion failed: `(left == right)`
[INFO] [stdout]   left: `"No such file or directory (os error 2)"`,
[INFO] [stdout]  right: `"The system cannot find the file specified. (os error 2)"`', src/infrastructure/mnist_loader/mod.rs:138:9
[INFO] [stdout] stack backtrace:
[INFO] [stdout]    0:     0x55bf2600471a - std::backtrace_rs::backtrace::libunwind::trace::h2f05d0192276a8f6
[INFO] [stdout]                                at /rustc/1b7dd2252b99671ce5d1cb9664c5f8636329436d/library/std/src/../../backtrace/src/backtrace/libunwind.rs:93:5
[INFO] [stdout]    1:     0x55bf2600471a - std::backtrace_rs::backtrace::trace_unsynchronized::hedc23dff7a1af150
[INFO] [stdout]                                at /rustc/1b7dd2252b99671ce5d1cb9664c5f8636329436d/library/std/src/../../backtrace/src/backtrace/mod.rs:66:5
[INFO] [stdout]    2:     0x55bf2600471a - std::sys_common::backtrace::_print_fmt::h17541ef7592f3ce2
[INFO] [stdout]                                at /rustc/1b7dd2252b99671ce5d1cb9664c5f8636329436d/library/std/src/sys_common/backtrace.rs:65:5
[INFO] [stdout]    3:     0x55bf2600471a - <std::sys_common::backtrace::_print::DisplayBacktrace as core::fmt::Display>::fmt::h20f75df5ab0c0792
[INFO] [stdout]                                at /rustc/1b7dd2252b99671ce5d1cb9664c5f8636329436d/library/std/src/sys_common/backtrace.rs:44:22
[INFO] [stdout]    4:     0x55bf260296bf - core::fmt::write::h78109e6f466b3af6
[INFO] [stdout]                                at /rustc/1b7dd2252b99671ce5d1cb9664c5f8636329436d/library/core/src/fmt/mod.rs:1254:17
[INFO] [stdout]    5:     0x55bf26001865 - std::io::Write::write_fmt::hd24bfb68a1b35a25
[INFO] [stdout]                                at /rustc/1b7dd2252b99671ce5d1cb9664c5f8636329436d/library/std/src/io/mod.rs:1698:15
[INFO] [stdout]    6:     0x55bf260044e5 - std::sys_common::backtrace::_print::h8dac57a9f8fbf9a5
[INFO] [stdout]                                at /rustc/1b7dd2252b99671ce5d1cb9664c5f8636329436d/library/std/src/sys_common/backtrace.rs:47:5
[INFO] [stdout]    7:     0x55bf260044e5 - std::sys_common::backtrace::print::hf9ecbf41d1aa712f
[INFO] [stdout]                                at /rustc/1b7dd2252b99671ce5d1cb9664c5f8636329436d/library/std/src/sys_common/backtrace.rs:34:9
[INFO] [stdout]    8:     0x55bf2600619e - std::panicking::default_hook::{{closure}}::h04c07acfc84ca028
[INFO] [stdout]                                at /rustc/1b7dd2252b99671ce5d1cb9664c5f8636329436d/library/std/src/panicking.rs:269:22
[INFO] [stdout]    9:     0x55bf26005ed1 - std::panicking::default_hook::h01f6bb23e1eceb2c
[INFO] [stdout]                                at /rustc/1b7dd2252b99671ce5d1cb9664c5f8636329436d/library/std/src/panicking.rs:285:9
[INFO] [stdout]   10:     0x55bf25ea616b - <alloc::boxed::Box<F,A> as core::ops::function::Fn<Args>>::call::h87fe9f7b2fd49e4c
[INFO] [stdout]                                at /rustc/1b7dd2252b99671ce5d1cb9664c5f8636329436d/library/alloc/src/boxed.rs:1987:9
[INFO] [stdout]   11:     0x55bf25ea616b - test::test_main::{{closure}}::he94d679243a7531b
[INFO] [stdout]                                at /rustc/1b7dd2252b99671ce5d1cb9664c5f8636329436d/library/test/src/lib.rs:134:21
[INFO] [stdout]   12:     0x55bf26006884 - <alloc::boxed::Box<F,A> as core::ops::function::Fn<Args>>::call::h3f2d6d8b14c4769f
[INFO] [stdout]                                at /rustc/1b7dd2252b99671ce5d1cb9664c5f8636329436d/library/alloc/src/boxed.rs:1987:9
[INFO] [stdout]   13:     0x55bf26006884 - std::panicking::rust_panic_with_hook::h2bb3722bbaf2f6df
[INFO] [stdout]                                at /rustc/1b7dd2252b99671ce5d1cb9664c5f8636329436d/library/std/src/panicking.rs:695:13
[INFO] [stdout]   14:     0x55bf260065f9 - std::panicking::begin_panic_handler::{{closure}}::h91bc7f36a4be011b
[INFO] [stdout]                                at /rustc/1b7dd2252b99671ce5d1cb9664c5f8636329436d/library/std/src/panicking.rs:582:13
[INFO] [stdout]   15:     0x55bf26004b86 - std::sys_common::backtrace::__rust_end_short_backtrace::h8b3d3717114f9e59
[INFO] [stdout]                                at /rustc/1b7dd2252b99671ce5d1cb9664c5f8636329436d/library/std/src/sys_common/backtrace.rs:150:18
[INFO] [stdout]   16:     0x55bf26006352 - rust_begin_unwind
[INFO] [stdout]                                at /rustc/1b7dd2252b99671ce5d1cb9664c5f8636329436d/library/std/src/panicking.rs:578:5
[INFO] [stdout]   17:     0x55bf25e211c3 - core::panicking::panic_fmt::hfd368e3fbdabea26
[INFO] [stdout]                                at /rustc/1b7dd2252b99671ce5d1cb9664c5f8636329436d/library/core/src/panicking.rs:67:14
[INFO] [stdout]   18:     0x55bf25e2158f - core::panicking::assert_failed_inner::haef49168e1798a91
[INFO] [stdout]   19:     0x55bf25e6037e - core::panicking::assert_failed::h5b6a44fd243881ce
[INFO] [stdout]                                at /rustc/1b7dd2252b99671ce5d1cb9664c5f8636329436d/library/core/src/panicking.rs:228:5
[INFO] [stdout]   20:     0x55bf25e402ec - mnist_classification::infrastructure::mnist_loader::tests::error_when_images_file_not_found::h388915d17136c815
[INFO] [stdout]                                at /opt/rustwide/workdir/src/infrastructure/mnist_loader/mod.rs:138:9
[INFO] [stdout]   21:     0x55bf25e40147 - mnist_classification::infrastructure::mnist_loader::tests::error_when_images_file_not_found::{{closure}}::h36a0761583c595d4
[INFO] [stdout]                                at /opt/rustwide/workdir/src/infrastructure/mnist_loader/mod.rs:135:43
[INFO] [stdout]   22:     0x55bf25e4af05 - core::ops::function::FnOnce::call_once::h114ef611a2235743
[INFO] [stdout]                                at /rustc/1b7dd2252b99671ce5d1cb9664c5f8636329436d/library/core/src/ops/function.rs:250:5
[INFO] [stdout]   23:     0x55bf25eab03f - core::ops::function::FnOnce::call_once::ha6a70e79f7481a7e
[INFO] [stdout]                                at /rustc/1b7dd2252b99671ce5d1cb9664c5f8636329436d/library/core/src/ops/function.rs:250:5
[INFO] [stdout]   24:     0x55bf25eab03f - test::__rust_begin_short_backtrace::hce33033019b61e69
[INFO] [stdout]                                at /rustc/1b7dd2252b99671ce5d1cb9664c5f8636329436d/library/test/src/lib.rs:655:18
[INFO] [stdout]   25:     0x55bf25e7882c - test::run_test::{{closure}}::h858d3528838ae3e5
[INFO] [stdout]                                at /rustc/1b7dd2252b99671ce5d1cb9664c5f8636329436d/library/test/src/lib.rs:646:30
[INFO] [stdout]   26:     0x55bf25e7882c - core::ops::function::FnOnce::call_once{{vtable.shim}}::he8ac2b00f01ae79e
[INFO] [stdout]                                at /rustc/1b7dd2252b99671ce5d1cb9664c5f8636329436d/library/core/src/ops/function.rs:250:5
[INFO] [stdout]   27:     0x55bf25eaa116 - <alloc::boxed::Box<F,A> as core::ops::function::FnOnce<Args>>::call_once::h8093d25b522725ef
[INFO] [stdout]                                at /rustc/1b7dd2252b99671ce5d1cb9664c5f8636329436d/library/alloc/src/boxed.rs:1973:9
[INFO] [stdout]   28:     0x55bf25eaa116 - <core::panic::unwind_safe::AssertUnwindSafe<F> as core::ops::function::FnOnce<()>>::call_once::h5c334c204e4a3913
[INFO] [stdout]                                at /rustc/1b7dd2252b99671ce5d1cb9664c5f8636329436d/library/core/src/panic/unwind_safe.rs:271:9
[INFO] [stdout]   29:     0x55bf25eaa116 - std::panicking::try::do_call::ha8b740c7b9478074
[INFO] [stdout]                                at /rustc/1b7dd2252b99671ce5d1cb9664c5f8636329436d/library/std/src/panicking.rs:485:40
[INFO] [stdout]   30:     0x55bf25eaa116 - std::panicking::try::h5d34f63d0e41b64e
[INFO] [stdout]                                at /rustc/1b7dd2252b99671ce5d1cb9664c5f8636329436d/library/std/src/panicking.rs:449:19
[INFO] [stdout]   31:     0x55bf25eaa116 - std::panic::catch_unwind::hcfbb511e1aa7fc67
[INFO] [stdout]                                at /rustc/1b7dd2252b99671ce5d1cb9664c5f8636329436d/library/std/src/panic.rs:140:14
[INFO] [stdout]   32:     0x55bf25eaa116 - test::run_test_in_process::h9abda90f802eaf21
[INFO] [stdout]                                at /rustc/1b7dd2252b99671ce5d1cb9664c5f8636329436d/library/test/src/lib.rs:678:27
[INFO] [stdout]   33:     0x55bf25eaa116 - test::run_test::run_test_inner::{{closure}}::h0f058de91f6c6edf
[INFO] [stdout]                                at /rustc/1b7dd2252b99671ce5d1cb9664c5f8636329436d/library/test/src/lib.rs:572:39
[INFO] [stdout]   34:     0x55bf25e73035 - test::run_test::run_test_inner::{{closure}}::h5ca48a4c59c6c1fb
[INFO] [stdout]                                at /rustc/1b7dd2252b99671ce5d1cb9664c5f8636329436d/library/test/src/lib.rs:599:37
[INFO] [stdout]   35:     0x55bf25e73035 - std::sys_common::backtrace::__rust_begin_short_backtrace::h32bd51e1495d4a33
[INFO] [stdout]                                at /rustc/1b7dd2252b99671ce5d1cb9664c5f8636329436d/library/std/src/sys_common/backtrace.rs:134:18
[INFO] [stdout]   36:     0x55bf25e78571 - std::thread::Builder::spawn_unchecked_::{{closure}}::{{closure}}::hc086fae9b128b2db
[INFO] [stdout]                                at /rustc/1b7dd2252b99671ce5d1cb9664c5f8636329436d/library/std/src/thread/mod.rs:526:17
[INFO] [stdout]   37:     0x55bf25e78571 - <core::panic::unwind_safe::AssertUnwindSafe<F> as core::ops::function::FnOnce<()>>::call_once::hb66571888d270d43
[INFO] [stdout]                                at /rustc/1b7dd2252b99671ce5d1cb9664c5f8636329436d/library/core/src/panic/unwind_safe.rs:271:9
[INFO] [stdout]   38:     0x55bf25e78571 - std::panicking::try::do_call::h4fa2ef4f6e51fecf
[INFO] [stdout]                                at /rustc/1b7dd2252b99671ce5d1cb9664c5f8636329436d/library/std/src/panicking.rs:485:40
[INFO] [stdout]   39:     0x55bf25e78571 - std::panicking::try::h1e9e22b8584489b5
[INFO] [stdout]                                at /rustc/1b7dd2252b99671ce5d1cb9664c5f8636329436d/library/std/src/panicking.rs:449:19
[INFO] [stdout]   40:     0x55bf25e78571 - std::panic::catch_unwind::h44698a3de0e0769e
[INFO] [stdout]                                at /rustc/1b7dd2252b99671ce5d1cb9664c5f8636329436d/library/std/src/panic.rs:140:14
[INFO] [stdout]   41:     0x55bf25e78571 - std::thread::Builder::spawn_unchecked_::{{closure}}::h50153abde3fe239e
[INFO] [stdout]                                at /rustc/1b7dd2252b99671ce5d1cb9664c5f8636329436d/library/std/src/thread/mod.rs:525:30
[INFO] [stdout]   42:     0x55bf25e78571 - core::ops::function::FnOnce::call_once{{vtable.shim}}::hbe5bbf6f38394364
[INFO] [stdout]                                at /rustc/1b7dd2252b99671ce5d1cb9664c5f8636329436d/library/core/src/ops/function.rs:250:5
[INFO] [stdout]   43:     0x55bf2600b305 - <alloc::boxed::Box<F,A> as core::ops::function::FnOnce<Args>>::call_once::h0d83cb2920a49046
[INFO] [stdout]                                at /rustc/1b7dd2252b99671ce5d1cb9664c5f8636329436d/library/alloc/src/boxed.rs:1973:9
[INFO] [stdout]   44:     0x55bf2600b305 - <alloc::boxed::Box<F,A> as core::ops::function::FnOnce<Args>>::call_once::hbe0a008aa7d9ef59
[INFO] [stdout]                                at /rustc/1b7dd2252b99671ce5d1cb9664c5f8636329436d/library/alloc/src/boxed.rs:1973:9
[INFO] [stdout]   45:     0x55bf2600b305 - std::sys::unix::thread::Thread::new::thread_start::h3a466996bdf6b1f9
[INFO] [stdout]                                at /rustc/1b7dd2252b99671ce5d1cb9664c5f8636329436d/library/std/src/sys/unix/thread.rs:108:17
[INFO] [stdout]   46:     0x7fdd04131b43 - <unknown>
[INFO] [stdout]   47:     0x7fdd041c2bb4 - __clone
[INFO] [stdout]   48:                0x0 - <unknown>
[INFO] [stdout] 
[INFO] [stdout] ---- infrastructure::mnist_loader::tests::error_when_labels_file_not_found stdout ----
[INFO] [stdout] thread 'infrastructure::mnist_loader::tests::error_when_labels_file_not_found' panicked at 'assertion failed: `(left == right)`
[INFO] [stdout]   left: `"No such file or directory (os error 2)"`,
[INFO] [stdout]  right: `"The system cannot find the file specified. (os error 2)"`', src/infrastructure/mnist_loader/mod.rs:131:9
[INFO] [stdout] stack backtrace:
[INFO] [stdout]    0:     0x55bf2600471a - std::backtrace_rs::backtrace::libunwind::trace::h2f05d0192276a8f6
[INFO] [stdout]                                at /rustc/1b7dd2252b99671ce5d1cb9664c5f8636329436d/library/std/src/../../backtrace/src/backtrace/libunwind.rs:93:5
[INFO] [stdout]    1:     0x55bf2600471a - std::backtrace_rs::backtrace::trace_unsynchronized::hedc23dff7a1af150
[INFO] [stdout]                                at /rustc/1b7dd2252b99671ce5d1cb9664c5f8636329436d/library/std/src/../../backtrace/src/backtrace/mod.rs:66:5
[INFO] [stdout]    2:     0x55bf2600471a - std::sys_common::backtrace::_print_fmt::h17541ef7592f3ce2
[INFO] [stdout]                                at /rustc/1b7dd2252b99671ce5d1cb9664c5f8636329436d/library/std/src/sys_common/backtrace.rs:65:5
[INFO] [stdout]    3:     0x55bf2600471a - <std::sys_common::backtrace::_print::DisplayBacktrace as core::fmt::Display>::fmt::h20f75df5ab0c0792
[INFO] [stdout]                                at /rustc/1b7dd2252b99671ce5d1cb9664c5f8636329436d/library/std/src/sys_common/backtrace.rs:44:22
[INFO] [stdout]    4:     0x55bf260296bf - core::fmt::write::h78109e6f466b3af6
[INFO] [stdout]                                at /rustc/1b7dd2252b99671ce5d1cb9664c5f8636329436d/library/core/src/fmt/mod.rs:1254:17
[INFO] [stdout]    5:     0x55bf26001865 - std::io::Write::write_fmt::hd24bfb68a1b35a25
[INFO] [stdout]                                at /rustc/1b7dd2252b99671ce5d1cb9664c5f8636329436d/library/std/src/io/mod.rs:1698:15
[INFO] [stdout]    6:     0x55bf260044e5 - std::sys_common::backtrace::_print::h8dac57a9f8fbf9a5
[INFO] [stdout]                                at /rustc/1b7dd2252b99671ce5d1cb9664c5f8636329436d/library/std/src/sys_common/backtrace.rs:47:5
[INFO] [stdout]    7:     0x55bf260044e5 - std::sys_common::backtrace::print::hf9ecbf41d1aa712f
[INFO] [stdout]                                at /rustc/1b7dd2252b99671ce5d1cb9664c5f8636329436d/library/std/src/sys_common/backtrace.rs:34:9
[INFO] [stdout]    8:     0x55bf2600619e - std::panicking::default_hook::{{closure}}::h04c07acfc84ca028
[INFO] [stdout]                                at /rustc/1b7dd2252b99671ce5d1cb9664c5f8636329436d/library/std/src/panicking.rs:269:22
[INFO] [stdout]    9:     0x55bf26005ed1 - std::panicking::default_hook::h01f6bb23e1eceb2c
[INFO] [stdout]                                at /rustc/1b7dd2252b99671ce5d1cb9664c5f8636329436d/library/std/src/panicking.rs:285:9
[INFO] [stdout]   10:     0x55bf25ea616b - <alloc::boxed::Box<F,A> as core::ops::function::Fn<Args>>::call::h87fe9f7b2fd49e4c
[INFO] [stdout]                                at /rustc/1b7dd2252b99671ce5d1cb9664c5f8636329436d/library/alloc/src/boxed.rs:1987:9
[INFO] [stdout]   11:     0x55bf25ea616b - test::test_main::{{closure}}::he94d679243a7531b
[INFO] [stdout]                                at /rustc/1b7dd2252b99671ce5d1cb9664c5f8636329436d/library/test/src/lib.rs:134:21
[INFO] [stdout]   12:     0x55bf26006884 - <alloc::boxed::Box<F,A> as core::ops::function::Fn<Args>>::call::h3f2d6d8b14c4769f
[INFO] [stdout]                                at /rustc/1b7dd2252b99671ce5d1cb9664c5f8636329436d/library/alloc/src/boxed.rs:1987:9
[INFO] [stdout]   13:     0x55bf26006884 - std::panicking::rust_panic_with_hook::h2bb3722bbaf2f6df
[INFO] [stdout]                                at /rustc/1b7dd2252b99671ce5d1cb9664c5f8636329436d/library/std/src/panicking.rs:695:13
[INFO] [stdout]   14:     0x55bf260065f9 - std::panicking::begin_panic_handler::{{closure}}::h91bc7f36a4be011b
[INFO] [stdout]                                at /rustc/1b7dd2252b99671ce5d1cb9664c5f8636329436d/library/std/src/panicking.rs:582:13
[INFO] [stdout]   15:     0x55bf26004b86 - std::sys_common::backtrace::__rust_end_short_backtrace::h8b3d3717114f9e59
[INFO] [stdout]                                at /rustc/1b7dd2252b99671ce5d1cb9664c5f8636329436d/library/std/src/sys_common/backtrace.rs:150:18
[INFO] [stdout]   16:     0x55bf26006352 - rust_begin_unwind
[INFO] [stdout]                                at /rustc/1b7dd2252b99671ce5d1cb9664c5f8636329436d/library/std/src/panicking.rs:578:5
[INFO] [stdout]   17:     0x55bf25e211c3 - core::panicking::panic_fmt::hfd368e3fbdabea26
[INFO] [stdout]                                at /rustc/1b7dd2252b99671ce5d1cb9664c5f8636329436d/library/core/src/panicking.rs:67:14
[INFO] [stdout]   18:     0x55bf25e2158f - core::panicking::assert_failed_inner::haef49168e1798a91
[INFO] [stdout]   19:     0x55bf25e6037e - core::panicking::assert_failed::h5b6a44fd243881ce
[INFO] [stdout]                                at /rustc/1b7dd2252b99671ce5d1cb9664c5f8636329436d/library/core/src/panicking.rs:228:5
[INFO] [stdout]   20:     0x55bf25e400fc - mnist_classification::infrastructure::mnist_loader::tests::error_when_labels_file_not_found::hde3404e8fc39dd68
[INFO] [stdout]                                at /opt/rustwide/workdir/src/infrastructure/mnist_loader/mod.rs:131:9
[INFO] [stdout]   21:     0x55bf25e3ff57 - mnist_classification::infrastructure::mnist_loader::tests::error_when_labels_file_not_found::{{closure}}::h442eec318ad6b341
[INFO] [stdout]                                at /opt/rustwide/workdir/src/infrastructure/mnist_loader/mod.rs:128:43
[INFO] [stdout]   22:     0x55bf25e4ae85 - core::ops::function::FnOnce::call_once::h0790fc94a43aab5f
[INFO] [stdout]                                at /rustc/1b7dd2252b99671ce5d1cb9664c5f8636329436d/library/core/src/ops/function.rs:250:5
[INFO] [stdout]   23:     0x55bf25eab03f - core::ops::function::FnOnce::call_once::ha6a70e79f7481a7e
[INFO] [stdout]                                at /rustc/1b7dd2252b99671ce5d1cb9664c5f8636329436d/library/core/src/ops/function.rs:250:5
[INFO] [stdout]   24:     0x55bf25eab03f - test::__rust_begin_short_backtrace::hce33033019b61e69
[INFO] [stdout]                                at /rustc/1b7dd2252b99671ce5d1cb9664c5f8636329436d/library/test/src/lib.rs:655:18
[INFO] [stdout]   25:     0x55bf25e7882c - test::run_test::{{closure}}::h858d3528838ae3e5
[INFO] [stdout]                                at /rustc/1b7dd2252b99671ce5d1cb9664c5f8636329436d/library/test/src/lib.rs:646:30
[INFO] [stdout]   26:     0x55bf25e7882c - core::ops::function::FnOnce::call_once{{vtable.shim}}::he8ac2b00f01ae79e
[INFO] [stdout]                                at /rustc/1b7dd2252b99671ce5d1cb9664c5f8636329436d/library/core/src/ops/function.rs:250:5
[INFO] [stdout]   27:     0x55bf25eaa116 - <alloc::boxed::Box<F,A> as core::ops::function::FnOnce<Args>>::call_once::h8093d25b522725ef
[INFO] [stdout]                                at /rustc/1b7dd2252b99671ce5d1cb9664c5f8636329436d/library/alloc/src/boxed.rs:1973:9
[INFO] [stdout]   28:     0x55bf25eaa116 - <core::panic::unwind_safe::AssertUnwindSafe<F> as core::ops::function::FnOnce<()>>::call_once::h5c334c204e4a3913
[INFO] [stdout]                                at /rustc/1b7dd2252b99671ce5d1cb9664c5f8636329436d/library/core/src/panic/unwind_safe.rs:271:9
[INFO] [stdout]   29:     0x55bf25eaa116 - std::panicking::try::do_call::ha8b740c7b9478074
[INFO] [stdout]                                at /rustc/1b7dd2252b99671ce5d1cb9664c5f8636329436d/library/std/src/panicking.rs:485:40
[INFO] [stdout]   30:     0x55bf25eaa116 - std::panicking::try::h5d34f63d0e41b64e
[INFO] [stdout]                                at /rustc/1b7dd2252b99671ce5d1cb9664c5f8636329436d/library/std/src/panicking.rs:449:19
[INFO] [stdout]   31:     0x55bf25eaa116 - std::panic::catch_unwind::hcfbb511e1aa7fc67
[INFO] [stdout]                                at /rustc/1b7dd2252b99671ce5d1cb9664c5f8636329436d/library/std/src/panic.rs:140:14
[INFO] [stdout]   32:     0x55bf25eaa116 - test::run_test_in_process::h9abda90f802eaf21
[INFO] [stdout]                                at /rustc/1b7dd2252b99671ce5d1cb9664c5f8636329436d/library/test/src/lib.rs:678:27
[INFO] [stdout]   33:     0x55bf25eaa116 - test::run_test::run_test_inner::{{closure}}::h0f058de91f6c6edf
[INFO] [stdout]                                at /rustc/1b7dd2252b99671ce5d1cb9664c5f8636329436d/library/test/src/lib.rs:572:39
[INFO] [stdout]   34:     0x55bf25e73035 - test::run_test::run_test_inner::{{closure}}::h5ca48a4c59c6c1fb
[INFO] [stdout]                                at /rustc/1b7dd2252b99671ce5d1cb9664c5f8636329436d/library/test/src/lib.rs:599:37
[INFO] [stdout]   35:     0x55bf25e73035 - std::sys_common::backtrace::__rust_begin_short_backtrace::h32bd51e1495d4a33
[INFO] [stdout]                                at /rustc/1b7dd2252b99671ce5d1cb9664c5f8636329436d/library/std/src/sys_common/backtrace.rs:134:18
[INFO] [stdout]   36:     0x55bf25e78571 - std::thread::Builder::spawn_unchecked_::{{closure}}::{{closure}}::hc086fae9b128b2db
[INFO] [stdout]                                at /rustc/1b7dd2252b99671ce5d1cb9664c5f8636329436d/library/std/src/thread/mod.rs:526:17
[INFO] [stdout]   37:     0x55bf25e78571 - <core::panic::unwind_safe::AssertUnwindSafe<F> as core::ops::function::FnOnce<()>>::call_once::hb66571888d270d43
[INFO] [stdout]                                at /rustc/1b7dd2252b99671ce5d1cb9664c5f8636329436d/library/core/src/panic/unwind_safe.rs:271:9
[INFO] [stdout]   38:     0x55bf25e78571 - std::panicking::try::do_call::h4fa2ef4f6e51fecf
[INFO] [stdout]                                at /rustc/1b7dd2252b99671ce5d1cb9664c5f8636329436d/library/std/src/panicking.rs:485:40
[INFO] [stdout]   39:     0x55bf25e78571 - std::panicking::try::h1e9e22b8584489b5
[INFO] [stdout]                                at /rustc/1b7dd2252b99671ce5d1cb9664c5f8636329436d/library/std/src/panicking.rs:449:19
[INFO] [stdout]   40:     0x55bf25e78571 - std::panic::catch_unwind::h44698a3de0e0769e
[INFO] [stdout]                                at /rustc/1b7dd2252b99671ce5d1cb9664c5f8636329436d/library/std/src/panic.rs:140:14
[INFO] [stdout]   41:     0x55bf25e78571 - std::thread::Builder::spawn_unchecked_::{{closure}}::h50153abde3fe239e
[INFO] [stdout]                                at /rustc/1b7dd2252b99671ce5d1cb9664c5f8636329436d/library/std/src/thread/mod.rs:525:30
[INFO] [stdout]   42:     0x55bf25e78571 - core::ops::function::FnOnce::call_once{{vtable.shim}}::hbe5bbf6f38394364
[INFO] [stdout]                                at /rustc/1b7dd2252b99671ce5d1cb9664c5f8636329436d/library/core/src/ops/function.rs:250:5
[INFO] [stdout]   43:     0x55bf2600b305 - <alloc::boxed::Box<F,A> as core::ops::function::FnOnce<Args>>::call_once::h0d83cb2920a49046
[INFO] [stdout]                                at /rustc/1b7dd2252b99671ce5d1cb9664c5f8636329436d/library/alloc/src/boxed.rs:1973:9
[INFO] [stdout]   44:     0x55bf2600b305 - <alloc::boxed::Box<F,A> as core::ops::function::FnOnce<Args>>::call_once::hbe0a008aa7d9ef59
[INFO] [stdout]                                at /rustc/1b7dd2252b99671ce5d1cb9664c5f8636329436d/library/alloc/src/boxed.rs:1973:9
[INFO] [stdout]   45:     0x55bf2600b305 - std::sys::unix::thread::Thread::new::thread_start::h3a466996bdf6b1f9
[INFO] [stdout]                                at /rustc/1b7dd2252b99671ce5d1cb9664c5f8636329436d/library/std/src/sys/unix/thread.rs:108:17
[INFO] [stdout]   46:     0x7fdd04131b43 - <unknown>
[INFO] [stdout]   47:     0x7fdd041c2bb4 - __clone
[INFO] [stdout]   48:                0x0 - <unknown>
[INFO] [stdout] 
[INFO] [stdout] 
[INFO] [stdout] failures:
[INFO] [stdout]     infrastructure::mnist_loader::tests::error_when_images_file_not_found
[INFO] [stdout]     infrastructure::mnist_loader::tests::error_when_labels_file_not_found
[INFO] [stdout] 
[INFO] [stdout] test result: FAILED. 27 passed; 2 failed; 0 ignored; 0 measured; 0 filtered out; finished in 0.02s
[INFO] [stdout] 
[INFO] [stderr] error: test failed, to rerun pass `--lib`
[INFO] running `Command { std: "docker" "inspect" "957af337130f81bfbb93c8d934f5cd76270ddeadfba4ec4fb3772dc6196adb44", kill_on_drop: false }`
[INFO] running `Command { std: "docker" "rm" "-f" "957af337130f81bfbb93c8d934f5cd76270ddeadfba4ec4fb3772dc6196adb44", kill_on_drop: false }`
[INFO] [stdout] 957af337130f81bfbb93c8d934f5cd76270ddeadfba4ec4fb3772dc6196adb44
