[INFO] cloning repository https://github.com/jxmau/Sloth
[INFO] running `Command { std: "git" "-c" "credential.helper=" "-c" "credential.helper=/workspace/cargo-home/bin/git-credential-null" "clone" "--bare" "https://github.com/jxmau/Sloth" "/workspace/cache/git-repos/https%3A%2F%2Fgithub.com%2Fjxmau%2FSloth", kill_on_drop: false }`
[INFO] [stderr] Cloning into bare repository '/workspace/cache/git-repos/https%3A%2F%2Fgithub.com%2Fjxmau%2FSloth'...
[INFO] running `Command { std: "git" "rev-parse" "HEAD", kill_on_drop: false }`
[INFO] [stdout] 56df40e17ff61c6f6f52c7955168ddc4ea2f45e3
[INFO] testing jxmau/Sloth against beta-2023-04-20 for beta-1.70-1
[INFO] running `Command { std: "git" "clone" "/workspace/cache/git-repos/https%3A%2F%2Fgithub.com%2Fjxmau%2FSloth" "/workspace/builds/worker-4-tc2/source", kill_on_drop: false }`
[INFO] [stderr] Cloning into '/workspace/builds/worker-4-tc2/source'...
[INFO] [stderr] done.
[INFO] validating manifest of git repo https://github.com/jxmau/Sloth on toolchain beta-2023-04-20
[INFO] running `Command { std: CARGO_HOME="/workspace/cargo-home" RUSTUP_HOME="/workspace/rustup-home" "/workspace/cargo-home/bin/cargo" "+beta-2023-04-20" "metadata" "--manifest-path" "Cargo.toml" "--no-deps", kill_on_drop: false }`
[INFO] started tweaking git repo https://github.com/jxmau/Sloth
[INFO] finished tweaking git repo https://github.com/jxmau/Sloth
[INFO] tweaked toml for git repo https://github.com/jxmau/Sloth written to /workspace/builds/worker-4-tc2/source/Cargo.toml
[INFO] crate git repo https://github.com/jxmau/Sloth already has a lockfile, it will not be regenerated
[INFO] running `Command { std: CARGO_HOME="/workspace/cargo-home" RUSTUP_HOME="/workspace/rustup-home" "/workspace/cargo-home/bin/cargo" "+beta-2023-04-20" "fetch" "--manifest-path" "Cargo.toml", kill_on_drop: false }`
[INFO] running `Command { std: "docker" "create" "-v" "/var/lib/crater-agent-workspace/builds/worker-4-tc2/target:/opt/rustwide/target:rw,Z" "-v" "/var/lib/crater-agent-workspace/builds/worker-4-tc2/source:/opt/rustwide/workdir:ro,Z" "-v" "/var/lib/crater-agent-workspace/cargo-home:/opt/rustwide/cargo-home:ro,Z" "-v" "/var/lib/crater-agent-workspace/rustup-home:/opt/rustwide/rustup-home:ro,Z" "-e" "SOURCE_DIR=/opt/rustwide/workdir" "-e" "CARGO_TARGET_DIR=/opt/rustwide/target" "-e" "CARGO_HOME=/opt/rustwide/cargo-home" "-e" "RUSTUP_HOME=/opt/rustwide/rustup-home" "-w" "/opt/rustwide/workdir" "-m" "1610612736" "--user" "0:0" "--network" "none" "ghcr.io/rust-lang/crates-build-env/linux@sha256:5ff2268d62e97bff2cde7d5815dd6ed5b47097566f13b8d0ca110b04b60e07ed" "/opt/rustwide/cargo-home/bin/cargo" "+beta-2023-04-20" "metadata" "--no-deps" "--format-version=1", kill_on_drop: false }`
[INFO] [stdout] e67a3cbe77a3a26a49b521b01e8ea30c5b9447315c34e7da8f34c4e1afdc9945
[INFO] running `Command { std: "docker" "start" "-a" "e67a3cbe77a3a26a49b521b01e8ea30c5b9447315c34e7da8f34c4e1afdc9945", kill_on_drop: false }`
[INFO] running `Command { std: "docker" "inspect" "e67a3cbe77a3a26a49b521b01e8ea30c5b9447315c34e7da8f34c4e1afdc9945", kill_on_drop: false }`
[INFO] running `Command { std: "docker" "rm" "-f" "e67a3cbe77a3a26a49b521b01e8ea30c5b9447315c34e7da8f34c4e1afdc9945", kill_on_drop: false }`
[INFO] [stdout] e67a3cbe77a3a26a49b521b01e8ea30c5b9447315c34e7da8f34c4e1afdc9945
[INFO] running `Command { std: "docker" "create" "-v" "/var/lib/crater-agent-workspace/builds/worker-4-tc2/target:/opt/rustwide/target:rw,Z" "-v" "/var/lib/crater-agent-workspace/builds/worker-4-tc2/source:/opt/rustwide/workdir:ro,Z" "-v" "/var/lib/crater-agent-workspace/cargo-home:/opt/rustwide/cargo-home:ro,Z" "-v" "/var/lib/crater-agent-workspace/rustup-home:/opt/rustwide/rustup-home:ro,Z" "-e" "SOURCE_DIR=/opt/rustwide/workdir" "-e" "CARGO_TARGET_DIR=/opt/rustwide/target" "-e" "CARGO_INCREMENTAL=0" "-e" "RUST_BACKTRACE=full" "-e" "RUSTFLAGS=--cap-lints=warn" "-e" "RUSTDOCFLAGS=--cap-lints=warn" "-e" "CARGO_HOME=/opt/rustwide/cargo-home" "-e" "RUSTUP_HOME=/opt/rustwide/rustup-home" "-w" "/opt/rustwide/workdir" "-m" "1610612736" "--user" "0:0" "--network" "none" "ghcr.io/rust-lang/crates-build-env/linux@sha256:5ff2268d62e97bff2cde7d5815dd6ed5b47097566f13b8d0ca110b04b60e07ed" "/opt/rustwide/cargo-home/bin/cargo" "+beta-2023-04-20" "build" "--frozen" "--message-format=json", kill_on_drop: false }`
[INFO] [stdout] 94cc3933766c624e44fd057115b37df3d2509be079b59f6ec57793db7b9bd86e
[INFO] running `Command { std: "docker" "start" "-a" "94cc3933766c624e44fd057115b37df3d2509be079b59f6ec57793db7b9bd86e", kill_on_drop: false }`
[INFO] [stderr]    Compiling proc-macro2 v1.0.36
[INFO] [stderr]    Compiling unicode-xid v0.2.2
[INFO] [stderr]    Compiling syn v1.0.90
[INFO] [stderr]    Compiling memchr v2.4.1
[INFO] [stderr]    Compiling libc v0.2.121
[INFO] [stderr]    Compiling version_check v0.9.4
[INFO] [stderr]    Compiling futures-core v0.3.21
[INFO] [stderr]    Compiling cfg-if v1.0.0
[INFO] [stderr]    Compiling log v0.4.16
[INFO] [stderr]    Compiling cache-padded v1.2.0
[INFO] [stderr]    Compiling serde_derive v1.0.136
[INFO] [stderr]    Compiling futures-io v0.3.21
[INFO] [stderr]    Compiling event-listener v2.5.2
[INFO] [stderr]    Compiling parking v2.0.0
[INFO] [stderr]    Compiling pin-project-lite v0.2.8
[INFO] [stderr]    Compiling fastrand v1.7.0
[INFO] [stderr]    Compiling concurrent-queue v1.2.2
[INFO] [stderr]    Compiling waker-fn v1.1.0
[INFO] [stderr]    Compiling lazy_static v1.4.0
[INFO] [stderr]    Compiling serde v1.0.136
[INFO] [stderr]    Compiling once_cell v1.10.0
[INFO] [stderr]    Compiling slab v0.4.6
[INFO] [stderr]    Compiling async-task v4.2.0
[INFO] [stderr]    Compiling crossbeam-utils v0.8.8
[INFO] [stderr]    Compiling atomic-waker v1.0.0
[INFO] [stderr]    Compiling async-mutex v1.4.0
[INFO] [stderr]    Compiling ryu v1.0.9
[INFO] [stderr]    Compiling value-bag v1.0.0-alpha.8
[INFO] [stderr]    Compiling async-channel v1.6.1
[INFO] [stderr]    Compiling regex-syntax v0.6.25
[INFO] [stderr]    Compiling async-lock v2.5.0
[INFO] [stderr]    Compiling regex-automata v0.1.10
[INFO] [stderr]    Compiling pin-utils v0.1.0
[INFO] [stderr]    Compiling humantime v2.1.0
[INFO] [stderr]    Compiling termcolor v1.1.3
[INFO] [stderr]    Compiling serde_json v1.0.79
[INFO] [stderr]    Compiling byteorder v1.4.3
[INFO] [stderr]    Compiling itoa v0.4.8
[INFO] [stderr]    Compiling itoa v1.0.1
[INFO] [stderr]    Compiling encode_unicode v0.3.6
[INFO] [stderr]    Compiling unicode-width v0.1.9
[INFO] [stderr]    Compiling futures-lite v1.12.0
[INFO] [stderr]    Compiling aho-corasick v0.7.18
[INFO] [stderr]    Compiling csv-core v0.1.10
[INFO] [stderr]    Compiling quote v1.0.17
[INFO] [stderr]    Compiling socket2 v0.4.4
[INFO] [stderr]    Compiling atty v0.2.14
[INFO] [stderr]    Compiling num_cpus v1.13.1
[INFO] [stderr]    Compiling dirs v1.0.5
[INFO] [stderr]    Compiling term v0.5.2
[INFO] [stderr]    Compiling regex v1.5.5
[INFO] [stderr]    Compiling blocking v1.2.0
[INFO] [stderr]    Compiling async-executor v1.4.1
[INFO] [stderr]    Compiling ctor v0.1.22
[INFO] [stderr]    Compiling polling v2.2.0
[INFO] [stderr]    Compiling kv-log-macro v1.0.7
[INFO] [stderr]    Compiling env_logger v0.9.0
[INFO] [stderr]    Compiling async-io v1.6.0
[INFO] [stderr]    Compiling async-global-executor v2.0.4
[INFO] [stderr]    Compiling async-std v1.11.0
[INFO] [stderr]    Compiling arkos v0.1.0 (https://github.com/jxmau/arkos?branch=v.1.2#5985ea3c)
[INFO] [stderr]    Compiling bstr v0.2.17
[INFO] [stderr]    Compiling csv v1.1.6
[INFO] [stderr]    Compiling slothserver v0.1.0 (https://github.com/jxmau/Slothserver#fe1d533e)
[INFO] [stderr]    Compiling prettytable-rs v0.8.0
[INFO] [stderr]    Compiling sloth v0.1.0 (/opt/rustwide/workdir)
[INFO] [stderr]     Finished dev [unoptimized + debuginfo] target(s) in 13.49s
[INFO] running `Command { std: "docker" "inspect" "94cc3933766c624e44fd057115b37df3d2509be079b59f6ec57793db7b9bd86e", kill_on_drop: false }`
[INFO] running `Command { std: "docker" "rm" "-f" "94cc3933766c624e44fd057115b37df3d2509be079b59f6ec57793db7b9bd86e", kill_on_drop: false }`
[INFO] [stdout] 94cc3933766c624e44fd057115b37df3d2509be079b59f6ec57793db7b9bd86e
[INFO] running `Command { std: "docker" "create" "-v" "/var/lib/crater-agent-workspace/builds/worker-4-tc2/target:/opt/rustwide/target:rw,Z" "-v" "/var/lib/crater-agent-workspace/builds/worker-4-tc2/source:/opt/rustwide/workdir:ro,Z" "-v" "/var/lib/crater-agent-workspace/cargo-home:/opt/rustwide/cargo-home:ro,Z" "-v" "/var/lib/crater-agent-workspace/rustup-home:/opt/rustwide/rustup-home:ro,Z" "-e" "SOURCE_DIR=/opt/rustwide/workdir" "-e" "CARGO_TARGET_DIR=/opt/rustwide/target" "-e" "CARGO_INCREMENTAL=0" "-e" "RUST_BACKTRACE=full" "-e" "RUSTFLAGS=--cap-lints=warn" "-e" "RUSTDOCFLAGS=--cap-lints=warn" "-e" "CARGO_HOME=/opt/rustwide/cargo-home" "-e" "RUSTUP_HOME=/opt/rustwide/rustup-home" "-w" "/opt/rustwide/workdir" "-m" "1610612736" "--user" "0:0" "--network" "none" "ghcr.io/rust-lang/crates-build-env/linux@sha256:5ff2268d62e97bff2cde7d5815dd6ed5b47097566f13b8d0ca110b04b60e07ed" "/opt/rustwide/cargo-home/bin/cargo" "+beta-2023-04-20" "test" "--frozen" "--no-run" "--message-format=json", kill_on_drop: false }`
[INFO] [stdout] 4e73f79d9064c32d07294aca380ffbdfe96154145cd44bba81fa0815b50d1c90
[INFO] running `Command { std: "docker" "start" "-a" "4e73f79d9064c32d07294aca380ffbdfe96154145cd44bba81fa0815b50d1c90", kill_on_drop: false }`
[INFO] [stderr]    Compiling sloth v0.1.0 (/opt/rustwide/workdir)
[INFO] [stderr]     Finished test [unoptimized + debuginfo] target(s) in 0.82s
[INFO] running `Command { std: "docker" "inspect" "4e73f79d9064c32d07294aca380ffbdfe96154145cd44bba81fa0815b50d1c90", kill_on_drop: false }`
[INFO] running `Command { std: "docker" "rm" "-f" "4e73f79d9064c32d07294aca380ffbdfe96154145cd44bba81fa0815b50d1c90", kill_on_drop: false }`
[INFO] [stdout] 4e73f79d9064c32d07294aca380ffbdfe96154145cd44bba81fa0815b50d1c90
[INFO] running `Command { std: "docker" "create" "-v" "/var/lib/crater-agent-workspace/builds/worker-4-tc2/target:/opt/rustwide/target:rw,Z" "-v" "/var/lib/crater-agent-workspace/builds/worker-4-tc2/source:/opt/rustwide/workdir:ro,Z" "-v" "/var/lib/crater-agent-workspace/cargo-home:/opt/rustwide/cargo-home:ro,Z" "-v" "/var/lib/crater-agent-workspace/rustup-home:/opt/rustwide/rustup-home:ro,Z" "-e" "SOURCE_DIR=/opt/rustwide/workdir" "-e" "CARGO_TARGET_DIR=/opt/rustwide/target" "-e" "CARGO_INCREMENTAL=0" "-e" "RUST_BACKTRACE=full" "-e" "RUSTFLAGS=--cap-lints=warn" "-e" "RUSTDOCFLAGS=--cap-lints=warn" "-e" "CARGO_HOME=/opt/rustwide/cargo-home" "-e" "RUSTUP_HOME=/opt/rustwide/rustup-home" "-w" "/opt/rustwide/workdir" "-m" "1610612736" "--user" "0:0" "--network" "none" "ghcr.io/rust-lang/crates-build-env/linux@sha256:5ff2268d62e97bff2cde7d5815dd6ed5b47097566f13b8d0ca110b04b60e07ed" "/opt/rustwide/cargo-home/bin/cargo" "+beta-2023-04-20" "test" "--frozen", kill_on_drop: false }`
[INFO] [stdout] 4a2e951691338301dca1024389854e3331962de3a0a20b0270a6ba775dacce0c
[INFO] running `Command { std: "docker" "start" "-a" "4a2e951691338301dca1024389854e3331962de3a0a20b0270a6ba775dacce0c", kill_on_drop: false }`
[INFO] [stderr]     Finished test [unoptimized + debuginfo] target(s) in 0.04s
[INFO] [stderr]      Running unittests src/lib.rs (/opt/rustwide/target/debug/deps/sloth-9bb411a41910619b)
[INFO] [stdout] 
[INFO] [stdout] running 2 tests
[INFO] [stdout] test file_handling_tests::load_file_test ... ok
[INFO] [stdout] test file_handling_tests::save_file_test ... FAILED
[INFO] [stdout] 
[INFO] [stdout] failures:
[INFO] [stdout] 
[INFO] [stdout] ---- file_handling_tests::save_file_test stdout ----
[INFO] [stdout] thread 'file_handling_tests::save_file_test' panicked at 'assertion failed: save_file(&pwd, Some(&mut \"new\".to_string()),\n        r#\"{\"hello\": \"word\"}\"#.to_string()).is_ok()', src/lib.rs:89:9
[INFO] [stdout] stack backtrace:
[INFO] [stdout]    0:     0x56252d19831a - std::backtrace_rs::backtrace::libunwind::trace::h2f05d0192276a8f6
[INFO] [stdout]                                at /rustc/1b7dd2252b99671ce5d1cb9664c5f8636329436d/library/std/src/../../backtrace/src/backtrace/libunwind.rs:93:5
[INFO] [stdout]    1:     0x56252d19831a - std::backtrace_rs::backtrace::trace_unsynchronized::hedc23dff7a1af150
[INFO] [stdout]                                at /rustc/1b7dd2252b99671ce5d1cb9664c5f8636329436d/library/std/src/../../backtrace/src/backtrace/mod.rs:66:5
[INFO] [stdout]    2:     0x56252d19831a - std::sys_common::backtrace::_print_fmt::h17541ef7592f3ce2
[INFO] [stdout]                                at /rustc/1b7dd2252b99671ce5d1cb9664c5f8636329436d/library/std/src/sys_common/backtrace.rs:65:5
[INFO] [stdout]    3:     0x56252d19831a - <std::sys_common::backtrace::_print::DisplayBacktrace as core::fmt::Display>::fmt::h20f75df5ab0c0792
[INFO] [stdout]                                at /rustc/1b7dd2252b99671ce5d1cb9664c5f8636329436d/library/std/src/sys_common/backtrace.rs:44:22
[INFO] [stdout]    4:     0x56252d1bbf6f - core::fmt::write::h78109e6f466b3af6
[INFO] [stdout]                                at /rustc/1b7dd2252b99671ce5d1cb9664c5f8636329436d/library/core/src/fmt/mod.rs:1254:17
[INFO] [stdout]    5:     0x56252d195645 - std::io::Write::write_fmt::hd24bfb68a1b35a25
[INFO] [stdout]                                at /rustc/1b7dd2252b99671ce5d1cb9664c5f8636329436d/library/std/src/io/mod.rs:1698:15
[INFO] [stdout]    6:     0x56252d1980e5 - std::sys_common::backtrace::_print::h8dac57a9f8fbf9a5
[INFO] [stdout]                                at /rustc/1b7dd2252b99671ce5d1cb9664c5f8636329436d/library/std/src/sys_common/backtrace.rs:47:5
[INFO] [stdout]    7:     0x56252d1980e5 - std::sys_common::backtrace::print::hf9ecbf41d1aa712f
[INFO] [stdout]                                at /rustc/1b7dd2252b99671ce5d1cb9664c5f8636329436d/library/std/src/sys_common/backtrace.rs:34:9
[INFO] [stdout]    8:     0x56252d199d9e - std::panicking::default_hook::{{closure}}::h04c07acfc84ca028
[INFO] [stdout]                                at /rustc/1b7dd2252b99671ce5d1cb9664c5f8636329436d/library/std/src/panicking.rs:269:22
[INFO] [stdout]    9:     0x56252d199ad1 - std::panicking::default_hook::h01f6bb23e1eceb2c
[INFO] [stdout]                                at /rustc/1b7dd2252b99671ce5d1cb9664c5f8636329436d/library/std/src/panicking.rs:285:9
[INFO] [stdout]   10:     0x56252d161e3b - <alloc::boxed::Box<F,A> as core::ops::function::Fn<Args>>::call::h87fe9f7b2fd49e4c
[INFO] [stdout]                                at /rustc/1b7dd2252b99671ce5d1cb9664c5f8636329436d/library/alloc/src/boxed.rs:1987:9
[INFO] [stdout]   11:     0x56252d161e3b - test::test_main::{{closure}}::he94d679243a7531b
[INFO] [stdout]                                at /rustc/1b7dd2252b99671ce5d1cb9664c5f8636329436d/library/test/src/lib.rs:134:21
[INFO] [stdout]   12:     0x56252d19a484 - <alloc::boxed::Box<F,A> as core::ops::function::Fn<Args>>::call::h3f2d6d8b14c4769f
[INFO] [stdout]                                at /rustc/1b7dd2252b99671ce5d1cb9664c5f8636329436d/library/alloc/src/boxed.rs:1987:9
[INFO] [stdout]   13:     0x56252d19a484 - std::panicking::rust_panic_with_hook::h2bb3722bbaf2f6df
[INFO] [stdout]                                at /rustc/1b7dd2252b99671ce5d1cb9664c5f8636329436d/library/std/src/panicking.rs:695:13
[INFO] [stdout]   14:     0x56252d19a1b2 - std::panicking::begin_panic_handler::{{closure}}::h91bc7f36a4be011b
[INFO] [stdout]                                at /rustc/1b7dd2252b99671ce5d1cb9664c5f8636329436d/library/std/src/panicking.rs:580:13
[INFO] [stdout]   15:     0x56252d198786 - std::sys_common::backtrace::__rust_end_short_backtrace::h8b3d3717114f9e59
[INFO] [stdout]                                at /rustc/1b7dd2252b99671ce5d1cb9664c5f8636329436d/library/std/src/sys_common/backtrace.rs:150:18
[INFO] [stdout]   16:     0x56252d199f52 - rust_begin_unwind
[INFO] [stdout]                                at /rustc/1b7dd2252b99671ce5d1cb9664c5f8636329436d/library/std/src/panicking.rs:578:5
[INFO] [stdout]   17:     0x56252d12bba3 - core::panicking::panic_fmt::hfd368e3fbdabea26
[INFO] [stdout]                                at /rustc/1b7dd2252b99671ce5d1cb9664c5f8636329436d/library/core/src/panicking.rs:67:14
[INFO] [stdout]   18:     0x56252d12bc3d - core::panicking::panic::h3f9042d09bd0bf2e
[INFO] [stdout]                                at /rustc/1b7dd2252b99671ce5d1cb9664c5f8636329436d/library/core/src/panicking.rs:117:5
[INFO] [stdout]   19:     0x56252d12e84e - sloth::file_handling_tests::save_file_test::h1c13879d9a0c5d92
[INFO] [stdout]                                at /opt/rustwide/workdir/src/lib.rs:89:9
[INFO] [stdout]   20:     0x56252d12e5b7 - sloth::file_handling_tests::save_file_test::{{closure}}::h6a41e764377debb9
[INFO] [stdout]                                at /opt/rustwide/workdir/src/lib.rs:87:29
[INFO] [stdout]   21:     0x56252d12de65 - core::ops::function::FnOnce::call_once::h43c17601a2f40821
[INFO] [stdout]                                at /rustc/1b7dd2252b99671ce5d1cb9664c5f8636329436d/library/core/src/ops/function.rs:250:5
[INFO] [stdout]   22:     0x56252d166d0f - core::ops::function::FnOnce::call_once::ha6a70e79f7481a7e
[INFO] [stdout]                                at /rustc/1b7dd2252b99671ce5d1cb9664c5f8636329436d/library/core/src/ops/function.rs:250:5
[INFO] [stdout]   23:     0x56252d166d0f - test::__rust_begin_short_backtrace::hce33033019b61e69
[INFO] [stdout]                                at /rustc/1b7dd2252b99671ce5d1cb9664c5f8636329436d/library/test/src/lib.rs:655:18
[INFO] [stdout]   24:     0x56252d1344fc - test::run_test::{{closure}}::h858d3528838ae3e5
[INFO] [stdout]                                at /rustc/1b7dd2252b99671ce5d1cb9664c5f8636329436d/library/test/src/lib.rs:646:30
[INFO] [stdout]   25:     0x56252d1344fc - core::ops::function::FnOnce::call_once{{vtable.shim}}::he8ac2b00f01ae79e
[INFO] [stdout]                                at /rustc/1b7dd2252b99671ce5d1cb9664c5f8636329436d/library/core/src/ops/function.rs:250:5
[INFO] [stdout]   26:     0x56252d165de6 - <alloc::boxed::Box<F,A> as core::ops::function::FnOnce<Args>>::call_once::h8093d25b522725ef
[INFO] [stdout]                                at /rustc/1b7dd2252b99671ce5d1cb9664c5f8636329436d/library/alloc/src/boxed.rs:1973:9
[INFO] [stdout]   27:     0x56252d165de6 - <core::panic::unwind_safe::AssertUnwindSafe<F> as core::ops::function::FnOnce<()>>::call_once::h5c334c204e4a3913
[INFO] [stdout]                                at /rustc/1b7dd2252b99671ce5d1cb9664c5f8636329436d/library/core/src/panic/unwind_safe.rs:271:9
[INFO] [stdout]   28:     0x56252d165de6 - std::panicking::try::do_call::ha8b740c7b9478074
[INFO] [stdout]                                at /rustc/1b7dd2252b99671ce5d1cb9664c5f8636329436d/library/std/src/panicking.rs:485:40
[INFO] [stdout]   29:     0x56252d165de6 - std::panicking::try::h5d34f63d0e41b64e
[INFO] [stdout]                                at /rustc/1b7dd2252b99671ce5d1cb9664c5f8636329436d/library/std/src/panicking.rs:449:19
[INFO] [stdout]   30:     0x56252d165de6 - std::panic::catch_unwind::hcfbb511e1aa7fc67
[INFO] [stdout]                                at /rustc/1b7dd2252b99671ce5d1cb9664c5f8636329436d/library/std/src/panic.rs:140:14
[INFO] [stdout]   31:     0x56252d165de6 - test::run_test_in_process::h9abda90f802eaf21
[INFO] [stdout]                                at /rustc/1b7dd2252b99671ce5d1cb9664c5f8636329436d/library/test/src/lib.rs:678:27
[INFO] [stdout]   32:     0x56252d165de6 - test::run_test::run_test_inner::{{closure}}::h0f058de91f6c6edf
[INFO] [stdout]                                at /rustc/1b7dd2252b99671ce5d1cb9664c5f8636329436d/library/test/src/lib.rs:572:39
[INFO] [stdout]   33:     0x56252d12ed05 - test::run_test::run_test_inner::{{closure}}::h5ca48a4c59c6c1fb
[INFO] [stdout]                                at /rustc/1b7dd2252b99671ce5d1cb9664c5f8636329436d/library/test/src/lib.rs:599:37
[INFO] [stdout]   34:     0x56252d12ed05 - std::sys_common::backtrace::__rust_begin_short_backtrace::h32bd51e1495d4a33
[INFO] [stdout]                                at /rustc/1b7dd2252b99671ce5d1cb9664c5f8636329436d/library/std/src/sys_common/backtrace.rs:134:18
[INFO] [stdout]   35:     0x56252d134241 - std::thread::Builder::spawn_unchecked_::{{closure}}::{{closure}}::hc086fae9b128b2db
[INFO] [stdout]                                at /rustc/1b7dd2252b99671ce5d1cb9664c5f8636329436d/library/std/src/thread/mod.rs:526:17
[INFO] [stdout]   36:     0x56252d134241 - <core::panic::unwind_safe::AssertUnwindSafe<F> as core::ops::function::FnOnce<()>>::call_once::hb66571888d270d43
[INFO] [stdout]                                at /rustc/1b7dd2252b99671ce5d1cb9664c5f8636329436d/library/core/src/panic/unwind_safe.rs:271:9
[INFO] [stdout]   37:     0x56252d134241 - std::panicking::try::do_call::h4fa2ef4f6e51fecf
[INFO] [stdout]                                at /rustc/1b7dd2252b99671ce5d1cb9664c5f8636329436d/library/std/src/panicking.rs:485:40
[INFO] [stdout]   38:     0x56252d134241 - std::panicking::try::h1e9e22b8584489b5
[INFO] [stdout]                                at /rustc/1b7dd2252b99671ce5d1cb9664c5f8636329436d/library/std/src/panicking.rs:449:19
[INFO] [stdout]   39:     0x56252d134241 - std::panic::catch_unwind::h44698a3de0e0769e
[INFO] [stdout]                                at /rustc/1b7dd2252b99671ce5d1cb9664c5f8636329436d/library/std/src/panic.rs:140:14
[INFO] [stdout]   40:     0x56252d134241 - std::thread::Builder::spawn_unchecked_::{{closure}}::h50153abde3fe239e
[INFO] [stdout]                                at /rustc/1b7dd2252b99671ce5d1cb9664c5f8636329436d/library/std/src/thread/mod.rs:525:30
[INFO] [stdout]   41:     0x56252d134241 - core::ops::function::FnOnce::call_once{{vtable.shim}}::hbe5bbf6f38394364
[INFO] [stdout]                                at /rustc/1b7dd2252b99671ce5d1cb9664c5f8636329436d/library/core/src/ops/function.rs:250:5
[INFO] [stdout]   42:     0x56252d19e955 - <alloc::boxed::Box<F,A> as core::ops::function::FnOnce<Args>>::call_once::h0d83cb2920a49046
[INFO] [stdout]                                at /rustc/1b7dd2252b99671ce5d1cb9664c5f8636329436d/library/alloc/src/boxed.rs:1973:9
[INFO] [stdout]   43:     0x56252d19e955 - <alloc::boxed::Box<F,A> as core::ops::function::FnOnce<Args>>::call_once::hbe0a008aa7d9ef59
[INFO] [stdout]                                at /rustc/1b7dd2252b99671ce5d1cb9664c5f8636329436d/library/alloc/src/boxed.rs:1973:9
[INFO] [stdout]   44:     0x56252d19e955 - std::sys::unix::thread::Thread::new::thread_start::h3a466996bdf6b1f9
[INFO] [stdout]                                at /rustc/1b7dd2252b99671ce5d1cb9664c5f8636329436d/library/std/src/sys/unix/thread.rs:108:17
[INFO] [stdout]   45:     0x7fbfa9590b43 - <unknown>
[INFO] [stdout]   46:     0x7fbfa9621bb4 - __clone
[INFO] [stdout]   47:                0x0 - <unknown>
[INFO] [stdout] 
[INFO] [stdout] 
[INFO] [stdout] failures:
[INFO] [stdout]     file_handling_tests::save_file_test
[INFO] [stdout] 
[INFO] [stdout] test result: FAILED. 1 passed; 1 failed; 0 ignored; 0 measured; 0 filtered out; finished in 0.01s
[INFO] [stdout] 
[INFO] [stderr] error: test failed, to rerun pass `--lib`
[INFO] running `Command { std: "docker" "inspect" "4a2e951691338301dca1024389854e3331962de3a0a20b0270a6ba775dacce0c", kill_on_drop: false }`
[INFO] running `Command { std: "docker" "rm" "-f" "4a2e951691338301dca1024389854e3331962de3a0a20b0270a6ba775dacce0c", kill_on_drop: false }`
[INFO] [stdout] 4a2e951691338301dca1024389854e3331962de3a0a20b0270a6ba775dacce0c
