[INFO] cloning repository https://github.com/justinbarclay/algorithms-rs
[INFO] running `Command { std: "git" "-c" "credential.helper=" "-c" "credential.helper=/workspace/cargo-home/bin/git-credential-null" "clone" "--bare" "https://github.com/justinbarclay/algorithms-rs" "/workspace/cache/git-repos/https%3A%2F%2Fgithub.com%2Fjustinbarclay%2Falgorithms-rs", kill_on_drop: false }`
[INFO] [stderr] Cloning into bare repository '/workspace/cache/git-repos/https%3A%2F%2Fgithub.com%2Fjustinbarclay%2Falgorithms-rs'...
[INFO] running `Command { std: "git" "rev-parse" "HEAD", kill_on_drop: false }`
[INFO] [stdout] 41c507ed079f161b34e936386dc16c74357bb68f
[INFO] testing justinbarclay/algorithms-rs against beta-2023-04-20 for beta-1.70-1
[INFO] running `Command { std: "git" "clone" "/workspace/cache/git-repos/https%3A%2F%2Fgithub.com%2Fjustinbarclay%2Falgorithms-rs" "/workspace/builds/worker-7-tc2/source", kill_on_drop: false }`
[INFO] [stderr] Cloning into '/workspace/builds/worker-7-tc2/source'...
[INFO] [stderr] done.
[INFO] validating manifest of git repo https://github.com/justinbarclay/algorithms-rs on toolchain beta-2023-04-20
[INFO] running `Command { std: CARGO_HOME="/workspace/cargo-home" RUSTUP_HOME="/workspace/rustup-home" "/workspace/cargo-home/bin/cargo" "+beta-2023-04-20" "metadata" "--manifest-path" "Cargo.toml" "--no-deps", kill_on_drop: false }`
[INFO] started tweaking git repo https://github.com/justinbarclay/algorithms-rs
[INFO] finished tweaking git repo https://github.com/justinbarclay/algorithms-rs
[INFO] tweaked toml for git repo https://github.com/justinbarclay/algorithms-rs written to /workspace/builds/worker-7-tc2/source/Cargo.toml
[INFO] crate git repo https://github.com/justinbarclay/algorithms-rs already has a lockfile, it will not be regenerated
[INFO] running `Command { std: CARGO_HOME="/workspace/cargo-home" RUSTUP_HOME="/workspace/rustup-home" "/workspace/cargo-home/bin/cargo" "+beta-2023-04-20" "fetch" "--manifest-path" "Cargo.toml", kill_on_drop: false }`
[INFO] [stderr]     Blocking waiting for file lock on package cache
[INFO] running `Command { std: "docker" "create" "-v" "/var/lib/crater-agent-workspace/builds/worker-7-tc2/target:/opt/rustwide/target:rw,Z" "-v" "/var/lib/crater-agent-workspace/builds/worker-7-tc2/source:/opt/rustwide/workdir:ro,Z" "-v" "/var/lib/crater-agent-workspace/cargo-home:/opt/rustwide/cargo-home:ro,Z" "-v" "/var/lib/crater-agent-workspace/rustup-home:/opt/rustwide/rustup-home:ro,Z" "-e" "SOURCE_DIR=/opt/rustwide/workdir" "-e" "CARGO_TARGET_DIR=/opt/rustwide/target" "-e" "CARGO_HOME=/opt/rustwide/cargo-home" "-e" "RUSTUP_HOME=/opt/rustwide/rustup-home" "-w" "/opt/rustwide/workdir" "-m" "1610612736" "--user" "0:0" "--network" "none" "ghcr.io/rust-lang/crates-build-env/linux@sha256:5ff2268d62e97bff2cde7d5815dd6ed5b47097566f13b8d0ca110b04b60e07ed" "/opt/rustwide/cargo-home/bin/cargo" "+beta-2023-04-20" "metadata" "--no-deps" "--format-version=1", kill_on_drop: false }`
[INFO] [stdout] 4478fabc0461769e6223dd0b8c4bed83f7a532dc9e6a652673f0096b21ebded7
[INFO] running `Command { std: "docker" "start" "-a" "4478fabc0461769e6223dd0b8c4bed83f7a532dc9e6a652673f0096b21ebded7", kill_on_drop: false }`
[INFO] running `Command { std: "docker" "inspect" "4478fabc0461769e6223dd0b8c4bed83f7a532dc9e6a652673f0096b21ebded7", kill_on_drop: false }`
[INFO] running `Command { std: "docker" "rm" "-f" "4478fabc0461769e6223dd0b8c4bed83f7a532dc9e6a652673f0096b21ebded7", kill_on_drop: false }`
[INFO] [stdout] 4478fabc0461769e6223dd0b8c4bed83f7a532dc9e6a652673f0096b21ebded7
[INFO] running `Command { std: "docker" "create" "-v" "/var/lib/crater-agent-workspace/builds/worker-7-tc2/target:/opt/rustwide/target:rw,Z" "-v" "/var/lib/crater-agent-workspace/builds/worker-7-tc2/source:/opt/rustwide/workdir:ro,Z" "-v" "/var/lib/crater-agent-workspace/cargo-home:/opt/rustwide/cargo-home:ro,Z" "-v" "/var/lib/crater-agent-workspace/rustup-home:/opt/rustwide/rustup-home:ro,Z" "-e" "SOURCE_DIR=/opt/rustwide/workdir" "-e" "CARGO_TARGET_DIR=/opt/rustwide/target" "-e" "CARGO_INCREMENTAL=0" "-e" "RUST_BACKTRACE=full" "-e" "RUSTFLAGS=--cap-lints=warn" "-e" "RUSTDOCFLAGS=--cap-lints=warn" "-e" "CARGO_HOME=/opt/rustwide/cargo-home" "-e" "RUSTUP_HOME=/opt/rustwide/rustup-home" "-w" "/opt/rustwide/workdir" "-m" "1610612736" "--user" "0:0" "--network" "none" "ghcr.io/rust-lang/crates-build-env/linux@sha256:5ff2268d62e97bff2cde7d5815dd6ed5b47097566f13b8d0ca110b04b60e07ed" "/opt/rustwide/cargo-home/bin/cargo" "+beta-2023-04-20" "build" "--frozen" "--message-format=json", kill_on_drop: false }`
[INFO] [stdout] 035f086d11dd8447a21e47f5a9baf2c4d9f1ba24997f2357a30561935e7d71b6
[INFO] running `Command { std: "docker" "start" "-a" "035f086d11dd8447a21e47f5a9baf2c4d9f1ba24997f2357a30561935e7d71b6", kill_on_drop: false }`
[INFO] [stderr]    Compiling algorithms v0.1.0 (/opt/rustwide/workdir)
[INFO] [stdout] warning: unused import: `std::cmp::Ordering::*`
[INFO] [stdout]  --> src/selection_sort.rs:1:5
[INFO] [stdout]   |
[INFO] [stdout] 1 | use std::cmp::Ordering::*;
[INFO] [stdout]   |     ^^^^^^^^^^^^^^^^^^^^^
[INFO] [stdout]   |
[INFO] [stdout]   = note: `#[warn(unused_imports)]` on by default
[INFO] [stdout] 
[INFO] [stdout] 
[INFO] [stdout] warning: 1 warning emitted
[INFO] [stdout] 
[INFO] [stdout] 
[INFO] [stderr]     Finished dev [unoptimized + debuginfo] target(s) in 0.31s
[INFO] running `Command { std: "docker" "inspect" "035f086d11dd8447a21e47f5a9baf2c4d9f1ba24997f2357a30561935e7d71b6", kill_on_drop: false }`
[INFO] running `Command { std: "docker" "rm" "-f" "035f086d11dd8447a21e47f5a9baf2c4d9f1ba24997f2357a30561935e7d71b6", kill_on_drop: false }`
[INFO] [stdout] 035f086d11dd8447a21e47f5a9baf2c4d9f1ba24997f2357a30561935e7d71b6
[INFO] running `Command { std: "docker" "create" "-v" "/var/lib/crater-agent-workspace/builds/worker-7-tc2/target:/opt/rustwide/target:rw,Z" "-v" "/var/lib/crater-agent-workspace/builds/worker-7-tc2/source:/opt/rustwide/workdir:ro,Z" "-v" "/var/lib/crater-agent-workspace/cargo-home:/opt/rustwide/cargo-home:ro,Z" "-v" "/var/lib/crater-agent-workspace/rustup-home:/opt/rustwide/rustup-home:ro,Z" "-e" "SOURCE_DIR=/opt/rustwide/workdir" "-e" "CARGO_TARGET_DIR=/opt/rustwide/target" "-e" "CARGO_INCREMENTAL=0" "-e" "RUST_BACKTRACE=full" "-e" "RUSTFLAGS=--cap-lints=warn" "-e" "RUSTDOCFLAGS=--cap-lints=warn" "-e" "CARGO_HOME=/opt/rustwide/cargo-home" "-e" "RUSTUP_HOME=/opt/rustwide/rustup-home" "-w" "/opt/rustwide/workdir" "-m" "1610612736" "--user" "0:0" "--network" "none" "ghcr.io/rust-lang/crates-build-env/linux@sha256:5ff2268d62e97bff2cde7d5815dd6ed5b47097566f13b8d0ca110b04b60e07ed" "/opt/rustwide/cargo-home/bin/cargo" "+beta-2023-04-20" "test" "--frozen" "--no-run" "--message-format=json", kill_on_drop: false }`
[INFO] [stdout] 39fa883611e7a5353265357e85e12ce4922c32625a78f403d6409c427bf5a370
[INFO] running `Command { std: "docker" "start" "-a" "39fa883611e7a5353265357e85e12ce4922c32625a78f403d6409c427bf5a370", kill_on_drop: false }`
[INFO] [stderr]    Compiling autocfg v1.0.1
[INFO] [stderr]    Compiling libc v0.2.76
[INFO] [stderr]    Compiling cfg-if v0.1.10
[INFO] [stderr]    Compiling lazy_static v1.4.0
[INFO] [stderr]    Compiling maybe-uninit v2.0.0
[INFO] [stderr]    Compiling serde v1.0.115
[INFO] [stderr]    Compiling semver-parser v0.7.0
[INFO] [stderr]    Compiling memchr v2.3.3
[INFO] [stderr]    Compiling ryu v1.0.5
[INFO] [stderr]    Compiling byteorder v1.3.4
[INFO] [stderr]    Compiling proc-macro2 v1.0.19
[INFO] [stderr]    Compiling unicode-xid v0.2.1
[INFO] [stderr]    Compiling scopeguard v1.1.0
[INFO] [stderr]    Compiling getrandom v0.1.14
[INFO] [stderr]    Compiling rayon-core v1.7.1
[INFO] [stderr]    Compiling syn v1.0.39
[INFO] [stderr]    Compiling bitflags v1.2.1
[INFO] [stderr]    Compiling either v1.6.0
[INFO] [stderr]    Compiling serde_json v1.0.57
[INFO] [stderr]    Compiling itoa v0.4.6
[INFO] [stderr]    Compiling semver v0.9.0
[INFO] [stderr]    Compiling serde_derive v1.0.115
[INFO] [stderr]    Compiling unicode-width v0.1.8
[INFO] [stderr]    Compiling itertools v0.9.0
[INFO] [stderr]    Compiling textwrap v0.11.0
[INFO] [stderr]    Compiling half v1.6.0
[INFO] [stderr]    Compiling ppv-lite86 v0.2.9
[INFO] [stderr]    Compiling crossbeam-utils v0.7.2
[INFO] [stderr]    Compiling memoffset v0.5.5
[INFO] [stderr]    Compiling crossbeam-epoch v0.8.2
[INFO] [stderr]    Compiling rustc_version v0.2.3
[INFO] [stderr]    Compiling num-traits v0.2.12
[INFO] [stderr]    Compiling rayon v1.3.1
[INFO] [stderr]    Compiling regex-automata v0.1.9
[INFO] [stderr]    Compiling cast v0.2.3
[INFO] [stderr]    Compiling csv-core v0.1.10
[INFO] [stderr]    Compiling regex-syntax v0.6.18
[INFO] [stderr]    Compiling same-file v1.0.6
[INFO] [stderr]    Compiling clap v2.33.3
[INFO] [stderr]    Compiling oorandom v11.1.2
[INFO] [stdout] warning: unused import: `std::cmp::Ordering::*`
[INFO] [stdout]  --> src/selection_sort.rs:1:5
[INFO] [stdout]   |
[INFO] [stdout] 1 | use std::cmp::Ordering::*;
[INFO] [stdout]   |     ^^^^^^^^^^^^^^^^^^^^^
[INFO] [stdout]   |
[INFO] [stdout]   = note: `#[warn(unused_imports)]` on by default
[INFO] [stdout] 
[INFO] [stdout] 
[INFO] [stdout] warning: 1 warning emitted
[INFO] [stdout] 
[INFO] [stdout] 
[INFO] [stderr]    Compiling walkdir v2.3.1
[INFO] [stderr]    Compiling quote v1.0.7
[INFO] [stderr]    Compiling num_cpus v1.13.0
[INFO] [stderr]    Compiling atty v0.2.14
[INFO] [stderr]    Compiling rand_core v0.5.1
[INFO] [stderr]    Compiling criterion-plot v0.4.3
[INFO] [stderr]    Compiling rand_chacha v0.2.2
[INFO] [stderr]    Compiling crossbeam-queue v0.2.3
[INFO] [stderr]    Compiling rand v0.7.3
[INFO] [stderr]    Compiling crossbeam-deque v0.7.3
[INFO] [stderr]    Compiling regex v1.3.9
[INFO] [stderr]    Compiling plotters v0.2.15
[INFO] [stderr]    Compiling bstr v0.2.13
[INFO] [stderr]    Compiling serde_cbor v0.11.1
[INFO] [stderr]    Compiling csv v1.1.3
[INFO] [stderr]    Compiling tinytemplate v1.1.0
[INFO] [stderr]    Compiling criterion v0.3.3
[INFO] [stderr]    Compiling algorithms v0.1.0 (/opt/rustwide/workdir)
[INFO] [stdout] warning: unused import: `std::cmp::Ordering::*`
[INFO] [stdout]  --> src/selection_sort.rs:1:5
[INFO] [stdout]   |
[INFO] [stdout] 1 | use std::cmp::Ordering::*;
[INFO] [stdout]   |     ^^^^^^^^^^^^^^^^^^^^^
[INFO] [stdout]   |
[INFO] [stdout]   = note: `#[warn(unused_imports)]` on by default
[INFO] [stdout] 
[INFO] [stdout] 
[INFO] [stdout] warning: 1 warning emitted
[INFO] [stdout] 
[INFO] [stdout] 
[INFO] [stderr]     Finished test [unoptimized + debuginfo] target(s) in 11.61s
[INFO] [stderr] warning: the following packages contain code that will be rejected by a future version of Rust: criterion v0.3.3
[INFO] [stderr] note: to see what the problems were, use the option `--future-incompat-report`, or run `cargo report future-incompatibilities --id 1`
[INFO] running `Command { std: "docker" "inspect" "39fa883611e7a5353265357e85e12ce4922c32625a78f403d6409c427bf5a370", kill_on_drop: false }`
[INFO] running `Command { std: "docker" "rm" "-f" "39fa883611e7a5353265357e85e12ce4922c32625a78f403d6409c427bf5a370", kill_on_drop: false }`
[INFO] [stdout] 39fa883611e7a5353265357e85e12ce4922c32625a78f403d6409c427bf5a370
[INFO] running `Command { std: "docker" "create" "-v" "/var/lib/crater-agent-workspace/builds/worker-7-tc2/target:/opt/rustwide/target:rw,Z" "-v" "/var/lib/crater-agent-workspace/builds/worker-7-tc2/source:/opt/rustwide/workdir:ro,Z" "-v" "/var/lib/crater-agent-workspace/cargo-home:/opt/rustwide/cargo-home:ro,Z" "-v" "/var/lib/crater-agent-workspace/rustup-home:/opt/rustwide/rustup-home:ro,Z" "-e" "SOURCE_DIR=/opt/rustwide/workdir" "-e" "CARGO_TARGET_DIR=/opt/rustwide/target" "-e" "CARGO_INCREMENTAL=0" "-e" "RUST_BACKTRACE=full" "-e" "RUSTFLAGS=--cap-lints=warn" "-e" "RUSTDOCFLAGS=--cap-lints=warn" "-e" "CARGO_HOME=/opt/rustwide/cargo-home" "-e" "RUSTUP_HOME=/opt/rustwide/rustup-home" "-w" "/opt/rustwide/workdir" "-m" "1610612736" "--user" "0:0" "--network" "none" "ghcr.io/rust-lang/crates-build-env/linux@sha256:5ff2268d62e97bff2cde7d5815dd6ed5b47097566f13b8d0ca110b04b60e07ed" "/opt/rustwide/cargo-home/bin/cargo" "+beta-2023-04-20" "test" "--frozen", kill_on_drop: false }`
[INFO] [stdout] 119cb9e2cd30eab15543df89b39ef5e189728c1f9d3ff08594120cc1610f6952
[INFO] running `Command { std: "docker" "start" "-a" "119cb9e2cd30eab15543df89b39ef5e189728c1f9d3ff08594120cc1610f6952", kill_on_drop: false }`
[INFO] [stderr]     Blocking waiting for file lock on package cache
[INFO] [stderr] warning: unused import: `std::cmp::Ordering::*`
[INFO] [stderr]  --> src/selection_sort.rs:1:5
[INFO] [stderr]   |
[INFO] [stderr] 1 | use std::cmp::Ordering::*;
[INFO] [stderr]   |     ^^^^^^^^^^^^^^^^^^^^^
[INFO] [stderr]   |
[INFO] [stderr]   = note: `#[warn(unused_imports)]` on by default
[INFO] [stderr] 
[INFO] [stderr] warning: `algorithms` (lib) generated 1 warning (run `cargo fix --lib -p algorithms` to apply 1 suggestion)
[INFO] [stderr] warning: `algorithms` (lib test) generated 1 warning (1 duplicate)
[INFO] [stderr]     Finished test [unoptimized + debuginfo] target(s) in 3.00s
[INFO] [stderr] warning: the following packages contain code that will be rejected by a future version of Rust: criterion v0.3.3
[INFO] [stderr] note: to see what the problems were, use the option `--future-incompat-report`, or run `cargo report future-incompatibilities --id 1`
[INFO] [stdout] 
[INFO] [stderr]      Running unittests src/lib.rs (/opt/rustwide/target/debug/deps/algorithms-9753a4a196fdf201)
[INFO] [stdout] running 6 tests
[INFO] [stdout] test selection_sort::tests::test_selection_sort_naive ... ok
[INFO] [stdout] test binary_search::tests::correct_binary_search_iter ... ok
[INFO] [stdout] test binary_search::tests::correct_binary_search_recur ... ok
[INFO] [stdout] test selection_sort::tests::test_selection_sort ... ok
[INFO] [stdout] test binary_search::tests::incorrect_binary_search_iter ... ok
[INFO] [stdout] test quicksort::test::quicksort_naive_should_pass ... FAILED
[INFO] [stdout] 
[INFO] [stdout] failures:
[INFO] [stdout] 
[INFO] [stdout] ---- quicksort::test::quicksort_naive_should_pass stdout ----
[INFO] [stdout] thread 'quicksort::test::quicksort_naive_should_pass' panicked at 'assertion failed: `(left == right)`
[INFO] [stdout]   left: `[20818, 33962, 53453, 83642, 173194, 237030, 237089, 302284, 305874, 318440, 334246, 338622, 340056, 345386, 365350, 375510, 383979, 413149, 420190, 458200, 466741, 478834, 481490, 542702, 565501, 583184, 618758, 624760, 632260, 667434, 667671, 691040, 707058, 710110, 717027, 721050, 721610, 741138, 762856, 793777, 822652, 851794, 864259, 869115, 884819, 887982, 928030, 950454, 993016, 994813]`,
[INFO] [stdout]  right: `[20818, 20818, 53453, 237030, 237030, 237089, 237089, 302284, 302284, 318440, 318440, 334246, 334246, 340056, 365350, 365350, 375510, 375510, 420190, 458200, 458200, 466741, 478834, 478834, 542702, 542702, 565501, 583184, 583184, 618758, 667434, 667434, 721050, 721050, 721610, 721610, 793777, 793777, 822652, 822652, 851794, 851794, 869115, 869115, 884819, 884819, 928030, 928030, 950454, 950454]`', src/quicksort.rs:50:5
[INFO] [stdout] stack backtrace:
[INFO] [stdout]    0:     0x559491047c5a - std::backtrace_rs::backtrace::libunwind::trace::h2f05d0192276a8f6
[INFO] [stdout]                                at /rustc/1b7dd2252b99671ce5d1cb9664c5f8636329436d/library/std/src/../../backtrace/src/backtrace/libunwind.rs:93:5
[INFO] [stdout]    1:     0x559491047c5a - std::backtrace_rs::backtrace::trace_unsynchronized::hedc23dff7a1af150
[INFO] [stdout]                                at /rustc/1b7dd2252b99671ce5d1cb9664c5f8636329436d/library/std/src/../../backtrace/src/backtrace/mod.rs:66:5
[INFO] [stdout]    2:     0x559491047c5a - std::sys_common::backtrace::_print_fmt::h17541ef7592f3ce2
[INFO] [stdout]                                at /rustc/1b7dd2252b99671ce5d1cb9664c5f8636329436d/library/std/src/sys_common/backtrace.rs:65:5
[INFO] [stdout]    3:     0x559491047c5a - <std::sys_common::backtrace::_print::DisplayBacktrace as core::fmt::Display>::fmt::h20f75df5ab0c0792
[INFO] [stdout]                                at /rustc/1b7dd2252b99671ce5d1cb9664c5f8636329436d/library/std/src/sys_common/backtrace.rs:44:22
[INFO] [stdout]    4:     0x55949106b8af - core::fmt::write::h78109e6f466b3af6
[INFO] [stdout]                                at /rustc/1b7dd2252b99671ce5d1cb9664c5f8636329436d/library/core/src/fmt/mod.rs:1254:17
[INFO] [stdout]    5:     0x559491044fa5 - std::io::Write::write_fmt::hd24bfb68a1b35a25
[INFO] [stdout]                                at /rustc/1b7dd2252b99671ce5d1cb9664c5f8636329436d/library/std/src/io/mod.rs:1698:15
[INFO] [stdout]    6:     0x559491047a25 - std::sys_common::backtrace::_print::h8dac57a9f8fbf9a5
[INFO] [stdout]                                at /rustc/1b7dd2252b99671ce5d1cb9664c5f8636329436d/library/std/src/sys_common/backtrace.rs:47:5
[INFO] [stdout]    7:     0x559491047a25 - std::sys_common::backtrace::print::hf9ecbf41d1aa712f
[INFO] [stdout]                                at /rustc/1b7dd2252b99671ce5d1cb9664c5f8636329436d/library/std/src/sys_common/backtrace.rs:34:9
[INFO] [stdout]    8:     0x5594910496de - std::panicking::default_hook::{{closure}}::h04c07acfc84ca028
[INFO] [stdout]                                at /rustc/1b7dd2252b99671ce5d1cb9664c5f8636329436d/library/std/src/panicking.rs:269:22
[INFO] [stdout]    9:     0x559491049411 - std::panicking::default_hook::h01f6bb23e1eceb2c
[INFO] [stdout]                                at /rustc/1b7dd2252b99671ce5d1cb9664c5f8636329436d/library/std/src/panicking.rs:285:9
[INFO] [stdout]   10:     0x55949101cdab - <alloc::boxed::Box<F,A> as core::ops::function::Fn<Args>>::call::h87fe9f7b2fd49e4c
[INFO] [stdout]                                at /rustc/1b7dd2252b99671ce5d1cb9664c5f8636329436d/library/alloc/src/boxed.rs:1987:9
[INFO] [stdout]   11:     0x55949101cdab - test::test_main::{{closure}}::he94d679243a7531b
[INFO] [stdout]                                at /rustc/1b7dd2252b99671ce5d1cb9664c5f8636329436d/library/test/src/lib.rs:134:21
[INFO] [stdout]   12:     0x559491049dc4 - <alloc::boxed::Box<F,A> as core::ops::function::Fn<Args>>::call::h3f2d6d8b14c4769f
[INFO] [stdout]                                at /rustc/1b7dd2252b99671ce5d1cb9664c5f8636329436d/library/alloc/src/boxed.rs:1987:9
[INFO] [stdout]   13:     0x559491049dc4 - std::panicking::rust_panic_with_hook::h2bb3722bbaf2f6df
[INFO] [stdout]                                at /rustc/1b7dd2252b99671ce5d1cb9664c5f8636329436d/library/std/src/panicking.rs:695:13
[INFO] [stdout]   14:     0x559491049b39 - std::panicking::begin_panic_handler::{{closure}}::h91bc7f36a4be011b
[INFO] [stdout]                                at /rustc/1b7dd2252b99671ce5d1cb9664c5f8636329436d/library/std/src/panicking.rs:582:13
[INFO] [stdout]   15:     0x5594910480c6 - std::sys_common::backtrace::__rust_end_short_backtrace::h8b3d3717114f9e59
[INFO] [stdout]                                at /rustc/1b7dd2252b99671ce5d1cb9664c5f8636329436d/library/std/src/sys_common/backtrace.rs:150:18
[INFO] [stdout]   16:     0x559491049892 - rust_begin_unwind
[INFO] [stdout]                                at /rustc/1b7dd2252b99671ce5d1cb9664c5f8636329436d/library/std/src/panicking.rs:578:5
[INFO] [stdout]   17:     0x559490fe0ba3 - core::panicking::panic_fmt::hfd368e3fbdabea26
[INFO] [stdout]                                at /rustc/1b7dd2252b99671ce5d1cb9664c5f8636329436d/library/core/src/panicking.rs:67:14
[INFO] [stdout]   18:     0x559490fe0f6f - core::panicking::assert_failed_inner::haef49168e1798a91
[INFO] [stdout]   19:     0x559490fe38fa - core::panicking::assert_failed::h80f866271f60f632
[INFO] [stdout]                                at /rustc/1b7dd2252b99671ce5d1cb9664c5f8636329436d/library/core/src/panicking.rs:228:5
[INFO] [stdout]   20:     0x559490fe8462 - algorithms::quicksort::test::quicksort_naive_should_pass::h969b2a14640db371
[INFO] [stdout]                                at /opt/rustwide/workdir/src/quicksort.rs:50:5
[INFO] [stdout]   21:     0x559490fe7f27 - algorithms::quicksort::test::quicksort_naive_should_pass::{{closure}}::h61d3f3693ae01837
[INFO] [stdout]                                at /opt/rustwide/workdir/src/quicksort.rs:34:35
[INFO] [stdout]   22:     0x559490fe96a5 - core::ops::function::FnOnce::call_once::hec7da5412a26947d
[INFO] [stdout]                                at /rustc/1b7dd2252b99671ce5d1cb9664c5f8636329436d/library/core/src/ops/function.rs:250:5
[INFO] [stdout]   23:     0x559491021c7f - core::ops::function::FnOnce::call_once::ha6a70e79f7481a7e
[INFO] [stdout]                                at /rustc/1b7dd2252b99671ce5d1cb9664c5f8636329436d/library/core/src/ops/function.rs:250:5
[INFO] [stdout]   24:     0x559491021c7f - test::__rust_begin_short_backtrace::hce33033019b61e69
[INFO] [stdout]                                at /rustc/1b7dd2252b99671ce5d1cb9664c5f8636329436d/library/test/src/lib.rs:655:18
[INFO] [stdout]   25:     0x559490fef46c - test::run_test::{{closure}}::h858d3528838ae3e5
[INFO] [stdout]                                at /rustc/1b7dd2252b99671ce5d1cb9664c5f8636329436d/library/test/src/lib.rs:646:30
[INFO] [stdout]   26:     0x559490fef46c - core::ops::function::FnOnce::call_once{{vtable.shim}}::he8ac2b00f01ae79e
[INFO] [stdout]                                at /rustc/1b7dd2252b99671ce5d1cb9664c5f8636329436d/library/core/src/ops/function.rs:250:5
[INFO] [stdout]   27:     0x559491020d56 - <alloc::boxed::Box<F,A> as core::ops::function::FnOnce<Args>>::call_once::h8093d25b522725ef
[INFO] [stdout]                                at /rustc/1b7dd2252b99671ce5d1cb9664c5f8636329436d/library/alloc/src/boxed.rs:1973:9
[INFO] [stdout]   28:     0x559491020d56 - <core::panic::unwind_safe::AssertUnwindSafe<F> as core::ops::function::FnOnce<()>>::call_once::h5c334c204e4a3913
[INFO] [stdout]                                at /rustc/1b7dd2252b99671ce5d1cb9664c5f8636329436d/library/core/src/panic/unwind_safe.rs:271:9
[INFO] [stdout]   29:     0x559491020d56 - std::panicking::try::do_call::ha8b740c7b9478074
[INFO] [stdout]                                at /rustc/1b7dd2252b99671ce5d1cb9664c5f8636329436d/library/std/src/panicking.rs:485:40
[INFO] [stdout]   30:     0x559491020d56 - std::panicking::try::h5d34f63d0e41b64e
[INFO] [stdout]                                at /rustc/1b7dd2252b99671ce5d1cb9664c5f8636329436d/library/std/src/panicking.rs:449:19
[INFO] [stdout]   31:     0x559491020d56 - std::panic::catch_unwind::hcfbb511e1aa7fc67
[INFO] [stdout]                                at /rustc/1b7dd2252b99671ce5d1cb9664c5f8636329436d/library/std/src/panic.rs:140:14
[INFO] [stdout]   32:     0x559491020d56 - test::run_test_in_process::h9abda90f802eaf21
[INFO] [stdout]                                at /rustc/1b7dd2252b99671ce5d1cb9664c5f8636329436d/library/test/src/lib.rs:678:27
[INFO] [stdout]   33:     0x559491020d56 - test::run_test::run_test_inner::{{closure}}::h0f058de91f6c6edf
[INFO] [stdout]                                at /rustc/1b7dd2252b99671ce5d1cb9664c5f8636329436d/library/test/src/lib.rs:572:39
[INFO] [stdout]   34:     0x559490fe9c75 - test::run_test::run_test_inner::{{closure}}::h5ca48a4c59c6c1fb
[INFO] [stdout]                                at /rustc/1b7dd2252b99671ce5d1cb9664c5f8636329436d/library/test/src/lib.rs:599:37
[INFO] [stdout]   35:     0x559490fe9c75 - std::sys_common::backtrace::__rust_begin_short_backtrace::h32bd51e1495d4a33
[INFO] [stdout]                                at /rustc/1b7dd2252b99671ce5d1cb9664c5f8636329436d/library/std/src/sys_common/backtrace.rs:134:18
[INFO] [stdout]   36:     0x559490fef1b1 - std::thread::Builder::spawn_unchecked_::{{closure}}::{{closure}}::hc086fae9b128b2db
[INFO] [stdout]                                at /rustc/1b7dd2252b99671ce5d1cb9664c5f8636329436d/library/std/src/thread/mod.rs:526:17
[INFO] [stdout]   37:     0x559490fef1b1 - <core::panic::unwind_safe::AssertUnwindSafe<F> as core::ops::function::FnOnce<()>>::call_once::hb66571888d270d43
[INFO] [stdout]                                at /rustc/1b7dd2252b99671ce5d1cb9664c5f8636329436d/library/core/src/panic/unwind_safe.rs:271:9
[INFO] [stdout]   38:     0x559490fef1b1 - std::panicking::try::do_call::h4fa2ef4f6e51fecf
[INFO] [stdout]                                at /rustc/1b7dd2252b99671ce5d1cb9664c5f8636329436d/library/std/src/panicking.rs:485:40
[INFO] [stdout]   39:     0x559490fef1b1 - std::panicking::try::h1e9e22b8584489b5
[INFO] [stdout]                                at /rustc/1b7dd2252b99671ce5d1cb9664c5f8636329436d/library/std/src/panicking.rs:449:19
[INFO] [stdout]   40:     0x559490fef1b1 - std::panic::catch_unwind::h44698a3de0e0769e
[INFO] [stdout]                                at /rustc/1b7dd2252b99671ce5d1cb9664c5f8636329436d/library/std/src/panic.rs:140:14
[INFO] [stdout]   41:     0x559490fef1b1 - std::thread::Builder::spawn_unchecked_::{{closure}}::h50153abde3fe239e
[INFO] [stdout]                                at /rustc/1b7dd2252b99671ce5d1cb9664c5f8636329436d/library/std/src/thread/mod.rs:525:30
[INFO] [stdout]   42:     0x559490fef1b1 - core::ops::function::FnOnce::call_once{{vtable.shim}}::hbe5bbf6f38394364
[INFO] [stdout]                                at /rustc/1b7dd2252b99671ce5d1cb9664c5f8636329436d/library/core/src/ops/function.rs:250:5
[INFO] [stdout]   43:     0x55949104e295 - <alloc::boxed::Box<F,A> as core::ops::function::FnOnce<Args>>::call_once::h0d83cb2920a49046
[INFO] [stdout]                                at /rustc/1b7dd2252b99671ce5d1cb9664c5f8636329436d/library/alloc/src/boxed.rs:1973:9
[INFO] [stdout]   44:     0x55949104e295 - <alloc::boxed::Box<F,A> as core::ops::function::FnOnce<Args>>::call_once::hbe0a008aa7d9ef59
[INFO] [stdout]                                at /rustc/1b7dd2252b99671ce5d1cb9664c5f8636329436d/library/alloc/src/boxed.rs:1973:9
[INFO] [stdout]   45:     0x55949104e295 - std::sys::unix::thread::Thread::new::thread_start::h3a466996bdf6b1f9
[INFO] [stdout]                                at /rustc/1b7dd2252b99671ce5d1cb9664c5f8636329436d/library/std/src/sys/unix/thread.rs:108:17
[INFO] [stdout]   46:     0x7fc3c43bfb43 - <unknown>
[INFO] [stdout]   47:     0x7fc3c4450bb4 - __clone
[INFO] [stdout]   48:                0x0 - <unknown>
[INFO] [stdout] 
[INFO] [stdout] 
[INFO] [stdout] failures:
[INFO] [stdout]     quicksort::test::quicksort_naive_should_pass
[INFO] [stdout] 
[INFO] [stdout] test result: FAILED. 5 passed; 1 failed; 0 ignored; 0 measured; 0 filtered out; finished in 0.03s
[INFO] [stdout] 
[INFO] [stderr] error: test failed, to rerun pass `--lib`
[INFO] running `Command { std: "docker" "inspect" "119cb9e2cd30eab15543df89b39ef5e189728c1f9d3ff08594120cc1610f6952", kill_on_drop: false }`
[INFO] running `Command { std: "docker" "rm" "-f" "119cb9e2cd30eab15543df89b39ef5e189728c1f9d3ff08594120cc1610f6952", kill_on_drop: false }`
[INFO] [stdout] 119cb9e2cd30eab15543df89b39ef5e189728c1f9d3ff08594120cc1610f6952
