[INFO] cloning repository https://github.com/justinas/mylang
[INFO] running `Command { std: "git" "-c" "credential.helper=" "-c" "credential.helper=/workspace/cargo-home/bin/git-credential-null" "clone" "--bare" "https://github.com/justinas/mylang" "/workspace/cache/git-repos/https%3A%2F%2Fgithub.com%2Fjustinas%2Fmylang", kill_on_drop: false }`
[INFO] [stderr] Cloning into bare repository '/workspace/cache/git-repos/https%3A%2F%2Fgithub.com%2Fjustinas%2Fmylang'...
[INFO] running `Command { std: "git" "rev-parse" "HEAD", kill_on_drop: false }`
[INFO] [stdout] 86e92c585be15717e552d909c35e8be0b6938d04
[INFO] testing justinas/mylang against beta-2023-04-20 for beta-1.70-1
[INFO] running `Command { std: "git" "clone" "/workspace/cache/git-repos/https%3A%2F%2Fgithub.com%2Fjustinas%2Fmylang" "/workspace/builds/worker-6-tc2/source", kill_on_drop: false }`
[INFO] [stderr] Cloning into '/workspace/builds/worker-6-tc2/source'...
[INFO] [stderr] done.
[INFO] validating manifest of git repo https://github.com/justinas/mylang on toolchain beta-2023-04-20
[INFO] running `Command { std: CARGO_HOME="/workspace/cargo-home" RUSTUP_HOME="/workspace/rustup-home" "/workspace/cargo-home/bin/cargo" "+beta-2023-04-20" "metadata" "--manifest-path" "Cargo.toml" "--no-deps", kill_on_drop: false }`
[INFO] started tweaking git repo https://github.com/justinas/mylang
[INFO] finished tweaking git repo https://github.com/justinas/mylang
[INFO] tweaked toml for git repo https://github.com/justinas/mylang written to /workspace/builds/worker-6-tc2/source/Cargo.toml
[INFO] crate git repo https://github.com/justinas/mylang already has a lockfile, it will not be regenerated
[INFO] running `Command { std: CARGO_HOME="/workspace/cargo-home" RUSTUP_HOME="/workspace/rustup-home" "/workspace/cargo-home/bin/cargo" "+beta-2023-04-20" "fetch" "--manifest-path" "Cargo.toml", kill_on_drop: false }`
[INFO] running `Command { std: "docker" "create" "-v" "/var/lib/crater-agent-workspace/builds/worker-6-tc2/target:/opt/rustwide/target:rw,Z" "-v" "/var/lib/crater-agent-workspace/builds/worker-6-tc2/source:/opt/rustwide/workdir:ro,Z" "-v" "/var/lib/crater-agent-workspace/cargo-home:/opt/rustwide/cargo-home:ro,Z" "-v" "/var/lib/crater-agent-workspace/rustup-home:/opt/rustwide/rustup-home:ro,Z" "-e" "SOURCE_DIR=/opt/rustwide/workdir" "-e" "CARGO_TARGET_DIR=/opt/rustwide/target" "-e" "CARGO_HOME=/opt/rustwide/cargo-home" "-e" "RUSTUP_HOME=/opt/rustwide/rustup-home" "-w" "/opt/rustwide/workdir" "-m" "1610612736" "--user" "0:0" "--network" "none" "ghcr.io/rust-lang/crates-build-env/linux@sha256:5ff2268d62e97bff2cde7d5815dd6ed5b47097566f13b8d0ca110b04b60e07ed" "/opt/rustwide/cargo-home/bin/cargo" "+beta-2023-04-20" "metadata" "--no-deps" "--format-version=1", kill_on_drop: false }`
[INFO] [stdout] 96fa7981923f0e208e3ecc4016e4f6ee11f45e435259f258cc79aa35b8ee1b04
[INFO] running `Command { std: "docker" "start" "-a" "96fa7981923f0e208e3ecc4016e4f6ee11f45e435259f258cc79aa35b8ee1b04", kill_on_drop: false }`
[INFO] running `Command { std: "docker" "inspect" "96fa7981923f0e208e3ecc4016e4f6ee11f45e435259f258cc79aa35b8ee1b04", kill_on_drop: false }`
[INFO] running `Command { std: "docker" "rm" "-f" "96fa7981923f0e208e3ecc4016e4f6ee11f45e435259f258cc79aa35b8ee1b04", kill_on_drop: false }`
[INFO] [stdout] 96fa7981923f0e208e3ecc4016e4f6ee11f45e435259f258cc79aa35b8ee1b04
[INFO] running `Command { std: "docker" "create" "-v" "/var/lib/crater-agent-workspace/builds/worker-6-tc2/target:/opt/rustwide/target:rw,Z" "-v" "/var/lib/crater-agent-workspace/builds/worker-6-tc2/source:/opt/rustwide/workdir:ro,Z" "-v" "/var/lib/crater-agent-workspace/cargo-home:/opt/rustwide/cargo-home:ro,Z" "-v" "/var/lib/crater-agent-workspace/rustup-home:/opt/rustwide/rustup-home:ro,Z" "-e" "SOURCE_DIR=/opt/rustwide/workdir" "-e" "CARGO_TARGET_DIR=/opt/rustwide/target" "-e" "CARGO_INCREMENTAL=0" "-e" "RUST_BACKTRACE=full" "-e" "RUSTFLAGS=--cap-lints=warn" "-e" "RUSTDOCFLAGS=--cap-lints=warn" "-e" "CARGO_HOME=/opt/rustwide/cargo-home" "-e" "RUSTUP_HOME=/opt/rustwide/rustup-home" "-w" "/opt/rustwide/workdir" "-m" "1610612736" "--user" "0:0" "--network" "none" "ghcr.io/rust-lang/crates-build-env/linux@sha256:5ff2268d62e97bff2cde7d5815dd6ed5b47097566f13b8d0ca110b04b60e07ed" "/opt/rustwide/cargo-home/bin/cargo" "+beta-2023-04-20" "build" "--frozen" "--message-format=json", kill_on_drop: false }`
[INFO] [stdout] 35d272fa11ca4d9d6383ec1546097e6a0ebce0899cab7e37224a914e57b4877a
[INFO] running `Command { std: "docker" "start" "-a" "35d272fa11ca4d9d6383ec1546097e6a0ebce0899cab7e37224a914e57b4877a", kill_on_drop: false }`
[INFO] [stderr]    Compiling byteorder v1.0.0
[INFO] [stderr]    Compiling mylang v0.1.0 (/opt/rustwide/workdir)
[INFO] [stdout] warning: unused import: `Entry`
[INFO] [stdout]  --> src/codegen/mod.rs:2:34
[INFO] [stdout]   |
[INFO] [stdout] 2 | use std::collections::hash_map::{Entry, HashMap};
[INFO] [stdout]   |                                  ^^^^^
[INFO] [stdout]   |
[INFO] [stdout]   = note: `#[warn(unused_imports)]` on by default
[INFO] [stdout] 
[INFO] [stdout] 
[INFO] [stdout] warning: use of deprecated macro `try`: use the `?` operator instead
[INFO] [stdout]   --> src/codegen/mod.rs:25:13
[INFO] [stdout]    |
[INFO] [stdout] 25 |             try!(writer.write(&buf));
[INFO] [stdout]    |             ^^^
[INFO] [stdout]    |
[INFO] [stdout]    = note: `#[warn(deprecated)]` on by default
[INFO] [stdout] 
[INFO] [stdout] 
[INFO] [stdout] warning: anonymous parameters are deprecated and will be removed in the next edition
[INFO] [stdout]   --> src/codegen/gen.rs:13:19
[INFO] [stdout]    |
[INFO] [stdout] 13 |     fn gen(&self, &mut Context) -> Result<Vec<Instruction>, Error>;
[INFO] [stdout]    |                   ^^^^^^^^^^^^ help: try naming the parameter or explicitly ignoring it: `_: &mut Context`
[INFO] [stdout]    |
[INFO] [stdout]    = warning: this is accepted in the current edition (Rust 2015) but is a hard error in Rust 2018!
[INFO] [stdout]    = note: for more information, see issue #41686 <https://github.com/rust-lang/rust/issues/41686>
[INFO] [stdout]    = note: `#[warn(anonymous_parameters)]` on by default
[INFO] [stdout] 
[INFO] [stdout] 
[INFO] [stdout] warning: unused imports: `Atom`, `Block`, `Conditional`, `Expr`, `FnItem`, `IfStmt`, `Operation`, `Stmt`, `Type`, `WhileStmt`, `self`
[INFO] [stdout]  --> src/codegen/test.rs:1:28
[INFO] [stdout]   |
[INFO] [stdout] 1 | use super::super::parser::{self, Atom, Block, Conditional, Expr, FnItem, IfStmt, Operation, Stmt,
[INFO] [stdout]   |                            ^^^^  ^^^^  ^^^^^  ^^^^^^^^^^^  ^^^^  ^^^^^^  ^^^^^^  ^^^^^^^^^  ^^^^
[INFO] [stdout] 2 |                            Type, WhileStmt};
[INFO] [stdout]   |                            ^^^^  ^^^^^^^^^
[INFO] [stdout] 
[INFO] [stdout] 
[INFO] [stdout] warning: unused imports: `Context`, `Gen`, `Program`, `Symbol`, `Typed`
[INFO] [stdout]  --> src/codegen/test.rs:3:13
[INFO] [stdout]   |
[INFO] [stdout] 3 | use super::{Context, Gen, Program, Symbol, Typed};
[INFO] [stdout]   |             ^^^^^^^  ^^^  ^^^^^^^  ^^^^^^  ^^^^^
[INFO] [stdout] 
[INFO] [stdout] 
[INFO] [stdout] warning: unused import: `super::Error`
[INFO] [stdout]  --> src/codegen/test.rs:4:5
[INFO] [stdout]   |
[INFO] [stdout] 4 | use super::Error;
[INFO] [stdout]   |     ^^^^^^^^^^^^
[INFO] [stdout] 
[INFO] [stdout] 
[INFO] [stdout] warning: unused import: `super::Instruction`
[INFO] [stdout]  --> src/codegen/test.rs:5:5
[INFO] [stdout]   |
[INFO] [stdout] 5 | use super::Instruction;
[INFO] [stdout]   |     ^^^^^^^^^^^^^^^^^^
[INFO] [stdout] 
[INFO] [stdout] 
[INFO] [stdout] warning: unused import: `super::Instruction::*`
[INFO] [stdout]  --> src/codegen/test.rs:6:5
[INFO] [stdout]   |
[INFO] [stdout] 6 | use super::Instruction::*;
[INFO] [stdout]   |     ^^^^^^^^^^^^^^^^^^^^^
[INFO] [stdout] 
[INFO] [stdout] 
[INFO] [stdout] warning: unused import: `super::Marker`
[INFO] [stdout]  --> src/codegen/test.rs:7:5
[INFO] [stdout]   |
[INFO] [stdout] 7 | use super::Marker;
[INFO] [stdout]   |     ^^^^^^^^^^^^^
[INFO] [stdout] 
[INFO] [stdout] 
[INFO] [stdout] warning: unused import: `super::parse_program`
[INFO] [stdout]  --> src/codegen/test.rs:8:5
[INFO] [stdout]   |
[INFO] [stdout] 8 | use super::parse_program;
[INFO] [stdout]   |     ^^^^^^^^^^^^^^^^^^^^
[INFO] [stdout] 
[INFO] [stdout] 
[INFO] [stdout] warning: unused macro definition: `empty_fn`
[INFO] [stdout]   --> src/codegen/test.rs:10:14
[INFO] [stdout]    |
[INFO] [stdout] 10 | macro_rules! empty_fn {
[INFO] [stdout]    |              ^^^^^^^^
[INFO] [stdout]    |
[INFO] [stdout]    = note: `#[warn(unused_macros)]` on by default
[INFO] [stdout] 
[INFO] [stdout] 
[INFO] [stdout] warning: unused import: `std::io::Lines`
[INFO] [stdout]  --> src/lexer/mod.rs:3:5
[INFO] [stdout]   |
[INFO] [stdout] 3 | use std::io::Lines;
[INFO] [stdout]   |     ^^^^^^^^^^^^^^
[INFO] [stdout] 
[INFO] [stdout] 
[INFO] [stdout] warning: use of deprecated macro `try`: use the `?` operator instead
[INFO] [stdout]    --> src/lexer/mod.rs:162:9
[INFO] [stdout]     |
[INFO] [stdout] 162 |         try!(r.read_to_string(&mut contents));
[INFO] [stdout]     |         ^^^
[INFO] [stdout] 
[INFO] [stdout] 
[INFO] [stdout] warning: `...` range patterns are deprecated
[INFO] [stdout]    --> src/lexer/mod.rs:194:32
[INFO] [stdout]     |
[INFO] [stdout] 194 | ...                   '0'...'9' => self.lex_const(true),
[INFO] [stdout]     |                          ^^^ help: use `..=` for an inclusive range
[INFO] [stdout]     |
[INFO] [stdout]     = warning: this is accepted in the current edition (Rust 2015) but is a hard error in Rust 2021!
[INFO] [stdout]     = note: for more information, see <https://doc.rust-lang.org/nightly/edition-guide/rust-2021/warnings-promoted-to-error.html>
[INFO] [stdout]     = note: `#[warn(ellipsis_inclusive_range_patterns)]` on by default
[INFO] [stdout] 
[INFO] [stdout] 
[INFO] [stdout] warning: `...` range patterns are deprecated
[INFO] [stdout]    --> src/lexer/mod.rs:300:20
[INFO] [stdout]     |
[INFO] [stdout] 300 |                 '0'...'9' => self.lex_const(false),
[INFO] [stdout]     |                    ^^^ help: use `..=` for an inclusive range
[INFO] [stdout]     |
[INFO] [stdout]     = warning: this is accepted in the current edition (Rust 2015) but is a hard error in Rust 2021!
[INFO] [stdout]     = note: for more information, see <https://doc.rust-lang.org/nightly/edition-guide/rust-2021/warnings-promoted-to-error.html>
[INFO] [stdout] 
[INFO] [stdout] 
[INFO] [stdout] warning: `...` range patterns are deprecated
[INFO] [stdout]    --> src/lexer/mod.rs:301:20
[INFO] [stdout]     |
[INFO] [stdout] 301 |                 'A'...'Z' | 'a'...'z' => self.lex_ident(),
[INFO] [stdout]     |                    ^^^ help: use `..=` for an inclusive range
[INFO] [stdout]     |
[INFO] [stdout]     = warning: this is accepted in the current edition (Rust 2015) but is a hard error in Rust 2021!
[INFO] [stdout]     = note: for more information, see <https://doc.rust-lang.org/nightly/edition-guide/rust-2021/warnings-promoted-to-error.html>
[INFO] [stdout] 
[INFO] [stdout] 
[INFO] [stdout] warning: `...` range patterns are deprecated
[INFO] [stdout]    --> src/lexer/mod.rs:301:32
[INFO] [stdout]     |
[INFO] [stdout] 301 |                 'A'...'Z' | 'a'...'z' => self.lex_ident(),
[INFO] [stdout]     |                                ^^^ help: use `..=` for an inclusive range
[INFO] [stdout]     |
[INFO] [stdout]     = warning: this is accepted in the current edition (Rust 2015) but is a hard error in Rust 2021!
[INFO] [stdout]     = note: for more information, see <https://doc.rust-lang.org/nightly/edition-guide/rust-2021/warnings-promoted-to-error.html>
[INFO] [stdout] 
[INFO] [stdout] 
[INFO] [stdout] warning: `...` range patterns are deprecated
[INFO] [stdout]    --> src/lexer/mod.rs:338:20
[INFO] [stdout]     |
[INFO] [stdout] 338 |                 '0'...'9' => val.push(self.chars.next().unwrap()),
[INFO] [stdout]     |                    ^^^ help: use `..=` for an inclusive range
[INFO] [stdout]     |
[INFO] [stdout]     = warning: this is accepted in the current edition (Rust 2015) but is a hard error in Rust 2021!
[INFO] [stdout]     = note: for more information, see <https://doc.rust-lang.org/nightly/edition-guide/rust-2021/warnings-promoted-to-error.html>
[INFO] [stdout] 
[INFO] [stdout] 
[INFO] [stdout] warning: `...` range patterns are deprecated
[INFO] [stdout]    --> src/lexer/mod.rs:339:20
[INFO] [stdout]     |
[INFO] [stdout] 339 |                 'A'...'Z' | 'a'...'z' => return Err(ErrorVariant::UnknownCharacter),
[INFO] [stdout]     |                    ^^^ help: use `..=` for an inclusive range
[INFO] [stdout]     |
[INFO] [stdout]     = warning: this is accepted in the current edition (Rust 2015) but is a hard error in Rust 2021!
[INFO] [stdout]     = note: for more information, see <https://doc.rust-lang.org/nightly/edition-guide/rust-2021/warnings-promoted-to-error.html>
[INFO] [stdout] 
[INFO] [stdout] 
[INFO] [stdout] warning: `...` range patterns are deprecated
[INFO] [stdout]    --> src/lexer/mod.rs:339:32
[INFO] [stdout]     |
[INFO] [stdout] 339 |                 'A'...'Z' | 'a'...'z' => return Err(ErrorVariant::UnknownCharacter),
[INFO] [stdout]     |                                ^^^ help: use `..=` for an inclusive range
[INFO] [stdout]     |
[INFO] [stdout]     = warning: this is accepted in the current edition (Rust 2015) but is a hard error in Rust 2021!
[INFO] [stdout]     = note: for more information, see <https://doc.rust-lang.org/nightly/edition-guide/rust-2021/warnings-promoted-to-error.html>
[INFO] [stdout] 
[INFO] [stdout] 
[INFO] [stdout] warning: `...` range patterns are deprecated
[INFO] [stdout]    --> src/lexer/mod.rs:354:20
[INFO] [stdout]     |
[INFO] [stdout] 354 |                 'A'...'Z' | 'a'...'z' | '0'...'9' => ident.push(self.chars.next().unwrap()),
[INFO] [stdout]     |                    ^^^ help: use `..=` for an inclusive range
[INFO] [stdout]     |
[INFO] [stdout]     = warning: this is accepted in the current edition (Rust 2015) but is a hard error in Rust 2021!
[INFO] [stdout]     = note: for more information, see <https://doc.rust-lang.org/nightly/edition-guide/rust-2021/warnings-promoted-to-error.html>
[INFO] [stdout] 
[INFO] [stdout] 
[INFO] [stdout] warning: `...` range patterns are deprecated
[INFO] [stdout]    --> src/lexer/mod.rs:354:32
[INFO] [stdout]     |
[INFO] [stdout] 354 |                 'A'...'Z' | 'a'...'z' | '0'...'9' => ident.push(self.chars.next().unwrap()),
[INFO] [stdout]     |                                ^^^ help: use `..=` for an inclusive range
[INFO] [stdout]     |
[INFO] [stdout]     = warning: this is accepted in the current edition (Rust 2015) but is a hard error in Rust 2021!
[INFO] [stdout]     = note: for more information, see <https://doc.rust-lang.org/nightly/edition-guide/rust-2021/warnings-promoted-to-error.html>
[INFO] [stdout] 
[INFO] [stdout] 
[INFO] [stdout] warning: `...` range patterns are deprecated
[INFO] [stdout]    --> src/lexer/mod.rs:354:44
[INFO] [stdout]     |
[INFO] [stdout] 354 |                 'A'...'Z' | 'a'...'z' | '0'...'9' => ident.push(self.chars.next().unwrap()),
[INFO] [stdout]     |                                            ^^^ help: use `..=` for an inclusive range
[INFO] [stdout]     |
[INFO] [stdout]     = warning: this is accepted in the current edition (Rust 2015) but is a hard error in Rust 2021!
[INFO] [stdout]     = note: for more information, see <https://doc.rust-lang.org/nightly/edition-guide/rust-2021/warnings-promoted-to-error.html>
[INFO] [stdout] 
[INFO] [stdout] 
[INFO] [stdout] warning: unused import: `super::*`
[INFO] [stdout]  --> src/lexer/test.rs:1:5
[INFO] [stdout]   |
[INFO] [stdout] 1 | use super::*;
[INFO] [stdout]   |     ^^^^^^^^
[INFO] [stdout] 
[INFO] [stdout] 
[INFO] [stdout] warning: use of deprecated macro `try`: use the `?` operator instead
[INFO] [stdout]   --> src/parser/mod.rs:44:9
[INFO] [stdout]    |
[INFO] [stdout] 44 |         try!(write!(f, r#"Function {:?} ( "#, self.name));
[INFO] [stdout]    |         ^^^
[INFO] [stdout] 
[INFO] [stdout] 
[INFO] [stdout] warning: use of deprecated macro `try`: use the `?` operator instead
[INFO] [stdout]   --> src/parser/mod.rs:46:13
[INFO] [stdout]    |
[INFO] [stdout] 46 |             try!(write!(f, r"{:?} {:?} ", param.typ, param.name));
[INFO] [stdout]    |             ^^^
[INFO] [stdout] 
[INFO] [stdout] 
[INFO] [stdout] warning: unused imports: `Keyword`, `TokenAt`
[INFO] [stdout]  --> src/parser/expr.rs:1:24
[INFO] [stdout]   |
[INFO] [stdout] 1 | use super::{Delimiter, Keyword, Operator, Token, TokenAt};
[INFO] [stdout]   |                        ^^^^^^^                   ^^^^^^^
[INFO] [stdout] 
[INFO] [stdout] 
[INFO] [stdout] warning: unused import: `super::*`
[INFO] [stdout]  --> src/parser/test.rs:1:5
[INFO] [stdout]   |
[INFO] [stdout] 1 | use super::*;
[INFO] [stdout]   |     ^^^^^^^^
[INFO] [stdout] 
[INFO] [stdout] 
[INFO] [stdout] warning: unused imports: `parse_atom`, `parse_comparison`, `parse_logexpr`, `parse_product`, `parse_sum`
[INFO] [stdout]  --> src/parser/test.rs:2:19
[INFO] [stdout]   |
[INFO] [stdout] 2 | use super::expr::{parse_atom, parse_comparison, parse_logexpr, parse_product, parse_sum};
[INFO] [stdout]   |                   ^^^^^^^^^^  ^^^^^^^^^^^^^^^^  ^^^^^^^^^^^^^  ^^^^^^^^^^^^^  ^^^^^^^^^
[INFO] [stdout] 
[INFO] [stdout] 
[INFO] [stdout] warning: unused import: `super::Instruction`
[INFO] [stdout]  --> src/vm/test.rs:1:5
[INFO] [stdout]   |
[INFO] [stdout] 1 | use super::Instruction;
[INFO] [stdout]   |     ^^^^^^^^^^^^^^^^^^
[INFO] [stdout] 
[INFO] [stdout] 
[INFO] [stdout] warning: unused import: `super::Instruction::*`
[INFO] [stdout]  --> src/vm/test.rs:2:5
[INFO] [stdout]   |
[INFO] [stdout] 2 | use super::Instruction::*;
[INFO] [stdout]   |     ^^^^^^^^^^^^^^^^^^^^^
[INFO] [stdout] 
[INFO] [stdout] 
[INFO] [stdout] warning: unused import: `super::Machine`
[INFO] [stdout]  --> src/vm/test.rs:3:5
[INFO] [stdout]   |
[INFO] [stdout] 3 | use super::Machine;
[INFO] [stdout]   |     ^^^^^^^^^^^^^^
[INFO] [stdout] 
[INFO] [stdout] 
[INFO] [stdout] warning: unused import: `super::super::codegen::Program`
[INFO] [stdout]  --> src/vm/test.rs:4:5
[INFO] [stdout]   |
[INFO] [stdout] 4 | use super::super::codegen::Program;
[INFO] [stdout]   |     ^^^^^^^^^^^^^^^^^^^^^^^^^^^^^^
[INFO] [stdout] 
[INFO] [stdout] 
[INFO] [stdout] warning: unused import: `super::STACK_SIZE`
[INFO] [stdout]  --> src/vm/test.rs:5:5
[INFO] [stdout]   |
[INFO] [stdout] 5 | use super::STACK_SIZE;
[INFO] [stdout]   |     ^^^^^^^^^^^^^^^^^
[INFO] [stdout] 
[INFO] [stdout] 
[INFO] [stdout] warning: unused variable: `t`
[INFO] [stdout]   --> src/main.rs:44:14
[INFO] [stdout]    |
[INFO] [stdout] 44 |         Err((t, e)) => {
[INFO] [stdout]    |              ^ help: if this is intentional, prefix it with an underscore: `_t`
[INFO] [stdout]    |
[INFO] [stdout]    = note: `#[warn(unused_variables)]` on by default
[INFO] [stdout] 
[INFO] [stdout] 
[INFO] [stdout] warning: unused variable: `b`
[INFO] [stdout]   --> src/codegen/mod.rs:33:23
[INFO] [stdout]    |
[INFO] [stdout] 33 |     funcs.sort_by(|a, b| if a.name == "main" {
[INFO] [stdout]    |                       ^ help: if this is intentional, prefix it with an underscore: `_b`
[INFO] [stdout] 
[INFO] [stdout] 
[INFO] [stdout] warning: unused variable: `a`
[INFO] [stdout]   --> src/codegen/gen.rs:28:21
[INFO] [stdout]    |
[INFO] [stdout] 28 |                 for a in args.iter() {
[INFO] [stdout]    |                     ^ help: if this is intentional, prefix it with an underscore: `_a`
[INFO] [stdout] 
[INFO] [stdout] 
[INFO] [stdout] warning: unused variable: `ctx`
[INFO] [stdout]    --> src/codegen/gen.rs:254:19
[INFO] [stdout]     |
[INFO] [stdout] 254 |     fn typ(&self, ctx: &mut Context) -> Result<Type, Error> {
[INFO] [stdout]     |                   ^^^ help: if this is intentional, prefix it with an underscore: `_ctx`
[INFO] [stdout] 
[INFO] [stdout] 
[INFO] [stdout] warning: unused variable: `c`
[INFO] [stdout]    --> src/lexer/mod.rs:278:31
[INFO] [stdout]     |
[INFO] [stdout] 278 |                         Some(&c) => Err(ErrorVariant::Expected('&')),
[INFO] [stdout]     |                               ^ help: if this is intentional, prefix it with an underscore: `_c`
[INFO] [stdout] 
[INFO] [stdout] 
[INFO] [stdout] warning: unused variable: `c`
[INFO] [stdout]    --> src/lexer/mod.rs:290:31
[INFO] [stdout]     |
[INFO] [stdout] 290 |                         Some(&c) => Err(ErrorVariant::Expected('|')),
[INFO] [stdout]     |                               ^ help: if this is intentional, prefix it with an underscore: `_c`
[INFO] [stdout] 
[INFO] [stdout] 
[INFO] [stdout] warning: unused variable: `c`
[INFO] [stdout]    --> src/lexer/mod.rs:309:17
[INFO] [stdout]     |
[INFO] [stdout] 309 |                 c => return Err((tokens, self.error(ErrorVariant::UnknownCharacter))),
[INFO] [stdout]     |                 ^ help: if this is intentional, prefix it with an underscore: `_c`
[INFO] [stdout] 
[INFO] [stdout] 
[INFO] [stdout] warning: unused variable: `remain`
[INFO] [stdout]    --> src/parser/mod.rs:106:20
[INFO] [stdout]     |
[INFO] [stdout] 106 |             (None, remain) => return Err(()),
[INFO] [stdout]     |                    ^^^^^^ help: if this is intentional, prefix it with an underscore: `_remain`
[INFO] [stdout] 
[INFO] [stdout] 
[INFO] [stdout] warning: variable does not need to be mutable
[INFO] [stdout]   --> src/main.rs:75:9
[INFO] [stdout]    |
[INFO] [stdout] 75 |     let mut machine = vm::Machine::new(&bytes);
[INFO] [stdout]    |         ----^^^^^^^
[INFO] [stdout]    |         |
[INFO] [stdout]    |         help: remove this `mut`
[INFO] [stdout]    |
[INFO] [stdout]    = note: `#[warn(unused_mut)]` on by default
[INFO] [stdout] 
[INFO] [stdout] 
[INFO] [stdout] warning: associated items `new` and `push_symbol` are never used
[INFO] [stdout]    --> src/codegen/mod.rs:88:8
[INFO] [stdout]     |
[INFO] [stdout] 87  | impl<'a> Context<'a> {
[INFO] [stdout]     | -------------------- associated items in this implementation
[INFO] [stdout] 88  |     fn new() -> Self {
[INFO] [stdout]     |        ^^^
[INFO] [stdout] ...
[INFO] [stdout] 136 |     fn push_symbol(&mut self, symbol: Symbol) {
[INFO] [stdout]     |        ^^^^^^^^^^^
[INFO] [stdout]     |
[INFO] [stdout]     = note: `#[warn(dead_code)]` on by default
[INFO] [stdout] 
[INFO] [stdout] 
[INFO] [stdout] warning: unused `Result` that must be used
[INFO] [stdout]   --> src/main.rs:21:13
[INFO] [stdout]    |
[INFO] [stdout] 21 |             write!(stderr(), "Usage: ./mylang [filename]");
[INFO] [stdout]    |             ^^^^^^^^^^^^^^^^^^^^^^^^^^^^^^^^^^^^^^^^^^^^^^
[INFO] [stdout]    |
[INFO] [stdout]    = note: this `Result` may be an `Err` variant, which should be handled
[INFO] [stdout]    = note: `#[warn(unused_must_use)]` on by default
[INFO] [stdout]    = note: this warning originates in the macro `write` (in Nightly builds, run with -Z macro-backtrace for more info)
[INFO] [stdout] 
[INFO] [stdout] 
[INFO] [stdout] warning: unused `Result` that must be used
[INFO] [stdout]   --> src/main.rs:29:13
[INFO] [stdout]    |
[INFO] [stdout] 29 |             write!(stderr(), "Error while opening {}: {}", filename, e);
[INFO] [stdout]    |             ^^^^^^^^^^^^^^^^^^^^^^^^^^^^^^^^^^^^^^^^^^^^^^^^^^^^^^^^^^^
[INFO] [stdout]    |
[INFO] [stdout]    = note: this `Result` may be an `Err` variant, which should be handled
[INFO] [stdout]    = note: this warning originates in the macro `write` (in Nightly builds, run with -Z macro-backtrace for more info)
[INFO] [stdout] 
[INFO] [stdout] 
[INFO] [stdout] warning: unused `Result` that must be used
[INFO] [stdout]   --> src/main.rs:37:13
[INFO] [stdout]    |
[INFO] [stdout] 37 |             write!(stderr(), "Lexer I/O error: {:?}", e);
[INFO] [stdout]    |             ^^^^^^^^^^^^^^^^^^^^^^^^^^^^^^^^^^^^^^^^^^^^
[INFO] [stdout]    |
[INFO] [stdout]    = note: this `Result` may be an `Err` variant, which should be handled
[INFO] [stdout]    = note: this warning originates in the macro `write` (in Nightly builds, run with -Z macro-backtrace for more info)
[INFO] [stdout] 
[INFO] [stdout] 
[INFO] [stdout] warning: unused `Result` that must be used
[INFO] [stdout]   --> src/main.rs:45:13
[INFO] [stdout]    |
[INFO] [stdout] 45 |             write!(stderr(), "{}", e);
[INFO] [stdout]    |             ^^^^^^^^^^^^^^^^^^^^^^^^^
[INFO] [stdout]    |
[INFO] [stdout]    = note: this `Result` may be an `Err` variant, which should be handled
[INFO] [stdout]    = note: this warning originates in the macro `write` (in Nightly builds, run with -Z macro-backtrace for more info)
[INFO] [stdout] 
[INFO] [stdout] 
[INFO] [stdout] warning: unused `Result` that must be used
[INFO] [stdout]   --> src/main.rs:54:13
[INFO] [stdout]    |
[INFO] [stdout] 54 |             write!(stderr(), "Syntax error.");
[INFO] [stdout]    |             ^^^^^^^^^^^^^^^^^^^^^^^^^^^^^^^^^
[INFO] [stdout]    |
[INFO] [stdout]    = note: this `Result` may be an `Err` variant, which should be handled
[INFO] [stdout]    = note: this warning originates in the macro `write` (in Nightly builds, run with -Z macro-backtrace for more info)
[INFO] [stdout] 
[INFO] [stdout] 
[INFO] [stdout] warning: unused `Result` that must be used
[INFO] [stdout]   --> src/main.rs:65:13
[INFO] [stdout]    |
[INFO] [stdout] 65 |             write!(stderr(), "{:?}", e);
[INFO] [stdout]    |             ^^^^^^^^^^^^^^^^^^^^^^^^^^^
[INFO] [stdout]    |
[INFO] [stdout]    = note: this `Result` may be an `Err` variant, which should be handled
[INFO] [stdout]    = note: this warning originates in the macro `write` (in Nightly builds, run with -Z macro-backtrace for more info)
[INFO] [stdout] 
[INFO] [stdout] 
[INFO] [stdout] warning: unused `Result` that must be used
[INFO] [stdout]   --> src/parser/mod.rs:48:9
[INFO] [stdout]    |
[INFO] [stdout] 48 |         write!(f, ")\n");
[INFO] [stdout]    |         ^^^^^^^^^^^^^^^^
[INFO] [stdout]    |
[INFO] [stdout]    = note: this `Result` may be an `Err` variant, which should be handled
[INFO] [stdout]    = note: this warning originates in the macro `write` (in Nightly builds, run with -Z macro-backtrace for more info)
[INFO] [stdout] 
[INFO] [stdout] 
[INFO] [stdout] warning: unused `Result` that must be used
[INFO] [stdout]   --> src/parser/mod.rs:49:9
[INFO] [stdout]    |
[INFO] [stdout] 49 |         write!(f, "{:#?}\n", self.block);
[INFO] [stdout]    |         ^^^^^^^^^^^^^^^^^^^^^^^^^^^^^^^^
[INFO] [stdout]    |
[INFO] [stdout]    = note: this `Result` may be an `Err` variant, which should be handled
[INFO] [stdout]    = note: this warning originates in the macro `write` (in Nightly builds, run with -Z macro-backtrace for more info)
[INFO] [stdout] 
[INFO] [stdout] 
[INFO] [stdout] warning: 52 warnings emitted
[INFO] [stdout] 
[INFO] [stdout] 
[INFO] [stderr]     Finished dev [unoptimized + debuginfo] target(s) in 1.26s
[INFO] running `Command { std: "docker" "inspect" "35d272fa11ca4d9d6383ec1546097e6a0ebce0899cab7e37224a914e57b4877a", kill_on_drop: false }`
[INFO] running `Command { std: "docker" "rm" "-f" "35d272fa11ca4d9d6383ec1546097e6a0ebce0899cab7e37224a914e57b4877a", kill_on_drop: false }`
[INFO] [stdout] 35d272fa11ca4d9d6383ec1546097e6a0ebce0899cab7e37224a914e57b4877a
[INFO] running `Command { std: "docker" "create" "-v" "/var/lib/crater-agent-workspace/builds/worker-6-tc2/target:/opt/rustwide/target:rw,Z" "-v" "/var/lib/crater-agent-workspace/builds/worker-6-tc2/source:/opt/rustwide/workdir:ro,Z" "-v" "/var/lib/crater-agent-workspace/cargo-home:/opt/rustwide/cargo-home:ro,Z" "-v" "/var/lib/crater-agent-workspace/rustup-home:/opt/rustwide/rustup-home:ro,Z" "-e" "SOURCE_DIR=/opt/rustwide/workdir" "-e" "CARGO_TARGET_DIR=/opt/rustwide/target" "-e" "CARGO_INCREMENTAL=0" "-e" "RUST_BACKTRACE=full" "-e" "RUSTFLAGS=--cap-lints=warn" "-e" "RUSTDOCFLAGS=--cap-lints=warn" "-e" "CARGO_HOME=/opt/rustwide/cargo-home" "-e" "RUSTUP_HOME=/opt/rustwide/rustup-home" "-w" "/opt/rustwide/workdir" "-m" "1610612736" "--user" "0:0" "--network" "none" "ghcr.io/rust-lang/crates-build-env/linux@sha256:5ff2268d62e97bff2cde7d5815dd6ed5b47097566f13b8d0ca110b04b60e07ed" "/opt/rustwide/cargo-home/bin/cargo" "+beta-2023-04-20" "test" "--frozen" "--no-run" "--message-format=json", kill_on_drop: false }`
[INFO] [stdout] a54c144929ce85cbfa7dd12902033e7e5a2c9f2f698d295231fed3998fd58b31
[INFO] running `Command { std: "docker" "start" "-a" "a54c144929ce85cbfa7dd12902033e7e5a2c9f2f698d295231fed3998fd58b31", kill_on_drop: false }`
[INFO] [stderr]    Compiling mylang v0.1.0 (/opt/rustwide/workdir)
[INFO] [stdout] warning: unused import: `Entry`
[INFO] [stdout]  --> src/codegen/mod.rs:2:34
[INFO] [stdout]   |
[INFO] [stdout] 2 | use std::collections::hash_map::{Entry, HashMap};
[INFO] [stdout]   |                                  ^^^^^
[INFO] [stdout]   |
[INFO] [stdout]   = note: `#[warn(unused_imports)]` on by default
[INFO] [stdout] 
[INFO] [stdout] 
[INFO] [stdout] warning: use of deprecated macro `try`: use the `?` operator instead
[INFO] [stdout]   --> src/codegen/mod.rs:25:13
[INFO] [stdout]    |
[INFO] [stdout] 25 |             try!(writer.write(&buf));
[INFO] [stdout]    |             ^^^
[INFO] [stdout]    |
[INFO] [stdout]    = note: `#[warn(deprecated)]` on by default
[INFO] [stdout] 
[INFO] [stdout] 
[INFO] [stdout] warning: anonymous parameters are deprecated and will be removed in the next edition
[INFO] [stdout]   --> src/codegen/gen.rs:13:19
[INFO] [stdout]    |
[INFO] [stdout] 13 |     fn gen(&self, &mut Context) -> Result<Vec<Instruction>, Error>;
[INFO] [stdout]    |                   ^^^^^^^^^^^^ help: try naming the parameter or explicitly ignoring it: `_: &mut Context`
[INFO] [stdout]    |
[INFO] [stdout]    = warning: this is accepted in the current edition (Rust 2015) but is a hard error in Rust 2018!
[INFO] [stdout]    = note: for more information, see issue #41686 <https://github.com/rust-lang/rust/issues/41686>
[INFO] [stdout]    = note: `#[warn(anonymous_parameters)]` on by default
[INFO] [stdout] 
[INFO] [stdout] 
[INFO] [stdout] warning: unused import: `Operation`
[INFO] [stdout]    --> src/codegen/gen.rs:326:51
[INFO] [stdout]     |
[INFO] [stdout] 326 |     use super::super::super::parser::{Atom, Expr, Operation, Type};
[INFO] [stdout]     |                                                   ^^^^^^^^^
[INFO] [stdout] 
[INFO] [stdout] 
[INFO] [stdout] warning: unused import: `std::io::Lines`
[INFO] [stdout]  --> src/lexer/mod.rs:3:5
[INFO] [stdout]   |
[INFO] [stdout] 3 | use std::io::Lines;
[INFO] [stdout]   |     ^^^^^^^^^^^^^^
[INFO] [stdout] 
[INFO] [stdout] 
[INFO] [stdout] warning: use of deprecated macro `try`: use the `?` operator instead
[INFO] [stdout]    --> src/lexer/mod.rs:162:9
[INFO] [stdout]     |
[INFO] [stdout] 162 |         try!(r.read_to_string(&mut contents));
[INFO] [stdout]     |         ^^^
[INFO] [stdout] 
[INFO] [stdout] 
[INFO] [stdout] warning: `...` range patterns are deprecated
[INFO] [stdout]    --> src/lexer/mod.rs:194:32
[INFO] [stdout]     |
[INFO] [stdout] 194 | ...                   '0'...'9' => self.lex_const(true),
[INFO] [stdout]     |                          ^^^ help: use `..=` for an inclusive range
[INFO] [stdout]     |
[INFO] [stdout]     = warning: this is accepted in the current edition (Rust 2015) but is a hard error in Rust 2021!
[INFO] [stdout]     = note: for more information, see <https://doc.rust-lang.org/nightly/edition-guide/rust-2021/warnings-promoted-to-error.html>
[INFO] [stdout]     = note: `#[warn(ellipsis_inclusive_range_patterns)]` on by default
[INFO] [stdout] 
[INFO] [stdout] 
[INFO] [stdout] warning: `...` range patterns are deprecated
[INFO] [stdout]    --> src/lexer/mod.rs:300:20
[INFO] [stdout]     |
[INFO] [stdout] 300 |                 '0'...'9' => self.lex_const(false),
[INFO] [stdout]     |                    ^^^ help: use `..=` for an inclusive range
[INFO] [stdout]     |
[INFO] [stdout]     = warning: this is accepted in the current edition (Rust 2015) but is a hard error in Rust 2021!
[INFO] [stdout]     = note: for more information, see <https://doc.rust-lang.org/nightly/edition-guide/rust-2021/warnings-promoted-to-error.html>
[INFO] [stdout] 
[INFO] [stdout] 
[INFO] [stdout] warning: `...` range patterns are deprecated
[INFO] [stdout]    --> src/lexer/mod.rs:301:20
[INFO] [stdout]     |
[INFO] [stdout] 301 |                 'A'...'Z' | 'a'...'z' => self.lex_ident(),
[INFO] [stdout]     |                    ^^^ help: use `..=` for an inclusive range
[INFO] [stdout]     |
[INFO] [stdout]     = warning: this is accepted in the current edition (Rust 2015) but is a hard error in Rust 2021!
[INFO] [stdout]     = note: for more information, see <https://doc.rust-lang.org/nightly/edition-guide/rust-2021/warnings-promoted-to-error.html>
[INFO] [stdout] 
[INFO] [stdout] 
[INFO] [stdout] warning: `...` range patterns are deprecated
[INFO] [stdout]    --> src/lexer/mod.rs:301:32
[INFO] [stdout]     |
[INFO] [stdout] 301 |                 'A'...'Z' | 'a'...'z' => self.lex_ident(),
[INFO] [stdout]     |                                ^^^ help: use `..=` for an inclusive range
[INFO] [stdout]     |
[INFO] [stdout]     = warning: this is accepted in the current edition (Rust 2015) but is a hard error in Rust 2021!
[INFO] [stdout]     = note: for more information, see <https://doc.rust-lang.org/nightly/edition-guide/rust-2021/warnings-promoted-to-error.html>
[INFO] [stdout] 
[INFO] [stdout] 
[INFO] [stdout] warning: `...` range patterns are deprecated
[INFO] [stdout]    --> src/lexer/mod.rs:338:20
[INFO] [stdout]     |
[INFO] [stdout] 338 |                 '0'...'9' => val.push(self.chars.next().unwrap()),
[INFO] [stdout]     |                    ^^^ help: use `..=` for an inclusive range
[INFO] [stdout]     |
[INFO] [stdout]     = warning: this is accepted in the current edition (Rust 2015) but is a hard error in Rust 2021!
[INFO] [stdout]     = note: for more information, see <https://doc.rust-lang.org/nightly/edition-guide/rust-2021/warnings-promoted-to-error.html>
[INFO] [stdout] 
[INFO] [stdout] 
[INFO] [stdout] warning: `...` range patterns are deprecated
[INFO] [stdout]    --> src/lexer/mod.rs:339:20
[INFO] [stdout]     |
[INFO] [stdout] 339 |                 'A'...'Z' | 'a'...'z' => return Err(ErrorVariant::UnknownCharacter),
[INFO] [stdout]     |                    ^^^ help: use `..=` for an inclusive range
[INFO] [stdout]     |
[INFO] [stdout]     = warning: this is accepted in the current edition (Rust 2015) but is a hard error in Rust 2021!
[INFO] [stdout]     = note: for more information, see <https://doc.rust-lang.org/nightly/edition-guide/rust-2021/warnings-promoted-to-error.html>
[INFO] [stdout] 
[INFO] [stdout] 
[INFO] [stdout] warning: `...` range patterns are deprecated
[INFO] [stdout]    --> src/lexer/mod.rs:339:32
[INFO] [stdout]     |
[INFO] [stdout] 339 |                 'A'...'Z' | 'a'...'z' => return Err(ErrorVariant::UnknownCharacter),
[INFO] [stdout]     |                                ^^^ help: use `..=` for an inclusive range
[INFO] [stdout]     |
[INFO] [stdout]     = warning: this is accepted in the current edition (Rust 2015) but is a hard error in Rust 2021!
[INFO] [stdout]     = note: for more information, see <https://doc.rust-lang.org/nightly/edition-guide/rust-2021/warnings-promoted-to-error.html>
[INFO] [stdout] 
[INFO] [stdout] 
[INFO] [stdout] warning: `...` range patterns are deprecated
[INFO] [stdout]    --> src/lexer/mod.rs:354:20
[INFO] [stdout]     |
[INFO] [stdout] 354 |                 'A'...'Z' | 'a'...'z' | '0'...'9' => ident.push(self.chars.next().unwrap()),
[INFO] [stdout]     |                    ^^^ help: use `..=` for an inclusive range
[INFO] [stdout]     |
[INFO] [stdout]     = warning: this is accepted in the current edition (Rust 2015) but is a hard error in Rust 2021!
[INFO] [stdout]     = note: for more information, see <https://doc.rust-lang.org/nightly/edition-guide/rust-2021/warnings-promoted-to-error.html>
[INFO] [stdout] 
[INFO] [stdout] 
[INFO] [stdout] warning: `...` range patterns are deprecated
[INFO] [stdout]    --> src/lexer/mod.rs:354:32
[INFO] [stdout]     |
[INFO] [stdout] 354 |                 'A'...'Z' | 'a'...'z' | '0'...'9' => ident.push(self.chars.next().unwrap()),
[INFO] [stdout]     |                                ^^^ help: use `..=` for an inclusive range
[INFO] [stdout]     |
[INFO] [stdout]     = warning: this is accepted in the current edition (Rust 2015) but is a hard error in Rust 2021!
[INFO] [stdout]     = note: for more information, see <https://doc.rust-lang.org/nightly/edition-guide/rust-2021/warnings-promoted-to-error.html>
[INFO] [stdout] 
[INFO] [stdout] 
[INFO] [stdout] warning: `...` range patterns are deprecated
[INFO] [stdout]    --> src/lexer/mod.rs:354:44
[INFO] [stdout]     |
[INFO] [stdout] 354 |                 'A'...'Z' | 'a'...'z' | '0'...'9' => ident.push(self.chars.next().unwrap()),
[INFO] [stdout]     |                                            ^^^ help: use `..=` for an inclusive range
[INFO] [stdout]     |
[INFO] [stdout]     = warning: this is accepted in the current edition (Rust 2015) but is a hard error in Rust 2021!
[INFO] [stdout]     = note: for more information, see <https://doc.rust-lang.org/nightly/edition-guide/rust-2021/warnings-promoted-to-error.html>
[INFO] [stdout] 
[INFO] [stdout] 
[INFO] [stdout] warning: use of deprecated macro `try`: use the `?` operator instead
[INFO] [stdout]   --> src/parser/mod.rs:44:9
[INFO] [stdout]    |
[INFO] [stdout] 44 |         try!(write!(f, r#"Function {:?} ( "#, self.name));
[INFO] [stdout]    |         ^^^
[INFO] [stdout] 
[INFO] [stdout] 
[INFO] [stdout] warning: use of deprecated macro `try`: use the `?` operator instead
[INFO] [stdout]   --> src/parser/mod.rs:46:13
[INFO] [stdout]    |
[INFO] [stdout] 46 |             try!(write!(f, r"{:?} {:?} ", param.typ, param.name));
[INFO] [stdout]    |             ^^^
[INFO] [stdout] 
[INFO] [stdout] 
[INFO] [stdout] warning: unused imports: `Keyword`, `TokenAt`
[INFO] [stdout]  --> src/parser/expr.rs:1:24
[INFO] [stdout]   |
[INFO] [stdout] 1 | use super::{Delimiter, Keyword, Operator, Token, TokenAt};
[INFO] [stdout]   |                        ^^^^^^^                   ^^^^^^^
[INFO] [stdout] 
[INFO] [stdout] 
[INFO] [stdout] warning: unused variable: `t`
[INFO] [stdout]   --> src/main.rs:44:14
[INFO] [stdout]    |
[INFO] [stdout] 44 |         Err((t, e)) => {
[INFO] [stdout]    |              ^ help: if this is intentional, prefix it with an underscore: `_t`
[INFO] [stdout]    |
[INFO] [stdout]    = note: `#[warn(unused_variables)]` on by default
[INFO] [stdout] 
[INFO] [stdout] 
[INFO] [stdout] warning: unused variable: `b`
[INFO] [stdout]   --> src/codegen/mod.rs:33:23
[INFO] [stdout]    |
[INFO] [stdout] 33 |     funcs.sort_by(|a, b| if a.name == "main" {
[INFO] [stdout]    |                       ^ help: if this is intentional, prefix it with an underscore: `_b`
[INFO] [stdout] 
[INFO] [stdout] 
[INFO] [stdout] warning: unused variable: `a`
[INFO] [stdout]   --> src/codegen/gen.rs:28:21
[INFO] [stdout]    |
[INFO] [stdout] 28 |                 for a in args.iter() {
[INFO] [stdout]    |                     ^ help: if this is intentional, prefix it with an underscore: `_a`
[INFO] [stdout] 
[INFO] [stdout] 
[INFO] [stdout] warning: unused variable: `ctx`
[INFO] [stdout]    --> src/codegen/gen.rs:254:19
[INFO] [stdout]     |
[INFO] [stdout] 254 |     fn typ(&self, ctx: &mut Context) -> Result<Type, Error> {
[INFO] [stdout]     |                   ^^^ help: if this is intentional, prefix it with an underscore: `_ctx`
[INFO] [stdout] 
[INFO] [stdout] 
[INFO] [stdout] warning: unused variable: `c`
[INFO] [stdout]    --> src/lexer/mod.rs:278:31
[INFO] [stdout]     |
[INFO] [stdout] 278 |                         Some(&c) => Err(ErrorVariant::Expected('&')),
[INFO] [stdout]     |                               ^ help: if this is intentional, prefix it with an underscore: `_c`
[INFO] [stdout] 
[INFO] [stdout] 
[INFO] [stdout] warning: unused variable: `c`
[INFO] [stdout]    --> src/lexer/mod.rs:290:31
[INFO] [stdout]     |
[INFO] [stdout] 290 |                         Some(&c) => Err(ErrorVariant::Expected('|')),
[INFO] [stdout]     |                               ^ help: if this is intentional, prefix it with an underscore: `_c`
[INFO] [stdout] 
[INFO] [stdout] 
[INFO] [stdout] warning: unused variable: `c`
[INFO] [stdout]    --> src/lexer/mod.rs:309:17
[INFO] [stdout]     |
[INFO] [stdout] 309 |                 c => return Err((tokens, self.error(ErrorVariant::UnknownCharacter))),
[INFO] [stdout]     |                 ^ help: if this is intentional, prefix it with an underscore: `_c`
[INFO] [stdout] 
[INFO] [stdout] 
[INFO] [stdout] warning: unused variable: `remain`
[INFO] [stdout]    --> src/parser/mod.rs:106:20
[INFO] [stdout]     |
[INFO] [stdout] 106 |             (None, remain) => return Err(()),
[INFO] [stdout]     |                    ^^^^^^ help: if this is intentional, prefix it with an underscore: `_remain`
[INFO] [stdout] 
[INFO] [stdout] 
[INFO] [stdout] warning: variable does not need to be mutable
[INFO] [stdout]   --> src/main.rs:75:9
[INFO] [stdout]    |
[INFO] [stdout] 75 |     let mut machine = vm::Machine::new(&bytes);
[INFO] [stdout]    |         ----^^^^^^^
[INFO] [stdout]    |         |
[INFO] [stdout]    |         help: remove this `mut`
[INFO] [stdout]    |
[INFO] [stdout]    = note: `#[warn(unused_mut)]` on by default
[INFO] [stdout] 
[INFO] [stdout] 
[INFO] [stdout] warning: method `push_symbol` is never used
[INFO] [stdout]    --> src/codegen/mod.rs:136:8
[INFO] [stdout]     |
[INFO] [stdout] 87  | impl<'a> Context<'a> {
[INFO] [stdout]     | -------------------- method in this implementation
[INFO] [stdout] ...
[INFO] [stdout] 136 |     fn push_symbol(&mut self, symbol: Symbol) {
[INFO] [stdout]     |        ^^^^^^^^^^^
[INFO] [stdout]     |
[INFO] [stdout]     = note: `#[warn(dead_code)]` on by default
[INFO] [stdout] 
[INFO] [stdout] 
[INFO] [stdout] warning: unused `Result` that must be used
[INFO] [stdout]   --> src/main.rs:21:13
[INFO] [stdout]    |
[INFO] [stdout] 21 |             write!(stderr(), "Usage: ./mylang [filename]");
[INFO] [stdout]    |             ^^^^^^^^^^^^^^^^^^^^^^^^^^^^^^^^^^^^^^^^^^^^^^
[INFO] [stdout]    |
[INFO] [stdout]    = note: this `Result` may be an `Err` variant, which should be handled
[INFO] [stdout]    = note: `#[warn(unused_must_use)]` on by default
[INFO] [stdout]    = note: this warning originates in the macro `write` (in Nightly builds, run with -Z macro-backtrace for more info)
[INFO] [stdout] 
[INFO] [stdout] 
[INFO] [stdout] warning: unused `Result` that must be used
[INFO] [stdout]   --> src/main.rs:29:13
[INFO] [stdout]    |
[INFO] [stdout] 29 |             write!(stderr(), "Error while opening {}: {}", filename, e);
[INFO] [stdout]    |             ^^^^^^^^^^^^^^^^^^^^^^^^^^^^^^^^^^^^^^^^^^^^^^^^^^^^^^^^^^^
[INFO] [stdout]    |
[INFO] [stdout]    = note: this `Result` may be an `Err` variant, which should be handled
[INFO] [stdout]    = note: this warning originates in the macro `write` (in Nightly builds, run with -Z macro-backtrace for more info)
[INFO] [stdout] 
[INFO] [stdout] 
[INFO] [stdout] warning: unused `Result` that must be used
[INFO] [stdout]   --> src/main.rs:37:13
[INFO] [stdout]    |
[INFO] [stdout] 37 |             write!(stderr(), "Lexer I/O error: {:?}", e);
[INFO] [stdout]    |             ^^^^^^^^^^^^^^^^^^^^^^^^^^^^^^^^^^^^^^^^^^^^
[INFO] [stdout]    |
[INFO] [stdout]    = note: this `Result` may be an `Err` variant, which should be handled
[INFO] [stdout]    = note: this warning originates in the macro `write` (in Nightly builds, run with -Z macro-backtrace for more info)
[INFO] [stdout] 
[INFO] [stdout] 
[INFO] [stdout] warning: unused `Result` that must be used
[INFO] [stdout]   --> src/main.rs:45:13
[INFO] [stdout]    |
[INFO] [stdout] 45 |             write!(stderr(), "{}", e);
[INFO] [stdout]    |             ^^^^^^^^^^^^^^^^^^^^^^^^^
[INFO] [stdout]    |
[INFO] [stdout]    = note: this `Result` may be an `Err` variant, which should be handled
[INFO] [stdout]    = note: this warning originates in the macro `write` (in Nightly builds, run with -Z macro-backtrace for more info)
[INFO] [stdout] 
[INFO] [stdout] 
[INFO] [stdout] warning: unused `Result` that must be used
[INFO] [stdout]   --> src/main.rs:54:13
[INFO] [stdout]    |
[INFO] [stdout] 54 |             write!(stderr(), "Syntax error.");
[INFO] [stdout]    |             ^^^^^^^^^^^^^^^^^^^^^^^^^^^^^^^^^
[INFO] [stdout]    |
[INFO] [stdout]    = note: this `Result` may be an `Err` variant, which should be handled
[INFO] [stdout]    = note: this warning originates in the macro `write` (in Nightly builds, run with -Z macro-backtrace for more info)
[INFO] [stdout] 
[INFO] [stdout] 
[INFO] [stdout] warning: unused `Result` that must be used
[INFO] [stdout]   --> src/main.rs:65:13
[INFO] [stdout]    |
[INFO] [stdout] 65 |             write!(stderr(), "{:?}", e);
[INFO] [stdout]    |             ^^^^^^^^^^^^^^^^^^^^^^^^^^^
[INFO] [stdout]    |
[INFO] [stdout]    = note: this `Result` may be an `Err` variant, which should be handled
[INFO] [stdout]    = note: this warning originates in the macro `write` (in Nightly builds, run with -Z macro-backtrace for more info)
[INFO] [stdout] 
[INFO] [stdout] 
[INFO] [stdout] warning: unused `Result` that must be used
[INFO] [stdout]   --> src/parser/mod.rs:48:9
[INFO] [stdout]    |
[INFO] [stdout] 48 |         write!(f, ")\n");
[INFO] [stdout]    |         ^^^^^^^^^^^^^^^^
[INFO] [stdout]    |
[INFO] [stdout]    = note: this `Result` may be an `Err` variant, which should be handled
[INFO] [stdout]    = note: this warning originates in the macro `write` (in Nightly builds, run with -Z macro-backtrace for more info)
[INFO] [stdout] 
[INFO] [stdout] 
[INFO] [stdout] warning: unused `Result` that must be used
[INFO] [stdout]   --> src/parser/mod.rs:49:9
[INFO] [stdout]    |
[INFO] [stdout] 49 |         write!(f, "{:#?}\n", self.block);
[INFO] [stdout]    |         ^^^^^^^^^^^^^^^^^^^^^^^^^^^^^^^^
[INFO] [stdout]    |
[INFO] [stdout]    = note: this `Result` may be an `Err` variant, which should be handled
[INFO] [stdout]    = note: this warning originates in the macro `write` (in Nightly builds, run with -Z macro-backtrace for more info)
[INFO] [stdout] 
[INFO] [stdout] 
[INFO] [stdout] warning: 37 warnings emitted
[INFO] [stdout] 
[INFO] [stdout] 
[INFO] [stderr]     Finished test [unoptimized + debuginfo] target(s) in 1.22s
[INFO] running `Command { std: "docker" "inspect" "a54c144929ce85cbfa7dd12902033e7e5a2c9f2f698d295231fed3998fd58b31", kill_on_drop: false }`
[INFO] running `Command { std: "docker" "rm" "-f" "a54c144929ce85cbfa7dd12902033e7e5a2c9f2f698d295231fed3998fd58b31", kill_on_drop: false }`
[INFO] [stdout] a54c144929ce85cbfa7dd12902033e7e5a2c9f2f698d295231fed3998fd58b31
[INFO] running `Command { std: "docker" "create" "-v" "/var/lib/crater-agent-workspace/builds/worker-6-tc2/target:/opt/rustwide/target:rw,Z" "-v" "/var/lib/crater-agent-workspace/builds/worker-6-tc2/source:/opt/rustwide/workdir:ro,Z" "-v" "/var/lib/crater-agent-workspace/cargo-home:/opt/rustwide/cargo-home:ro,Z" "-v" "/var/lib/crater-agent-workspace/rustup-home:/opt/rustwide/rustup-home:ro,Z" "-e" "SOURCE_DIR=/opt/rustwide/workdir" "-e" "CARGO_TARGET_DIR=/opt/rustwide/target" "-e" "CARGO_INCREMENTAL=0" "-e" "RUST_BACKTRACE=full" "-e" "RUSTFLAGS=--cap-lints=warn" "-e" "RUSTDOCFLAGS=--cap-lints=warn" "-e" "CARGO_HOME=/opt/rustwide/cargo-home" "-e" "RUSTUP_HOME=/opt/rustwide/rustup-home" "-w" "/opt/rustwide/workdir" "-m" "1610612736" "--user" "0:0" "--network" "none" "ghcr.io/rust-lang/crates-build-env/linux@sha256:5ff2268d62e97bff2cde7d5815dd6ed5b47097566f13b8d0ca110b04b60e07ed" "/opt/rustwide/cargo-home/bin/cargo" "+beta-2023-04-20" "test" "--frozen", kill_on_drop: false }`
[INFO] [stdout] 9714283bc9abadeedc52f15188d07c8435e072a796bc31c77711352935a65fc1
[INFO] running `Command { std: "docker" "start" "-a" "9714283bc9abadeedc52f15188d07c8435e072a796bc31c77711352935a65fc1", kill_on_drop: false }`
[INFO] [stderr] warning: unused import: `Entry`
[INFO] [stderr]  --> src/codegen/mod.rs:2:34
[INFO] [stderr]   |
[INFO] [stderr] 2 | use std::collections::hash_map::{Entry, HashMap};
[INFO] [stderr]   |                                  ^^^^^
[INFO] [stderr]   |
[INFO] [stderr]   = note: `#[warn(unused_imports)]` on by default
[INFO] [stderr] 
[INFO] [stderr] warning: use of deprecated macro `try`: use the `?` operator instead
[INFO] [stderr]   --> src/codegen/mod.rs:25:13
[INFO] [stderr]    |
[INFO] [stderr] 25 |             try!(writer.write(&buf));
[INFO] [stderr]    |             ^^^
[INFO] [stderr]    |
[INFO] [stderr]    = note: `#[warn(deprecated)]` on by default
[INFO] [stderr] 
[INFO] [stderr] warning: anonymous parameters are deprecated and will be removed in the next edition
[INFO] [stderr]   --> src/codegen/gen.rs:13:19
[INFO] [stderr]    |
[INFO] [stderr] 13 |     fn gen(&self, &mut Context) -> Result<Vec<Instruction>, Error>;
[INFO] [stderr]    |                   ^^^^^^^^^^^^ help: try naming the parameter or explicitly ignoring it: `_: &mut Context`
[INFO] [stderr]    |
[INFO] [stderr]    = warning: this is accepted in the current edition (Rust 2015) but is a hard error in Rust 2018!
[INFO] [stderr]    = note: for more information, see issue #41686 <https://github.com/rust-lang/rust/issues/41686>
[INFO] [stderr]    = note: `#[warn(anonymous_parameters)]` on by default
[INFO] [stderr] 
[INFO] [stderr] warning: unused import: `Operation`
[INFO] [stderr]    --> src/codegen/gen.rs:326:51
[INFO] [stderr]     |
[INFO] [stderr] 326 |     use super::super::super::parser::{Atom, Expr, Operation, Type};
[INFO] [stderr]     |                                                   ^^^^^^^^^
[INFO] [stderr] 
[INFO] [stderr] warning: unused import: `std::io::Lines`
[INFO] [stderr]  --> src/lexer/mod.rs:3:5
[INFO] [stderr]   |
[INFO] [stderr] 3 | use std::io::Lines;
[INFO] [stderr]   |     ^^^^^^^^^^^^^^
[INFO] [stderr] 
[INFO] [stderr] warning: use of deprecated macro `try`: use the `?` operator instead
[INFO] [stderr]    --> src/lexer/mod.rs:162:9
[INFO] [stderr]     |
[INFO] [stderr] 162 |         try!(r.read_to_string(&mut contents));
[INFO] [stderr]     |         ^^^
[INFO] [stderr] 
[INFO] [stderr] warning: `...` range patterns are deprecated
[INFO] [stderr]    --> src/lexer/mod.rs:194:32
[INFO] [stderr]     |
[INFO] [stderr] 194 | ...                   '0'...'9' => self.lex_const(true),
[INFO] [stderr]     |                          ^^^ help: use `..=` for an inclusive range
[INFO] [stderr]     |
[INFO] [stderr]     = warning: this is accepted in the current edition (Rust 2015) but is a hard error in Rust 2021!
[INFO] [stderr]     = note: for more information, see <https://doc.rust-lang.org/nightly/edition-guide/rust-2021/warnings-promoted-to-error.html>
[INFO] [stderr]     = note: `#[warn(ellipsis_inclusive_range_patterns)]` on by default
[INFO] [stderr] 
[INFO] [stderr] warning: `...` range patterns are deprecated
[INFO] [stderr]    --> src/lexer/mod.rs:300:20
[INFO] [stderr]     |
[INFO] [stderr] 300 |                 '0'...'9' => self.lex_const(false),
[INFO] [stderr]     |                    ^^^ help: use `..=` for an inclusive range
[INFO] [stderr]     |
[INFO] [stderr]     = warning: this is accepted in the current edition (Rust 2015) but is a hard error in Rust 2021!
[INFO] [stderr]     = note: for more information, see <https://doc.rust-lang.org/nightly/edition-guide/rust-2021/warnings-promoted-to-error.html>
[INFO] [stderr] 
[INFO] [stderr] warning: `...` range patterns are deprecated
[INFO] [stderr]    --> src/lexer/mod.rs:301:20
[INFO] [stderr]     |
[INFO] [stderr] 301 |                 'A'...'Z' | 'a'...'z' => self.lex_ident(),
[INFO] [stderr]     |                    ^^^ help: use `..=` for an inclusive range
[INFO] [stderr]     |
[INFO] [stderr]     = warning: this is accepted in the current edition (Rust 2015) but is a hard error in Rust 2021!
[INFO] [stderr]     = note: for more information, see <https://doc.rust-lang.org/nightly/edition-guide/rust-2021/warnings-promoted-to-error.html>
[INFO] [stderr] 
[INFO] [stderr] warning: `...` range patterns are deprecated
[INFO] [stderr]    --> src/lexer/mod.rs:301:32
[INFO] [stderr]     |
[INFO] [stderr] 301 |                 'A'...'Z' | 'a'...'z' => self.lex_ident(),
[INFO] [stderr]     |                                ^^^ help: use `..=` for an inclusive range
[INFO] [stderr]     |
[INFO] [stderr]     = warning: this is accepted in the current edition (Rust 2015) but is a hard error in Rust 2021!
[INFO] [stderr]     = note: for more information, see <https://doc.rust-lang.org/nightly/edition-guide/rust-2021/warnings-promoted-to-error.html>
[INFO] [stderr] 
[INFO] [stderr] warning: `...` range patterns are deprecated
[INFO] [stderr]    --> src/lexer/mod.rs:338:20
[INFO] [stderr]     |
[INFO] [stderr] 338 |                 '0'...'9' => val.push(self.chars.next().unwrap()),
[INFO] [stderr]     |                    ^^^ help: use `..=` for an inclusive range
[INFO] [stderr]     |
[INFO] [stderr]     = warning: this is accepted in the current edition (Rust 2015) but is a hard error in Rust 2021!
[INFO] [stderr]     = note: for more information, see <https://doc.rust-lang.org/nightly/edition-guide/rust-2021/warnings-promoted-to-error.html>
[INFO] [stderr] 
[INFO] [stderr] warning: `...` range patterns are deprecated
[INFO] [stderr]    --> src/lexer/mod.rs:339:20
[INFO] [stderr]     |
[INFO] [stderr] 339 |                 'A'...'Z' | 'a'...'z' => return Err(ErrorVariant::UnknownCharacter),
[INFO] [stderr]     |                    ^^^ help: use `..=` for an inclusive range
[INFO] [stderr]     |
[INFO] [stderr]     = warning: this is accepted in the current edition (Rust 2015) but is a hard error in Rust 2021!
[INFO] [stderr]     = note: for more information, see <https://doc.rust-lang.org/nightly/edition-guide/rust-2021/warnings-promoted-to-error.html>
[INFO] [stderr] 
[INFO] [stderr] warning: `...` range patterns are deprecated
[INFO] [stderr]    --> src/lexer/mod.rs:339:32
[INFO] [stderr]     |
[INFO] [stderr] 339 |                 'A'...'Z' | 'a'...'z' => return Err(ErrorVariant::UnknownCharacter),
[INFO] [stderr]     |                                ^^^ help: use `..=` for an inclusive range
[INFO] [stderr]     |
[INFO] [stderr]     = warning: this is accepted in the current edition (Rust 2015) but is a hard error in Rust 2021!
[INFO] [stderr]     = note: for more information, see <https://doc.rust-lang.org/nightly/edition-guide/rust-2021/warnings-promoted-to-error.html>
[INFO] [stderr] 
[INFO] [stderr] warning: `...` range patterns are deprecated
[INFO] [stderr]    --> src/lexer/mod.rs:354:20
[INFO] [stderr]     |
[INFO] [stderr] 354 |                 'A'...'Z' | 'a'...'z' | '0'...'9' => ident.push(self.chars.next().unwrap()),
[INFO] [stderr]     |                    ^^^ help: use `..=` for an inclusive range
[INFO] [stderr]     |
[INFO] [stderr]     = warning: this is accepted in the current edition (Rust 2015) but is a hard error in Rust 2021!
[INFO] [stderr]     = note: for more information, see <https://doc.rust-lang.org/nightly/edition-guide/rust-2021/warnings-promoted-to-error.html>
[INFO] [stderr] 
[INFO] [stderr] warning: `...` range patterns are deprecated
[INFO] [stderr]    --> src/lexer/mod.rs:354:32
[INFO] [stderr]     |
[INFO] [stderr] 354 |                 'A'...'Z' | 'a'...'z' | '0'...'9' => ident.push(self.chars.next().unwrap()),
[INFO] [stderr]     |                                ^^^ help: use `..=` for an inclusive range
[INFO] [stderr]     |
[INFO] [stderr]     = warning: this is accepted in the current edition (Rust 2015) but is a hard error in Rust 2021!
[INFO] [stderr]     = note: for more information, see <https://doc.rust-lang.org/nightly/edition-guide/rust-2021/warnings-promoted-to-error.html>
[INFO] [stderr] 
[INFO] [stderr] warning: `...` range patterns are deprecated
[INFO] [stderr]    --> src/lexer/mod.rs:354:44
[INFO] [stderr]     |
[INFO] [stderr] 354 |                 'A'...'Z' | 'a'...'z' | '0'...'9' => ident.push(self.chars.next().unwrap()),
[INFO] [stderr]     |                                            ^^^ help: use `..=` for an inclusive range
[INFO] [stderr]     |
[INFO] [stderr]     = warning: this is accepted in the current edition (Rust 2015) but is a hard error in Rust 2021!
[INFO] [stderr]     = note: for more information, see <https://doc.rust-lang.org/nightly/edition-guide/rust-2021/warnings-promoted-to-error.html>
[INFO] [stderr] 
[INFO] [stderr] warning: use of deprecated macro `try`: use the `?` operator instead
[INFO] [stderr]   --> src/parser/mod.rs:44:9
[INFO] [stderr]    |
[INFO] [stderr] 44 |         try!(write!(f, r#"Function {:?} ( "#, self.name));
[INFO] [stderr]    |         ^^^
[INFO] [stderr] 
[INFO] [stderr] warning: use of deprecated macro `try`: use the `?` operator instead
[INFO] [stderr]   --> src/parser/mod.rs:46:13
[INFO] [stderr]    |
[INFO] [stderr] 46 |             try!(write!(f, r"{:?} {:?} ", param.typ, param.name));
[INFO] [stderr]    |             ^^^
[INFO] [stderr] 
[INFO] [stderr] warning: unused imports: `Keyword`, `TokenAt`
[INFO] [stderr]  --> src/parser/expr.rs:1:24
[INFO] [stderr]   |
[INFO] [stderr] 1 | use super::{Delimiter, Keyword, Operator, Token, TokenAt};
[INFO] [stderr]   |                        ^^^^^^^                   ^^^^^^^
[INFO] [stderr] 
[INFO] [stderr] warning: unused variable: `t`
[INFO] [stderr]   --> src/main.rs:44:14
[INFO] [stderr]    |
[INFO] [stderr] 44 |         Err((t, e)) => {
[INFO] [stderr]    |              ^ help: if this is intentional, prefix it with an underscore: `_t`
[INFO] [stderr]    |
[INFO] [stderr]    = note: `#[warn(unused_variables)]` on by default
[INFO] [stderr] 
[INFO] [stderr] warning: unused variable: `b`
[INFO] [stderr]   --> src/codegen/mod.rs:33:23
[INFO] [stderr]    |
[INFO] [stderr] 33 |     funcs.sort_by(|a, b| if a.name == "main" {
[INFO] [stderr]    |                       ^ help: if this is intentional, prefix it with an underscore: `_b`
[INFO] [stderr] 
[INFO] [stderr] warning: unused variable: `a`
[INFO] [stderr]   --> src/codegen/gen.rs:28:21
[INFO] [stderr]    |
[INFO] [stderr] 28 |                 for a in args.iter() {
[INFO] [stderr]    |                     ^ help: if this is intentional, prefix it with an underscore: `_a`
[INFO] [stderr] 
[INFO] [stderr] warning: unused variable: `ctx`
[INFO] [stderr]    --> src/codegen/gen.rs:254:19
[INFO] [stderr]     |
[INFO] [stderr] 254 |     fn typ(&self, ctx: &mut Context) -> Result<Type, Error> {
[INFO] [stderr]     |                   ^^^ help: if this is intentional, prefix it with an underscore: `_ctx`
[INFO] [stderr] 
[INFO] [stderr] warning: unused variable: `c`
[INFO] [stderr]    --> src/lexer/mod.rs:278:31
[INFO] [stderr]     |
[INFO] [stderr] 278 |                         Some(&c) => Err(ErrorVariant::Expected('&')),
[INFO] [stderr]     |                               ^ help: if this is intentional, prefix it with an underscore: `_c`
[INFO] [stderr] 
[INFO] [stderr] warning: unused variable: `c`
[INFO] [stderr]    --> src/lexer/mod.rs:290:31
[INFO] [stderr]     |
[INFO] [stderr] 290 |                         Some(&c) => Err(ErrorVariant::Expected('|')),
[INFO] [stderr]     |                               ^ help: if this is intentional, prefix it with an underscore: `_c`
[INFO] [stderr] 
[INFO] [stderr] warning: unused variable: `c`
[INFO] [stderr]    --> src/lexer/mod.rs:309:17
[INFO] [stderr]     |
[INFO] [stderr] 309 |                 c => return Err((tokens, self.error(ErrorVariant::UnknownCharacter))),
[INFO] [stderr]     |                 ^ help: if this is intentional, prefix it with an underscore: `_c`
[INFO] [stderr] 
[INFO] [stderr] warning: unused variable: `remain`
[INFO] [stderr]    --> src/parser/mod.rs:106:20
[INFO] [stderr]     |
[INFO] [stderr] 106 |             (None, remain) => return Err(()),
[INFO] [stderr]     |                    ^^^^^^ help: if this is intentional, prefix it with an underscore: `_remain`
[INFO] [stderr] 
[INFO] [stderr] warning: variable does not need to be mutable
[INFO] [stderr]   --> src/main.rs:75:9
[INFO] [stderr]    |
[INFO] [stderr] 75 |     let mut machine = vm::Machine::new(&bytes);
[INFO] [stderr]    |         ----^^^^^^^
[INFO] [stderr]    |         |
[INFO] [stderr]    |         help: remove this `mut`
[INFO] [stderr]    |
[INFO] [stderr]    = note: `#[warn(unused_mut)]` on by default
[INFO] [stderr] 
[INFO] [stderr] warning: method `push_symbol` is never used
[INFO] [stderr]    --> src/codegen/mod.rs:136:8
[INFO] [stderr]     |
[INFO] [stderr] 87  | impl<'a> Context<'a> {
[INFO] [stderr]     | -------------------- method in this implementation
[INFO] [stderr] ...
[INFO] [stderr] 136 |     fn push_symbol(&mut self, symbol: Symbol) {
[INFO] [stderr]     |        ^^^^^^^^^^^
[INFO] [stderr]     |
[INFO] [stderr]     = note: `#[warn(dead_code)]` on by default
[INFO] [stderr] 
[INFO] [stderr] warning: unused `Result` that must be used
[INFO] [stderr]   --> src/main.rs:21:13
[INFO] [stderr]    |
[INFO] [stderr] 21 |             write!(stderr(), "Usage: ./mylang [filename]");
[INFO] [stderr]    |             ^^^^^^^^^^^^^^^^^^^^^^^^^^^^^^^^^^^^^^^^^^^^^^
[INFO] [stderr]    |
[INFO] [stderr]    = note: this `Result` may be an `Err` variant, which should be handled
[INFO] [stderr]    = note: `#[warn(unused_must_use)]` on by default
[INFO] [stderr]    = note: this warning originates in the macro `write` (in Nightly builds, run with -Z macro-backtrace for more info)
[INFO] [stderr] 
[INFO] [stderr] warning: unused `Result` that must be used
[INFO] [stderr]   --> src/main.rs:29:13
[INFO] [stderr]    |
[INFO] [stderr] 29 |             write!(stderr(), "Error while opening {}: {}", filename, e);
[INFO] [stderr]    |             ^^^^^^^^^^^^^^^^^^^^^^^^^^^^^^^^^^^^^^^^^^^^^^^^^^^^^^^^^^^
[INFO] [stderr]    |
[INFO] [stderr]    = note: this `Result` may be an `Err` variant, which should be handled
[INFO] [stderr]    = note: this warning originates in the macro `write` (in Nightly builds, run with -Z macro-backtrace for more info)
[INFO] [stderr] 
[INFO] [stderr] warning: unused `Result` that must be used
[INFO] [stderr]   --> src/main.rs:37:13
[INFO] [stderr]    |
[INFO] [stderr] 37 |             write!(stderr(), "Lexer I/O error: {:?}", e);
[INFO] [stderr]    |             ^^^^^^^^^^^^^^^^^^^^^^^^^^^^^^^^^^^^^^^^^^^^
[INFO] [stderr]    |
[INFO] [stderr]    = note: this `Result` may be an `Err` variant, which should be handled
[INFO] [stderr]    = note: this warning originates in the macro `write` (in Nightly builds, run with -Z macro-backtrace for more info)
[INFO] [stderr] 
[INFO] [stderr] warning: unused `Result` that must be used
[INFO] [stderr]   --> src/main.rs:45:13
[INFO] [stderr]    |
[INFO] [stderr] 45 |             write!(stderr(), "{}", e);
[INFO] [stderr]    |             ^^^^^^^^^^^^^^^^^^^^^^^^^
[INFO] [stderr]    |
[INFO] [stderr]    = note: this `Result` may be an `Err` variant, which should be handled
[INFO] [stderr]    = note: this warning originates in the macro `write` (in Nightly builds, run with -Z macro-backtrace for more info)
[INFO] [stderr] 
[INFO] [stderr] warning: unused `Result` that must be used
[INFO] [stderr]   --> src/main.rs:54:13
[INFO] [stderr]    |
[INFO] [stderr] 54 |             write!(stderr(), "Syntax error.");
[INFO] [stderr]    |             ^^^^^^^^^^^^^^^^^^^^^^^^^^^^^^^^^
[INFO] [stderr]    |
[INFO] [stderr]    = note: this `Result` may be an `Err` variant, which should be handled
[INFO] [stderr]    = note: this warning originates in the macro `write` (in Nightly builds, run with -Z macro-backtrace for more info)
[INFO] [stderr] 
[INFO] [stderr] warning: unused `Result` that must be used
[INFO] [stderr]   --> src/main.rs:65:13
[INFO] [stderr]    |
[INFO] [stderr] 65 |             write!(stderr(), "{:?}", e);
[INFO] [stderr]    |             ^^^^^^^^^^^^^^^^^^^^^^^^^^^
[INFO] [stderr]    |
[INFO] [stderr]    = note: this `Result` may be an `Err` variant, which should be handled
[INFO] [stderr]    = note: this warning originates in the macro `write` (in Nightly builds, run with -Z macro-backtrace for more info)
[INFO] [stderr] 
[INFO] [stderr] warning: unused `Result` that must be used
[INFO] [stderr]   --> src/parser/mod.rs:48:9
[INFO] [stderr]    |
[INFO] [stderr] 48 |         write!(f, ")\n");
[INFO] [stderr]    |         ^^^^^^^^^^^^^^^^
[INFO] [stderr]    |
[INFO] [stderr]    = note: this `Result` may be an `Err` variant, which should be handled
[INFO] [stderr]    = note: this warning originates in the macro `write` (in Nightly builds, run with -Z macro-backtrace for more info)
[INFO] [stderr] 
[INFO] [stderr] warning: unused `Result` that must be used
[INFO] [stderr]   --> src/parser/mod.rs:49:9
[INFO] [stderr]    |
[INFO] [stderr] 49 |         write!(f, "{:#?}\n", self.block);
[INFO] [stderr]    |         ^^^^^^^^^^^^^^^^^^^^^^^^^^^^^^^^
[INFO] [stderr]    |
[INFO] [stderr]    = note: this `Result` may be an `Err` variant, which should be handled
[INFO] [stderr]    = note: this warning originates in the macro `write` (in Nightly builds, run with -Z macro-backtrace for more info)
[INFO] [stderr] 
[INFO] [stderr] warning: `mylang` (bin "mylang" test) generated 37 warnings (run `cargo fix --bin "mylang" --tests` to apply 24 suggestions)
[INFO] [stderr]     Finished test [unoptimized + debuginfo] target(s) in 0.00s
[INFO] [stderr]      Running unittests src/main.rs (/opt/rustwide/target/debug/deps/mylang-7ed7d34d9c719b73)
[INFO] [stdout] 
[INFO] [stdout] running 50 tests
[INFO] [stdout] test codegen::gen::test::test_expr_typed ... ok
[INFO] [stdout] test codegen::test::test_gen_expr ... ok
[INFO] [stdout] test codegen::test::test_decode ... ok
[INFO] [stdout] test codegen::test::test_encode ... ok
[INFO] [stdout] test codegen::test::test_gen_fncall ... ok
[INFO] [stdout] test codegen::test::test_gen_stmt_assign ... ok
[INFO] [stdout] test codegen::test::test_gen_stmt_block ... ok
[INFO] [stdout] test codegen::test::test_gen_stmt_decl ... ok
[INFO] [stdout] test codegen::test::test_gen_stmt_expr ... ok
[INFO] [stdout] test codegen::test::test_gen_stmt_if ... ok
[INFO] [stdout] test codegen::test::test_gen_stmt_return ... ok
[INFO] [stdout] test codegen::test::test_gen_stmt_while ... ok
[INFO] [stdout] test codegen::test::test_integration ... ok
[INFO] [stdout] test codegen::test::test_opcode ... ok
[INFO] [stdout] test codegen::test::test_program_encode ... ok
[INFO] [stdout] test codegen::test::test_typed ... ok
[INFO] [stdout] test codegen::test::test_symbol_stack ... ok
[INFO] [stdout] test lexer::test::test_lex_const ... ok
[INFO] [stdout] test lexer::test::test_lex_ident ... ok
[INFO] [stdout] test lexer::test::test_lex_delimiters ... ok
[INFO] [stdout] test lexer::test::test_lex_keyword ... ok
[INFO] [stdout] test lexer::test::test_lex_line_comment ... ok
[INFO] [stdout] test lexer::test::test_lex_multiline_comment ... ok
[INFO] [stdout] test lexer::test::test_lex_multiline_comment_no_end ... ok
[INFO] [stdout] test lexer::test::test_lex_op ... ok
[INFO] [stdout] test lexer::test::test_lex_str ... ok
[INFO] [stdout] test lexer::test::test_lexer_errors ... ok
[INFO] [stdout] test parser::test::test_parse_atom ... ok
[INFO] [stdout] test parser::test::test_parse ... ok
[INFO] [stdout] test parser::test::test_parse_break ... ok
[INFO] [stdout] test parser::test::test_parse_assignstmt ... ok
[INFO] [stdout] test parser::test::test_parse_block ... ok
[INFO] [stdout] test parser::test::test_parse_comparison ... ok
[INFO] [stdout] test parser::test::test_parse_declstmt ... ok
[INFO] [stdout] test parser::test::test_parse_logexpr ... ok
[INFO] [stdout] test parser::test::test_parse_fn ... ok
[INFO] [stdout] test parser::test::test_parse_ifstmt ... ok
[INFO] [stdout] test parser::test::test_parse_product ... ok
[INFO] [stdout] test parser::test::test_parse_sum ... ok
[INFO] [stdout] test parser::test::test_parse_stmt ... ok
[INFO] [stdout] test parser::test::test_parse_whilestmt ... ok
[INFO] [stdout] test vm::test::test_jmpz ... ok
[INFO] [stdout] test vm::test::test_neq ... ok
[INFO] [stdout] test vm::test::test_jmp ... ok
[INFO] [stdout] test vm::test::test_eq ... ok
[INFO] [stdout] test vm::test::test_arithmetic ... ok
[INFO] [stdout] test vm::test::test_vm_retw ... ok
[INFO] [stdout] test vm::test::test_vm_call ... ok
[INFO] [stdout] test vm::test::test_vm_push_pop ... ok
[INFO] [stdout] test vm::test::test_vm_ret ... FAILED
[INFO] [stdout] 
[INFO] [stdout] failures:
[INFO] [stdout] 
[INFO] [stdout] ---- vm::test::test_vm_ret stdout ----
[INFO] [stdout] thread 'vm::test::test_vm_ret' panicked at 'assertion failed: `(left == right)`
[INFO] [stdout]   left: `0`,
[INFO] [stdout]  right: `57005`', src/vm/test.rs:64:5
[INFO] [stdout] stack backtrace:
[INFO] [stdout]    0:     0x564d888f9d9a - std::backtrace_rs::backtrace::libunwind::trace::h2f05d0192276a8f6
[INFO] [stdout]                                at /rustc/1b7dd2252b99671ce5d1cb9664c5f8636329436d/library/std/src/../../backtrace/src/backtrace/libunwind.rs:93:5
[INFO] [stdout]    1:     0x564d888f9d9a - std::backtrace_rs::backtrace::trace_unsynchronized::hedc23dff7a1af150
[INFO] [stdout]                                at /rustc/1b7dd2252b99671ce5d1cb9664c5f8636329436d/library/std/src/../../backtrace/src/backtrace/mod.rs:66:5
[INFO] [stdout]    2:     0x564d888f9d9a - std::sys_common::backtrace::_print_fmt::h17541ef7592f3ce2
[INFO] [stdout]                                at /rustc/1b7dd2252b99671ce5d1cb9664c5f8636329436d/library/std/src/sys_common/backtrace.rs:65:5
[INFO] [stdout]    3:     0x564d888f9d9a - <std::sys_common::backtrace::_print::DisplayBacktrace as core::fmt::Display>::fmt::h20f75df5ab0c0792
[INFO] [stdout]                                at /rustc/1b7dd2252b99671ce5d1cb9664c5f8636329436d/library/std/src/sys_common/backtrace.rs:44:22
[INFO] [stdout]    4:     0x564d8891dd0f - core::fmt::write::h78109e6f466b3af6
[INFO] [stdout]                                at /rustc/1b7dd2252b99671ce5d1cb9664c5f8636329436d/library/core/src/fmt/mod.rs:1254:17
[INFO] [stdout]    5:     0x564d888f70e5 - std::io::Write::write_fmt::hd24bfb68a1b35a25
[INFO] [stdout]                                at /rustc/1b7dd2252b99671ce5d1cb9664c5f8636329436d/library/std/src/io/mod.rs:1698:15
[INFO] [stdout]    6:     0x564d888f9b65 - std::sys_common::backtrace::_print::h8dac57a9f8fbf9a5
[INFO] [stdout]                                at /rustc/1b7dd2252b99671ce5d1cb9664c5f8636329436d/library/std/src/sys_common/backtrace.rs:47:5
[INFO] [stdout]    7:     0x564d888f9b65 - std::sys_common::backtrace::print::hf9ecbf41d1aa712f
[INFO] [stdout]                                at /rustc/1b7dd2252b99671ce5d1cb9664c5f8636329436d/library/std/src/sys_common/backtrace.rs:34:9
[INFO] [stdout]    8:     0x564d888fb81e - std::panicking::default_hook::{{closure}}::h04c07acfc84ca028
[INFO] [stdout]                                at /rustc/1b7dd2252b99671ce5d1cb9664c5f8636329436d/library/std/src/panicking.rs:269:22
[INFO] [stdout]    9:     0x564d888fb551 - std::panicking::default_hook::h01f6bb23e1eceb2c
[INFO] [stdout]                                at /rustc/1b7dd2252b99671ce5d1cb9664c5f8636329436d/library/std/src/panicking.rs:285:9
[INFO] [stdout]   10:     0x564d888ceeeb - <alloc::boxed::Box<F,A> as core::ops::function::Fn<Args>>::call::h87fe9f7b2fd49e4c
[INFO] [stdout]                                at /rustc/1b7dd2252b99671ce5d1cb9664c5f8636329436d/library/alloc/src/boxed.rs:1987:9
[INFO] [stdout]   11:     0x564d888ceeeb - test::test_main::{{closure}}::he94d679243a7531b
[INFO] [stdout]                                at /rustc/1b7dd2252b99671ce5d1cb9664c5f8636329436d/library/test/src/lib.rs:134:21
[INFO] [stdout]   12:     0x564d888fbf04 - <alloc::boxed::Box<F,A> as core::ops::function::Fn<Args>>::call::h3f2d6d8b14c4769f
[INFO] [stdout]                                at /rustc/1b7dd2252b99671ce5d1cb9664c5f8636329436d/library/alloc/src/boxed.rs:1987:9
[INFO] [stdout]   13:     0x564d888fbf04 - std::panicking::rust_panic_with_hook::h2bb3722bbaf2f6df
[INFO] [stdout]                                at /rustc/1b7dd2252b99671ce5d1cb9664c5f8636329436d/library/std/src/panicking.rs:695:13
[INFO] [stdout]   14:     0x564d888fbc79 - std::panicking::begin_panic_handler::{{closure}}::h91bc7f36a4be011b
[INFO] [stdout]                                at /rustc/1b7dd2252b99671ce5d1cb9664c5f8636329436d/library/std/src/panicking.rs:582:13
[INFO] [stdout]   15:     0x564d888fa206 - std::sys_common::backtrace::__rust_end_short_backtrace::h8b3d3717114f9e59
[INFO] [stdout]                                at /rustc/1b7dd2252b99671ce5d1cb9664c5f8636329436d/library/std/src/sys_common/backtrace.rs:150:18
[INFO] [stdout]   16:     0x564d888fb9d2 - rust_begin_unwind
[INFO] [stdout]                                at /rustc/1b7dd2252b99671ce5d1cb9664c5f8636329436d/library/std/src/panicking.rs:578:5
[INFO] [stdout]   17:     0x564d88832ba3 - core::panicking::panic_fmt::hfd368e3fbdabea26
[INFO] [stdout]                                at /rustc/1b7dd2252b99671ce5d1cb9664c5f8636329436d/library/core/src/panicking.rs:67:14
[INFO] [stdout]   18:     0x564d88832f6f - core::panicking::assert_failed_inner::haef49168e1798a91
[INFO] [stdout]   19:     0x564d8886e50a - core::panicking::assert_failed::h9680b6dacba5c9fa
[INFO] [stdout]                                at /rustc/1b7dd2252b99671ce5d1cb9664c5f8636329436d/library/core/src/panicking.rs:228:5
[INFO] [stdout]   20:     0x564d8884bffc - mylang::vm::test::test_vm_ret::h7602a18227b09b13
[INFO] [stdout]                                at /opt/rustwide/workdir/src/vm/test.rs:64:5
[INFO] [stdout]   21:     0x564d8884bc07 - mylang::vm::test::test_vm_ret::{{closure}}::hff94802b798a2dac
[INFO] [stdout]                                at /opt/rustwide/workdir/src/vm/test.rs:56:18
[INFO] [stdout]   22:     0x564d88858915 - core::ops::function::FnOnce::call_once::h4b8256aea21df939
[INFO] [stdout]                                at /rustc/1b7dd2252b99671ce5d1cb9664c5f8636329436d/library/core/src/ops/function.rs:250:5
[INFO] [stdout]   23:     0x564d888d3dbf - core::ops::function::FnOnce::call_once::ha6a70e79f7481a7e
[INFO] [stdout]                                at /rustc/1b7dd2252b99671ce5d1cb9664c5f8636329436d/library/core/src/ops/function.rs:250:5
[INFO] [stdout]   24:     0x564d888d3dbf - test::__rust_begin_short_backtrace::hce33033019b61e69
[INFO] [stdout]                                at /rustc/1b7dd2252b99671ce5d1cb9664c5f8636329436d/library/test/src/lib.rs:655:18
[INFO] [stdout]   25:     0x564d888a15ac - test::run_test::{{closure}}::h858d3528838ae3e5
[INFO] [stdout]                                at /rustc/1b7dd2252b99671ce5d1cb9664c5f8636329436d/library/test/src/lib.rs:646:30
[INFO] [stdout]   26:     0x564d888a15ac - core::ops::function::FnOnce::call_once{{vtable.shim}}::he8ac2b00f01ae79e
[INFO] [stdout]                                at /rustc/1b7dd2252b99671ce5d1cb9664c5f8636329436d/library/core/src/ops/function.rs:250:5
[INFO] [stdout]   27:     0x564d888d2e96 - <alloc::boxed::Box<F,A> as core::ops::function::FnOnce<Args>>::call_once::h8093d25b522725ef
[INFO] [stdout]                                at /rustc/1b7dd2252b99671ce5d1cb9664c5f8636329436d/library/alloc/src/boxed.rs:1973:9
[INFO] [stdout]   28:     0x564d888d2e96 - <core::panic::unwind_safe::AssertUnwindSafe<F> as core::ops::function::FnOnce<()>>::call_once::h5c334c204e4a3913
[INFO] [stdout]                                at /rustc/1b7dd2252b99671ce5d1cb9664c5f8636329436d/library/core/src/panic/unwind_safe.rs:271:9
[INFO] [stdout]   29:     0x564d888d2e96 - std::panicking::try::do_call::ha8b740c7b9478074
[INFO] [stdout]                                at /rustc/1b7dd2252b99671ce5d1cb9664c5f8636329436d/library/std/src/panicking.rs:485:40
[INFO] [stdout]   30:     0x564d888d2e96 - std::panicking::try::h5d34f63d0e41b64e
[INFO] [stdout]                                at /rustc/1b7dd2252b99671ce5d1cb9664c5f8636329436d/library/std/src/panicking.rs:449:19
[INFO] [stdout]   31:     0x564d888d2e96 - std::panic::catch_unwind::hcfbb511e1aa7fc67
[INFO] [stdout]                                at /rustc/1b7dd2252b99671ce5d1cb9664c5f8636329436d/library/std/src/panic.rs:140:14
[INFO] [stdout]   32:     0x564d888d2e96 - test::run_test_in_process::h9abda90f802eaf21
[INFO] [stdout]                                at /rustc/1b7dd2252b99671ce5d1cb9664c5f8636329436d/library/test/src/lib.rs:678:27
[INFO] [stdout]   33:     0x564d888d2e96 - test::run_test::run_test_inner::{{closure}}::h0f058de91f6c6edf
[INFO] [stdout]                                at /rustc/1b7dd2252b99671ce5d1cb9664c5f8636329436d/library/test/src/lib.rs:572:39
[INFO] [stdout]   34:     0x564d8889bdb5 - test::run_test::run_test_inner::{{closure}}::h5ca48a4c59c6c1fb
[INFO] [stdout]                                at /rustc/1b7dd2252b99671ce5d1cb9664c5f8636329436d/library/test/src/lib.rs:599:37
[INFO] [stdout]   35:     0x564d8889bdb5 - std::sys_common::backtrace::__rust_begin_short_backtrace::h32bd51e1495d4a33
[INFO] [stdout]                                at /rustc/1b7dd2252b99671ce5d1cb9664c5f8636329436d/library/std/src/sys_common/backtrace.rs:134:18
[INFO] [stdout]   36:     0x564d888a12f1 - std::thread::Builder::spawn_unchecked_::{{closure}}::{{closure}}::hc086fae9b128b2db
[INFO] [stdout]                                at /rustc/1b7dd2252b99671ce5d1cb9664c5f8636329436d/library/std/src/thread/mod.rs:526:17
[INFO] [stdout]   37:     0x564d888a12f1 - <core::panic::unwind_safe::AssertUnwindSafe<F> as core::ops::function::FnOnce<()>>::call_once::hb66571888d270d43
[INFO] [stdout]                                at /rustc/1b7dd2252b99671ce5d1cb9664c5f8636329436d/library/core/src/panic/unwind_safe.rs:271:9
[INFO] [stdout]   38:     0x564d888a12f1 - std::panicking::try::do_call::h4fa2ef4f6e51fecf
[INFO] [stdout]                                at /rustc/1b7dd2252b99671ce5d1cb9664c5f8636329436d/library/std/src/panicking.rs:485:40
[INFO] [stdout]   39:     0x564d888a12f1 - std::panicking::try::h1e9e22b8584489b5
[INFO] [stdout]                                at /rustc/1b7dd2252b99671ce5d1cb9664c5f8636329436d/library/std/src/panicking.rs:449:19
[INFO] [stdout]   40:     0x564d888a12f1 - std::panic::catch_unwind::h44698a3de0e0769e
[INFO] [stdout]                                at /rustc/1b7dd2252b99671ce5d1cb9664c5f8636329436d/library/std/src/panic.rs:140:14
[INFO] [stdout]   41:     0x564d888a12f1 - std::thread::Builder::spawn_unchecked_::{{closure}}::h50153abde3fe239e
[INFO] [stdout]                                at /rustc/1b7dd2252b99671ce5d1cb9664c5f8636329436d/library/std/src/thread/mod.rs:525:30
[INFO] [stdout]   42:     0x564d888a12f1 - core::ops::function::FnOnce::call_once{{vtable.shim}}::hbe5bbf6f38394364
[INFO] [stdout]                                at /rustc/1b7dd2252b99671ce5d1cb9664c5f8636329436d/library/core/src/ops/function.rs:250:5
[INFO] [stdout]   43:     0x564d889003d5 - <alloc::boxed::Box<F,A> as core::ops::function::FnOnce<Args>>::call_once::h0d83cb2920a49046
[INFO] [stdout]                                at /rustc/1b7dd2252b99671ce5d1cb9664c5f8636329436d/library/alloc/src/boxed.rs:1973:9
[INFO] [stdout]   44:     0x564d889003d5 - <alloc::boxed::Box<F,A> as core::ops::function::FnOnce<Args>>::call_once::hbe0a008aa7d9ef59
[INFO] [stdout]                                at /rustc/1b7dd2252b99671ce5d1cb9664c5f8636329436d/library/alloc/src/boxed.rs:1973:9
[INFO] [stdout]   45:     0x564d889003d5 - std::sys::unix::thread::Thread::new::thread_start::h3a466996bdf6b1f9
[INFO] [stdout]                                at /rustc/1b7dd2252b99671ce5d1cb9664c5f8636329436d/library/std/src/sys/unix/thread.rs:108:17
[INFO] [stdout]   46:     0x7f76e9c93b43 - <unknown>
[INFO] [stdout]   47:     0x7f76e9d24bb4 - __clone
[INFO] [stdout]   48:                0x0 - <unknown>
[INFO] [stdout] 
[INFO] [stdout] 
[INFO] [stdout] failures:
[INFO] [stdout]     vm::test::test_vm_ret
[INFO] [stdout] 
[INFO] [stdout] test result: FAILED. 49 passed; 1 failed; 0 ignored; 0 measured; 0 filtered out; finished in 0.02s
[INFO] [stdout] 
[INFO] [stderr] error: test failed, to rerun pass `--bin mylang`
[INFO] running `Command { std: "docker" "inspect" "9714283bc9abadeedc52f15188d07c8435e072a796bc31c77711352935a65fc1", kill_on_drop: false }`
[INFO] running `Command { std: "docker" "rm" "-f" "9714283bc9abadeedc52f15188d07c8435e072a796bc31c77711352935a65fc1", kill_on_drop: false }`
[INFO] [stdout] 9714283bc9abadeedc52f15188d07c8435e072a796bc31c77711352935a65fc1
