[INFO] cloning repository https://github.com/jthemphill/htmf
[INFO] running `Command { std: "git" "-c" "credential.helper=" "-c" "credential.helper=/workspace/cargo-home/bin/git-credential-null" "clone" "--bare" "https://github.com/jthemphill/htmf" "/workspace/cache/git-repos/https%3A%2F%2Fgithub.com%2Fjthemphill%2Fhtmf", kill_on_drop: false }`
[INFO] [stderr] Cloning into bare repository '/workspace/cache/git-repos/https%3A%2F%2Fgithub.com%2Fjthemphill%2Fhtmf'...
[INFO] running `Command { std: "git" "rev-parse" "HEAD", kill_on_drop: false }`
[INFO] [stdout] 2b140338a715cbb70dbcc8bcb55abe2f3362939e
[INFO] testing jthemphill/htmf against 1.69.0 for beta-1.70-1
[INFO] running `Command { std: "git" "clone" "/workspace/cache/git-repos/https%3A%2F%2Fgithub.com%2Fjthemphill%2Fhtmf" "/workspace/builds/worker-7-tc1/source", kill_on_drop: false }`
[INFO] [stderr] Cloning into '/workspace/builds/worker-7-tc1/source'...
[INFO] [stderr] done.
[INFO] validating manifest of git repo https://github.com/jthemphill/htmf on toolchain 1.69.0
[INFO] running `Command { std: CARGO_HOME="/workspace/cargo-home" RUSTUP_HOME="/workspace/rustup-home" "/workspace/cargo-home/bin/cargo" "+1.69.0" "metadata" "--manifest-path" "Cargo.toml" "--no-deps", kill_on_drop: false }`
[INFO] started tweaking git repo https://github.com/jthemphill/htmf
[INFO] finished tweaking git repo https://github.com/jthemphill/htmf
[INFO] tweaked toml for git repo https://github.com/jthemphill/htmf written to /workspace/builds/worker-7-tc1/source/Cargo.toml
[INFO] crate git repo https://github.com/jthemphill/htmf already has a lockfile, it will not be regenerated
[INFO] running `Command { std: CARGO_HOME="/workspace/cargo-home" RUSTUP_HOME="/workspace/rustup-home" "/workspace/cargo-home/bin/cargo" "+1.69.0" "fetch" "--manifest-path" "Cargo.toml", kill_on_drop: false }`
[INFO] [stderr]  Downloading crates ...
[INFO] [stderr]   Downloaded is_executable v0.1.2
[INFO] [stderr]   Downloaded console v0.6.2
[INFO] [stderr]   Downloaded binary-install v0.0.2
[INFO] [stderr]   Downloaded cargo_metadata v0.8.2
[INFO] [stderr]   Downloaded openssl-src v111.20.0+1.1.1o
[INFO] [stderr]   Downloaded dialoguer v0.3.0
[INFO] [stderr]   Downloaded clicolors-control v0.2.0
[INFO] [stderr]   Downloaded wasm-pack v0.10.2
[INFO] running `Command { std: "docker" "create" "-v" "/var/lib/crater-agent-workspace/builds/worker-7-tc1/target:/opt/rustwide/target:rw,Z" "-v" "/var/lib/crater-agent-workspace/builds/worker-7-tc1/source:/opt/rustwide/workdir:ro,Z" "-v" "/var/lib/crater-agent-workspace/cargo-home:/opt/rustwide/cargo-home:ro,Z" "-v" "/var/lib/crater-agent-workspace/rustup-home:/opt/rustwide/rustup-home:ro,Z" "-e" "SOURCE_DIR=/opt/rustwide/workdir" "-e" "CARGO_TARGET_DIR=/opt/rustwide/target" "-e" "CARGO_HOME=/opt/rustwide/cargo-home" "-e" "RUSTUP_HOME=/opt/rustwide/rustup-home" "-w" "/opt/rustwide/workdir" "-m" "1610612736" "--user" "0:0" "--network" "none" "ghcr.io/rust-lang/crates-build-env/linux@sha256:5ff2268d62e97bff2cde7d5815dd6ed5b47097566f13b8d0ca110b04b60e07ed" "/opt/rustwide/cargo-home/bin/cargo" "+1.69.0" "metadata" "--no-deps" "--format-version=1", kill_on_drop: false }`
[INFO] [stdout] b3b48907d329e7183db463c16bb5b9eeddb25d5ac9c5bef7a94f7e227534fae1
[INFO] running `Command { std: "docker" "start" "-a" "b3b48907d329e7183db463c16bb5b9eeddb25d5ac9c5bef7a94f7e227534fae1", kill_on_drop: false }`
[INFO] running `Command { std: "docker" "inspect" "b3b48907d329e7183db463c16bb5b9eeddb25d5ac9c5bef7a94f7e227534fae1", kill_on_drop: false }`
[INFO] running `Command { std: "docker" "rm" "-f" "b3b48907d329e7183db463c16bb5b9eeddb25d5ac9c5bef7a94f7e227534fae1", kill_on_drop: false }`
[INFO] [stdout] b3b48907d329e7183db463c16bb5b9eeddb25d5ac9c5bef7a94f7e227534fae1
[INFO] running `Command { std: "docker" "create" "-v" "/var/lib/crater-agent-workspace/builds/worker-7-tc1/target:/opt/rustwide/target:rw,Z" "-v" "/var/lib/crater-agent-workspace/builds/worker-7-tc1/source:/opt/rustwide/workdir:ro,Z" "-v" "/var/lib/crater-agent-workspace/cargo-home:/opt/rustwide/cargo-home:ro,Z" "-v" "/var/lib/crater-agent-workspace/rustup-home:/opt/rustwide/rustup-home:ro,Z" "-e" "SOURCE_DIR=/opt/rustwide/workdir" "-e" "CARGO_TARGET_DIR=/opt/rustwide/target" "-e" "CARGO_INCREMENTAL=0" "-e" "RUST_BACKTRACE=full" "-e" "RUSTFLAGS=--cap-lints=warn" "-e" "RUSTDOCFLAGS=--cap-lints=warn" "-e" "CARGO_HOME=/opt/rustwide/cargo-home" "-e" "RUSTUP_HOME=/opt/rustwide/rustup-home" "-w" "/opt/rustwide/workdir" "-m" "1610612736" "--user" "0:0" "--network" "none" "ghcr.io/rust-lang/crates-build-env/linux@sha256:5ff2268d62e97bff2cde7d5815dd6ed5b47097566f13b8d0ca110b04b60e07ed" "/opt/rustwide/cargo-home/bin/cargo" "+1.69.0" "build" "--frozen" "--message-format=json", kill_on_drop: false }`
[INFO] [stdout] 3864d64f490be1c2e3fc33bcfc11c68624bbab00f81054dfebb4a11ef09f82bc
[INFO] running `Command { std: "docker" "start" "-a" "3864d64f490be1c2e3fc33bcfc11c68624bbab00f81054dfebb4a11ef09f82bc", kill_on_drop: false }`
[INFO] [stderr]    Compiling proc-macro2 v1.0.39
[INFO] [stderr]    Compiling unicode-ident v1.0.0
[INFO] [stderr]    Compiling syn v1.0.96
[INFO] [stderr]    Compiling autocfg v1.1.0
[INFO] [stderr]    Compiling libc v0.2.126
[INFO] [stderr]    Compiling crossbeam-utils v0.8.8
[INFO] [stderr]    Compiling wasm-bindgen-shared v0.2.80
[INFO] [stderr]    Compiling serde_derive v1.0.137
[INFO] [stderr]    Compiling log v0.4.17
[INFO] [stderr]    Compiling serde v1.0.137
[INFO] [stderr]    Compiling rayon-core v1.9.3
[INFO] [stderr]    Compiling ppv-lite86 v0.2.16
[INFO] [stderr]    Compiling bumpalo v3.10.0
[INFO] [stderr]    Compiling serde_json v1.0.81
[INFO] [stderr]    Compiling ryu v1.0.10
[INFO] [stderr]    Compiling itoa v1.0.2
[INFO] [stderr]    Compiling either v1.6.1
[INFO] [stderr]    Compiling arrayvec v0.7.2
[INFO] [stderr]    Compiling wasm-bindgen v0.2.80
[INFO] [stderr]    Compiling memoffset v0.6.5
[INFO] [stderr]    Compiling crossbeam-epoch v0.9.8
[INFO] [stderr]    Compiling rayon v1.5.3
[INFO] [stderr]    Compiling crossbeam-channel v0.5.4
[INFO] [stderr]    Compiling quote v1.0.18
[INFO] [stderr]    Compiling getrandom v0.2.6
[INFO] [stderr]    Compiling num_cpus v1.13.1
[INFO] [stderr]    Compiling crossbeam-deque v0.8.1
[INFO] [stderr]    Compiling rand_core v0.6.3
[INFO] [stderr]    Compiling rand_chacha v0.3.1
[INFO] [stderr]    Compiling rand v0.8.5
[INFO] [stderr]    Compiling wasm-bindgen-backend v0.2.80
[INFO] [stderr]    Compiling wasm-bindgen-macro-support v0.2.80
[INFO] [stderr]    Compiling wasm-bindgen-macro v0.2.80
[INFO] [stderr]    Compiling console_error_panic_hook v0.1.7
[INFO] [stderr]    Compiling htmf v0.1.0 (/opt/rustwide/workdir/engine)
[INFO] [stderr]    Compiling htmf-bots v0.1.0 (/opt/rustwide/workdir/bots)
[INFO] [stderr]    Compiling htmf-wasm v0.1.0 (/opt/rustwide/workdir/wasm)
[INFO] [stderr]    Compiling selfplay v0.1.0 (/opt/rustwide/workdir/selfplay)
[INFO] [stderr]     Finished dev [unoptimized + debuginfo] target(s) in 10.22s
[INFO] running `Command { std: "docker" "inspect" "3864d64f490be1c2e3fc33bcfc11c68624bbab00f81054dfebb4a11ef09f82bc", kill_on_drop: false }`
[INFO] running `Command { std: "docker" "rm" "-f" "3864d64f490be1c2e3fc33bcfc11c68624bbab00f81054dfebb4a11ef09f82bc", kill_on_drop: false }`
[INFO] [stdout] 3864d64f490be1c2e3fc33bcfc11c68624bbab00f81054dfebb4a11ef09f82bc
[INFO] running `Command { std: "docker" "create" "-v" "/var/lib/crater-agent-workspace/builds/worker-7-tc1/target:/opt/rustwide/target:rw,Z" "-v" "/var/lib/crater-agent-workspace/builds/worker-7-tc1/source:/opt/rustwide/workdir:ro,Z" "-v" "/var/lib/crater-agent-workspace/cargo-home:/opt/rustwide/cargo-home:ro,Z" "-v" "/var/lib/crater-agent-workspace/rustup-home:/opt/rustwide/rustup-home:ro,Z" "-e" "SOURCE_DIR=/opt/rustwide/workdir" "-e" "CARGO_TARGET_DIR=/opt/rustwide/target" "-e" "CARGO_INCREMENTAL=0" "-e" "RUST_BACKTRACE=full" "-e" "RUSTFLAGS=--cap-lints=warn" "-e" "RUSTDOCFLAGS=--cap-lints=warn" "-e" "CARGO_HOME=/opt/rustwide/cargo-home" "-e" "RUSTUP_HOME=/opt/rustwide/rustup-home" "-w" "/opt/rustwide/workdir" "-m" "1610612736" "--user" "0:0" "--network" "none" "ghcr.io/rust-lang/crates-build-env/linux@sha256:5ff2268d62e97bff2cde7d5815dd6ed5b47097566f13b8d0ca110b04b60e07ed" "/opt/rustwide/cargo-home/bin/cargo" "+1.69.0" "test" "--frozen" "--no-run" "--message-format=json", kill_on_drop: false }`
[INFO] [stdout] ddfd4f81da9bf8102ac7f149bcfbe7e68d2e7d16992869ffdd0fb78c6174a1c9
[INFO] running `Command { std: "docker" "start" "-a" "ddfd4f81da9bf8102ac7f149bcfbe7e68d2e7d16992869ffdd0fb78c6174a1c9", kill_on_drop: false }`
[INFO] [stderr]    Compiling cc v1.0.73
[INFO] [stderr]    Compiling pkg-config v0.3.25
[INFO] [stderr]    Compiling memchr v2.5.0
[INFO] [stderr]    Compiling semver-parser v0.7.0
[INFO] [stderr]    Compiling log v0.4.17
[INFO] [stderr]    Compiling cfg-if v0.1.10
[INFO] [stderr]    Compiling maybe-uninit v2.0.0
[INFO] [stderr]    Compiling futures v0.1.31
[INFO] [stderr]    Compiling byteorder v1.4.3
[INFO] [stderr]    Compiling crossbeam-utils v0.7.2
[INFO] [stderr]    Compiling version_check v0.9.4
[INFO] [stderr]    Compiling iovec v0.1.4
[INFO] [stderr]    Compiling rand_core v0.4.2
[INFO] [stderr]    Compiling autocfg v0.1.8
[INFO] [stderr]    Compiling itoa v0.4.8
[INFO] [stderr]    Compiling tinyvec v1.6.0
[INFO] [stderr]    Compiling matches v0.1.9
[INFO] [stderr]    Compiling adler v1.0.2
[INFO] [stderr]    Compiling slab v0.4.6
[INFO] [stderr]    Compiling memoffset v0.5.6
[INFO] [stderr]    Compiling semver v0.9.0
[INFO] [stderr]    Compiling bytes v0.4.12
[INFO] [stderr]    Compiling rand_core v0.3.1
[INFO] [stderr]    Compiling miniz_oxide v0.5.3
[INFO] [stderr]    Compiling unicode-bidi v0.3.8
[INFO] [stderr]    Compiling bitflags v1.3.2
[INFO] [stderr]    Compiling regex-syntax v0.6.26
[INFO] [stderr]    Compiling rustc_version v0.2.3
[INFO] [stderr]    Compiling unicode-width v0.1.9
[INFO] [stderr]    Compiling openssl-src v111.20.0+1.1.1o
[INFO] [stderr]    Compiling smallvec v0.6.14
[INFO] [stderr]    Compiling time v0.1.43
[INFO] [stderr]    Compiling num-traits v0.2.15
[INFO] [stderr]    Compiling crossbeam-epoch v0.8.2
[INFO] [stderr]    Compiling gimli v0.26.1
[INFO] [stderr]    Compiling parking_lot_core v0.6.2
[INFO] [stderr]    Compiling parking_lot v0.9.0
[INFO] [stderr]    Compiling aho-corasick v0.7.18
[INFO] [stderr]    Compiling object v0.28.4
[INFO] [stderr]    Compiling unicode-normalization v0.1.19
[INFO] [stderr]    Compiling net2 v0.2.37
[INFO] [stderr]    Compiling atty v0.2.14
[INFO] [stderr]    Compiling lock_api v0.3.4
[INFO] [stderr]    Compiling unicode-xid v0.2.3
[INFO] [stderr]    Compiling openssl-sys v0.9.74
[INFO] [stderr]    Compiling backtrace v0.3.65
[INFO] [stderr]    Compiling libz-sys v1.1.8
[INFO] [stderr]    Compiling failure_derive v0.1.8
[INFO] [stderr]    Compiling tokio-executor v0.1.10
[INFO] [stderr]    Compiling tokio-io v0.1.13
[INFO] [stderr]    Compiling semver v1.0.9
[INFO] [stderr]    Compiling rustc-demangle v0.1.21
[INFO] [stderr]    Compiling mio v0.6.23
[INFO] [stderr]    Compiling tokio-sync v0.1.8
[INFO] [stderr]    Compiling synstructure v0.12.6
[INFO] [stderr]    Compiling unicase v2.6.0
[INFO] [stderr]    Compiling indexmap v1.8.2
[INFO] [stderr]    Compiling once_cell v1.12.0
[INFO] [stderr]    Compiling crc32fast v1.3.2
[INFO] [stderr]    Compiling crossbeam-deque v0.7.4
[INFO] [stderr]    Compiling tokio-reactor v0.1.12
[INFO] [stderr]    Compiling idna v0.1.5
[INFO] [stderr]    Compiling bzip2-sys v0.1.11+1.0.8
[INFO] [stderr]    Compiling curl-sys v0.4.55+curl-7.83.1
[INFO] [stderr]    Compiling crossbeam-queue v0.2.3
[INFO] [stderr]    Compiling http v0.1.21
[INFO] [stderr]    Compiling regex v1.5.6
[INFO] [stderr]    Compiling textwrap v0.11.0
[INFO] [stderr]    Compiling proc-macro-error-attr v1.0.4
[INFO] [stderr]    Compiling rand_chacha v0.1.1
[INFO] [stderr]    Compiling rand_pcg v0.1.2
[INFO] [stderr]    Compiling openssl v0.10.40
[INFO] [stderr]    Compiling hashbrown v0.11.2
[INFO] [stderr]    Compiling httparse v1.7.1
[INFO] [stderr]    Compiling ansi_term v0.12.1
[INFO] [stderr]    Compiling openssl-probe v0.1.5
[INFO] [stderr]    Compiling percent-encoding v1.0.1
[INFO] [stderr]    Compiling vec_map v0.8.2
[INFO] [stderr]    Compiling addr2line v0.17.0
[INFO] [stderr]    Compiling url v1.7.2
[INFO] [stderr]    Compiling clap v2.34.0
[INFO] [stderr]    Compiling wasm-bindgen-backend v0.2.80
[INFO] [stderr]    Compiling form_urlencoded v1.0.1
[INFO] [stderr]    Compiling tokio-threadpool v0.1.18
[INFO] [stderr]    Compiling tokio-tcp v0.1.4
[INFO] [stderr]    Compiling rustc_version v0.4.0
[INFO] [stderr]    Compiling idna v0.2.3
[INFO] [stderr]    Compiling tokio-timer v0.2.13
[INFO] [stderr]    Compiling tokio-current-thread v0.1.7
[INFO] [stderr]    Compiling tokio-buf v0.1.1
[INFO] [stderr]    Compiling hyper v0.12.36
[INFO] [stderr]    Compiling string v0.2.1
[INFO] [stderr]    Compiling proc-macro-error v1.0.4
[INFO] [stderr]    Compiling rand v0.6.5
[INFO] [stderr]    Compiling openssl-macros v0.1.0
[INFO] [stderr]    Compiling lock_api v0.4.7
[INFO] [stderr]    Compiling native-tls v0.2.10
[INFO] [stderr]    Compiling try-lock v0.2.3
[INFO] [stderr]    Compiling same-file v1.0.6
[INFO] [stderr]    Compiling parking_lot_core v0.9.3
[INFO] [stderr]    Compiling walkdir v2.3.2
[INFO] [stderr]    Compiling want v0.2.0
[INFO] [stderr]    Compiling http-body v0.1.0
[INFO] [stderr]    Compiling h2 v0.1.26
[INFO] [stderr]    Compiling wasm-bindgen-macro-support v0.2.80
[INFO] [stderr]    Compiling url v2.2.2
[INFO] [stderr]    Compiling failure v0.1.8
[INFO] [stderr]    Compiling tokio v0.1.22
[INFO] [stderr]    Compiling cast v0.2.7
[INFO] [stderr]    Compiling mime_guess v2.0.4
[INFO] [stderr]    Compiling flate2 v1.0.24
[INFO] [stderr]    Compiling futures-cpupool v0.1.8
[INFO] [stderr]    Compiling parking_lot_core v0.3.1
[INFO] [stderr]    Compiling rand_hc v0.1.0
[INFO] [stderr]    Compiling rand_xorshift v0.1.1
[INFO] [stderr]    Compiling rand_isaac v0.1.1
[INFO] [stderr]    Compiling rand_jitter v0.1.4
[INFO] [stderr]    Compiling rand_os v0.1.3
[INFO] [stderr]    Compiling thiserror-impl v1.0.31
[INFO] [stderr]    Compiling rand v0.4.6
[INFO] [stderr]    Compiling num-integer v0.1.45
[INFO] [stderr]    Compiling encoding_rs v0.8.31
[INFO] [stderr]    Compiling smallvec v1.8.0
[INFO] [stderr]    Compiling stable_deref_trait v1.2.0
[INFO] [stderr]    Compiling unicode-segmentation v1.9.0
[INFO] [stderr]    Compiling curl v0.4.43
[INFO] [stderr]    Compiling wasm-bindgen-macro v0.2.80
[INFO] [stderr]    Compiling owning_ref v0.4.1
[INFO] [stderr]    Compiling publicsuffix v1.5.6
[INFO] [stderr]    Compiling bzip2 v0.4.4
[INFO] [stderr]    Compiling cookie v0.12.0
[INFO] [stderr]    Compiling rand v0.3.23
[INFO] [stderr]    Compiling heck v0.3.3
[INFO] [stderr]    Compiling rand v0.5.6
[INFO] [stderr]    Compiling try_from v0.3.2
[INFO] [stderr]    Compiling xattr v0.2.3
[INFO] [stderr]    Compiling filetime v0.2.16
[INFO] [stderr]    Compiling terminal_size v0.1.17
[INFO] [stderr]    Compiling socket2 v0.4.4
[INFO] [stderr]    Compiling scopeguard v0.3.3
[INFO] [stderr]    Compiling mime v0.3.16
[INFO] [stderr]    Compiling lazy_static v0.2.11
[INFO] [stderr]    Compiling dtoa v0.4.8
[INFO] [stderr]    Compiling quick-error v1.2.3
[INFO] [stderr]    Compiling plotters-backend v0.3.2
[INFO] [stderr]    Compiling regex-automata v0.1.10
[INFO] [stderr]    Compiling termcolor v1.1.3
[INFO] [stderr]    Compiling serde_urlencoded v0.5.5
[INFO] [stderr]    Compiling humantime v1.3.0
[INFO] [stderr]    Compiling clicolors-control v0.2.0
[INFO] [stderr]    Compiling bstr v0.2.17
[INFO] [stderr]    Compiling plotters-svg v0.3.1
[INFO] [stderr]    Compiling lock_api v0.1.5
[INFO] [stderr]    Compiling structopt-derive v0.4.18
[INFO] [stderr]    Compiling console v0.15.0
[INFO] [stderr]    Compiling cookie_store v0.7.0
[INFO] [stderr]    Compiling tar v0.4.38
[INFO] [stderr]    Compiling wasm-bindgen v0.2.80
[INFO] [stderr]    Compiling uuid v0.7.4
[INFO] [stderr]    Compiling thiserror v1.0.31
[INFO] [stderr]    Compiling tempfile v2.2.0
[INFO] [stderr]    Compiling zip v0.5.13
[INFO] [stderr]    Compiling parking_lot v0.12.1
[INFO] [stderr]    Compiling os_type v2.4.0
[INFO] [stderr]    Compiling csv-core v0.1.10
[INFO] [stderr]    Compiling base64 v0.10.1
[INFO] [stderr]    Compiling toml v0.5.9
[INFO] [stderr]    Compiling uuid v0.8.2
[INFO] [stderr]    Compiling dirs v1.0.5
[INFO] [stderr]    Compiling termios v0.3.3
[INFO] [stderr]    Compiling itertools v0.10.3
[INFO] [stderr]    Compiling is_executable v0.1.2
[INFO] [stderr]    Compiling half v1.8.2
[INFO] [stderr]    Compiling siphasher v0.2.3
[INFO] [stderr]    Compiling hex v0.3.2
[INFO] [stderr]    Compiling console v0.6.2
[INFO] [stderr]    Compiling csv v1.1.6
[INFO] [stderr]    Compiling chrono v0.4.19
[INFO] [stderr]    Compiling console_error_panic_hook v0.1.7
[INFO] [stderr]    Compiling dialoguer v0.3.0
[INFO] [stderr]    Compiling parking_lot v0.6.4
[INFO] [stderr]    Compiling serde_cbor v0.11.2
[INFO] [stderr]    Compiling plotters v0.3.1
[INFO] [stderr]    Compiling structopt v0.3.26
[INFO] [stderr]    Compiling env_logger v0.5.13
[INFO] [stderr]    Compiling which v2.0.1
[INFO] [stderr]    Compiling cargo_metadata v0.8.2
[INFO] [stderr]    Compiling tinytemplate v1.2.1
[INFO] [stderr]    Compiling human-panic v1.0.3
[INFO] [stderr]    Compiling toml v0.4.10
[INFO] [stderr]    Compiling serde_ignored v0.0.4
[INFO] [stderr]    Compiling glob v0.2.11
[INFO] [stderr]    Compiling oorandom v11.1.3
[INFO] [stderr]    Compiling htmf-wasm v0.1.0 (/opt/rustwide/workdir/wasm)
[INFO] [stderr]    Compiling criterion-plot v0.4.4
[INFO] [stderr]    Compiling selfplay v0.1.0 (/opt/rustwide/workdir/selfplay)
[INFO] [stderr]    Compiling htmf v0.1.0 (/opt/rustwide/workdir/engine)
[INFO] [stderr]    Compiling criterion v0.3.5
[INFO] [stderr]    Compiling htmf-bots v0.1.0 (/opt/rustwide/workdir/bots)
[INFO] [stderr]    Compiling binary-install v0.0.2
[INFO] [stderr]    Compiling hyper-tls v0.3.2
[INFO] [stderr]    Compiling reqwest v0.9.24
[INFO] [stderr]    Compiling wasm-pack v0.10.2
[INFO] [stderr]     Finished test [unoptimized + debuginfo] target(s) in 31.41s
[INFO] [stderr] warning: the following packages contain code that will be rejected by a future version of Rust: criterion v0.3.5
[INFO] [stderr] note: to see what the problems were, use the option `--future-incompat-report`, or run `cargo report future-incompatibilities --id 1`
[INFO] running `Command { std: "docker" "inspect" "ddfd4f81da9bf8102ac7f149bcfbe7e68d2e7d16992869ffdd0fb78c6174a1c9", kill_on_drop: false }`
[INFO] running `Command { std: "docker" "rm" "-f" "ddfd4f81da9bf8102ac7f149bcfbe7e68d2e7d16992869ffdd0fb78c6174a1c9", kill_on_drop: false }`
[INFO] [stdout] ddfd4f81da9bf8102ac7f149bcfbe7e68d2e7d16992869ffdd0fb78c6174a1c9
[INFO] running `Command { std: "docker" "create" "-v" "/var/lib/crater-agent-workspace/builds/worker-7-tc1/target:/opt/rustwide/target:rw,Z" "-v" "/var/lib/crater-agent-workspace/builds/worker-7-tc1/source:/opt/rustwide/workdir:ro,Z" "-v" "/var/lib/crater-agent-workspace/cargo-home:/opt/rustwide/cargo-home:ro,Z" "-v" "/var/lib/crater-agent-workspace/rustup-home:/opt/rustwide/rustup-home:ro,Z" "-e" "SOURCE_DIR=/opt/rustwide/workdir" "-e" "CARGO_TARGET_DIR=/opt/rustwide/target" "-e" "CARGO_INCREMENTAL=0" "-e" "RUST_BACKTRACE=full" "-e" "RUSTFLAGS=--cap-lints=warn" "-e" "RUSTDOCFLAGS=--cap-lints=warn" "-e" "CARGO_HOME=/opt/rustwide/cargo-home" "-e" "RUSTUP_HOME=/opt/rustwide/rustup-home" "-w" "/opt/rustwide/workdir" "-m" "1610612736" "--user" "0:0" "--network" "none" "ghcr.io/rust-lang/crates-build-env/linux@sha256:5ff2268d62e97bff2cde7d5815dd6ed5b47097566f13b8d0ca110b04b60e07ed" "/opt/rustwide/cargo-home/bin/cargo" "+1.69.0" "test" "--frozen", kill_on_drop: false }`
[INFO] [stdout] 5543c8d88d907c0bf9c7d80b1b5618a75c4385656be1c0b033099bbfd70873dc
[INFO] running `Command { std: "docker" "start" "-a" "5543c8d88d907c0bf9c7d80b1b5618a75c4385656be1c0b033099bbfd70873dc", kill_on_drop: false }`
[INFO] [stderr]     Finished test [unoptimized + debuginfo] target(s) in 0.19s
[INFO] [stderr] warning: the following packages contain code that will be rejected by a future version of Rust: criterion v0.3.5
[INFO] [stderr] note: to see what the problems were, use the option `--future-incompat-report`, or run `cargo report future-incompatibilities --id 1`
[INFO] [stderr]      Running unittests src/lib.rs (/opt/rustwide/target/debug/deps/htmf-0e159025043426ab)
[INFO] [stdout] 
[INFO] [stdout] running 33 tests
[INFO] [stdout] test board::tests::claim_cell ... ok
[INFO] [stdout] test board::tests::can_create_board ... ok
[INFO] [stdout] test board::tests::claimed_cell_breaks_path ... ok
[INFO] [stdout] test board::tests::claimed_finish ... ok
[INFO] [stdout] test board::tests::claimed_start ... ok
[INFO] [stdout] test board::tests::empty_legal_moves ... ok
[INFO] [stdout] test board::tests::index_evenr_translation ... ok
[INFO] [stdout] test board::tests::nonempty_legal_moves ... ok
[INFO] [stdout] test board::tests::one_connected_component_at_start ... ok
[INFO] [stdout] test board::tests::test_cut_cell_in_corner ... ok
[INFO] [stdout] test board::tests::two_connected_components ... ok
[INFO] [stdout] test cellset::tests::insert_then_remove ... ok
[INFO] [stdout] test cellset::tests::insert_then_contains ... ok
[INFO] [stdout] test cellset::tests::insert_multiple_values ... ok
[INFO] [stdout] test cellset::tests::insert_then_is_empty ... ok
[INFO] [stdout] test board::tests::two_players_no_pruning ... ok
[INFO] [stdout] test cellset::tests::insert_then_iter ... ok
[INFO] [stdout] test hex::tests::inverse_cube_hex ... ok
[INFO] [stdout] test game::tests::draft_turn_sequence_is_good ... ok
[INFO] [stdout] test hex::tests::inverse_hex_cube ... ok
[INFO] [stdout] test hex::tests::cells_in_line ... ok
[INFO] [stdout] test hex::tests::neighbors_distinct ... ok
[INFO] [stdout] test hex::tests::some_equivalences ... ok
[INFO] [stdout] test hex::tests::cube_neighbors_distinct ... ok
[INFO] [stdout] test hex::tests::enumerate_line ... ok
[INFO] [stdout] test hex::tests::neighbors_in_line ... ok
[INFO] [stdout] test hex::tests::cells_not_in_line ... ok
[INFO] [stdout] test hex::tests::line_is_distinct ... ok
[INFO] [stdout] test game::tests::game_not_over_after_draft_is_over ... ok
[INFO] [stdout] test board::tests::one_penguin_prunes_the_whole_board ... ok
[INFO] [stdout] test json::tests::after_claiming ... FAILED
[INFO] [stdout] test json::tests::initial_state ... FAILED
[INFO] [stdout] test board::tests::test_connected_components ... ok
[INFO] [stdout] 
[INFO] [stdout] failures:
[INFO] [stdout] 
[INFO] [stdout] ---- json::tests::after_claiming stdout ----
[INFO] [stdout] thread 'json::tests::after_claiming' panicked at 'ArrayVec: capacity exceeded in extend/from_iter', /opt/rustwide/cargo-home/registry/src/github.com-1ecc6299db9ec823/arrayvec-0.7.2/src/arrayvec.rs:1025:5
[INFO] [stdout] stack backtrace:
[INFO] [stdout]    0:     0x56323a05e4aa - std::backtrace_rs::backtrace::libunwind::trace::ha9053a9a07ca49cb
[INFO] [stdout]                                at /rustc/84c898d65adf2f39a5a98507f1fe0ce10a2b8dbc/library/std/src/../../backtrace/src/backtrace/libunwind.rs:93:5
[INFO] [stdout]    1:     0x56323a05e4aa - std::backtrace_rs::backtrace::trace_unsynchronized::h9c2852a457ad564e
[INFO] [stdout]                                at /rustc/84c898d65adf2f39a5a98507f1fe0ce10a2b8dbc/library/std/src/../../backtrace/src/backtrace/mod.rs:66:5
[INFO] [stdout]    2:     0x56323a05e4aa - std::sys_common::backtrace::_print_fmt::h457936fbfaa0070f
[INFO] [stdout]                                at /rustc/84c898d65adf2f39a5a98507f1fe0ce10a2b8dbc/library/std/src/sys_common/backtrace.rs:65:5
[INFO] [stdout]    3:     0x56323a05e4aa - <std::sys_common::backtrace::_print::DisplayBacktrace as core::fmt::Display>::fmt::h5779d7bf7f70cb0c
[INFO] [stdout]                                at /rustc/84c898d65adf2f39a5a98507f1fe0ce10a2b8dbc/library/std/src/sys_common/backtrace.rs:44:22
[INFO] [stdout]    4:     0x56323a081b4e - core::fmt::write::h5a4baaff1bcd3eb5
[INFO] [stdout]                                at /rustc/84c898d65adf2f39a5a98507f1fe0ce10a2b8dbc/library/core/src/fmt/mod.rs:1232:17
[INFO] [stdout]    5:     0x56323a05b925 - std::io::Write::write_fmt::h478f79c628ef31d1
[INFO] [stdout]                                at /rustc/84c898d65adf2f39a5a98507f1fe0ce10a2b8dbc/library/std/src/io/mod.rs:1684:15
[INFO] [stdout]    6:     0x56323a05e275 - std::sys_common::backtrace::_print::h5fcdc36060f177e8
[INFO] [stdout]                                at /rustc/84c898d65adf2f39a5a98507f1fe0ce10a2b8dbc/library/std/src/sys_common/backtrace.rs:47:5
[INFO] [stdout]    7:     0x56323a05e275 - std::sys_common::backtrace::print::h54ca9458b876c8bf
[INFO] [stdout]                                at /rustc/84c898d65adf2f39a5a98507f1fe0ce10a2b8dbc/library/std/src/sys_common/backtrace.rs:34:9
[INFO] [stdout]    8:     0x56323a06003f - std::panicking::default_hook::{{closure}}::hbe471161c7664ed6
[INFO] [stdout]                                at /rustc/84c898d65adf2f39a5a98507f1fe0ce10a2b8dbc/library/std/src/panicking.rs:271:22
[INFO] [stdout]    9:     0x56323a05fcff - std::panicking::default_hook::ha3500da57aa4ac4f
[INFO] [stdout]                                at /rustc/84c898d65adf2f39a5a98507f1fe0ce10a2b8dbc/library/std/src/panicking.rs:287:9
[INFO] [stdout]   10:     0x563239ffbdf7 - <alloc::boxed::Box<F,A> as core::ops::function::Fn<Args>>::call::hdf1b89dd137ece34
[INFO] [stdout]                                at /rustc/84c898d65adf2f39a5a98507f1fe0ce10a2b8dbc/library/alloc/src/boxed.rs:2001:9
[INFO] [stdout]   11:     0x563239ffbdf7 - test::test_main::{{closure}}::h9081a79f20e75698
[INFO] [stdout]                                at /rustc/84c898d65adf2f39a5a98507f1fe0ce10a2b8dbc/library/test/src/lib.rs:135:21
[INFO] [stdout]   12:     0x56323a06076d - <alloc::boxed::Box<F,A> as core::ops::function::Fn<Args>>::call::h6507bddc3eebb4a5
[INFO] [stdout]                                at /rustc/84c898d65adf2f39a5a98507f1fe0ce10a2b8dbc/library/alloc/src/boxed.rs:2001:9
[INFO] [stdout]   13:     0x56323a06076d - std::panicking::rust_panic_with_hook::h50c09d000dc561d2
[INFO] [stdout]                                at /rustc/84c898d65adf2f39a5a98507f1fe0ce10a2b8dbc/library/std/src/panicking.rs:696:13
[INFO] [stdout]   14:     0x56323a03b8ea - std::panicking::begin_panic::{{closure}}::hc14c23a4ed55e388
[INFO] [stdout]                                at /rustc/84c898d65adf2f39a5a98507f1fe0ce10a2b8dbc/library/std/src/panicking.rs:612:9
[INFO] [stdout]   15:     0x56323a03bcfa - std::sys_common::backtrace::__rust_end_short_backtrace::h90acf71afc3451b7
[INFO] [stdout]                                at /rustc/84c898d65adf2f39a5a98507f1fe0ce10a2b8dbc/library/std/src/sys_common/backtrace.rs:150:18
[INFO] [stdout]   16:     0x56323a03b830 - std::panicking::begin_panic::h7ce330b1202d536b
[INFO] [stdout]                                at /rustc/84c898d65adf2f39a5a98507f1fe0ce10a2b8dbc/library/std/src/panicking.rs:611:12
[INFO] [stdout]   17:     0x56323a03b7cd - arrayvec::arrayvec::extend_panic::h9daa4d911b026b84
[INFO] [stdout]                                at /opt/rustwide/cargo-home/registry/src/github.com-1ecc6299db9ec823/arrayvec-0.7.2/src/arrayvec.rs:1025:5
[INFO] [stdout]   18:     0x563239fb9e93 - arrayvec::arrayvec::ArrayVec<T,_>::extend_from_iter::h96a220e958b8d668
[INFO] [stdout]                                at /opt/rustwide/cargo-home/registry/src/github.com-1ecc6299db9ec823/arrayvec-0.7.2/src/arrayvec.rs:1056:46
[INFO] [stdout]   19:     0x563239fb6fba - <arrayvec::arrayvec::ArrayVec<T,_> as core::iter::traits::collect::Extend<T>>::extend::h1cd26d867110680b
[INFO] [stdout]                                at /opt/rustwide/cargo-home/registry/src/github.com-1ecc6299db9ec823/arrayvec-0.7.2/src/arrayvec.rs:1017:13
[INFO] [stdout]   20:     0x563239fb741a - <arrayvec::arrayvec::ArrayVec<T,_> as core::iter::traits::collect::FromIterator<T>>::from_iter::h92c8e2511f7a82a9
[INFO] [stdout]                                at /opt/rustwide/cargo-home/registry/src/github.com-1ecc6299db9ec823/arrayvec-0.7.2/src/arrayvec.rs:1100:9
[INFO] [stdout]   21:     0x563239fad4cd - core::iter::traits::iterator::Iterator::collect::h1a34f4cb4e535bf4
[INFO] [stdout]                                at /rustc/84c898d65adf2f39a5a98507f1fe0ce10a2b8dbc/library/core/src/iter/traits/iterator.rs:1891:9
[INFO] [stdout]   22:     0x563239fc7f63 - htmf::json::<impl core::convert::From<&htmf::json::BoardJSON> for htmf::board::Board>::from::ha0fdfd5979284789
[INFO] [stdout]                                at /opt/rustwide/workdir/engine/src/json.rs:124:24
[INFO] [stdout]   23:     0x563239fb01b4 - htmf::json::<impl core::convert::From<&htmf::json::GameStateJSON> for htmf::game::GameState>::from::h3f6ed82090c5c57e
[INFO] [stdout]                                at /opt/rustwide/workdir/engine/src/json.rs:82:20
[INFO] [stdout]   24:     0x563239fc40d6 - htmf::json::tests::after_claiming::h693459db0f843f1f
[INFO] [stdout]                                at /opt/rustwide/workdir/engine/src/json.rs:168:26
[INFO] [stdout]   25:     0x563239fc3fa7 - htmf::json::tests::after_claiming::{{closure}}::h8c1d331f7cdb6908
[INFO] [stdout]                                at /opt/rustwide/workdir/engine/src/json.rs:161:25
[INFO] [stdout]   26:     0x563239fbdec5 - core::ops::function::FnOnce::call_once::h6f52b71184d60c30
[INFO] [stdout]                                at /rustc/84c898d65adf2f39a5a98507f1fe0ce10a2b8dbc/library/core/src/ops/function.rs:250:5
[INFO] [stdout]   27:     0x56323a0011df - core::ops::function::FnOnce::call_once::h7d969581be7d0075
[INFO] [stdout]                                at /rustc/84c898d65adf2f39a5a98507f1fe0ce10a2b8dbc/library/core/src/ops/function.rs:250:5
[INFO] [stdout]   28:     0x56323a0011df - test::__rust_begin_short_backtrace::hca25a52684e56655
[INFO] [stdout]                                at /rustc/84c898d65adf2f39a5a98507f1fe0ce10a2b8dbc/library/test/src/lib.rs:656:18
[INFO] [stdout]   29:     0x563239fd27fc - test::run_test::{{closure}}::ha8ac744c4af1a4bb
[INFO] [stdout]                                at /rustc/84c898d65adf2f39a5a98507f1fe0ce10a2b8dbc/library/test/src/lib.rs:647:30
[INFO] [stdout]   30:     0x563239fd27fc - core::ops::function::FnOnce::call_once{{vtable.shim}}::h7b411a9ed45bdecf
[INFO] [stdout]                                at /rustc/84c898d65adf2f39a5a98507f1fe0ce10a2b8dbc/library/core/src/ops/function.rs:250:5
[INFO] [stdout]   31:     0x56323a0001a6 - <alloc::boxed::Box<F,A> as core::ops::function::FnOnce<Args>>::call_once::hd05328869a8ed200
[INFO] [stdout]                                at /rustc/84c898d65adf2f39a5a98507f1fe0ce10a2b8dbc/library/alloc/src/boxed.rs:1987:9
[INFO] [stdout]   32:     0x56323a0001a6 - <core::panic::unwind_safe::AssertUnwindSafe<F> as core::ops::function::FnOnce<()>>::call_once::h0c601ce20bd5b2be
[INFO] [stdout]                                at /rustc/84c898d65adf2f39a5a98507f1fe0ce10a2b8dbc/library/core/src/panic/unwind_safe.rs:271:9
[INFO] [stdout]   33:     0x56323a0001a6 - std::panicking::try::do_call::ha4be5c164fe30854
[INFO] [stdout]                                at /rustc/84c898d65adf2f39a5a98507f1fe0ce10a2b8dbc/library/std/src/panicking.rs:487:40
[INFO] [stdout]   34:     0x56323a0001a6 - std::panicking::try::h604546f3609af05f
[INFO] [stdout]                                at /rustc/84c898d65adf2f39a5a98507f1fe0ce10a2b8dbc/library/std/src/panicking.rs:451:19
[INFO] [stdout]   35:     0x56323a0001a6 - std::panic::catch_unwind::h5bfa8afe44c9c2f9
[INFO] [stdout]                                at /rustc/84c898d65adf2f39a5a98507f1fe0ce10a2b8dbc/library/std/src/panic.rs:140:14
[INFO] [stdout]   36:     0x56323a0001a6 - test::run_test_in_process::hd50dee55dd63e6aa
[INFO] [stdout]                                at /rustc/84c898d65adf2f39a5a98507f1fe0ce10a2b8dbc/library/test/src/lib.rs:679:27
[INFO] [stdout]   37:     0x56323a0001a6 - test::run_test::run_test_inner::{{closure}}::h4aa0f433aa85cea8
[INFO] [stdout]                                at /rustc/84c898d65adf2f39a5a98507f1fe0ce10a2b8dbc/library/test/src/lib.rs:573:39
[INFO] [stdout]   38:     0x563239fcce71 - test::run_test::run_test_inner::{{closure}}::had56431adf24b4d6
[INFO] [stdout]                                at /rustc/84c898d65adf2f39a5a98507f1fe0ce10a2b8dbc/library/test/src/lib.rs:600:37
[INFO] [stdout]   39:     0x563239fcce71 - std::sys_common::backtrace::__rust_begin_short_backtrace::ha8d9890e0c73bf13
[INFO] [stdout]                                at /rustc/84c898d65adf2f39a5a98507f1fe0ce10a2b8dbc/library/std/src/sys_common/backtrace.rs:134:18
[INFO] [stdout]   40:     0x563239fd288b - std::thread::Builder::spawn_unchecked_::{{closure}}::{{closure}}::h251832bcb4a95327
[INFO] [stdout]                                at /rustc/84c898d65adf2f39a5a98507f1fe0ce10a2b8dbc/library/std/src/thread/mod.rs:560:17
[INFO] [stdout]   41:     0x563239fd288b - <core::panic::unwind_safe::AssertUnwindSafe<F> as core::ops::function::FnOnce<()>>::call_once::h8fdff598fa414831
[INFO] [stdout]                                at /rustc/84c898d65adf2f39a5a98507f1fe0ce10a2b8dbc/library/core/src/panic/unwind_safe.rs:271:9
[INFO] [stdout]   42:     0x563239fd288b - std::panicking::try::do_call::h455dd2f7764a950f
[INFO] [stdout]                                at /rustc/84c898d65adf2f39a5a98507f1fe0ce10a2b8dbc/library/std/src/panicking.rs:487:40
[INFO] [stdout]   43:     0x563239fd288b - std::panicking::try::had6f23b7b73ae72a
[INFO] [stdout]                                at /rustc/84c898d65adf2f39a5a98507f1fe0ce10a2b8dbc/library/std/src/panicking.rs:451:19
[INFO] [stdout]   44:     0x563239fd288b - std::panic::catch_unwind::ha6a5ca3915b4dad0
[INFO] [stdout]                                at /rustc/84c898d65adf2f39a5a98507f1fe0ce10a2b8dbc/library/std/src/panic.rs:140:14
[INFO] [stdout]   45:     0x563239fd288b - std::thread::Builder::spawn_unchecked_::{{closure}}::h883b72ef75da6231
[INFO] [stdout]                                at /rustc/84c898d65adf2f39a5a98507f1fe0ce10a2b8dbc/library/std/src/thread/mod.rs:559:30
[INFO] [stdout]   46:     0x563239fd288b - core::ops::function::FnOnce::call_once{{vtable.shim}}::hb7dff73dc8bd2ccb
[INFO] [stdout]                                at /rustc/84c898d65adf2f39a5a98507f1fe0ce10a2b8dbc/library/core/src/ops/function.rs:250:5
[INFO] [stdout]   47:     0x56323a064ad3 - <alloc::boxed::Box<F,A> as core::ops::function::FnOnce<Args>>::call_once::h39990b24eedef2ab
[INFO] [stdout]                                at /rustc/84c898d65adf2f39a5a98507f1fe0ce10a2b8dbc/library/alloc/src/boxed.rs:1987:9
[INFO] [stdout]   48:     0x56323a064ad3 - <alloc::boxed::Box<F,A> as core::ops::function::FnOnce<Args>>::call_once::h01a027258444143b
[INFO] [stdout]                                at /rustc/84c898d65adf2f39a5a98507f1fe0ce10a2b8dbc/library/alloc/src/boxed.rs:1987:9
[INFO] [stdout]   49:     0x56323a064ad3 - std::sys::unix::thread::Thread::new::thread_start::ha4f1cdd9c25884ba
[INFO] [stdout]                                at /rustc/84c898d65adf2f39a5a98507f1fe0ce10a2b8dbc/library/std/src/sys/unix/thread.rs:108:17
[INFO] [stdout]   50:     0x7f95e6957b43 - <unknown>
[INFO] [stdout]   51:     0x7f95e69e8bb4 - __clone
[INFO] [stdout]   52:                0x0 - <unknown>
[INFO] [stdout] 
[INFO] [stdout] ---- json::tests::initial_state stdout ----
[INFO] [stdout] thread 'json::tests::initial_state' panicked at 'ArrayVec: capacity exceeded in extend/from_iter', /opt/rustwide/cargo-home/registry/src/github.com-1ecc6299db9ec823/arrayvec-0.7.2/src/arrayvec.rs:1025:5
[INFO] [stdout] stack backtrace:
[INFO] [stdout]    0:     0x56323a05e4aa - std::backtrace_rs::backtrace::libunwind::trace::ha9053a9a07ca49cb
[INFO] [stdout]                                at /rustc/84c898d65adf2f39a5a98507f1fe0ce10a2b8dbc/library/std/src/../../backtrace/src/backtrace/libunwind.rs:93:5
[INFO] [stdout]    1:     0x56323a05e4aa - std::backtrace_rs::backtrace::trace_unsynchronized::h9c2852a457ad564e
[INFO] [stdout]                                at /rustc/84c898d65adf2f39a5a98507f1fe0ce10a2b8dbc/library/std/src/../../backtrace/src/backtrace/mod.rs:66:5
[INFO] [stdout]    2:     0x56323a05e4aa - std::sys_common::backtrace::_print_fmt::h457936fbfaa0070f
[INFO] [stdout]                                at /rustc/84c898d65adf2f39a5a98507f1fe0ce10a2b8dbc/library/std/src/sys_common/backtrace.rs:65:5
[INFO] [stdout]    3:     0x56323a05e4aa - <std::sys_common::backtrace::_print::DisplayBacktrace as core::fmt::Display>::fmt::h5779d7bf7f70cb0c
[INFO] [stdout]                                at /rustc/84c898d65adf2f39a5a98507f1fe0ce10a2b8dbc/library/std/src/sys_common/backtrace.rs:44:22
[INFO] [stdout]    4:     0x56323a081b4e - core::fmt::write::h5a4baaff1bcd3eb5
[INFO] [stdout]                                at /rustc/84c898d65adf2f39a5a98507f1fe0ce10a2b8dbc/library/core/src/fmt/mod.rs:1232:17
[INFO] [stdout]    5:     0x56323a05b925 - std::io::Write::write_fmt::h478f79c628ef31d1
[INFO] [stdout]                                at /rustc/84c898d65adf2f39a5a98507f1fe0ce10a2b8dbc/library/std/src/io/mod.rs:1684:15
[INFO] [stdout]    6:     0x56323a05e275 - std::sys_common::backtrace::_print::h5fcdc36060f177e8
[INFO] [stdout]                                at /rustc/84c898d65adf2f39a5a98507f1fe0ce10a2b8dbc/library/std/src/sys_common/backtrace.rs:47:5
[INFO] [stdout]    7:     0x56323a05e275 - std::sys_common::backtrace::print::h54ca9458b876c8bf
[INFO] [stdout]                                at /rustc/84c898d65adf2f39a5a98507f1fe0ce10a2b8dbc/library/std/src/sys_common/backtrace.rs:34:9
[INFO] [stdout]    8:     0x56323a06003f - std::panicking::default_hook::{{closure}}::hbe471161c7664ed6
[INFO] [stdout]                                at /rustc/84c898d65adf2f39a5a98507f1fe0ce10a2b8dbc/library/std/src/panicking.rs:271:22
[INFO] [stdout]    9:     0x56323a05fcff - std::panicking::default_hook::ha3500da57aa4ac4f
[INFO] [stdout]                                at /rustc/84c898d65adf2f39a5a98507f1fe0ce10a2b8dbc/library/std/src/panicking.rs:287:9
[INFO] [stdout]   10:     0x563239ffbdf7 - <alloc::boxed::Box<F,A> as core::ops::function::Fn<Args>>::call::hdf1b89dd137ece34
[INFO] [stdout]                                at /rustc/84c898d65adf2f39a5a98507f1fe0ce10a2b8dbc/library/alloc/src/boxed.rs:2001:9
[INFO] [stdout]   11:     0x563239ffbdf7 - test::test_main::{{closure}}::h9081a79f20e75698
[INFO] [stdout]                                at /rustc/84c898d65adf2f39a5a98507f1fe0ce10a2b8dbc/library/test/src/lib.rs:135:21
[INFO] [stdout]   12:     0x56323a06076d - <alloc::boxed::Box<F,A> as core::ops::function::Fn<Args>>::call::h6507bddc3eebb4a5
[INFO] [stdout]                                at /rustc/84c898d65adf2f39a5a98507f1fe0ce10a2b8dbc/library/alloc/src/boxed.rs:2001:9
[INFO] [stdout]   13:     0x56323a06076d - std::panicking::rust_panic_with_hook::h50c09d000dc561d2
[INFO] [stdout]                                at /rustc/84c898d65adf2f39a5a98507f1fe0ce10a2b8dbc/library/std/src/panicking.rs:696:13
[INFO] [stdout]   14:     0x56323a03b8ea - std::panicking::begin_panic::{{closure}}::hc14c23a4ed55e388
[INFO] [stdout]                                at /rustc/84c898d65adf2f39a5a98507f1fe0ce10a2b8dbc/library/std/src/panicking.rs:612:9
[INFO] [stdout]   15:     0x56323a03bcfa - std::sys_common::backtrace::__rust_end_short_backtrace::h90acf71afc3451b7
[INFO] [stdout]                                at /rustc/84c898d65adf2f39a5a98507f1fe0ce10a2b8dbc/library/std/src/sys_common/backtrace.rs:150:18
[INFO] [stdout]   16:     0x56323a03b830 - std::panicking::begin_panic::h7ce330b1202d536b
[INFO] [stdout]                                at /rustc/84c898d65adf2f39a5a98507f1fe0ce10a2b8dbc/library/std/src/panicking.rs:611:12
[INFO] [stdout]   17:     0x56323a03b7cd - arrayvec::arrayvec::extend_panic::h9daa4d911b026b84
[INFO] [stdout]                                at /opt/rustwide/cargo-home/registry/src/github.com-1ecc6299db9ec823/arrayvec-0.7.2/src/arrayvec.rs:1025:5
[INFO] [stdout]   18:     0x563239fb9e93 - arrayvec::arrayvec::ArrayVec<T,_>::extend_from_iter::h96a220e958b8d668
[INFO] [stdout]                                at /opt/rustwide/cargo-home/registry/src/github.com-1ecc6299db9ec823/arrayvec-0.7.2/src/arrayvec.rs:1056:46
[INFO] [stdout]   19:     0x563239fb6fba - <arrayvec::arrayvec::ArrayVec<T,_> as core::iter::traits::collect::Extend<T>>::extend::h1cd26d867110680b
[INFO] [stdout]                                at /opt/rustwide/cargo-home/registry/src/github.com-1ecc6299db9ec823/arrayvec-0.7.2/src/arrayvec.rs:1017:13
[INFO] [stdout]   20:     0x563239fb741a - <arrayvec::arrayvec::ArrayVec<T,_> as core::iter::traits::collect::FromIterator<T>>::from_iter::h92c8e2511f7a82a9
[INFO] [stdout]                                at /opt/rustwide/cargo-home/registry/src/github.com-1ecc6299db9ec823/arrayvec-0.7.2/src/arrayvec.rs:1100:9
[INFO] [stdout]   21:     0x563239fad4cd - core::iter::traits::iterator::Iterator::collect::h1a34f4cb4e535bf4
[INFO] [stdout]                                at /rustc/84c898d65adf2f39a5a98507f1fe0ce10a2b8dbc/library/core/src/iter/traits/iterator.rs:1891:9
[INFO] [stdout]   22:     0x563239fc7f63 - htmf::json::<impl core::convert::From<&htmf::json::BoardJSON> for htmf::board::Board>::from::ha0fdfd5979284789
[INFO] [stdout]                                at /opt/rustwide/workdir/engine/src/json.rs:124:24
[INFO] [stdout]   23:     0x563239fb01b4 - htmf::json::<impl core::convert::From<&htmf::json::GameStateJSON> for htmf::game::GameState>::from::h3f6ed82090c5c57e
[INFO] [stdout]                                at /opt/rustwide/workdir/engine/src/json.rs:82:20
[INFO] [stdout]   24:     0x563239fc3e5f - htmf::json::tests::initial_state::hd61b7f06757ee9f9
[INFO] [stdout]                                at /opt/rustwide/workdir/engine/src/json.rs:156:26
[INFO] [stdout]   25:     0x563239fc3dc7 - htmf::json::tests::initial_state::{{closure}}::h6086b1c6a6c357e8
[INFO] [stdout]                                at /opt/rustwide/workdir/engine/src/json.rs:153:24
[INFO] [stdout]   26:     0x563239fbe2c5 - core::ops::function::FnOnce::call_once::he2e0f57e714a6119
[INFO] [stdout]                                at /rustc/84c898d65adf2f39a5a98507f1fe0ce10a2b8dbc/library/core/src/ops/function.rs:250:5
[INFO] [stdout]   27:     0x56323a0011df - core::ops::function::FnOnce::call_once::h7d969581be7d0075
[INFO] [stdout]                                at /rustc/84c898d65adf2f39a5a98507f1fe0ce10a2b8dbc/library/core/src/ops/function.rs:250:5
[INFO] [stdout]   28:     0x56323a0011df - test::__rust_begin_short_backtrace::hca25a52684e56655
[INFO] [stdout]                                at /rustc/84c898d65adf2f39a5a98507f1fe0ce10a2b8dbc/library/test/src/lib.rs:656:18
[INFO] [stdout]   29:     0x563239fd27fc - test::run_test::{{closure}}::ha8ac744c4af1a4bb
[INFO] [stdout]                                at /rustc/84c898d65adf2f39a5a98507f1fe0ce10a2b8dbc/library/test/src/lib.rs:647:30
[INFO] [stdout]   30:     0x563239fd27fc - core::ops::function::FnOnce::call_once{{vtable.shim}}::h7b411a9ed45bdecf
[INFO] [stdout]                                at /rustc/84c898d65adf2f39a5a98507f1fe0ce10a2b8dbc/library/core/src/ops/function.rs:250:5
[INFO] [stdout]   31:     0x56323a0001a6 - <alloc::boxed::Box<F,A> as core::ops::function::FnOnce<Args>>::call_once::hd05328869a8ed200
[INFO] [stdout]                                at /rustc/84c898d65adf2f39a5a98507f1fe0ce10a2b8dbc/library/alloc/src/boxed.rs:1987:9
[INFO] [stdout]   32:     0x56323a0001a6 - <core::panic::unwind_safe::AssertUnwindSafe<F> as core::ops::function::FnOnce<()>>::call_once::h0c601ce20bd5b2be
[INFO] [stdout]                                at /rustc/84c898d65adf2f39a5a98507f1fe0ce10a2b8dbc/library/core/src/panic/unwind_safe.rs:271:9
[INFO] [stdout]   33:     0x56323a0001a6 - std::panicking::try::do_call::ha4be5c164fe30854
[INFO] [stdout]                                at /rustc/84c898d65adf2f39a5a98507f1fe0ce10a2b8dbc/library/std/src/panicking.rs:487:40
[INFO] [stdout]   34:     0x56323a0001a6 - std::panicking::try::h604546f3609af05f
[INFO] [stdout]                                at /rustc/84c898d65adf2f39a5a98507f1fe0ce10a2b8dbc/library/std/src/panicking.rs:451:19
[INFO] [stdout]   35:     0x56323a0001a6 - std::panic::catch_unwind::h5bfa8afe44c9c2f9
[INFO] [stdout]                                at /rustc/84c898d65adf2f39a5a98507f1fe0ce10a2b8dbc/library/std/src/panic.rs:140:14
[INFO] [stdout]   36:     0x56323a0001a6 - test::run_test_in_process::hd50dee55dd63e6aa
[INFO] [stdout]                                at /rustc/84c898d65adf2f39a5a98507f1fe0ce10a2b8dbc/library/test/src/lib.rs:679:27
[INFO] [stdout]   37:     0x56323a0001a6 - test::run_test::run_test_inner::{{closure}}::h4aa0f433aa85cea8
[INFO] [stdout]                                at /rustc/84c898d65adf2f39a5a98507f1fe0ce10a2b8dbc/library/test/src/lib.rs:573:39
[INFO] [stdout]   38:     0x563239fcce71 - test::run_test::run_test_inner::{{closure}}::had56431adf24b4d6
[INFO] [stdout]                                at /rustc/84c898d65adf2f39a5a98507f1fe0ce10a2b8dbc/library/test/src/lib.rs:600:37
[INFO] [stdout]   39:     0x563239fcce71 - std::sys_common::backtrace::__rust_begin_short_backtrace::ha8d9890e0c73bf13
[INFO] [stdout]                                at /rustc/84c898d65adf2f39a5a98507f1fe0ce10a2b8dbc/library/std/src/sys_common/backtrace.rs:134:18
[INFO] [stdout]   40:     0x563239fd288b - std::thread::Builder::spawn_unchecked_::{{closure}}::{{closure}}::h251832bcb4a95327
[INFO] [stdout]                                at /rustc/84c898d65adf2f39a5a98507f1fe0ce10a2b8dbc/library/std/src/thread/mod.rs:560:17
[INFO] [stdout]   41:     0x563239fd288b - <core::panic::unwind_safe::AssertUnwindSafe<F> as core::ops::function::FnOnce<()>>::call_once::h8fdff598fa414831
[INFO] [stdout]                                at /rustc/84c898d65adf2f39a5a98507f1fe0ce10a2b8dbc/library/core/src/panic/unwind_safe.rs:271:9
[INFO] [stdout]   42:     0x563239fd288b - std::panicking::try::do_call::h455dd2f7764a950f
[INFO] [stdout]                                at /rustc/84c898d65adf2f39a5a98507f1fe0ce10a2b8dbc/library/std/src/panicking.rs:487:40
[INFO] [stdout]   43:     0x563239fd288b - std::panicking::try::had6f23b7b73ae72a
[INFO] [stdout]                                at /rustc/84c898d65adf2f39a5a98507f1fe0ce10a2b8dbc/library/std/src/panicking.rs:451:19
[INFO] [stdout]   44:     0x563239fd288b - std::panic::catch_unwind::ha6a5ca3915b4dad0
[INFO] [stdout]                                at /rustc/84c898d65adf2f39a5a98507f1fe0ce10a2b8dbc/library/std/src/panic.rs:140:14
[INFO] [stdout]   45:     0x563239fd288b - std::thread::Builder::spawn_unchecked_::{{closure}}::h883b72ef75da6231
[INFO] [stdout]                                at /rustc/84c898d65adf2f39a5a98507f1fe0ce10a2b8dbc/library/std/src/thread/mod.rs:559:30
[INFO] [stdout]   46:     0x563239fd288b - core::ops::function::FnOnce::call_once{{vtable.shim}}::hb7dff73dc8bd2ccb
[INFO] [stdout]                                at /rustc/84c898d65adf2f39a5a98507f1fe0ce10a2b8dbc/library/core/src/ops/function.rs:250:5
[INFO] [stdout]   47:     0x56323a064ad3 - <alloc::boxed::Box<F,A> as core::ops::function::FnOnce<Args>>::call_once::h39990b24eedef2ab
[INFO] [stdout]                                at /rustc/84c898d65adf2f39a5a98507f1fe0ce10a2b8dbc/library/alloc/src/boxed.rs:1987:9
[INFO] [stdout]   48:     0x56323a064ad3 - <alloc::boxed::Box<F,A> as core::ops::function::FnOnce<Args>>::call_once::h01a027258444143b
[INFO] [stdout]                                at /rustc/84c898d65adf2f39a5a98507f1fe0ce10a2b8dbc/library/alloc/src/boxed.rs:1987:9
[INFO] [stdout]   49:     0x56323a064ad3 - std::sys::unix::thread::Thread::new::thread_start::ha4f1cdd9c25884ba
[INFO] [stdout]                                at /rustc/84c898d65adf2f39a5a98507f1fe0ce10a2b8dbc/library/std/src/sys/unix/thread.rs:108:17
[INFO] [stdout]   50:     0x7f95e6957b43 - <unknown>
[INFO] [stdout]   51:     0x7f95e69e8bb4 - __clone
[INFO] [stdout]   52:                0x0 - <unknown>
[INFO] [stdout] 
[INFO] [stdout] 
[INFO] [stdout] failures:
[INFO] [stdout]     json::tests::after_claiming
[INFO] [stdout]     json::tests::initial_state
[INFO] [stdout] 
[INFO] [stdout] test result: FAILED. 31 passed; 2 failed; 0 ignored; 0 measured; 0 filtered out; finished in 0.01s
[INFO] [stdout] 
[INFO] [stderr] error: test failed, to rerun pass `-p htmf --lib`
[INFO] running `Command { std: "docker" "inspect" "5543c8d88d907c0bf9c7d80b1b5618a75c4385656be1c0b033099bbfd70873dc", kill_on_drop: false }`
[INFO] running `Command { std: "docker" "rm" "-f" "5543c8d88d907c0bf9c7d80b1b5618a75c4385656be1c0b033099bbfd70873dc", kill_on_drop: false }`
[INFO] [stdout] 5543c8d88d907c0bf9c7d80b1b5618a75c4385656be1c0b033099bbfd70873dc
