[INFO] cloning repository https://github.com/jsdw/seamless
[INFO] running `Command { std: "git" "-c" "credential.helper=" "-c" "credential.helper=/workspace/cargo-home/bin/git-credential-null" "clone" "--bare" "https://github.com/jsdw/seamless" "/workspace/cache/git-repos/https%3A%2F%2Fgithub.com%2Fjsdw%2Fseamless", kill_on_drop: false }`
[INFO] [stderr] Cloning into bare repository '/workspace/cache/git-repos/https%3A%2F%2Fgithub.com%2Fjsdw%2Fseamless'...
[INFO] running `Command { std: "git" "rev-parse" "HEAD", kill_on_drop: false }`
[INFO] [stdout] 831b0441ef968ffca6808bdb79eb1e5eacfaed9e
[INFO] testing jsdw/seamless against beta-2023-04-20 for beta-1.70-1
[INFO] running `Command { std: "git" "clone" "/workspace/cache/git-repos/https%3A%2F%2Fgithub.com%2Fjsdw%2Fseamless" "/workspace/builds/worker-5-tc2/source", kill_on_drop: false }`
[INFO] [stderr] Cloning into '/workspace/builds/worker-5-tc2/source'...
[INFO] [stderr] done.
[INFO] validating manifest of git repo https://github.com/jsdw/seamless on toolchain beta-2023-04-20
[INFO] running `Command { std: CARGO_HOME="/workspace/cargo-home" RUSTUP_HOME="/workspace/rustup-home" "/workspace/cargo-home/bin/cargo" "+beta-2023-04-20" "metadata" "--manifest-path" "Cargo.toml" "--no-deps", kill_on_drop: false }`
[INFO] started tweaking git repo https://github.com/jsdw/seamless
[INFO] finished tweaking git repo https://github.com/jsdw/seamless
[INFO] tweaked toml for git repo https://github.com/jsdw/seamless written to /workspace/builds/worker-5-tc2/source/Cargo.toml
[INFO] crate git repo https://github.com/jsdw/seamless already has a lockfile, it will not be regenerated
[INFO] running `Command { std: CARGO_HOME="/workspace/cargo-home" RUSTUP_HOME="/workspace/rustup-home" "/workspace/cargo-home/bin/cargo" "+beta-2023-04-20" "fetch" "--manifest-path" "Cargo.toml", kill_on_drop: false }`
[INFO] [stderr]     Updating crates.io index
[INFO] [stderr]  Downloading crates ...
[INFO] [stderr]   Downloaded async-trait v0.1.62
[INFO] [stderr]   Downloaded trybuild v1.0.76
[INFO] [stderr]   Downloaded ref-cast-impl v1.0.14
[INFO] [stderr]   Downloaded ref-cast v1.0.14
[INFO] [stderr]   Downloaded warp v0.3.3
[INFO] [stderr]   Downloaded seamless_macros v0.10.0
[INFO] [stderr]   Downloaded seamless v0.10.0
[INFO] running `Command { std: "docker" "create" "-v" "/var/lib/crater-agent-workspace/builds/worker-5-tc2/target:/opt/rustwide/target:rw,Z" "-v" "/var/lib/crater-agent-workspace/builds/worker-5-tc2/source:/opt/rustwide/workdir:ro,Z" "-v" "/var/lib/crater-agent-workspace/cargo-home:/opt/rustwide/cargo-home:ro,Z" "-v" "/var/lib/crater-agent-workspace/rustup-home:/opt/rustwide/rustup-home:ro,Z" "-e" "SOURCE_DIR=/opt/rustwide/workdir" "-e" "CARGO_TARGET_DIR=/opt/rustwide/target" "-e" "CARGO_HOME=/opt/rustwide/cargo-home" "-e" "RUSTUP_HOME=/opt/rustwide/rustup-home" "-w" "/opt/rustwide/workdir" "-m" "1610612736" "--user" "0:0" "--network" "none" "ghcr.io/rust-lang/crates-build-env/linux@sha256:5ff2268d62e97bff2cde7d5815dd6ed5b47097566f13b8d0ca110b04b60e07ed" "/opt/rustwide/cargo-home/bin/cargo" "+beta-2023-04-20" "metadata" "--no-deps" "--format-version=1", kill_on_drop: false }`
[INFO] [stdout] f453b8a993f4bf00a3db48434502790aacda8b6f9bde60e2962c6124e2abfe68
[INFO] running `Command { std: "docker" "start" "-a" "f453b8a993f4bf00a3db48434502790aacda8b6f9bde60e2962c6124e2abfe68", kill_on_drop: false }`
[INFO] running `Command { std: "docker" "inspect" "f453b8a993f4bf00a3db48434502790aacda8b6f9bde60e2962c6124e2abfe68", kill_on_drop: false }`
[INFO] running `Command { std: "docker" "rm" "-f" "f453b8a993f4bf00a3db48434502790aacda8b6f9bde60e2962c6124e2abfe68", kill_on_drop: false }`
[INFO] [stdout] f453b8a993f4bf00a3db48434502790aacda8b6f9bde60e2962c6124e2abfe68
[INFO] running `Command { std: "docker" "create" "-v" "/var/lib/crater-agent-workspace/builds/worker-5-tc2/target:/opt/rustwide/target:rw,Z" "-v" "/var/lib/crater-agent-workspace/builds/worker-5-tc2/source:/opt/rustwide/workdir:ro,Z" "-v" "/var/lib/crater-agent-workspace/cargo-home:/opt/rustwide/cargo-home:ro,Z" "-v" "/var/lib/crater-agent-workspace/rustup-home:/opt/rustwide/rustup-home:ro,Z" "-e" "SOURCE_DIR=/opt/rustwide/workdir" "-e" "CARGO_TARGET_DIR=/opt/rustwide/target" "-e" "CARGO_INCREMENTAL=0" "-e" "RUST_BACKTRACE=full" "-e" "RUSTFLAGS=--cap-lints=warn" "-e" "RUSTDOCFLAGS=--cap-lints=warn" "-e" "CARGO_HOME=/opt/rustwide/cargo-home" "-e" "RUSTUP_HOME=/opt/rustwide/rustup-home" "-w" "/opt/rustwide/workdir" "-m" "1610612736" "--user" "0:0" "--network" "none" "ghcr.io/rust-lang/crates-build-env/linux@sha256:5ff2268d62e97bff2cde7d5815dd6ed5b47097566f13b8d0ca110b04b60e07ed" "/opt/rustwide/cargo-home/bin/cargo" "+beta-2023-04-20" "build" "--frozen" "--message-format=json", kill_on_drop: false }`
[INFO] [stdout] db2c5382b718a18ba24a50dc9e734350adafcf71a789eb05942b722a012353b5
[INFO] running `Command { std: "docker" "start" "-a" "db2c5382b718a18ba24a50dc9e734350adafcf71a789eb05942b722a012353b5", kill_on_drop: false }`
[INFO] [stderr]    Compiling proc-macro2 v1.0.50
[INFO] [stderr]    Compiling quote v1.0.23
[INFO] [stderr]    Compiling unicode-ident v1.0.6
[INFO] [stderr]    Compiling syn v1.0.107
[INFO] [stderr]    Compiling futures-core v0.3.25
[INFO] [stderr]    Compiling autocfg v1.1.0
[INFO] [stderr]    Compiling memchr v2.5.0
[INFO] [stderr]    Compiling futures-task v0.3.25
[INFO] [stderr]    Compiling futures-channel v0.3.25
[INFO] [stderr]    Compiling futures-sink v0.3.25
[INFO] [stderr]    Compiling futures-util v0.3.25
[INFO] [stderr]    Compiling serde_derive v1.0.152
[INFO] [stderr]    Compiling slab v0.4.7
[INFO] [stderr]    Compiling pin-utils v0.1.0
[INFO] [stderr]    Compiling pin-project-lite v0.2.9
[INFO] [stderr]    Compiling futures-io v0.3.25
[INFO] [stderr]    Compiling serde v1.0.152
[INFO] [stderr]    Compiling itoa v1.0.5
[INFO] [stderr]    Compiling async-trait v0.1.62
[INFO] [stderr]    Compiling serde_json v1.0.91
[INFO] [stderr]    Compiling ryu v1.0.12
[INFO] [stderr]    Compiling bytes v1.3.0
[INFO] [stderr]    Compiling fnv v1.0.7
[INFO] [stderr]    Compiling uuid v1.2.2
[INFO] [stderr]    Compiling http v0.2.8
[INFO] [stderr]    Compiling futures-macro v0.3.25
[INFO] [stderr]    Compiling seamless_macros v0.10.0 (/opt/rustwide/workdir/seamless-macros)
[INFO] [stderr]    Compiling futures-executor v0.3.25
[INFO] [stderr]    Compiling futures v0.3.25
[INFO] [stderr]    Compiling seamless v0.11.0 (/opt/rustwide/workdir/seamless)
[INFO] [stderr]     Finished dev [unoptimized + debuginfo] target(s) in 14.14s
[INFO] running `Command { std: "docker" "inspect" "db2c5382b718a18ba24a50dc9e734350adafcf71a789eb05942b722a012353b5", kill_on_drop: false }`
[INFO] running `Command { std: "docker" "rm" "-f" "db2c5382b718a18ba24a50dc9e734350adafcf71a789eb05942b722a012353b5", kill_on_drop: false }`
[INFO] [stdout] db2c5382b718a18ba24a50dc9e734350adafcf71a789eb05942b722a012353b5
[INFO] running `Command { std: "docker" "create" "-v" "/var/lib/crater-agent-workspace/builds/worker-5-tc2/target:/opt/rustwide/target:rw,Z" "-v" "/var/lib/crater-agent-workspace/builds/worker-5-tc2/source:/opt/rustwide/workdir:ro,Z" "-v" "/var/lib/crater-agent-workspace/cargo-home:/opt/rustwide/cargo-home:ro,Z" "-v" "/var/lib/crater-agent-workspace/rustup-home:/opt/rustwide/rustup-home:ro,Z" "-e" "SOURCE_DIR=/opt/rustwide/workdir" "-e" "CARGO_TARGET_DIR=/opt/rustwide/target" "-e" "CARGO_INCREMENTAL=0" "-e" "RUST_BACKTRACE=full" "-e" "RUSTFLAGS=--cap-lints=warn" "-e" "RUSTDOCFLAGS=--cap-lints=warn" "-e" "CARGO_HOME=/opt/rustwide/cargo-home" "-e" "RUSTUP_HOME=/opt/rustwide/rustup-home" "-w" "/opt/rustwide/workdir" "-m" "1610612736" "--user" "0:0" "--network" "none" "ghcr.io/rust-lang/crates-build-env/linux@sha256:5ff2268d62e97bff2cde7d5815dd6ed5b47097566f13b8d0ca110b04b60e07ed" "/opt/rustwide/cargo-home/bin/cargo" "+beta-2023-04-20" "test" "--frozen" "--no-run" "--message-format=json", kill_on_drop: false }`
[INFO] [stdout] 55ba87cd529d9b871cde2514ab635e368cab525f664022f48ab655b70802c83f
[INFO] running `Command { std: "docker" "start" "-a" "55ba87cd529d9b871cde2514ab635e368cab525f664022f48ab655b70802c83f", kill_on_drop: false }`
[INFO] [stderr]    Compiling version_check v0.9.4
[INFO] [stderr]    Compiling libc v0.2.139
[INFO] [stderr]    Compiling cfg-if v1.0.0
[INFO] [stderr]    Compiling log v0.4.17
[INFO] [stderr]    Compiling tokio v1.24.2
[INFO] [stderr]    Compiling typenum v1.16.0
[INFO] [stderr]    Compiling yansi v0.5.1
[INFO] [stderr]    Compiling tokio-macros v1.8.2
[INFO] [stderr]    Compiling percent-encoding v2.2.0
[INFO] [stderr]    Compiling once_cell v1.17.0
[INFO] [stderr]    Compiling proc-macro2-diagnostics v0.9.1
[INFO] [stderr]    Compiling generic-array v0.14.6
[INFO] [stderr]    Compiling httparse v1.8.0
[INFO] [stderr]    Compiling standback v0.2.17
[INFO] [stderr]    Compiling proc-macro-hack v0.5.20+deprecated
[INFO] [stderr]    Compiling ppv-lite86 v0.2.17
[INFO] [stderr]    Compiling tracing-core v0.1.30
[INFO] [stderr]    Compiling indexmap v1.9.2
[INFO] [stderr]    Compiling mio v0.8.5
[INFO] [stderr]    Compiling socket2 v0.4.7
[INFO] [stderr]    Compiling num_cpus v1.15.0
[INFO] [stderr]    Compiling signal-hook-registry v1.4.0
[INFO] [stderr]    Compiling tracing v0.1.37
[INFO] [stderr]    Compiling getrandom v0.2.8
[INFO] [stderr]    Compiling unicase v2.6.0
[INFO] [stderr]    Compiling mime v0.3.16
[INFO] [stderr]    Compiling bitflags v1.3.2
[INFO] [stderr]    Compiling hashbrown v0.12.3
[INFO] [stderr]    Compiling tinyvec_macros v0.1.0
[INFO] [stderr]    Compiling crypto-common v0.1.6
[INFO] [stderr]    Compiling block-buffer v0.10.3
[INFO] [stderr]    Compiling const_fn v0.4.9
[INFO] [stderr]    Compiling tinyvec v1.6.0
[INFO] [stderr]    Compiling time-macros-impl v0.1.2
[INFO] [stderr]    Compiling digest v0.10.6
[INFO] [stderr]    Compiling rand_core v0.6.4
[INFO] [stderr]    Compiling time v0.2.27
[INFO] [stderr]    Compiling uncased v0.9.7
[INFO] [stderr]    Compiling lock_api v0.4.9
[INFO] [stderr]    Compiling cpufeatures v0.2.5
[INFO] [stderr]    Compiling try-lock v0.2.4
[INFO] [stderr]    Compiling httpdate v1.0.2
[INFO] [stderr]    Compiling parking_lot_core v0.8.6
[INFO] [stderr]    Compiling getrandom v0.1.16
[INFO] [stderr]    Compiling want v0.3.0
[INFO] [stderr]    Compiling unicode-normalization v0.1.22
[INFO] [stderr]    Compiling rand_chacha v0.3.1
[INFO] [stderr]    Compiling time-macros v0.1.1
[INFO] [stderr]    Compiling pear_codegen v0.2.3
[INFO] [stderr]    Compiling cookie v0.15.0-dev (https://github.com/SergioBenitez/cookie-rs.git?rev=1c3ca83#1c3ca838)
[INFO] [stderr]    Compiling form_urlencoded v1.1.0
[INFO] [stderr]    Compiling instant v0.1.12
[INFO] [stderr]    Compiling http-body v0.4.5
[INFO] [stderr]    Compiling unicode-bidi v0.3.10
[INFO] [stderr]    Compiling smallvec v1.10.0
[INFO] [stderr]    Compiling inlinable_string v0.1.15
[INFO] [stderr]    Compiling ref-cast v1.0.14
[INFO] [stderr]    Compiling scopeguard v1.1.0
[INFO] [stderr]    Compiling base64 v0.13.1
[INFO] [stderr]    Compiling tower-service v0.3.2
[INFO] [stderr]    Compiling thiserror v1.0.38
[INFO] [stderr]    Compiling idna v0.3.0
[INFO] [stderr]    Compiling mime_guess v2.0.4
[INFO] [stderr]    Compiling pear v0.2.3
[INFO] [stderr]    Compiling rand v0.8.5
[INFO] [stderr]    Compiling devise_core v0.3.0 (https://github.com/SergioBenitez/Devise.git?rev=3648468#3648468a)
[INFO] [stderr]    Compiling rocket_http v0.5.0-dev (https://github.com/SergioBenitez/Rocket?rev=c24f15c1#c24f15c1)
[INFO] [stderr]    Compiling thiserror-impl v1.0.38
[INFO] [stderr]    Compiling ref-cast-impl v1.0.14
[INFO] [stderr]    Compiling rand_core v0.5.1
[INFO] [stderr]    Compiling url v2.3.1
[INFO] [stderr]    Compiling tokio-util v0.7.4
[INFO] [stderr]    Compiling devise_codegen v0.3.0 (https://github.com/SergioBenitez/Devise.git?rev=3648468#3648468a)
[INFO] [stderr]    Compiling parking_lot v0.11.2
[INFO] [stderr]    Compiling sha-1 v0.10.1
[INFO] [stderr]    Compiling figment v0.10.8
[INFO] [stderr]    Compiling h2 v0.3.15
[INFO] [stderr]    Compiling toml v0.5.11
[INFO] [stderr]    Compiling atomic v0.5.1
[INFO] [stderr]    Compiling state v0.4.2
[INFO] [stderr]    Compiling utf-8 v0.7.6
[INFO] [stderr]    Compiling fastrand v1.8.0
[INFO] [stderr]    Compiling either v1.8.0
[INFO] [stderr]    Compiling remove_dir_all v0.5.3
[INFO] [stderr]    Compiling byteorder v1.4.3
[INFO] [stderr]    Compiling safemem v0.3.3
[INFO] [stderr]    Compiling glob v0.3.1
[INFO] [stderr]    Compiling unicode-xid v0.2.4
[INFO] [stderr]    Compiling tungstenite v0.17.3
[INFO] [stderr]    Compiling buf_redux v0.8.4
[INFO] [stderr]    Compiling tempfile v3.3.0
[INFO] [stderr]    Compiling devise v0.3.0 (https://github.com/SergioBenitez/Devise.git?rev=3648468#3648468a)
[INFO] [stderr]    Compiling rand_chacha v0.2.2
[INFO] [stderr]    Compiling sha1 v0.10.5
[INFO] [stderr]    Compiling rocket v0.5.0-dev (https://github.com/SergioBenitez/Rocket?rev=c24f15c1#c24f15c1)
[INFO] [stderr]    Compiling headers-core v0.2.0
[INFO] [stderr]    Compiling twoway v0.1.8
[INFO] [stderr]    Compiling pin-project-internal v1.0.12
[INFO] [stderr]    Compiling seamless_macros v0.10.0 (/opt/rustwide/workdir/seamless-macros)
[INFO] [stderr]    Compiling trybuild v1.0.76
[INFO] [stderr]    Compiling quick-error v1.2.3
[INFO] [stderr]    Compiling multipart v0.18.0
[INFO] [stderr]    Compiling headers v0.3.8
[INFO] [stderr]    Compiling rand v0.7.3
[INFO] [stderr]    Compiling tokio-tungstenite v0.17.2
[INFO] [stderr]    Compiling tokio-stream v0.1.11
[INFO] [stderr]    Compiling rustls-pemfile v0.2.1
[INFO] [stderr]    Compiling serde_urlencoded v0.7.1
[INFO] [stderr]    Compiling atty v0.2.14
[INFO] [stderr]    Compiling pin-project v1.0.12
[INFO] [stderr]    Compiling ubyte v0.10.3
[INFO] [stderr]    Compiling binascii v0.1.4
[INFO] [stderr]    Compiling difference v2.0.0
[INFO] [stderr]    Compiling scoped-tls v1.0.1
[INFO] [stderr]    Compiling ansi_term v0.11.0
[INFO] [stderr]    Compiling hyper v0.14.23
[INFO] [stderr]    Compiling termcolor v1.2.0
[INFO] [stderr]    Compiling pretty_assertions v0.6.1
[INFO] [stderr]    Compiling tokio-util v0.6.10
[INFO] [stderr]    Compiling seamless v0.11.0 (/opt/rustwide/workdir/seamless)
[INFO] [stderr]    Compiling num-traits v0.2.15
[INFO] [stderr]    Compiling num-integer v0.1.45
[INFO] [stderr]    Compiling time v0.1.45
[INFO] [stderr]    Compiling iana-time-zone v0.1.53
[INFO] [stderr]    Compiling uuid v0.8.2
[INFO] [stderr]    Compiling seamless_macros v0.10.0
[INFO] [stderr]    Compiling chrono v0.4.23
[INFO] [stderr]    Compiling seamless v0.10.0
[INFO] [stderr]    Compiling warp v0.3.3
[INFO] [stderr]    Compiling rocket_codegen v0.5.0-dev (https://github.com/SergioBenitez/Rocket?rev=c24f15c1#c24f15c1)
[INFO] [stderr]     Finished test [unoptimized + debuginfo] target(s) in 28.67s
[INFO] [stderr] warning: the following packages contain code that will be rejected by a future version of Rust: buf_redux v0.8.4, multipart v0.18.0, rocket v0.5.0-dev (https://github.com/SergioBenitez/Rocket?rev=c24f15c1#c24f15c1)
[INFO] [stderr] note: to see what the problems were, use the option `--future-incompat-report`, or run `cargo report future-incompatibilities --id 1`
[INFO] running `Command { std: "docker" "inspect" "55ba87cd529d9b871cde2514ab635e368cab525f664022f48ab655b70802c83f", kill_on_drop: false }`
[INFO] running `Command { std: "docker" "rm" "-f" "55ba87cd529d9b871cde2514ab635e368cab525f664022f48ab655b70802c83f", kill_on_drop: false }`
[INFO] [stdout] 55ba87cd529d9b871cde2514ab635e368cab525f664022f48ab655b70802c83f
[INFO] running `Command { std: "docker" "create" "-v" "/var/lib/crater-agent-workspace/builds/worker-5-tc2/target:/opt/rustwide/target:rw,Z" "-v" "/var/lib/crater-agent-workspace/builds/worker-5-tc2/source:/opt/rustwide/workdir:ro,Z" "-v" "/var/lib/crater-agent-workspace/cargo-home:/opt/rustwide/cargo-home:ro,Z" "-v" "/var/lib/crater-agent-workspace/rustup-home:/opt/rustwide/rustup-home:ro,Z" "-e" "SOURCE_DIR=/opt/rustwide/workdir" "-e" "CARGO_TARGET_DIR=/opt/rustwide/target" "-e" "CARGO_INCREMENTAL=0" "-e" "RUST_BACKTRACE=full" "-e" "RUSTFLAGS=--cap-lints=warn" "-e" "RUSTDOCFLAGS=--cap-lints=warn" "-e" "CARGO_HOME=/opt/rustwide/cargo-home" "-e" "RUSTUP_HOME=/opt/rustwide/rustup-home" "-w" "/opt/rustwide/workdir" "-m" "1610612736" "--user" "0:0" "--network" "none" "ghcr.io/rust-lang/crates-build-env/linux@sha256:5ff2268d62e97bff2cde7d5815dd6ed5b47097566f13b8d0ca110b04b60e07ed" "/opt/rustwide/cargo-home/bin/cargo" "+beta-2023-04-20" "test" "--frozen", kill_on_drop: false }`
[INFO] [stdout] 94bae1d35577fd9e49d1d8e143839d5dde5509b7b50d5f886d2e3dd3b111aef4
[INFO] running `Command { std: "docker" "start" "-a" "94bae1d35577fd9e49d1d8e143839d5dde5509b7b50d5f886d2e3dd3b111aef4", kill_on_drop: false }`
[INFO] [stderr]     Finished test [unoptimized + debuginfo] target(s) in 0.15s
[INFO] [stderr] warning: the following packages contain code that will be rejected by a future version of Rust: buf_redux v0.8.4, multipart v0.18.0, rocket v0.5.0-dev (https://github.com/SergioBenitez/Rocket?rev=c24f15c1#c24f15c1)
[INFO] [stderr] note: to see what the problems were, use the option `--future-incompat-report`, or run `cargo report future-incompatibilities --id 1`
[INFO] [stderr]      Running unittests src/lib.rs (/opt/rustwide/target/debug/deps/seamless-b77bda35d062d45e)
[INFO] [stdout] 
[INFO] [stdout] running 6 tests
[INFO] [stdout] test handler::request::test_bytes::can_read_from_vec ... ok
[INFO] [stdout] test handler::request::test_bytes::can_read_from_reader ... ok
[INFO] [stdout] test handler::request::test_capped_reader::capped_reader_errors_if_limit_exceeded ... ok
[INFO] [stdout] test handler::request::test_bytes::can_read_from_stream ... ok
[INFO] [stdout] test handler::request::test_capped_reader::capped_reader_ok_if_limit_not_exceeded ... ok
[INFO] [stdout] test handler::request::test_capped_reader::capped_reader_ok_with_0_bytes ... ok
[INFO] [stdout] 
[INFO] [stdout] test result: ok. 6 passed; 0 failed; 0 ignored; 0 measured; 0 filtered out; finished in 0.00s
[INFO] [stdout] 
[INFO] [stderr]      Running tests/aaa_compile_tests.rs (/opt/rustwide/target/debug/deps/aaa_compile_tests-a449887f6116310f)
[INFO] [stdout] 
[INFO] [stdout] running 1 test
[INFO] [stderr]    Compiling version_check v0.9.4
[INFO] [stderr]    Compiling proc-macro2 v1.0.50
[INFO] [stderr]    Compiling unicode-ident v1.0.6
[INFO] [stderr]    Compiling quote v1.0.23
[INFO] [stderr]    Compiling syn v1.0.107
[INFO] [stderr]    Compiling libc v0.2.139
[INFO] [stderr]    Compiling autocfg v1.1.0
[INFO] [stderr]    Compiling cfg-if v1.0.0
[INFO] [stderr]    Compiling futures-core v0.3.25
[INFO] [stderr]    Compiling memchr v2.5.0
[INFO] [stderr]    Compiling log v0.4.17
[INFO] [stderr]    Compiling pin-project-lite v0.2.9
[INFO] [stderr]    Compiling bytes v1.3.0
[INFO] [stderr]    Compiling standback v0.2.17
[INFO] [stderr]    Compiling slab v0.4.7
[INFO] [stderr]    Compiling httparse v1.8.0
[INFO] [stderr]    Compiling yansi v0.5.1
[INFO] [stderr]    Compiling itoa v1.0.5
[INFO] [stderr]    Compiling indexmap v1.9.2
[INFO] [stderr]    Compiling proc-macro2-diagnostics v0.9.1
[INFO] [stderr]    Compiling futures-sink v0.3.25
[INFO] [stderr]    Compiling proc-macro-hack v0.5.20+deprecated
[INFO] [stderr]    Compiling fnv v1.0.7
[INFO] [stderr]    Compiling futures-channel v0.3.25
[INFO] [stderr]    Compiling typenum v1.16.0
[INFO] [stderr]    Compiling futures-task v0.3.25
[INFO] [stderr]    Compiling http v0.2.8
[INFO] [stderr]    Compiling tokio v1.24.2
[INFO] [stderr]    Compiling generic-array v0.14.6
[INFO] [stderr]    Compiling futures-io v0.3.25
[INFO] [stderr]    Compiling serde_derive v1.0.152
[INFO] [stderr]    Compiling futures-util v0.3.25
[INFO] [stderr]    Compiling signal-hook-registry v1.4.0
[INFO] [stderr]    Compiling num_cpus v1.15.0
[INFO] [stderr]    Compiling socket2 v0.4.7
[INFO] [stderr]    Compiling mio v0.8.5
[INFO] [stderr]    Compiling lock_api v0.4.9
[INFO] [stderr]    Compiling time v0.2.27
[INFO] [stderr]    Compiling const_fn v0.4.9
[INFO] [stderr]    Compiling serde v1.0.152
[INFO] [stderr]    Compiling pin-utils v0.1.0
[INFO] [stderr]    Compiling parking_lot_core v0.8.6
[INFO] [stderr]    Compiling unicase v2.6.0
[INFO] [stderr]    Compiling uncased v0.9.7
[INFO] [stderr]    Compiling ppv-lite86 v0.2.17
[INFO] [stderr]    Compiling percent-encoding v2.2.0
[INFO] [stderr]    Compiling cookie v0.15.0-dev (https://github.com/SergioBenitez/cookie-rs.git?rev=1c3ca83#1c3ca838)
[INFO] [stderr]    Compiling once_cell v1.17.0
[INFO] [stderr]    Compiling ref-cast v1.0.14
[INFO] [stderr]    Compiling tracing-core v0.1.30
[INFO] [stderr]    Compiling block-buffer v0.10.3
[INFO] [stderr]    Compiling crypto-common v0.1.6
[INFO] [stderr]    Compiling getrandom v0.2.8
[INFO] [stderr]    Compiling tinyvec_macros v0.1.0
[INFO] [stderr]    Compiling tinyvec v1.6.0
[INFO] [stderr]    Compiling tracing v0.1.37
[INFO] [stderr]    Compiling rand_core v0.6.4
[INFO] [stderr]    Compiling digest v0.10.6
[INFO] [stderr]    Compiling rocket_http v0.5.0-dev (https://github.com/SergioBenitez/Rocket?rev=c24f15c1#c24f15c1)
[INFO] [stderr]    Compiling cpufeatures v0.2.5
[INFO] [stderr]    Compiling mime v0.3.16
[INFO] [stderr]    Compiling getrandom v0.1.16
[INFO] [stderr]    Compiling hashbrown v0.12.3
[INFO] [stderr]    Compiling unicode-normalization v0.1.22
[INFO] [stderr]    Compiling rand_chacha v0.3.1
[INFO] [stderr]    Compiling form_urlencoded v1.1.0
[INFO] [stderr]    Compiling instant v0.1.12
[INFO] [stderr]    Compiling try-lock v0.2.4
[INFO] [stderr]    Compiling unicode-bidi v0.3.10
[INFO] [stderr]    Compiling bitflags v1.3.2
[INFO] [stderr]    Compiling httpdate v1.0.2
[INFO] [stderr]    Compiling base64 v0.13.1
[INFO] [stderr]    Compiling scopeguard v1.1.0
[INFO] [stderr]    Compiling thiserror v1.0.38
[INFO] [stderr]    Compiling smallvec v1.10.0
[INFO] [stderr]    Compiling want v0.3.0
[INFO] [stderr]    Compiling idna v0.3.0
[INFO] [stderr]    Compiling devise_core v0.3.0 (https://github.com/SergioBenitez/Devise.git?rev=3648468#3648468a)
[INFO] [stderr]    Compiling rand v0.8.5
[INFO] [stderr]    Compiling mime_guess v2.0.4
[INFO] [stderr]    Compiling http-body v0.4.5
[INFO] [stderr]    Compiling tokio-util v0.7.4
[INFO] [stderr]    Compiling h2 v0.3.15
[INFO] [stderr]    Compiling tower-service v0.3.2
[INFO] [stderr]    Compiling inlinable_string v0.1.15
[INFO] [stderr]    Compiling serde_json v1.0.91
[INFO] [stderr]    Compiling async-trait v0.1.62
[INFO] [stderr]    Compiling ryu v1.0.12
[INFO] [stderr]    Compiling rand_core v0.5.1
[INFO] [stderr]    Compiling url v2.3.1
[INFO] [stderr]    Compiling parking_lot v0.11.2
[INFO] [stderr]    Compiling sha-1 v0.10.1
[INFO] [stderr]    Compiling atomic v0.5.1
[INFO] [stderr]    Compiling figment v0.10.8
[INFO] [stderr]    Compiling time-macros-impl v0.1.2
[INFO] [stderr]    Compiling tokio-macros v1.8.2
[INFO] [stderr]    Compiling futures-macro v0.3.25
[INFO] [stderr]    Compiling pear_codegen v0.2.3
[INFO] [stderr]    Compiling ref-cast-impl v1.0.14
[INFO] [stderr]    Compiling thiserror-impl v1.0.38
[INFO] [stderr]    Compiling time-macros v0.1.1
[INFO] [stderr]    Compiling pear v0.2.3
[INFO] [stderr]    Compiling hyper v0.14.23
[INFO] [stderr]    Compiling devise_codegen v0.3.0 (https://github.com/SergioBenitez/Devise.git?rev=3648468#3648468a)
[INFO] [stderr]    Compiling state v0.4.2
[INFO] [stderr]    Compiling remove_dir_all v0.5.3
[INFO] [stderr]    Compiling fastrand v1.8.0
[INFO] [stderr]    Compiling safemem v0.3.3
[INFO] [stderr]    Compiling byteorder v1.4.3
[INFO] [stderr]    Compiling unicode-xid v0.2.4
[INFO] [stderr]    Compiling utf-8 v0.7.6
[INFO] [stderr]    Compiling either v1.8.0
[INFO] [stderr]    Compiling tempfile v3.3.0
[INFO] [stderr]    Compiling tungstenite v0.17.3
[INFO] [stderr]    Compiling buf_redux v0.8.4
[INFO] [stderr]    Compiling devise v0.3.0 (https://github.com/SergioBenitez/Devise.git?rev=3648468#3648468a)
[INFO] [stderr]    Compiling futures-executor v0.3.25
[INFO] [stderr]    Compiling futures v0.3.25
[INFO] [stderr]    Compiling pin-project-internal v1.0.12
[INFO] [stderr]    Compiling rand_chacha v0.2.2
[INFO] [stderr]    Compiling sha1 v0.10.5
[INFO] [stderr]    Compiling headers-core v0.2.0
[INFO] [stderr]    Compiling rocket v0.5.0-dev (https://github.com/SergioBenitez/Rocket?rev=c24f15c1#c24f15c1)
[INFO] [stderr]    Compiling twoway v0.1.8
[INFO] [stderr]    Compiling glob v0.3.1
[INFO] [stderr]    Compiling quick-error v1.2.3
[INFO] [stderr]    Compiling headers v0.3.8
[INFO] [stderr]    Compiling multipart v0.18.0
[INFO] [stderr]    Compiling pin-project v1.0.12
[INFO] [stderr]    Compiling rand v0.7.3
[INFO] [stderr]    Compiling tokio-stream v0.1.11
[INFO] [stderr]    Compiling rocket_codegen v0.5.0-dev (https://github.com/SergioBenitez/Rocket?rev=c24f15c1#c24f15c1)
[INFO] [stderr]    Compiling tokio-tungstenite v0.17.2
[INFO] [stderr]    Compiling seamless_macros v0.10.0 (/opt/rustwide/workdir/seamless-macros)
[INFO] [stderr]    Compiling rustls-pemfile v0.2.1
[INFO] [stderr]    Compiling atty v0.2.14
[INFO] [stderr]    Compiling binascii v0.1.4
[INFO] [stderr]    Compiling scoped-tls v1.0.1
[INFO] [stderr]    Compiling ansi_term v0.11.0
[INFO] [stderr]    Compiling uuid v1.2.2
[INFO] [stderr]    Compiling difference v2.0.0
[INFO] [stderr]    Compiling pretty_assertions v0.6.1
[INFO] [stderr]    Compiling toml v0.5.11
[INFO] [stderr]    Compiling serde_urlencoded v0.7.1
[INFO] [stderr]    Compiling ubyte v0.10.3
[INFO] [stderr]    Compiling tokio-util v0.6.10
[INFO] [stderr]    Compiling seamless v0.11.0 (/opt/rustwide/workdir/seamless)
[INFO] [stderr]    Compiling warp v0.3.3
[INFO] [stderr]    Compiling seamless-tests v0.0.0 (/opt/rustwide/target/tests/trybuild/seamless)
[INFO] [stderr]     Finished dev [unoptimized + debuginfo] target(s) in 28.22s
[INFO] [stderr] warning: the following packages contain code that will be rejected by a future version of Rust: buf_redux v0.8.4, multipart v0.18.0, rocket v0.5.0-dev (https://github.com/SergioBenitez/Rocket?rev=c24f15c1#c24f15c1)
[INFO] [stderr] note: to see what the problems were, use the option `--future-incompat-report`, or run `cargo report future-incompatibilities --id 1`
[INFO] [stderr] 
[INFO] [stderr] 
[INFO] [stderr] test tests/api_body_compile_tests/01_struct.rs [should pass] ... ok
[INFO] [stderr] test tests/api_body_compile_tests/02_struct_no_serde_attrs.rs [should fail to compile] ... ok
[INFO] [stderr] test tests/api_body_compile_tests/03_enum.rs [should pass] ... ok
[INFO] [stderr] test tests/api_body_compile_tests/04_serialize_struct_only.rs [should fail to compile] ... mismatch
[INFO] [stderr] 
[INFO] [stderr] EXPECTED:
[INFO] [stderr] ┈┈┈┈┈┈┈┈┈┈┈┈┈┈┈┈┈┈┈┈┈┈┈┈┈┈┈┈┈┈┈┈┈┈┈┈┈┈┈┈┈┈┈┈┈┈┈┈┈┈┈┈┈┈┈┈┈┈┈┈
[INFO] [stderr] error[E0277]: the trait bound `for<'de> Foo: Deserialize<'de>` is not satisfied
[INFO] [stderr]    --> tests/api_body_compile_tests/04_serialize_struct_only.rs:11:18
[INFO] [stderr]     |
[INFO] [stderr] 11  |     let f: Foo = ApiBody::from_json_value(json!({
[INFO] [stderr]     |                  ^^^^^^^^^^^^^^^^^^^^^^^^ the trait `for<'de> Deserialize<'de>` is not implemented for `Foo`
[INFO] [stderr]     |
[INFO] [stderr]     = note: required because of the requirements on the impl of `DeserializeOwned` for `Foo`
[INFO] [stderr] note: required by `from_json_value`
[INFO] [stderr]    --> src/api/info.rs
[INFO] [stderr]     |
[INFO] [stderr]     | /     fn from_json_value(value: serde_json::Value) -> serde_json::Result<Self>
[INFO] [stderr]     | |     where Self: ::serde::de::DeserializeOwned {
[INFO] [stderr]     | |_____________________________________________^
[INFO] [stderr] ┈┈┈┈┈┈┈┈┈┈┈┈┈┈┈┈┈┈┈┈┈┈┈┈┈┈┈┈┈┈┈┈┈┈┈┈┈┈┈┈┈┈┈┈┈┈┈┈┈┈┈┈┈┈┈┈┈┈┈┈
[INFO] [stderr] 
[INFO] [stderr] ACTUAL OUTPUT:
[INFO] [stderr] ┈┈┈┈┈┈┈┈┈┈┈┈┈┈┈┈┈┈┈┈┈┈┈┈┈┈┈┈┈┈┈┈┈┈┈┈┈┈┈┈┈┈┈┈┈┈┈┈┈┈┈┈┈┈┈┈┈┈┈┈
[INFO] [stderr] error[E0277]: the trait bound `for<'de> Foo: Deserialize<'de>` is not satisfied
[INFO] [stderr]   --> tests/api_body_compile_tests/04_serialize_struct_only.rs:11:18
[INFO] [stderr]    |
[INFO] [stderr] 11 |     let f: Foo = ApiBody::from_json_value(json!({
[INFO] [stderr]    |                  ^^^^^^^^^^^^^^^^^^^^^^^^ the trait `for<'de> Deserialize<'de>` is not implemented for `Foo`
[INFO] [stderr]    |
[INFO] [stderr]    = help: the following other types implement trait `Deserialize<'de>`:
[INFO] [stderr]              &'a Path
[INFO] [stderr]              &'a [u8]
[INFO] [stderr]              &'a str
[INFO] [stderr]              ()
[INFO] [stderr]              (T0, T1)
[INFO] [stderr]              (T0, T1, T2)
[INFO] [stderr]              (T0, T1, T2, T3)
[INFO] [stderr]              (T0, T1, T2, T3, T4)
[INFO] [stderr]            and $N others
[INFO] [stderr]    = note: required for `Foo` to implement `DeserializeOwned`
[INFO] [stderr] note: required by a bound in `from_json_value`
[INFO] [stderr]   --> src/api/info.rs
[INFO] [stderr]    |
[INFO] [stderr]    |     where Self: ::serde::de::DeserializeOwned {
[INFO] [stderr]    |                 ^^^^^^^^^^^^^^^^^^^^^^^^^^^^^ required by this bound in `ApiBody::from_json_value`
[INFO] [stderr] ┈┈┈┈┈┈┈┈┈┈┈┈┈┈┈┈┈┈┈┈┈┈┈┈┈┈┈┈┈┈┈┈┈┈┈┈┈┈┈┈┈┈┈┈┈┈┈┈┈┈┈┈┈┈┈┈┈┈┈┈
[INFO] [stderr] note: If the actual output is the correct output you can bless it by rerunning
[INFO] [stderr]       your test with the environment variable TRYBUILD=overwrite
[INFO] [stderr] 
[INFO] [stderr] test tests/api_body_compile_tests/05_deserialize_struct_only.rs [should fail to compile] ... mismatch
[INFO] [stderr] 
[INFO] [stderr] EXPECTED:
[INFO] [stderr] ┈┈┈┈┈┈┈┈┈┈┈┈┈┈┈┈┈┈┈┈┈┈┈┈┈┈┈┈┈┈┈┈┈┈┈┈┈┈┈┈┈┈┈┈┈┈┈┈┈┈┈┈┈┈┈┈┈┈┈┈
[INFO] [stderr] error[E0277]: the trait bound `Foo: Serialize` is not satisfied
[INFO] [stderr]   --> $DIR/05_deserialize_struct_only.rs:10:31
[INFO] [stderr]    |
[INFO] [stderr] 10 |     let f = Foo { hello: 10 }.to_json_value();
[INFO] [stderr]    |                               ^^^^^^^^^^^^^ the trait `Serialize` is not implemented for `Foo`
[INFO] [stderr] ┈┈┈┈┈┈┈┈┈┈┈┈┈┈┈┈┈┈┈┈┈┈┈┈┈┈┈┈┈┈┈┈┈┈┈┈┈┈┈┈┈┈┈┈┈┈┈┈┈┈┈┈┈┈┈┈┈┈┈┈
[INFO] [stderr] 
[INFO] [stderr] ACTUAL OUTPUT:
[INFO] [stderr] ┈┈┈┈┈┈┈┈┈┈┈┈┈┈┈┈┈┈┈┈┈┈┈┈┈┈┈┈┈┈┈┈┈┈┈┈┈┈┈┈┈┈┈┈┈┈┈┈┈┈┈┈┈┈┈┈┈┈┈┈
[INFO] [stderr] error[E0277]: the trait bound `Foo: Serialize` is not satisfied
[INFO] [stderr]   --> tests/api_body_compile_tests/05_deserialize_struct_only.rs:10:31
[INFO] [stderr]    |
[INFO] [stderr] 10 |     let f = Foo { hello: 10 }.to_json_value();
[INFO] [stderr]    |                               ^^^^^^^^^^^^^ the trait `Serialize` is not implemented for `Foo`
[INFO] [stderr]    |
[INFO] [stderr]    = help: the following other types implement trait `Serialize`:
[INFO] [stderr]              &'a T
[INFO] [stderr]              &'a mut T
[INFO] [stderr]              ()
[INFO] [stderr]              (T0, T1)
[INFO] [stderr]              (T0, T1, T2)
[INFO] [stderr]              (T0, T1, T2, T3)
[INFO] [stderr]              (T0, T1, T2, T3, T4)
[INFO] [stderr]              (T0, T1, T2, T3, T4, T5)
[INFO] [stderr]            and $N others
[INFO] [stderr] note: required by a bound in `to_json_value`
[INFO] [stderr]   --> src/api/info.rs
[INFO] [stderr]    |
[INFO] [stderr]    |     where Self: ::serde::Serialize {
[INFO] [stderr]    |                 ^^^^^^^^^^^^^^^^^^ required by this bound in `ApiBody::to_json_value`
[INFO] [stderr] ┈┈┈┈┈┈┈┈┈┈┈┈┈┈┈┈┈┈┈┈┈┈┈┈┈┈┈┈┈┈┈┈┈┈┈┈┈┈┈┈┈┈┈┈┈┈┈┈┈┈┈┈┈┈┈┈┈┈┈┈
[INFO] [stderr] note: If the actual output is the correct output you can bless it by rerunning
[INFO] [stderr]       your test with the environment variable TRYBUILD=overwrite
[INFO] [stderr] 
[INFO] [stderr] test tests/api_body_compile_tests/06_se_de_struct.rs [should pass] ... ok
[INFO] [stderr] test tests/api_body_compile_tests/07_serialize_enum_only.rs [should fail to compile] ... mismatch
[INFO] [stderr] 
[INFO] [stderr] EXPECTED:
[INFO] [stderr] ┈┈┈┈┈┈┈┈┈┈┈┈┈┈┈┈┈┈┈┈┈┈┈┈┈┈┈┈┈┈┈┈┈┈┈┈┈┈┈┈┈┈┈┈┈┈┈┈┈┈┈┈┈┈┈┈┈┈┈┈
[INFO] [stderr] error[E0277]: the trait bound `for<'de> Foo: Deserialize<'de>` is not satisfied
[INFO] [stderr]    --> tests/api_body_compile_tests/07_serialize_enum_only.rs:11:18
[INFO] [stderr]     |
[INFO] [stderr] 11  |     let f: Foo = ApiBody::from_json_value(json!({
[INFO] [stderr]     |                  ^^^^^^^^^^^^^^^^^^^^^^^^ the trait `for<'de> Deserialize<'de>` is not implemented for `Foo`
[INFO] [stderr]     |
[INFO] [stderr]     = note: required because of the requirements on the impl of `DeserializeOwned` for `Foo`
[INFO] [stderr] note: required by `from_json_value`
[INFO] [stderr]    --> src/api/info.rs
[INFO] [stderr]     |
[INFO] [stderr]     | /     fn from_json_value(value: serde_json::Value) -> serde_json::Result<Self>
[INFO] [stderr]     | |     where Self: ::serde::de::DeserializeOwned {
[INFO] [stderr]     | |_____________________________________________^
[INFO] [stderr] ┈┈┈┈┈┈┈┈┈┈┈┈┈┈┈┈┈┈┈┈┈┈┈┈┈┈┈┈┈┈┈┈┈┈┈┈┈┈┈┈┈┈┈┈┈┈┈┈┈┈┈┈┈┈┈┈┈┈┈┈
[INFO] [stderr] 
[INFO] [stderr] ACTUAL OUTPUT:
[INFO] [stderr] ┈┈┈┈┈┈┈┈┈┈┈┈┈┈┈┈┈┈┈┈┈┈┈┈┈┈┈┈┈┈┈┈┈┈┈┈┈┈┈┈┈┈┈┈┈┈┈┈┈┈┈┈┈┈┈┈┈┈┈┈
[INFO] [stderr] error[E0277]: the trait bound `for<'de> Foo: Deserialize<'de>` is not satisfied
[INFO] [stderr]   --> tests/api_body_compile_tests/07_serialize_enum_only.rs:11:18
[INFO] [stderr]    |
[INFO] [stderr] 11 |     let f: Foo = ApiBody::from_json_value(json!({
[INFO] [stderr]    |                  ^^^^^^^^^^^^^^^^^^^^^^^^ the trait `for<'de> Deserialize<'de>` is not implemented for `Foo`
[INFO] [stderr]    |
[INFO] [stderr]    = help: the following other types implement trait `Deserialize<'de>`:
[INFO] [stderr]              &'a Path
[INFO] [stderr]              &'a [u8]
[INFO] [stderr]              &'a str
[INFO] [stderr]              ()
[INFO] [stderr]              (T0, T1)
[INFO] [stderr]              (T0, T1, T2)
[INFO] [stderr]              (T0, T1, T2, T3)
[INFO] [stderr]              (T0, T1, T2, T3, T4)
[INFO] [stderr]            and $N others
[INFO] [stderr]    = note: required for `Foo` to implement `DeserializeOwned`
[INFO] [stderr] note: required by a bound in `from_json_value`
[INFO] [stderr]   --> src/api/info.rs
[INFO] [stderr]    |
[INFO] [stderr]    |     where Self: ::serde::de::DeserializeOwned {
[INFO] [stderr]    |                 ^^^^^^^^^^^^^^^^^^^^^^^^^^^^^ required by this bound in `ApiBody::from_json_value`
[INFO] [stderr] ┈┈┈┈┈┈┈┈┈┈┈┈┈┈┈┈┈┈┈┈┈┈┈┈┈┈┈┈┈┈┈┈┈┈┈┈┈┈┈┈┈┈┈┈┈┈┈┈┈┈┈┈┈┈┈┈┈┈┈┈
[INFO] [stderr] note: If the actual output is the correct output you can bless it by rerunning
[INFO] [stderr]       your test with the environment variable TRYBUILD=overwrite
[INFO] [stderr] 
[INFO] [stderr] test tests/api_body_compile_tests/08_deserialize_enum_only.rs [should fail to compile] ... mismatch
[INFO] [stderr] 
[INFO] [stderr] EXPECTED:
[INFO] [stderr] ┈┈┈┈┈┈┈┈┈┈┈┈┈┈┈┈┈┈┈┈┈┈┈┈┈┈┈┈┈┈┈┈┈┈┈┈┈┈┈┈┈┈┈┈┈┈┈┈┈┈┈┈┈┈┈┈┈┈┈┈
[INFO] [stderr] error[E0277]: the trait bound `Foo: Serialize` is not satisfied
[INFO] [stderr]   --> $DIR/08_deserialize_enum_only.rs:10:31
[INFO] [stderr]    |
[INFO] [stderr] 10 |     let f = Foo::Bar{ n: 10 }.to_json_value();
[INFO] [stderr]    |                               ^^^^^^^^^^^^^ the trait `Serialize` is not implemented for `Foo`
[INFO] [stderr] ┈┈┈┈┈┈┈┈┈┈┈┈┈┈┈┈┈┈┈┈┈┈┈┈┈┈┈┈┈┈┈┈┈┈┈┈┈┈┈┈┈┈┈┈┈┈┈┈┈┈┈┈┈┈┈┈┈┈┈┈
[INFO] [stderr] 
[INFO] [stderr] ACTUAL OUTPUT:
[INFO] [stderr] ┈┈┈┈┈┈┈┈┈┈┈┈┈┈┈┈┈┈┈┈┈┈┈┈┈┈┈┈┈┈┈┈┈┈┈┈┈┈┈┈┈┈┈┈┈┈┈┈┈┈┈┈┈┈┈┈┈┈┈┈
[INFO] [stderr] error[E0277]: the trait bound `Foo: Serialize` is not satisfied
[INFO] [stderr]   --> tests/api_body_compile_tests/08_deserialize_enum_only.rs:10:31
[INFO] [stderr]    |
[INFO] [stderr] 10 |     let f = Foo::Bar{ n: 10 }.to_json_value();
[INFO] [stderr]    |                               ^^^^^^^^^^^^^ the trait `Serialize` is not implemented for `Foo`
[INFO] [stderr]    |
[INFO] [stderr]    = help: the following other types implement trait `Serialize`:
[INFO] [stderr]              &'a T
[INFO] [stderr]              &'a mut T
[INFO] [stderr]              ()
[INFO] [stderr]              (T0, T1)
[INFO] [stderr]              (T0, T1, T2)
[INFO] [stderr]              (T0, T1, T2, T3)
[INFO] [stderr]              (T0, T1, T2, T3, T4)
[INFO] [stderr]              (T0, T1, T2, T3, T4, T5)
[INFO] [stderr]            and $N others
[INFO] [stderr] note: required by a bound in `to_json_value`
[INFO] [stderr]   --> src/api/info.rs
[INFO] [stderr]    |
[INFO] [stderr]    |     where Self: ::serde::Serialize {
[INFO] [stderr]    |                 ^^^^^^^^^^^^^^^^^^ required by this bound in `ApiBody::to_json_value`
[INFO] [stderr] ┈┈┈┈┈┈┈┈┈┈┈┈┈┈┈┈┈┈┈┈┈┈┈┈┈┈┈┈┈┈┈┈┈┈┈┈┈┈┈┈┈┈┈┈┈┈┈┈┈┈┈┈┈┈┈┈┈┈┈┈
[INFO] [stderr] note: If the actual output is the correct output you can bless it by rerunning
[INFO] [stderr]       your test with the environment variable TRYBUILD=overwrite
[INFO] [stderr] 
[INFO] [stderr] test tests/api_body_compile_tests/09_se_de_enum.rs [should pass] ... ok
[INFO] [stderr] test tests/api_body_compile_tests/10_flatten.rs [should pass] ... ok
[INFO] [stderr] test tests/api_body_compile_tests/11_enum_cant_mix_unit_named.rs [should fail to compile] ... ok
[INFO] [stderr] test tests/api_error_compile_tests/01_basic.rs [should fail to compile] ... ok
[INFO] [stderr] test tests/api_error_compile_tests/02_basic_internal.rs [should pass] ... ok
[INFO] [stderr] test tests/api_error_compile_tests/03_basic_external.rs [should pass] ... ok
[INFO] [stderr] test tests/api_error_compile_tests/04_external_message.rs [should pass] ... ok
[INFO] [stderr] test tests/api_error_compile_tests/05_msg_and_code.rs [should pass] ... ok
[INFO] [stderr] test tests/api_error_compile_tests/06_not_both.rs [should fail to compile] ... ok
[INFO] [stderr] test tests/api_error_compile_tests/07_delegate_to_inner.rs [should pass] ... ok
[INFO] [stderr] test tests/api_error_compile_tests/08_enum_basic.rs [should fail to compile] ... ok
[INFO] [stderr] test tests/api_error_compile_tests/09_enum_toplevel_attrs.rs [should pass] ... ok
[INFO] [stderr] test tests/api_error_compile_tests/10_enum_fields.rs [should pass] ... ok
[INFO] [stderr] test tests/api_error_compile_tests/11_enum_empty.rs [should fail to compile] ... ok
[INFO] [stderr] 
[INFO] [stderr] 
[INFO] [stdout] test compile_tests ... FAILED
[INFO] [stdout] 
[INFO] [stdout] failures:
[INFO] [stdout] 
[INFO] [stdout] ---- compile_tests stdout ----
[INFO] [stdout] thread 'compile_tests' panicked at '4 of 22 tests failed', /opt/rustwide/cargo-home/registry/src/index.crates.io-6f17d22bba15001f/trybuild-1.0.76/src/run.rs:101:13
[INFO] [stdout] stack backtrace:
[INFO] [stdout]    0:     0x5646e89b3e3a - std::backtrace_rs::backtrace::libunwind::trace::h2f05d0192276a8f6
[INFO] [stdout]                                at /rustc/1b7dd2252b99671ce5d1cb9664c5f8636329436d/library/std/src/../../backtrace/src/backtrace/libunwind.rs:93:5
[INFO] [stdout]    1:     0x5646e89b3e3a - std::backtrace_rs::backtrace::trace_unsynchronized::hedc23dff7a1af150
[INFO] [stdout]                                at /rustc/1b7dd2252b99671ce5d1cb9664c5f8636329436d/library/std/src/../../backtrace/src/backtrace/mod.rs:66:5
[INFO] [stdout]    2:     0x5646e89b3e3a - std::sys_common::backtrace::_print_fmt::h17541ef7592f3ce2
[INFO] [stdout]                                at /rustc/1b7dd2252b99671ce5d1cb9664c5f8636329436d/library/std/src/sys_common/backtrace.rs:65:5
[INFO] [stdout]    3:     0x5646e89b3e3a - <std::sys_common::backtrace::_print::DisplayBacktrace as core::fmt::Display>::fmt::h20f75df5ab0c0792
[INFO] [stdout]                                at /rustc/1b7dd2252b99671ce5d1cb9664c5f8636329436d/library/std/src/sys_common/backtrace.rs:44:22
[INFO] [stdout]    4:     0x5646e89da17f - core::fmt::write::h78109e6f466b3af6
[INFO] [stdout]                                at /rustc/1b7dd2252b99671ce5d1cb9664c5f8636329436d/library/core/src/fmt/mod.rs:1254:17
[INFO] [stdout]    5:     0x5646e89b03c5 - std::io::Write::write_fmt::hd24bfb68a1b35a25
[INFO] [stdout]                                at /rustc/1b7dd2252b99671ce5d1cb9664c5f8636329436d/library/std/src/io/mod.rs:1698:15
[INFO] [stdout]    6:     0x5646e89b3c05 - std::sys_common::backtrace::_print::h8dac57a9f8fbf9a5
[INFO] [stdout]                                at /rustc/1b7dd2252b99671ce5d1cb9664c5f8636329436d/library/std/src/sys_common/backtrace.rs:47:5
[INFO] [stdout]    7:     0x5646e89b3c05 - std::sys_common::backtrace::print::hf9ecbf41d1aa712f
[INFO] [stdout]                                at /rustc/1b7dd2252b99671ce5d1cb9664c5f8636329436d/library/std/src/sys_common/backtrace.rs:34:9
[INFO] [stdout]    8:     0x5646e89b58be - std::panicking::default_hook::{{closure}}::h04c07acfc84ca028
[INFO] [stdout]                                at /rustc/1b7dd2252b99671ce5d1cb9664c5f8636329436d/library/std/src/panicking.rs:269:22
[INFO] [stdout]    9:     0x5646e89b55f1 - std::panicking::default_hook::h01f6bb23e1eceb2c
[INFO] [stdout]                                at /rustc/1b7dd2252b99671ce5d1cb9664c5f8636329436d/library/std/src/panicking.rs:285:9
[INFO] [stdout]   10:     0x5646e89870cb - <alloc::boxed::Box<F,A> as core::ops::function::Fn<Args>>::call::h87fe9f7b2fd49e4c
[INFO] [stdout]                                at /rustc/1b7dd2252b99671ce5d1cb9664c5f8636329436d/library/alloc/src/boxed.rs:1987:9
[INFO] [stdout]   11:     0x5646e89870cb - test::test_main::{{closure}}::he94d679243a7531b
[INFO] [stdout]                                at /rustc/1b7dd2252b99671ce5d1cb9664c5f8636329436d/library/test/src/lib.rs:134:21
[INFO] [stdout]   12:     0x5646e89b5fa4 - <alloc::boxed::Box<F,A> as core::ops::function::Fn<Args>>::call::h3f2d6d8b14c4769f
[INFO] [stdout]                                at /rustc/1b7dd2252b99671ce5d1cb9664c5f8636329436d/library/alloc/src/boxed.rs:1987:9
[INFO] [stdout]   13:     0x5646e89b5fa4 - std::panicking::rust_panic_with_hook::h2bb3722bbaf2f6df
[INFO] [stdout]                                at /rustc/1b7dd2252b99671ce5d1cb9664c5f8636329436d/library/std/src/panicking.rs:695:13
[INFO] [stdout]   14:     0x5646e89b5d19 - std::panicking::begin_panic_handler::{{closure}}::h91bc7f36a4be011b
[INFO] [stdout]                                at /rustc/1b7dd2252b99671ce5d1cb9664c5f8636329436d/library/std/src/panicking.rs:582:13
[INFO] [stdout]   15:     0x5646e89b42a6 - std::sys_common::backtrace::__rust_end_short_backtrace::h8b3d3717114f9e59
[INFO] [stdout]                                at /rustc/1b7dd2252b99671ce5d1cb9664c5f8636329436d/library/std/src/sys_common/backtrace.rs:150:18
[INFO] [stdout]   16:     0x5646e89b5a72 - rust_begin_unwind
[INFO] [stdout]                                at /rustc/1b7dd2252b99671ce5d1cb9664c5f8636329436d/library/std/src/panicking.rs:578:5
[INFO] [stdout]   17:     0x5646e872ae73 - core::panicking::panic_fmt::hfd368e3fbdabea26
[INFO] [stdout]                                at /rustc/1b7dd2252b99671ce5d1cb9664c5f8636329436d/library/core/src/panicking.rs:67:14
[INFO] [stdout]   18:     0x5646e877a597 - trybuild::run::<impl trybuild::Runner>::run::h12d0e50dde05b83b
[INFO] [stdout]                                at /opt/rustwide/cargo-home/registry/src/index.crates.io-6f17d22bba15001f/trybuild-1.0.76/src/run.rs:101:13
[INFO] [stdout]   19:     0x5646e877fe5a - <trybuild::TestCases as core::ops::drop::Drop>::drop::hb4ac486ac89bc106
[INFO] [stdout]                                at /opt/rustwide/cargo-home/registry/src/index.crates.io-6f17d22bba15001f/trybuild-1.0.76/src/lib.rs:313:13
[INFO] [stdout]   20:     0x5646e872c927 - core::ptr::drop_in_place<trybuild::TestCases>::ha5705c4f1f946dd7
[INFO] [stdout]                                at /rustc/1b7dd2252b99671ce5d1cb9664c5f8636329436d/library/core/src/ptr/mod.rs:490:1
[INFO] [stdout]   21:     0x5646e872bbde - aaa_compile_tests::compile_tests::h0319c4b7a008f176
[INFO] [stdout]                                at /opt/rustwide/workdir/seamless/tests/aaa_compile_tests.rs:39:1
[INFO] [stdout]   22:     0x5646e872b977 - aaa_compile_tests::compile_tests::{{closure}}::h2d9191c8849576b5
[INFO] [stdout]                                at /opt/rustwide/workdir/seamless/tests/aaa_compile_tests.rs:2:20
[INFO] [stdout]   23:     0x5646e872c8c5 - core::ops::function::FnOnce::call_once::hd6476fdaa8e648f9
[INFO] [stdout]                                at /rustc/1b7dd2252b99671ce5d1cb9664c5f8636329436d/library/core/src/ops/function.rs:250:5
[INFO] [stdout]   24:     0x5646e898bf9f - core::ops::function::FnOnce::call_once::ha6a70e79f7481a7e
[INFO] [stdout]                                at /rustc/1b7dd2252b99671ce5d1cb9664c5f8636329436d/library/core/src/ops/function.rs:250:5
[INFO] [stdout]   25:     0x5646e898bf9f - test::__rust_begin_short_backtrace::hce33033019b61e69
[INFO] [stdout]                                at /rustc/1b7dd2252b99671ce5d1cb9664c5f8636329436d/library/test/src/lib.rs:655:18
[INFO] [stdout]   26:     0x5646e895978c - test::run_test::{{closure}}::h858d3528838ae3e5
[INFO] [stdout]                                at /rustc/1b7dd2252b99671ce5d1cb9664c5f8636329436d/library/test/src/lib.rs:646:30
[INFO] [stdout]   27:     0x5646e895978c - core::ops::function::FnOnce::call_once{{vtable.shim}}::he8ac2b00f01ae79e
[INFO] [stdout]                                at /rustc/1b7dd2252b99671ce5d1cb9664c5f8636329436d/library/core/src/ops/function.rs:250:5
[INFO] [stdout]   28:     0x5646e898b076 - <alloc::boxed::Box<F,A> as core::ops::function::FnOnce<Args>>::call_once::h8093d25b522725ef
[INFO] [stdout]                                at /rustc/1b7dd2252b99671ce5d1cb9664c5f8636329436d/library/alloc/src/boxed.rs:1973:9
[INFO] [stdout]   29:     0x5646e898b076 - <core::panic::unwind_safe::AssertUnwindSafe<F> as core::ops::function::FnOnce<()>>::call_once::h5c334c204e4a3913
[INFO] [stdout]                                at /rustc/1b7dd2252b99671ce5d1cb9664c5f8636329436d/library/core/src/panic/unwind_safe.rs:271:9
[INFO] [stdout]   30:     0x5646e898b076 - std::panicking::try::do_call::ha8b740c7b9478074
[INFO] [stdout]                                at /rustc/1b7dd2252b99671ce5d1cb9664c5f8636329436d/library/std/src/panicking.rs:485:40
[INFO] [stdout]   31:     0x5646e898b076 - std::panicking::try::h5d34f63d0e41b64e
[INFO] [stdout]                                at /rustc/1b7dd2252b99671ce5d1cb9664c5f8636329436d/library/std/src/panicking.rs:449:19
[INFO] [stdout]   32:     0x5646e898b076 - std::panic::catch_unwind::hcfbb511e1aa7fc67
[INFO] [stdout]                                at /rustc/1b7dd2252b99671ce5d1cb9664c5f8636329436d/library/std/src/panic.rs:140:14
[INFO] [stdout]   33:     0x5646e898b076 - test::run_test_in_process::h9abda90f802eaf21
[INFO] [stdout]                                at /rustc/1b7dd2252b99671ce5d1cb9664c5f8636329436d/library/test/src/lib.rs:678:27
[INFO] [stdout]   34:     0x5646e898b076 - test::run_test::run_test_inner::{{closure}}::h0f058de91f6c6edf
[INFO] [stdout]                                at /rustc/1b7dd2252b99671ce5d1cb9664c5f8636329436d/library/test/src/lib.rs:572:39
[INFO] [stdout]   35:     0x5646e8953f95 - test::run_test::run_test_inner::{{closure}}::h5ca48a4c59c6c1fb
[INFO] [stdout]                                at /rustc/1b7dd2252b99671ce5d1cb9664c5f8636329436d/library/test/src/lib.rs:599:37
[INFO] [stdout]   36:     0x5646e8953f95 - std::sys_common::backtrace::__rust_begin_short_backtrace::h32bd51e1495d4a33
[INFO] [stdout]                                at /rustc/1b7dd2252b99671ce5d1cb9664c5f8636329436d/library/std/src/sys_common/backtrace.rs:134:18
[INFO] [stdout]   37:     0x5646e89594d1 - std::thread::Builder::spawn_unchecked_::{{closure}}::{{closure}}::hc086fae9b128b2db
[INFO] [stdout]                                at /rustc/1b7dd2252b99671ce5d1cb9664c5f8636329436d/library/std/src/thread/mod.rs:526:17
[INFO] [stdout]   38:     0x5646e89594d1 - <core::panic::unwind_safe::AssertUnwindSafe<F> as core::ops::function::FnOnce<()>>::call_once::hb66571888d270d43
[INFO] [stdout]                                at /rustc/1b7dd2252b99671ce5d1cb9664c5f8636329436d/library/core/src/panic/unwind_safe.rs:271:9
[INFO] [stdout]   39:     0x5646e89594d1 - std::panicking::try::do_call::h4fa2ef4f6e51fecf
[INFO] [stdout]                                at /rustc/1b7dd2252b99671ce5d1cb9664c5f8636329436d/library/std/src/panicking.rs:485:40
[INFO] [stdout]   40:     0x5646e89594d1 - std::panicking::try::h1e9e22b8584489b5
[INFO] [stdout]                                at /rustc/1b7dd2252b99671ce5d1cb9664c5f8636329436d/library/std/src/panicking.rs:449:19
[INFO] [stdout]   41:     0x5646e89594d1 - std::panic::catch_unwind::h44698a3de0e0769e
[INFO] [stdout]                                at /rustc/1b7dd2252b99671ce5d1cb9664c5f8636329436d/library/std/src/panic.rs:140:14
[INFO] [stdout]   42:     0x5646e89594d1 - std::thread::Builder::spawn_unchecked_::{{closure}}::h50153abde3fe239e
[INFO] [stdout]                                at /rustc/1b7dd2252b99671ce5d1cb9664c5f8636329436d/library/std/src/thread/mod.rs:525:30
[INFO] [stdout]   43:     0x5646e89594d1 - core::ops::function::FnOnce::call_once{{vtable.shim}}::hbe5bbf6f38394364
[INFO] [stdout]                                at /rustc/1b7dd2252b99671ce5d1cb9664c5f8636329436d/library/core/src/ops/function.rs:250:5
[INFO] [stdout]   44:     0x5646e89bb3f5 - <alloc::boxed::Box<F,A> as core::ops::function::FnOnce<Args>>::call_once::h0d83cb2920a49046
[INFO] [stdout]                                at /rustc/1b7dd2252b99671ce5d1cb9664c5f8636329436d/library/alloc/src/boxed.rs:1973:9
[INFO] [stdout]   45:     0x5646e89bb3f5 - <alloc::boxed::Box<F,A> as core::ops::function::FnOnce<Args>>::call_once::hbe0a008aa7d9ef59
[INFO] [stdout]                                at /rustc/1b7dd2252b99671ce5d1cb9664c5f8636329436d/library/alloc/src/boxed.rs:1973:9
[INFO] [stdout]   46:     0x5646e89bb3f5 - std::sys::unix::thread::Thread::new::thread_start::h3a466996bdf6b1f9
[INFO] [stdout]                                at /rustc/1b7dd2252b99671ce5d1cb9664c5f8636329436d/library/std/src/sys/unix/thread.rs:108:17
[INFO] [stdout]   47:     0x7fc7c9794b43 - <unknown>
[INFO] [stdout]   48:     0x7fc7c9825bb4 - __clone
[INFO] [stdout]   49:                0x0 - <unknown>
[INFO] [stdout] 
[INFO] [stdout] 
[INFO] [stdout] failures:
[INFO] [stdout]     compile_tests
[INFO] [stdout] 
[INFO] [stdout] test result: FAILED. 0 passed; 1 failed; 0 ignored; 0 measured; 0 filtered out; finished in 39.29s
[INFO] [stdout] 
[INFO] [stderr] error: test failed, to rerun pass `-p seamless --test aaa_compile_tests`
[INFO] running `Command { std: "docker" "inspect" "94bae1d35577fd9e49d1d8e143839d5dde5509b7b50d5f886d2e3dd3b111aef4", kill_on_drop: false }`
[INFO] running `Command { std: "docker" "rm" "-f" "94bae1d35577fd9e49d1d8e143839d5dde5509b7b50d5f886d2e3dd3b111aef4", kill_on_drop: false }`
[INFO] [stdout] 94bae1d35577fd9e49d1d8e143839d5dde5509b7b50d5f886d2e3dd3b111aef4
