[INFO] cloning repository https://github.com/joydev-horst/pouch
[INFO] running `Command { std: "git" "-c" "credential.helper=" "-c" "credential.helper=/workspace/cargo-home/bin/git-credential-null" "clone" "--bare" "https://github.com/joydev-horst/pouch" "/workspace/cache/git-repos/https%3A%2F%2Fgithub.com%2Fjoydev-horst%2Fpouch", kill_on_drop: false }`
[INFO] [stderr] Cloning into bare repository '/workspace/cache/git-repos/https%3A%2F%2Fgithub.com%2Fjoydev-horst%2Fpouch'...
[INFO] running `Command { std: "git" "rev-parse" "HEAD", kill_on_drop: false }`
[INFO] [stdout] ca1ef1045bf66d15ea84ce3fe6db0a5b46709e9b
[INFO] testing joydev-horst/pouch against beta-2023-04-20 for beta-1.70-1
[INFO] running `Command { std: "git" "clone" "/workspace/cache/git-repos/https%3A%2F%2Fgithub.com%2Fjoydev-horst%2Fpouch" "/workspace/builds/worker-2-tc2/source", kill_on_drop: false }`
[INFO] [stderr] Cloning into '/workspace/builds/worker-2-tc2/source'...
[INFO] [stderr] done.
[INFO] validating manifest of git repo https://github.com/joydev-horst/pouch on toolchain beta-2023-04-20
[INFO] running `Command { std: CARGO_HOME="/workspace/cargo-home" RUSTUP_HOME="/workspace/rustup-home" "/workspace/cargo-home/bin/cargo" "+beta-2023-04-20" "metadata" "--manifest-path" "Cargo.toml" "--no-deps", kill_on_drop: false }`
[INFO] removed /workspace/builds/worker-2-tc2/source/.cargo/config
[INFO] started tweaking git repo https://github.com/joydev-horst/pouch
[INFO] finished tweaking git repo https://github.com/joydev-horst/pouch
[INFO] tweaked toml for git repo https://github.com/joydev-horst/pouch written to /workspace/builds/worker-2-tc2/source/Cargo.toml
[INFO] crate git repo https://github.com/joydev-horst/pouch already has a lockfile, it will not be regenerated
[INFO] running `Command { std: CARGO_HOME="/workspace/cargo-home" RUSTUP_HOME="/workspace/rustup-home" "/workspace/cargo-home/bin/cargo" "+beta-2023-04-20" "fetch" "--manifest-path" "Cargo.toml", kill_on_drop: false }`
[INFO] [stderr]  Downloading crates ...
[INFO] [stderr]   Downloaded wasm-bindgen-test v0.3.21
[INFO] [stderr]   Downloaded wasm-bindgen-test-macro v0.3.21
[INFO] running `Command { std: "docker" "create" "-v" "/var/lib/crater-agent-workspace/builds/worker-2-tc2/target:/opt/rustwide/target:rw,Z" "-v" "/var/lib/crater-agent-workspace/builds/worker-2-tc2/source:/opt/rustwide/workdir:ro,Z" "-v" "/var/lib/crater-agent-workspace/cargo-home:/opt/rustwide/cargo-home:ro,Z" "-v" "/var/lib/crater-agent-workspace/rustup-home:/opt/rustwide/rustup-home:ro,Z" "-e" "SOURCE_DIR=/opt/rustwide/workdir" "-e" "CARGO_TARGET_DIR=/opt/rustwide/target" "-e" "CARGO_HOME=/opt/rustwide/cargo-home" "-e" "RUSTUP_HOME=/opt/rustwide/rustup-home" "-w" "/opt/rustwide/workdir" "-m" "1610612736" "--user" "0:0" "--network" "none" "ghcr.io/rust-lang/crates-build-env/linux@sha256:5ff2268d62e97bff2cde7d5815dd6ed5b47097566f13b8d0ca110b04b60e07ed" "/opt/rustwide/cargo-home/bin/cargo" "+beta-2023-04-20" "metadata" "--no-deps" "--format-version=1", kill_on_drop: false }`
[INFO] [stdout] d1be0da277162327ca359f7a989d9bf19713e03a1ccb02fe28e94ee832bd5f96
[INFO] running `Command { std: "docker" "start" "-a" "d1be0da277162327ca359f7a989d9bf19713e03a1ccb02fe28e94ee832bd5f96", kill_on_drop: false }`
[INFO] running `Command { std: "docker" "inspect" "d1be0da277162327ca359f7a989d9bf19713e03a1ccb02fe28e94ee832bd5f96", kill_on_drop: false }`
[INFO] running `Command { std: "docker" "rm" "-f" "d1be0da277162327ca359f7a989d9bf19713e03a1ccb02fe28e94ee832bd5f96", kill_on_drop: false }`
[INFO] [stdout] d1be0da277162327ca359f7a989d9bf19713e03a1ccb02fe28e94ee832bd5f96
[INFO] running `Command { std: "docker" "create" "-v" "/var/lib/crater-agent-workspace/builds/worker-2-tc2/target:/opt/rustwide/target:rw,Z" "-v" "/var/lib/crater-agent-workspace/builds/worker-2-tc2/source:/opt/rustwide/workdir:ro,Z" "-v" "/var/lib/crater-agent-workspace/cargo-home:/opt/rustwide/cargo-home:ro,Z" "-v" "/var/lib/crater-agent-workspace/rustup-home:/opt/rustwide/rustup-home:ro,Z" "-e" "SOURCE_DIR=/opt/rustwide/workdir" "-e" "CARGO_TARGET_DIR=/opt/rustwide/target" "-e" "CARGO_INCREMENTAL=0" "-e" "RUST_BACKTRACE=full" "-e" "RUSTFLAGS=--cap-lints=warn" "-e" "RUSTDOCFLAGS=--cap-lints=warn" "-e" "CARGO_HOME=/opt/rustwide/cargo-home" "-e" "RUSTUP_HOME=/opt/rustwide/rustup-home" "-w" "/opt/rustwide/workdir" "-m" "1610612736" "--user" "0:0" "--network" "none" "ghcr.io/rust-lang/crates-build-env/linux@sha256:5ff2268d62e97bff2cde7d5815dd6ed5b47097566f13b8d0ca110b04b60e07ed" "/opt/rustwide/cargo-home/bin/cargo" "+beta-2023-04-20" "build" "--frozen" "--message-format=json", kill_on_drop: false }`
[INFO] [stdout] 8481f1bd74b02e95be24b2c563b5350b0afd4c6f1be6335d11a4ac319a718d8c
[INFO] running `Command { std: "docker" "start" "-a" "8481f1bd74b02e95be24b2c563b5350b0afd4c6f1be6335d11a4ac319a718d8c", kill_on_drop: false }`
[INFO] [stderr]    Compiling proc-macro2 v1.0.24
[INFO] [stderr]    Compiling unicode-xid v0.2.1
[INFO] [stderr]    Compiling syn v1.0.60
[INFO] [stderr]    Compiling wasm-bindgen-shared v0.2.71
[INFO] [stderr]    Compiling log v0.4.14
[INFO] [stderr]    Compiling serde_derive v1.0.124
[INFO] [stderr]    Compiling ryu v1.0.5
[INFO] [stderr]    Compiling serde v1.0.124
[INFO] [stderr]    Compiling bumpalo v3.6.1
[INFO] [stderr]    Compiling lazy_static v1.4.0
[INFO] [stderr]    Compiling serde_json v1.0.64
[INFO] [stderr]    Compiling wasm-bindgen v0.2.71
[INFO] [stderr]    Compiling itoa v0.4.7
[INFO] [stderr]    Compiling quote v1.0.9
[INFO] [stderr]    Compiling wasm-bindgen-backend v0.2.71
[INFO] [stderr]    Compiling wasm-bindgen-macro-support v0.2.71
[INFO] [stderr]    Compiling wasm-bindgen-macro v0.2.71
[INFO] [stderr]    Compiling js-sys v0.3.48
[INFO] [stderr]    Compiling wasm-bindgen-futures v0.4.21
[INFO] [stderr]    Compiling pouch v0.0.7-alpha (/opt/rustwide/workdir)
[INFO] [stderr]     Finished dev [unoptimized + debuginfo] target(s) in 15.82s
[INFO] running `Command { std: "docker" "inspect" "8481f1bd74b02e95be24b2c563b5350b0afd4c6f1be6335d11a4ac319a718d8c", kill_on_drop: false }`
[INFO] running `Command { std: "docker" "rm" "-f" "8481f1bd74b02e95be24b2c563b5350b0afd4c6f1be6335d11a4ac319a718d8c", kill_on_drop: false }`
[INFO] [stdout] 8481f1bd74b02e95be24b2c563b5350b0afd4c6f1be6335d11a4ac319a718d8c
[INFO] running `Command { std: "docker" "create" "-v" "/var/lib/crater-agent-workspace/builds/worker-2-tc2/target:/opt/rustwide/target:rw,Z" "-v" "/var/lib/crater-agent-workspace/builds/worker-2-tc2/source:/opt/rustwide/workdir:ro,Z" "-v" "/var/lib/crater-agent-workspace/cargo-home:/opt/rustwide/cargo-home:ro,Z" "-v" "/var/lib/crater-agent-workspace/rustup-home:/opt/rustwide/rustup-home:ro,Z" "-e" "SOURCE_DIR=/opt/rustwide/workdir" "-e" "CARGO_TARGET_DIR=/opt/rustwide/target" "-e" "CARGO_INCREMENTAL=0" "-e" "RUST_BACKTRACE=full" "-e" "RUSTFLAGS=--cap-lints=warn" "-e" "RUSTDOCFLAGS=--cap-lints=warn" "-e" "CARGO_HOME=/opt/rustwide/cargo-home" "-e" "RUSTUP_HOME=/opt/rustwide/rustup-home" "-w" "/opt/rustwide/workdir" "-m" "1610612736" "--user" "0:0" "--network" "none" "ghcr.io/rust-lang/crates-build-env/linux@sha256:5ff2268d62e97bff2cde7d5815dd6ed5b47097566f13b8d0ca110b04b60e07ed" "/opt/rustwide/cargo-home/bin/cargo" "+beta-2023-04-20" "test" "--frozen" "--no-run" "--message-format=json", kill_on_drop: false }`
[INFO] [stdout] d59d2f1e06498c3b7e42b70a0cf4567629a3d28c9c14ac055adbcff49a0580b0
[INFO] running `Command { std: "docker" "start" "-a" "d59d2f1e06498c3b7e42b70a0cf4567629a3d28c9c14ac055adbcff49a0580b0", kill_on_drop: false }`
[INFO] [stderr]    Compiling cfg-if v0.1.10
[INFO] [stderr]    Compiling scoped-tls v1.0.0
[INFO] [stderr]    Compiling wasm-bindgen-test-macro v0.3.21
[INFO] [stderr]    Compiling console_error_panic_hook v0.1.6
[INFO] [stderr]    Compiling wasm-bindgen-test v0.3.21
[INFO] [stderr]    Compiling pouch v0.0.7-alpha (/opt/rustwide/workdir)
[INFO] [stderr]     Finished test [unoptimized + debuginfo] target(s) in 1.78s
[INFO] running `Command { std: "docker" "inspect" "d59d2f1e06498c3b7e42b70a0cf4567629a3d28c9c14ac055adbcff49a0580b0", kill_on_drop: false }`
[INFO] running `Command { std: "docker" "rm" "-f" "d59d2f1e06498c3b7e42b70a0cf4567629a3d28c9c14ac055adbcff49a0580b0", kill_on_drop: false }`
[INFO] [stdout] d59d2f1e06498c3b7e42b70a0cf4567629a3d28c9c14ac055adbcff49a0580b0
[INFO] running `Command { std: "docker" "create" "-v" "/var/lib/crater-agent-workspace/builds/worker-2-tc2/target:/opt/rustwide/target:rw,Z" "-v" "/var/lib/crater-agent-workspace/builds/worker-2-tc2/source:/opt/rustwide/workdir:ro,Z" "-v" "/var/lib/crater-agent-workspace/cargo-home:/opt/rustwide/cargo-home:ro,Z" "-v" "/var/lib/crater-agent-workspace/rustup-home:/opt/rustwide/rustup-home:ro,Z" "-e" "SOURCE_DIR=/opt/rustwide/workdir" "-e" "CARGO_TARGET_DIR=/opt/rustwide/target" "-e" "CARGO_INCREMENTAL=0" "-e" "RUST_BACKTRACE=full" "-e" "RUSTFLAGS=--cap-lints=warn" "-e" "RUSTDOCFLAGS=--cap-lints=warn" "-e" "CARGO_HOME=/opt/rustwide/cargo-home" "-e" "RUSTUP_HOME=/opt/rustwide/rustup-home" "-w" "/opt/rustwide/workdir" "-m" "1610612736" "--user" "0:0" "--network" "none" "ghcr.io/rust-lang/crates-build-env/linux@sha256:5ff2268d62e97bff2cde7d5815dd6ed5b47097566f13b8d0ca110b04b60e07ed" "/opt/rustwide/cargo-home/bin/cargo" "+beta-2023-04-20" "test" "--frozen", kill_on_drop: false }`
[INFO] [stdout] cc29057a6d634f413b4f5a33647d25bc6201b6d3a8b25cdfb45564d2903de16f
[INFO] running `Command { std: "docker" "start" "-a" "cc29057a6d634f413b4f5a33647d25bc6201b6d3a8b25cdfb45564d2903de16f", kill_on_drop: false }`
[INFO] [stderr]     Finished test [unoptimized + debuginfo] target(s) in 0.03s
[INFO] [stdout] 
[INFO] [stdout] running 0 tests
[INFO] [stdout] 
[INFO] [stdout] test result: ok. 0 passed; 0 failed; 0 ignored; 0 measured; 0 filtered out; finished in 0.00s
[INFO] [stdout] 
[INFO] [stderr]      Running unittests src/lib.rs (/opt/rustwide/target/debug/deps/pouch-9429395ef970b81d)
[INFO] [stdout] 
[INFO] [stderr]      Running tests/db-new-browser.rs (/opt/rustwide/target/debug/deps/db_new_browser-0169b96da410d8d0)
[INFO] [stdout] running 0 tests
[INFO] [stderr]      Running tests/db-new-node.rs (/opt/rustwide/target/debug/deps/db_new_node-ffb3414ef8f4c173)
[INFO] [stdout] 
[INFO] [stdout] test result: ok. 0 passed; 0 failed; 0 ignored; 0 measured; 0 filtered out; finished in 0.00s
[INFO] [stdout] 
[INFO] [stdout] 
[INFO] [stderr]    Doc-tests pouch
[INFO] [stdout] running 0 tests
[INFO] [stdout] 
[INFO] [stdout] test result: ok. 0 passed; 0 failed; 0 ignored; 0 measured; 0 filtered out; finished in 0.00s
[INFO] [stdout] 
[INFO] [stdout] 
[INFO] [stdout] running 5 tests
[INFO] [stdout] test src/database.rs - database::Database::close (line 65) ... FAILED
[INFO] [stdout] test src/database.rs - database::Database::info (line 41) ... FAILED
[INFO] [stdout] test src/lib.rs - prelude (line 36) ... ok
[INFO] [stdout] test src/lib.rs - version (line 24) ... ok
[INFO] [stdout] test src/database.rs - database::Database::new (line 26) ... FAILED
[INFO] [stdout] 
[INFO] [stdout] failures:
[INFO] [stdout] 
[INFO] [stdout] ---- src/database.rs - database::Database::close (line 65) stdout ----
[INFO] [stdout] error[E0425]: cannot find value `db` in this scope
[INFO] [stdout]  --> src/database.rs:68:1
[INFO] [stdout]   |
[INFO] [stdout] 5 | db.close().await?;
[INFO] [stdout]   | ^^ not found in this scope
[INFO] [stdout] 
[INFO] [stdout] error[E0728]: `await` is only allowed inside `async` functions and blocks
[INFO] [stdout]  --> src/database.rs:68:11
[INFO] [stdout]   |
[INFO] [stdout] 4 | fn main() { #[allow(non_snake_case)] fn _doctest_main_src_database_rs_65_0() {
[INFO] [stdout]   |                                         ---------------------------------- this is not `async`
[INFO] [stdout] 5 | db.close().await?;
[INFO] [stdout]   |           ^^^^^^ only allowed inside `async` functions and blocks
[INFO] [stdout] 
[INFO] [stdout] error[E0277]: the `?` operator can only be used in a function that returns `Result` or `Option` (or another type that implements `FromResidual`)
[INFO] [stdout]  --> src/database.rs:68:17
[INFO] [stdout]   |
[INFO] [stdout] 4 | fn main() { #[allow(non_snake_case)] fn _doctest_main_src_database_rs_65_0() {
[INFO] [stdout]   |                                      --------------------------------------- this function should return `Result` or `Option` to accept `?`
[INFO] [stdout] 5 | db.close().await?;
[INFO] [stdout]   |                 ^ cannot use the `?` operator in a function that returns `()`
[INFO] [stdout]   |
[INFO] [stdout]   = help: the trait `FromResidual<_>` is not implemented for `()`
[INFO] [stdout] 
[INFO] [stdout] error: aborting due to 3 previous errors
[INFO] [stdout] 
[INFO] [stdout] Some errors have detailed explanations: E0277, E0425, E0728.
[INFO] [stdout] For more information about an error, try `rustc --explain E0277`.
[INFO] [stdout] Couldn't compile the test.
[INFO] [stdout] ---- src/database.rs - database::Database::info (line 41) stdout ----
[INFO] [stdout] error[E0412]: cannot find type `DatabaseInfo` in this scope
[INFO] [stdout]  --> src/database.rs:43:11
[INFO] [stdout]   |
[INFO] [stdout] 4 | let info: DatabaseInfo = db.info().await?;
[INFO] [stdout]   |           ^^^^^^^^^^^^ not found in this scope
[INFO] [stdout]   |
[INFO] [stdout] help: consider importing this struct
[INFO] [stdout]   |
[INFO] [stdout] 3 + use pouch::DatabaseInfo;
[INFO] [stdout]   |
[INFO] [stdout] 
[INFO] [stdout] error[E0425]: cannot find value `db` in this scope
[INFO] [stdout]  --> src/database.rs:43:26
[INFO] [stdout]   |
[INFO] [stdout] 4 | let info: DatabaseInfo = db.info().await?;
[INFO] [stdout]   |                          ^^ not found in this scope
[INFO] [stdout] 
[INFO] [stdout] error[E0728]: `await` is only allowed inside `async` functions and blocks
[INFO] [stdout]  --> src/database.rs:43:35
[INFO] [stdout]   |
[INFO] [stdout] 3 | fn main() { #[allow(non_snake_case)] fn _doctest_main_src_database_rs_41_0() {
[INFO] [stdout]   |                                         ---------------------------------- this is not `async`
[INFO] [stdout] 4 | let info: DatabaseInfo = db.info().await?;
[INFO] [stdout]   |                                   ^^^^^^ only allowed inside `async` functions and blocks
[INFO] [stdout] 
[INFO] [stdout] error[E0277]: the `?` operator can only be used in a function that returns `Result` or `Option` (or another type that implements `FromResidual`)
[INFO] [stdout]  --> src/database.rs:43:41
[INFO] [stdout]   |
[INFO] [stdout] 3 | fn main() { #[allow(non_snake_case)] fn _doctest_main_src_database_rs_41_0() {
[INFO] [stdout]   |                                      --------------------------------------- this function should return `Result` or `Option` to accept `?`
[INFO] [stdout] 4 | let info: DatabaseInfo = db.info().await?;
[INFO] [stdout]   |                                         ^ cannot use the `?` operator in a function that returns `()`
[INFO] [stdout]   |
[INFO] [stdout]   = help: the trait `FromResidual<_>` is not implemented for `()`
[INFO] [stdout] 
[INFO] [stdout] error: aborting due to 4 previous errors
[INFO] [stdout] 
[INFO] [stdout] Some errors have detailed explanations: E0277, E0412, E0425, E0728.
[INFO] [stdout] For more information about an error, try `rustc --explain E0277`.
[INFO] [stdout] Couldn't compile the test.
[INFO] [stdout] ---- src/database.rs - database::Database::new (line 26) stdout ----
[INFO] [stdout] Test executable failed (exit status: 101).
[INFO] [stdout] 
[INFO] [stdout] stderr:
[INFO] [stdout] thread 'main' panicked at 'cannot call wasm-bindgen imported functions on non-wasm targets', src/pouchdb/bindings.rs:5:1
[INFO] [stdout] stack backtrace:
[INFO] [stdout]    0:     0x564963d4fe4a - std::backtrace_rs::backtrace::libunwind::trace::h2f05d0192276a8f6
[INFO] [stdout]                                at /rustc/1b7dd2252b99671ce5d1cb9664c5f8636329436d/library/std/src/../../backtrace/src/backtrace/libunwind.rs:93:5
[INFO] [stdout]    1:     0x564963d4fe4a - std::backtrace_rs::backtrace::trace_unsynchronized::hedc23dff7a1af150
[INFO] [stdout]                                at /rustc/1b7dd2252b99671ce5d1cb9664c5f8636329436d/library/std/src/../../backtrace/src/backtrace/mod.rs:66:5
[INFO] [stdout]    2:     0x564963d4fe4a - std::sys_common::backtrace::_print_fmt::h17541ef7592f3ce2
[INFO] [stdout]                                at /rustc/1b7dd2252b99671ce5d1cb9664c5f8636329436d/library/std/src/sys_common/backtrace.rs:65:5
[INFO] [stdout]    3:     0x564963d4fe4a - <std::sys_common::backtrace::_print::DisplayBacktrace as core::fmt::Display>::fmt::h20f75df5ab0c0792
[INFO] [stdout]                                at /rustc/1b7dd2252b99671ce5d1cb9664c5f8636329436d/library/std/src/sys_common/backtrace.rs:44:22
[INFO] [stdout]    4:     0x564963d69f9f - core::fmt::write::h78109e6f466b3af6
[INFO] [stdout]                                at /rustc/1b7dd2252b99671ce5d1cb9664c5f8636329436d/library/core/src/fmt/mod.rs:1254:17
[INFO] [stdout]    5:     0x564963d4dca5 - std::io::Write::write_fmt::hc59e1b02dd273c8a
[INFO] [stdout]                                at /rustc/1b7dd2252b99671ce5d1cb9664c5f8636329436d/library/std/src/io/mod.rs:1698:15
[INFO] [stdout]    6:     0x564963d4fc15 - std::sys_common::backtrace::_print::h8dac57a9f8fbf9a5
[INFO] [stdout]                                at /rustc/1b7dd2252b99671ce5d1cb9664c5f8636329436d/library/std/src/sys_common/backtrace.rs:47:5
[INFO] [stdout]    7:     0x564963d4fc15 - std::sys_common::backtrace::print::hf9ecbf41d1aa712f
[INFO] [stdout]                                at /rustc/1b7dd2252b99671ce5d1cb9664c5f8636329436d/library/std/src/sys_common/backtrace.rs:34:9
[INFO] [stdout]    8:     0x564963d5119e - std::panicking::default_hook::{{closure}}::h04c07acfc84ca028
[INFO] [stdout]                                at /rustc/1b7dd2252b99671ce5d1cb9664c5f8636329436d/library/std/src/panicking.rs:269:22
[INFO] [stdout]    9:     0x564963d50f45 - std::panicking::default_hook::h01f6bb23e1eceb2c
[INFO] [stdout]                                at /rustc/1b7dd2252b99671ce5d1cb9664c5f8636329436d/library/std/src/panicking.rs:288:9
[INFO] [stdout]   10:     0x564963d516fe - std::panicking::rust_panic_with_hook::h2bb3722bbaf2f6df
[INFO] [stdout]                                at /rustc/1b7dd2252b99671ce5d1cb9664c5f8636329436d/library/std/src/panicking.rs:691:13
[INFO] [stdout]   11:     0x564963d38f2a - std::panicking::begin_panic::{{closure}}::h2b0d400f6de7ff91
[INFO] [stdout]                                at /rustc/1b7dd2252b99671ce5d1cb9664c5f8636329436d/library/std/src/panicking.rs:611:9
[INFO] [stdout]   12:     0x564963d38e1d - std::sys_common::backtrace::__rust_end_short_backtrace::h6c831c42685f7aec
[INFO] [stdout]                                at /rustc/1b7dd2252b99671ce5d1cb9664c5f8636329436d/library/std/src/sys_common/backtrace.rs:150:18
[INFO] [stdout]   13:     0x564963d38e67 - std::panicking::begin_panic::h0c7ac9587bd0a678
[INFO] [stdout]                                at /rustc/1b7dd2252b99671ce5d1cb9664c5f8636329436d/library/std/src/panicking.rs:610:12
[INFO] [stdout]   14:     0x564963d369cd - pouch::pouchdb::bindings::PouchDB::new::__wbg_new_9772b286aff0e4db::hcecefe0f44d04ab6
[INFO] [stdout]                                at /opt/rustwide/workdir/src/pouchdb/bindings.rs:5:1
[INFO] [stdout]   15:     0x564963d3698a - pouch::pouchdb::bindings::PouchDB::new::hbf3712a663d66625
[INFO] [stdout]                                at /opt/rustwide/workdir/src/pouchdb/bindings.rs:5:1
[INFO] [stdout]   16:     0x564963d36779 - pouch::database::Database::new::hf4266ab75ee4b787
[INFO] [stdout]                                at /opt/rustwide/workdir/src/database.rs:33:20
[INFO] [stdout]   17:     0x564963d36653 - rust_out::main::_doctest_main_src_database_rs_26_0::h7fdd9de6c0ba2302
[INFO] [stdout]   18:     0x564963d36636 - rust_out::main::h2731449a68dfa004
[INFO] [stdout]   19:     0x564963d365e3 - core::ops::function::FnOnce::call_once::hd1715aa1b26fc35c
[INFO] [stdout]   20:     0x564963d36526 - std::sys_common::backtrace::__rust_begin_short_backtrace::h8d2b4d09ce515535
[INFO] [stdout]   21:     0x564963d36579 - std::rt::lang_start::{{closure}}::hc9a918c63b0dc835
[INFO] [stdout]   22:     0x564963d4c2ae - core::ops::function::impls::<impl core::ops::function::FnOnce<A> for &F>::call_once::h2eb19b8ce4148df4
[INFO] [stdout]                                at /rustc/1b7dd2252b99671ce5d1cb9664c5f8636329436d/library/core/src/ops/function.rs:287:13
[INFO] [stdout]   23:     0x564963d4c2ae - std::panicking::try::do_call::h2e900feff5d504c5
[INFO] [stdout]                                at /rustc/1b7dd2252b99671ce5d1cb9664c5f8636329436d/library/std/src/panicking.rs:485:40
[INFO] [stdout]   24:     0x564963d4c2ae - std::panicking::try::h8854836cb85aa9f2
[INFO] [stdout]                                at /rustc/1b7dd2252b99671ce5d1cb9664c5f8636329436d/library/std/src/panicking.rs:449:19
[INFO] [stdout]   25:     0x564963d4c2ae - std::panic::catch_unwind::h706025dd4c48f64b
[INFO] [stdout]                                at /rustc/1b7dd2252b99671ce5d1cb9664c5f8636329436d/library/std/src/panic.rs:140:14
[INFO] [stdout]   26:     0x564963d4c2ae - std::rt::lang_start_internal::{{closure}}::h7be5b97f4a07a91a
[INFO] [stdout]                                at /rustc/1b7dd2252b99671ce5d1cb9664c5f8636329436d/library/std/src/rt.rs:148:48
[INFO] [stdout]   27:     0x564963d4c2ae - std::panicking::try::do_call::h59847e9d0a176965
[INFO] [stdout]                                at /rustc/1b7dd2252b99671ce5d1cb9664c5f8636329436d/library/std/src/panicking.rs:485:40
[INFO] [stdout]   28:     0x564963d4c2ae - std::panicking::try::h399a918ba8522823
[INFO] [stdout]                                at /rustc/1b7dd2252b99671ce5d1cb9664c5f8636329436d/library/std/src/panicking.rs:449:19
[INFO] [stdout]   29:     0x564963d4c2ae - std::panic::catch_unwind::hca7ca6c55b2a2e26
[INFO] [stdout]                                at /rustc/1b7dd2252b99671ce5d1cb9664c5f8636329436d/library/std/src/panic.rs:140:14
[INFO] [stdout]   30:     0x564963d4c2ae - std::rt::lang_start_internal::h2c807a81560459eb
[INFO] [stdout]                                at /rustc/1b7dd2252b99671ce5d1cb9664c5f8636329436d/library/std/src/rt.rs:148:20
[INFO] [stdout]   31:     0x564963d36557 - std::rt::lang_start::hc4bd3329ce767e23
[INFO] [stdout]   32:     0x564963d36685 - main
[INFO] [stdout]   33:     0x7f501852ad90 - <unknown>
[INFO] [stdout]   34:     0x7f501852ae40 - __libc_start_main
[INFO] [stdout]   35:     0x564963d36455 - _start
[INFO] [stdout]   36:                0x0 - <unknown>
[INFO] [stdout] 
[INFO] [stdout] 
[INFO] [stdout] 
[INFO] [stdout] failures:
[INFO] [stdout]     src/database.rs - database::Database::close (line 65)
[INFO] [stdout]     src/database.rs - database::Database::info (line 41)
[INFO] [stdout]     src/database.rs - database::Database::new (line 26)
[INFO] [stdout] 
[INFO] [stdout] test result: FAILED. 2 passed; 3 failed; 0 ignored; 0 measured; 0 filtered out; finished in 0.67s
[INFO] [stdout] 
[INFO] [stderr] error: doctest failed, to rerun pass `--doc`
[INFO] running `Command { std: "docker" "inspect" "cc29057a6d634f413b4f5a33647d25bc6201b6d3a8b25cdfb45564d2903de16f", kill_on_drop: false }`
[INFO] running `Command { std: "docker" "rm" "-f" "cc29057a6d634f413b4f5a33647d25bc6201b6d3a8b25cdfb45564d2903de16f", kill_on_drop: false }`
[INFO] [stdout] cc29057a6d634f413b4f5a33647d25bc6201b6d3a8b25cdfb45564d2903de16f
