[INFO] cloning repository https://github.com/joshbenaron/ic-assignment
[INFO] running `Command { std: "git" "-c" "credential.helper=" "-c" "credential.helper=/workspace/cargo-home/bin/git-credential-null" "clone" "--bare" "https://github.com/joshbenaron/ic-assignment" "/workspace/cache/git-repos/https%3A%2F%2Fgithub.com%2Fjoshbenaron%2Fic-assignment", kill_on_drop: false }`
[INFO] [stderr] Cloning into bare repository '/workspace/cache/git-repos/https%3A%2F%2Fgithub.com%2Fjoshbenaron%2Fic-assignment'...
[INFO] running `Command { std: "git" "rev-parse" "HEAD", kill_on_drop: false }`
[INFO] [stdout] e7237261afbe9b7326a092c9e1d764ce1c8a13d1
[INFO] testing joshbenaron/ic-assignment against 1.69.0 for beta-1.70-1
[INFO] running `Command { std: "git" "clone" "/workspace/cache/git-repos/https%3A%2F%2Fgithub.com%2Fjoshbenaron%2Fic-assignment" "/workspace/builds/worker-7-tc1/source", kill_on_drop: false }`
[INFO] [stderr] Cloning into '/workspace/builds/worker-7-tc1/source'...
[INFO] [stderr] done.
[INFO] validating manifest of git repo https://github.com/joshbenaron/ic-assignment on toolchain 1.69.0
[INFO] running `Command { std: CARGO_HOME="/workspace/cargo-home" RUSTUP_HOME="/workspace/rustup-home" "/workspace/cargo-home/bin/cargo" "+1.69.0" "metadata" "--manifest-path" "Cargo.toml" "--no-deps", kill_on_drop: false }`
[INFO] started tweaking git repo https://github.com/joshbenaron/ic-assignment
[INFO] finished tweaking git repo https://github.com/joshbenaron/ic-assignment
[INFO] tweaked toml for git repo https://github.com/joshbenaron/ic-assignment written to /workspace/builds/worker-7-tc1/source/Cargo.toml
[INFO] crate git repo https://github.com/joshbenaron/ic-assignment already has a lockfile, it will not be regenerated
[INFO] running `Command { std: CARGO_HOME="/workspace/cargo-home" RUSTUP_HOME="/workspace/rustup-home" "/workspace/cargo-home/bin/cargo" "+1.69.0" "fetch" "--manifest-path" "Cargo.toml", kill_on_drop: false }`
[INFO] running `Command { std: "docker" "create" "-v" "/var/lib/crater-agent-workspace/builds/worker-7-tc1/target:/opt/rustwide/target:rw,Z" "-v" "/var/lib/crater-agent-workspace/builds/worker-7-tc1/source:/opt/rustwide/workdir:ro,Z" "-v" "/var/lib/crater-agent-workspace/cargo-home:/opt/rustwide/cargo-home:ro,Z" "-v" "/var/lib/crater-agent-workspace/rustup-home:/opt/rustwide/rustup-home:ro,Z" "-e" "SOURCE_DIR=/opt/rustwide/workdir" "-e" "CARGO_TARGET_DIR=/opt/rustwide/target" "-e" "CARGO_HOME=/opt/rustwide/cargo-home" "-e" "RUSTUP_HOME=/opt/rustwide/rustup-home" "-w" "/opt/rustwide/workdir" "-m" "1610612736" "--user" "0:0" "--network" "none" "ghcr.io/rust-lang/crates-build-env/linux@sha256:5ff2268d62e97bff2cde7d5815dd6ed5b47097566f13b8d0ca110b04b60e07ed" "/opt/rustwide/cargo-home/bin/cargo" "+1.69.0" "metadata" "--no-deps" "--format-version=1", kill_on_drop: false }`
[INFO] [stdout] ce60ede869a8750701b3bef937730d6226dcfb114ddc9b8ba67865689db0a297
[INFO] running `Command { std: "docker" "start" "-a" "ce60ede869a8750701b3bef937730d6226dcfb114ddc9b8ba67865689db0a297", kill_on_drop: false }`
[INFO] running `Command { std: "docker" "inspect" "ce60ede869a8750701b3bef937730d6226dcfb114ddc9b8ba67865689db0a297", kill_on_drop: false }`
[INFO] running `Command { std: "docker" "rm" "-f" "ce60ede869a8750701b3bef937730d6226dcfb114ddc9b8ba67865689db0a297", kill_on_drop: false }`
[INFO] [stdout] ce60ede869a8750701b3bef937730d6226dcfb114ddc9b8ba67865689db0a297
[INFO] running `Command { std: "docker" "create" "-v" "/var/lib/crater-agent-workspace/builds/worker-7-tc1/target:/opt/rustwide/target:rw,Z" "-v" "/var/lib/crater-agent-workspace/builds/worker-7-tc1/source:/opt/rustwide/workdir:ro,Z" "-v" "/var/lib/crater-agent-workspace/cargo-home:/opt/rustwide/cargo-home:ro,Z" "-v" "/var/lib/crater-agent-workspace/rustup-home:/opt/rustwide/rustup-home:ro,Z" "-e" "SOURCE_DIR=/opt/rustwide/workdir" "-e" "CARGO_TARGET_DIR=/opt/rustwide/target" "-e" "CARGO_INCREMENTAL=0" "-e" "RUST_BACKTRACE=full" "-e" "RUSTFLAGS=--cap-lints=warn" "-e" "RUSTDOCFLAGS=--cap-lints=warn" "-e" "CARGO_HOME=/opt/rustwide/cargo-home" "-e" "RUSTUP_HOME=/opt/rustwide/rustup-home" "-w" "/opt/rustwide/workdir" "-m" "1610612736" "--user" "0:0" "--network" "none" "ghcr.io/rust-lang/crates-build-env/linux@sha256:5ff2268d62e97bff2cde7d5815dd6ed5b47097566f13b8d0ca110b04b60e07ed" "/opt/rustwide/cargo-home/bin/cargo" "+1.69.0" "build" "--frozen" "--message-format=json", kill_on_drop: false }`
[INFO] [stdout] 24737eda4fbb4aa648731982f8640cd63eed511b5e1f7b76f1b8dd3ca094464a
[INFO] running `Command { std: "docker" "start" "-a" "24737eda4fbb4aa648731982f8640cd63eed511b5e1f7b76f1b8dd3ca094464a", kill_on_drop: false }`
[INFO] [stderr]    Compiling libc v0.2.94
[INFO] [stderr]    Compiling cfg-if v1.0.0
[INFO] [stderr]    Compiling version_check v0.9.3
[INFO] [stderr]    Compiling autocfg v1.0.1
[INFO] [stderr]    Compiling proc-macro2 v1.0.27
[INFO] [stderr]    Compiling unicode-xid v0.2.2
[INFO] [stderr]    Compiling syn v1.0.72
[INFO] [stderr]    Compiling pin-project-lite v0.2.6
[INFO] [stderr]    Compiling memchr v2.4.0
[INFO] [stderr]    Compiling futures-core v0.3.15
[INFO] [stderr]    Compiling log v0.4.14
[INFO] [stderr]    Compiling bytes v1.0.1
[INFO] [stderr]    Compiling smallvec v1.6.1
[INFO] [stderr]    Compiling once_cell v1.7.2
[INFO] [stderr]    Compiling futures-sink v0.3.15
[INFO] [stderr]    Compiling lock_api v0.4.4
[INFO] [stderr]    Compiling instant v0.1.9
[INFO] [stderr]    Compiling proc-macro-hack v0.5.19
[INFO] [stderr]    Compiling typenum v1.13.0
[INFO] [stderr]    Compiling futures-task v0.3.15
[INFO] [stderr]    Compiling itoa v0.4.7
[INFO] [stderr]    Compiling const_fn v0.4.8
[INFO] [stderr]    Compiling serde v1.0.126
[INFO] [stderr]    Compiling brotli-sys v0.3.2
[INFO] [stderr]    Compiling percent-encoding v2.1.0
[INFO] [stderr]    Compiling standback v0.2.17
[INFO] [stderr]    Compiling generic-array v0.14.4
[INFO] [stderr]    Compiling tokio v1.6.0
[INFO] [stderr]    Compiling futures-util v0.3.15
[INFO] [stderr]    Compiling indexmap v1.6.2
[INFO] [stderr]    Compiling miniz_oxide v0.4.4
[INFO] [stderr]    Compiling time v0.2.26
[INFO] [stderr]    Compiling local-waker v0.1.1
[INFO] [stderr]    Compiling ryu v1.0.5
[INFO] [stderr]    Compiling crc32fast v1.2.1
[INFO] [stderr]    Compiling fnv v1.0.7
[INFO] [stderr]    Compiling pin-utils v0.1.0
[INFO] [stderr]    Compiling http v0.2.4
[INFO] [stderr]    Compiling tracing-core v0.1.18
[INFO] [stderr]    Compiling ahash v0.7.3
[INFO] [stderr]    Compiling quote v1.0.9
[INFO] [stderr]    Compiling ppv-lite86 v0.2.10
[INFO] [stderr]    Compiling parking_lot_core v0.8.3
[INFO] [stderr]    Compiling mio v0.7.11
[INFO] [stderr]    Compiling signal-hook-registry v1.3.0
[INFO] [stderr]    Compiling getrandom v0.2.3
[INFO] [stderr]    Compiling parking_lot v0.11.1
[INFO] [stderr]    Compiling rand_core v0.6.2
[INFO] [stderr]    Compiling convert_case v0.4.0
[INFO] [stderr]    Compiling encoding_rs v0.8.28
[INFO] [stderr]    Compiling httparse v1.4.1
[INFO] [stderr]    Compiling paste v1.0.5
[INFO] [stderr]    Compiling adler v1.0.2
[INFO] [stderr]    Compiling hashbrown v0.9.1
[INFO] [stderr]    Compiling rand_chacha v0.3.0
[INFO] [stderr]    Compiling tracing v0.1.26
[INFO] [stderr]    Compiling aho-corasick v0.7.18
[INFO] [stderr]    Compiling actix-utils v3.0.0
[INFO] [stderr]    Compiling block-buffer v0.9.0
[INFO] [stderr]    Compiling digest v0.9.0
[INFO] [stderr]    Compiling cookie v0.15.0
[INFO] [stderr]    Compiling opaque-debug v0.3.0
[INFO] [stderr]    Compiling regex-syntax v0.6.25
[INFO] [stderr]    Compiling slab v0.4.3
[INFO] [stderr]    Compiling actix-service v2.0.0
[INFO] [stderr]    Compiling serde_json v1.0.64
[INFO] [stderr]    Compiling matches v0.1.8
[INFO] [stderr]    Compiling cpufeatures v0.1.4
[INFO] [stderr]    Compiling form_urlencoded v1.0.1
[INFO] [stderr]    Compiling flate2 v1.0.20
[INFO] [stderr]    Compiling sha-1 v0.9.6
[INFO] [stderr]    Compiling rand v0.8.3
[INFO] [stderr]    Compiling bytestring v1.0.0
[INFO] [stderr]    Compiling language-tags v0.2.2
[INFO] [stderr]    Compiling mime v0.3.16
[INFO] [stderr]    Compiling base64 v0.13.0
[INFO] [stderr]    Compiling local-channel v0.1.2
[INFO] [stderr]    Compiling serde_urlencoded v0.7.0
[INFO] [stderr]    Compiling regex v1.5.4
[INFO] [stderr]    Compiling brotli2 v0.3.2
[INFO] [stderr]    Compiling tokio-util v0.6.7
[INFO] [stderr]    Compiling actix-codec v0.4.0
[INFO] [stderr]    Compiling h2 v0.3.3
[INFO] [stderr]    Compiling time-macros-impl v0.1.1
[INFO] [stderr]    Compiling actix-macros v0.2.0
[INFO] [stderr]    Compiling pin-project-internal v1.0.7
[INFO] [stderr]    Compiling derive_more v0.99.14
[INFO] [stderr]    Compiling actix-rt v2.2.0
[INFO] [stderr]    Compiling time-macros v0.1.1
[INFO] [stderr]    Compiling pin-project v1.0.7
[INFO] [stderr]    Compiling actix-tls v3.0.0-beta.5
[INFO] [stderr]    Compiling actix-http v3.0.0-beta.6
[INFO] [stderr]    Compiling awc v3.0.0-beta.5
[INFO] [stderr]    Compiling http-client-oracle v0.1.0 (/opt/rustwide/workdir/src/http-client-oracle)
[INFO] [stdout] warning: unused import: `std::process::Command`
[INFO] [stdout]  --> src/http-client-oracle/src/lib.rs:4:5
[INFO] [stdout]   |
[INFO] [stdout] 4 | use std::process::Command;
[INFO] [stdout]   |     ^^^^^^^^^^^^^^^^^^^^^
[INFO] [stdout]   |
[INFO] [stdout]   = note: `#[warn(unused_imports)]` on by default
[INFO] [stdout] 
[INFO] [stdout] 
[INFO] [stdout] warning: unused imports: `SystemRunner`, `System`
[INFO] [stdout]  --> src/http-client-oracle/src/lib.rs:6:16
[INFO] [stdout]   |
[INFO] [stdout] 6 | use actix_rt::{System, SystemRunner};
[INFO] [stdout]   |                ^^^^^^  ^^^^^^^^^^^^
[INFO] [stdout] 
[INFO] [stdout] 
[INFO] [stdout] warning: struct `Oracle` is never constructed
[INFO] [stdout]   --> src/http-client-oracle/src/lib.rs:10:8
[INFO] [stdout]    |
[INFO] [stdout] 10 | struct Oracle {
[INFO] [stdout]    |        ^^^^^^
[INFO] [stdout]    |
[INFO] [stdout]    = note: `#[warn(dead_code)]` on by default
[INFO] [stdout] 
[INFO] [stdout] 
[INFO] [stdout] warning: associated function `new` is never used
[INFO] [stdout]   --> src/http-client-oracle/src/lib.rs:15:8
[INFO] [stdout]    |
[INFO] [stdout] 15 |     fn new() -> Self {
[INFO] [stdout]    |        ^^^
[INFO] [stdout] 
[INFO] [stdout] 
[INFO] [stdout] warning: method `run` is never used
[INFO] [stdout]   --> src/http-client-oracle/src/lib.rs:19:12
[INFO] [stdout]    |
[INFO] [stdout] 19 |     pub fn run (self) {
[INFO] [stdout]    |            ^^^
[INFO] [stdout] 
[INFO] [stdout] 
[INFO] [stdout] warning: method `run_poll` is never used
[INFO] [stdout]   --> src/http-client-oracle/src/lib.rs:25:14
[INFO] [stdout]    |
[INFO] [stdout] 25 |     async fn run_poll(self) {
[INFO] [stdout]    |              ^^^^^^^^
[INFO] [stdout] 
[INFO] [stdout] 
[INFO] [stdout] warning: method `get_urls` is never used
[INFO] [stdout]   --> src/http-client-oracle/src/lib.rs:37:18
[INFO] [stdout]    |
[INFO] [stdout] 37 |     pub(self) fn get_urls(&self) -> Vec<Request> {
[INFO] [stdout]    |                  ^^^^^^^^
[INFO] [stdout] 
[INFO] [stdout] 
[INFO] [stdout] warning: method `make_requests` is never used
[INFO] [stdout]   --> src/http-client-oracle/src/lib.rs:42:14
[INFO] [stdout]    |
[INFO] [stdout] 42 |     async fn make_requests(&self, requests: Vec<Request>) {
[INFO] [stdout]    |              ^^^^^^^^^^^^^
[INFO] [stdout] 
[INFO] [stdout] 
[INFO] [stdout] warning: function `run_command` is never used
[INFO] [stdout]  --> src/http-client-oracle/src/dfx_service.rs:7:8
[INFO] [stdout]   |
[INFO] [stdout] 7 |     fn run_command(command: &str) {
[INFO] [stdout]   |        ^^^^^^^^^^^
[INFO] [stdout] 
[INFO] [stdout] 
[INFO] [stdout] warning: function `start_dfx` is never used
[INFO] [stdout]   --> src/http-client-oracle/src/dfx_service.rs:13:8
[INFO] [stdout]    |
[INFO] [stdout] 13 |     fn start_dfx() {
[INFO] [stdout]    |        ^^^^^^^^^
[INFO] [stdout] 
[INFO] [stdout] 
[INFO] [stdout] warning: function `stop_dfx` is never used
[INFO] [stdout]   --> src/http-client-oracle/src/dfx_service.rs:17:8
[INFO] [stdout]    |
[INFO] [stdout] 17 |     fn stop_dfx() {
[INFO] [stdout]    |        ^^^^^^^^
[INFO] [stdout] 
[INFO] [stdout] 
[INFO] [stdout] warning: function `poll_canister_for_urls` is never used
[INFO] [stdout]   --> src/http-client-oracle/src/dfx_service.rs:21:19
[INFO] [stdout]    |
[INFO] [stdout] 21 |     pub(crate) fn poll_canister_for_urls() -> Option<Vec<Request>> {
[INFO] [stdout]    |                   ^^^^^^^^^^^^^^^^^^^^^^
[INFO] [stdout] 
[INFO] [stdout] 
[INFO] [stdout] warning: method `as_str` is never used
[INFO] [stdout]   --> src/http-client-oracle/src/models/request.rs:10:12
[INFO] [stdout]    |
[INFO] [stdout] 10 |     pub fn as_str(&self) -> &str {
[INFO] [stdout]    |            ^^^^^^
[INFO] [stdout] 
[INFO] [stdout] 
[INFO] [stdout] warning: unused `Result` that must be used
[INFO] [stdout]   --> src/http-client-oracle/src/lib.rs:48:17
[INFO] [stdout]    |
[INFO] [stdout] 48 |                 r.send().await;
[INFO] [stdout]    |                 ^^^^^^^^^^^^^^
[INFO] [stdout]    |
[INFO] [stdout]    = note: this `Result` may be an `Err` variant, which should be handled
[INFO] [stdout]    = note: `#[warn(unused_must_use)]` on by default
[INFO] [stdout] 
[INFO] [stdout] 
[INFO] [stdout] warning: 14 warnings emitted
[INFO] [stdout] 
[INFO] [stdout] 
[INFO] [stderr]     Finished dev [unoptimized + debuginfo] target(s) in 12.02s
[INFO] running `Command { std: "docker" "inspect" "24737eda4fbb4aa648731982f8640cd63eed511b5e1f7b76f1b8dd3ca094464a", kill_on_drop: false }`
[INFO] running `Command { std: "docker" "rm" "-f" "24737eda4fbb4aa648731982f8640cd63eed511b5e1f7b76f1b8dd3ca094464a", kill_on_drop: false }`
[INFO] [stdout] 24737eda4fbb4aa648731982f8640cd63eed511b5e1f7b76f1b8dd3ca094464a
[INFO] running `Command { std: "docker" "create" "-v" "/var/lib/crater-agent-workspace/builds/worker-7-tc1/target:/opt/rustwide/target:rw,Z" "-v" "/var/lib/crater-agent-workspace/builds/worker-7-tc1/source:/opt/rustwide/workdir:ro,Z" "-v" "/var/lib/crater-agent-workspace/cargo-home:/opt/rustwide/cargo-home:ro,Z" "-v" "/var/lib/crater-agent-workspace/rustup-home:/opt/rustwide/rustup-home:ro,Z" "-e" "SOURCE_DIR=/opt/rustwide/workdir" "-e" "CARGO_TARGET_DIR=/opt/rustwide/target" "-e" "CARGO_INCREMENTAL=0" "-e" "RUST_BACKTRACE=full" "-e" "RUSTFLAGS=--cap-lints=warn" "-e" "RUSTDOCFLAGS=--cap-lints=warn" "-e" "CARGO_HOME=/opt/rustwide/cargo-home" "-e" "RUSTUP_HOME=/opt/rustwide/rustup-home" "-w" "/opt/rustwide/workdir" "-m" "1610612736" "--user" "0:0" "--network" "none" "ghcr.io/rust-lang/crates-build-env/linux@sha256:5ff2268d62e97bff2cde7d5815dd6ed5b47097566f13b8d0ca110b04b60e07ed" "/opt/rustwide/cargo-home/bin/cargo" "+1.69.0" "test" "--frozen" "--no-run" "--message-format=json", kill_on_drop: false }`
[INFO] [stdout] 6b261c8aa39646d7b6e73933a91354e8c1c61e70b3aaebd647d0837151d6e647
[INFO] running `Command { std: "docker" "start" "-a" "6b261c8aa39646d7b6e73933a91354e8c1c61e70b3aaebd647d0837151d6e647", kill_on_drop: false }`
[INFO] [stderr]    Compiling http-client-oracle v0.1.0 (/opt/rustwide/workdir/src/http-client-oracle)
[INFO] [stdout] warning: unused import: `std::process::Command`
[INFO] [stdout]  --> src/http-client-oracle/src/lib.rs:4:5
[INFO] [stdout]   |
[INFO] [stdout] 4 | use std::process::Command;
[INFO] [stdout]   |     ^^^^^^^^^^^^^^^^^^^^^
[INFO] [stdout]   |
[INFO] [stdout]   = note: `#[warn(unused_imports)]` on by default
[INFO] [stdout] 
[INFO] [stdout] 
[INFO] [stdout] warning: unused imports: `SystemRunner`, `System`
[INFO] [stdout]  --> src/http-client-oracle/src/lib.rs:6:16
[INFO] [stdout]   |
[INFO] [stdout] 6 | use actix_rt::{System, SystemRunner};
[INFO] [stdout]   |                ^^^^^^  ^^^^^^^^^^^^
[INFO] [stdout] 
[INFO] [stdout] 
[INFO] [stdout] warning: function `run_command` is never used
[INFO] [stdout]  --> src/http-client-oracle/src/dfx_service.rs:7:8
[INFO] [stdout]   |
[INFO] [stdout] 7 |     fn run_command(command: &str) {
[INFO] [stdout]   |        ^^^^^^^^^^^
[INFO] [stdout]   |
[INFO] [stdout]   = note: `#[warn(dead_code)]` on by default
[INFO] [stdout] 
[INFO] [stdout] 
[INFO] [stdout] warning: function `start_dfx` is never used
[INFO] [stdout]   --> src/http-client-oracle/src/dfx_service.rs:13:8
[INFO] [stdout]    |
[INFO] [stdout] 13 |     fn start_dfx() {
[INFO] [stdout]    |        ^^^^^^^^^
[INFO] [stdout] 
[INFO] [stdout] 
[INFO] [stdout] warning: function `stop_dfx` is never used
[INFO] [stdout]   --> src/http-client-oracle/src/dfx_service.rs:17:8
[INFO] [stdout]    |
[INFO] [stdout] 17 |     fn stop_dfx() {
[INFO] [stdout]    |        ^^^^^^^^
[INFO] [stdout] 
[INFO] [stdout] 
[INFO] [stdout] warning: method `as_str` is never used
[INFO] [stdout]   --> src/http-client-oracle/src/models/request.rs:10:12
[INFO] [stdout]    |
[INFO] [stdout] 10 |     pub fn as_str(&self) -> &str {
[INFO] [stdout]    |            ^^^^^^
[INFO] [stdout] 
[INFO] [stdout] 
[INFO] [stdout] warning: unused `Result` that must be used
[INFO] [stdout]   --> src/http-client-oracle/src/lib.rs:48:17
[INFO] [stdout]    |
[INFO] [stdout] 48 |                 r.send().await;
[INFO] [stdout]    |                 ^^^^^^^^^^^^^^
[INFO] [stdout]    |
[INFO] [stdout]    = note: this `Result` may be an `Err` variant, which should be handled
[INFO] [stdout]    = note: `#[warn(unused_must_use)]` on by default
[INFO] [stdout] 
[INFO] [stdout] 
[INFO] [stdout] warning: 7 warnings emitted
[INFO] [stdout] 
[INFO] [stdout] 
[INFO] [stderr]     Finished test [unoptimized + debuginfo] target(s) in 1.56s
[INFO] running `Command { std: "docker" "inspect" "6b261c8aa39646d7b6e73933a91354e8c1c61e70b3aaebd647d0837151d6e647", kill_on_drop: false }`
[INFO] running `Command { std: "docker" "rm" "-f" "6b261c8aa39646d7b6e73933a91354e8c1c61e70b3aaebd647d0837151d6e647", kill_on_drop: false }`
[INFO] [stdout] 6b261c8aa39646d7b6e73933a91354e8c1c61e70b3aaebd647d0837151d6e647
[INFO] running `Command { std: "docker" "create" "-v" "/var/lib/crater-agent-workspace/builds/worker-7-tc1/target:/opt/rustwide/target:rw,Z" "-v" "/var/lib/crater-agent-workspace/builds/worker-7-tc1/source:/opt/rustwide/workdir:ro,Z" "-v" "/var/lib/crater-agent-workspace/cargo-home:/opt/rustwide/cargo-home:ro,Z" "-v" "/var/lib/crater-agent-workspace/rustup-home:/opt/rustwide/rustup-home:ro,Z" "-e" "SOURCE_DIR=/opt/rustwide/workdir" "-e" "CARGO_TARGET_DIR=/opt/rustwide/target" "-e" "CARGO_INCREMENTAL=0" "-e" "RUST_BACKTRACE=full" "-e" "RUSTFLAGS=--cap-lints=warn" "-e" "RUSTDOCFLAGS=--cap-lints=warn" "-e" "CARGO_HOME=/opt/rustwide/cargo-home" "-e" "RUSTUP_HOME=/opt/rustwide/rustup-home" "-w" "/opt/rustwide/workdir" "-m" "1610612736" "--user" "0:0" "--network" "none" "ghcr.io/rust-lang/crates-build-env/linux@sha256:5ff2268d62e97bff2cde7d5815dd6ed5b47097566f13b8d0ca110b04b60e07ed" "/opt/rustwide/cargo-home/bin/cargo" "+1.69.0" "test" "--frozen", kill_on_drop: false }`
[INFO] [stdout] 7f221ee99139ce7863822626df2470238d74875731f29c6d38b8c7f15e39bbec
[INFO] running `Command { std: "docker" "start" "-a" "7f221ee99139ce7863822626df2470238d74875731f29c6d38b8c7f15e39bbec", kill_on_drop: false }`
[INFO] [stderr] warning: unused import: `std::process::Command`
[INFO] [stderr]  --> src/http-client-oracle/src/lib.rs:4:5
[INFO] [stderr]   |
[INFO] [stderr] 4 | use std::process::Command;
[INFO] [stderr]   |     ^^^^^^^^^^^^^^^^^^^^^
[INFO] [stderr]   |
[INFO] [stderr]   = note: `#[warn(unused_imports)]` on by default
[INFO] [stderr] 
[INFO] [stderr] warning: unused imports: `SystemRunner`, `System`
[INFO] [stderr]  --> src/http-client-oracle/src/lib.rs:6:16
[INFO] [stderr]   |
[INFO] [stderr] 6 | use actix_rt::{System, SystemRunner};
[INFO] [stderr]   |                ^^^^^^  ^^^^^^^^^^^^
[INFO] [stderr] 
[INFO] [stderr] warning: function `run_command` is never used
[INFO] [stderr]  --> src/http-client-oracle/src/dfx_service.rs:7:8
[INFO] [stderr]   |
[INFO] [stderr] 7 |     fn run_command(command: &str) {
[INFO] [stderr]   |        ^^^^^^^^^^^
[INFO] [stderr]   |
[INFO] [stderr]   = note: `#[warn(dead_code)]` on by default
[INFO] [stderr] 
[INFO] [stderr] warning: function `start_dfx` is never used
[INFO] [stderr]   --> src/http-client-oracle/src/dfx_service.rs:13:8
[INFO] [stderr]    |
[INFO] [stderr] 13 |     fn start_dfx() {
[INFO] [stderr]    |        ^^^^^^^^^
[INFO] [stderr] 
[INFO] [stderr] warning: function `stop_dfx` is never used
[INFO] [stderr]   --> src/http-client-oracle/src/dfx_service.rs:17:8
[INFO] [stderr]    |
[INFO] [stderr] 17 |     fn stop_dfx() {
[INFO] [stderr]    |        ^^^^^^^^
[INFO] [stderr] 
[INFO] [stderr] warning: method `as_str` is never used
[INFO] [stderr]   --> src/http-client-oracle/src/models/request.rs:10:12
[INFO] [stderr]    |
[INFO] [stderr] 10 |     pub fn as_str(&self) -> &str {
[INFO] [stderr]    |            ^^^^^^
[INFO] [stderr] 
[INFO] [stderr] warning: unused `Result` that must be used
[INFO] [stderr]   --> src/http-client-oracle/src/lib.rs:48:17
[INFO] [stderr]    |
[INFO] [stderr] 48 |                 r.send().await;
[INFO] [stderr]    |                 ^^^^^^^^^^^^^^
[INFO] [stderr]    |
[INFO] [stderr]    = note: this `Result` may be an `Err` variant, which should be handled
[INFO] [stderr]    = note: `#[warn(unused_must_use)]` on by default
[INFO] [stderr] 
[INFO] [stderr] warning: `http-client-oracle` (lib test) generated 7 warnings (run `cargo fix --lib -p http-client-oracle --tests` to apply 2 suggestions)
[INFO] [stderr]     Finished test [unoptimized + debuginfo] target(s) in 0.07s
[INFO] [stderr]      Running unittests src/lib.rs (/opt/rustwide/target/debug/deps/http_client_oracle-f8c4aaeb2f975eb6)
[INFO] [stdout] 
[INFO] [stdout] running 1 test
[INFO] [stdout] test tests::test_oracle ... FAILED
[INFO] [stdout] 
[INFO] [stdout] failures:
[INFO] [stdout] 
[INFO] [stdout] ---- tests::test_oracle stdout ----
[INFO] [stdout] thread 'tests::test_oracle' panicked at 'called `Result::unwrap()` on an `Err` value: Os { code: 2, kind: NotFound, message: "No such file or directory" }', src/http-client-oracle/src/dfx_service.rs:25:14
[INFO] [stdout] stack backtrace:
[INFO] [stdout]    0:     0x55a071750b7a - std::backtrace_rs::backtrace::libunwind::trace::ha9053a9a07ca49cb
[INFO] [stdout]                                at /rustc/84c898d65adf2f39a5a98507f1fe0ce10a2b8dbc/library/std/src/../../backtrace/src/backtrace/libunwind.rs:93:5
[INFO] [stdout]    1:     0x55a071750b7a - std::backtrace_rs::backtrace::trace_unsynchronized::h9c2852a457ad564e
[INFO] [stdout]                                at /rustc/84c898d65adf2f39a5a98507f1fe0ce10a2b8dbc/library/std/src/../../backtrace/src/backtrace/mod.rs:66:5
[INFO] [stdout]    2:     0x55a071750b7a - std::sys_common::backtrace::_print_fmt::h457936fbfaa0070f
[INFO] [stdout]                                at /rustc/84c898d65adf2f39a5a98507f1fe0ce10a2b8dbc/library/std/src/sys_common/backtrace.rs:65:5
[INFO] [stdout]    3:     0x55a071750b7a - <std::sys_common::backtrace::_print::DisplayBacktrace as core::fmt::Display>::fmt::h5779d7bf7f70cb0c
[INFO] [stdout]                                at /rustc/84c898d65adf2f39a5a98507f1fe0ce10a2b8dbc/library/std/src/sys_common/backtrace.rs:44:22
[INFO] [stdout]    4:     0x55a07177783e - core::fmt::write::h5a4baaff1bcd3eb5
[INFO] [stdout]                                at /rustc/84c898d65adf2f39a5a98507f1fe0ce10a2b8dbc/library/core/src/fmt/mod.rs:1232:17
[INFO] [stdout]    5:     0x55a07174d8f5 - std::io::Write::write_fmt::h478f79c628ef31d1
[INFO] [stdout]                                at /rustc/84c898d65adf2f39a5a98507f1fe0ce10a2b8dbc/library/std/src/io/mod.rs:1684:15
[INFO] [stdout]    6:     0x55a071750945 - std::sys_common::backtrace::_print::h5fcdc36060f177e8
[INFO] [stdout]                                at /rustc/84c898d65adf2f39a5a98507f1fe0ce10a2b8dbc/library/std/src/sys_common/backtrace.rs:47:5
[INFO] [stdout]    7:     0x55a071750945 - std::sys_common::backtrace::print::h54ca9458b876c8bf
[INFO] [stdout]                                at /rustc/84c898d65adf2f39a5a98507f1fe0ce10a2b8dbc/library/std/src/sys_common/backtrace.rs:34:9
[INFO] [stdout]    8:     0x55a07175270f - std::panicking::default_hook::{{closure}}::hbe471161c7664ed6
[INFO] [stdout]                                at /rustc/84c898d65adf2f39a5a98507f1fe0ce10a2b8dbc/library/std/src/panicking.rs:271:22
[INFO] [stdout]    9:     0x55a0717523cf - std::panicking::default_hook::ha3500da57aa4ac4f
[INFO] [stdout]                                at /rustc/84c898d65adf2f39a5a98507f1fe0ce10a2b8dbc/library/std/src/panicking.rs:287:9
[INFO] [stdout]   10:     0x55a07166cff7 - <alloc::boxed::Box<F,A> as core::ops::function::Fn<Args>>::call::hdf1b89dd137ece34
[INFO] [stdout]                                at /rustc/84c898d65adf2f39a5a98507f1fe0ce10a2b8dbc/library/alloc/src/boxed.rs:2001:9
[INFO] [stdout]   11:     0x55a07166cff7 - test::test_main::{{closure}}::h9081a79f20e75698
[INFO] [stdout]                                at /rustc/84c898d65adf2f39a5a98507f1fe0ce10a2b8dbc/library/test/src/lib.rs:135:21
[INFO] [stdout]   12:     0x55a071752e3d - <alloc::boxed::Box<F,A> as core::ops::function::Fn<Args>>::call::h6507bddc3eebb4a5
[INFO] [stdout]                                at /rustc/84c898d65adf2f39a5a98507f1fe0ce10a2b8dbc/library/alloc/src/boxed.rs:2001:9
[INFO] [stdout]   13:     0x55a071752e3d - std::panicking::rust_panic_with_hook::h50c09d000dc561d2
[INFO] [stdout]                                at /rustc/84c898d65adf2f39a5a98507f1fe0ce10a2b8dbc/library/std/src/panicking.rs:696:13
[INFO] [stdout]   14:     0x55a071752bb9 - std::panicking::begin_panic_handler::{{closure}}::h9e2b2176e00e0d9c
[INFO] [stdout]                                at /rustc/84c898d65adf2f39a5a98507f1fe0ce10a2b8dbc/library/std/src/panicking.rs:583:13
[INFO] [stdout]   15:     0x55a071750fe6 - std::sys_common::backtrace::__rust_end_short_backtrace::h5739b8e512c09d02
[INFO] [stdout]                                at /rustc/84c898d65adf2f39a5a98507f1fe0ce10a2b8dbc/library/std/src/sys_common/backtrace.rs:150:18
[INFO] [stdout]   16:     0x55a0717528c2 - rust_begin_unwind
[INFO] [stdout]                                at /rustc/84c898d65adf2f39a5a98507f1fe0ce10a2b8dbc/library/std/src/panicking.rs:579:5
[INFO] [stdout]   17:     0x55a0714141e3 - core::panicking::panic_fmt::hf33a1475b4dc5c3e
[INFO] [stdout]                                at /rustc/84c898d65adf2f39a5a98507f1fe0ce10a2b8dbc/library/core/src/panicking.rs:64:14
[INFO] [stdout]   18:     0x55a071414693 - core::result::unwrap_failed::hdff5465d74574b44
[INFO] [stdout]                                at /rustc/84c898d65adf2f39a5a98507f1fe0ce10a2b8dbc/library/core/src/result.rs:1750:5
[INFO] [stdout]   19:     0x55a07141a100 - core::result::Result<T,E>::unwrap::h80fa3400caff7c5b
[INFO] [stdout]                                at /rustc/84c898d65adf2f39a5a98507f1fe0ce10a2b8dbc/library/core/src/result.rs:1090:23
[INFO] [stdout]   20:     0x55a07141d8d2 - http_client_oracle::dfx_service::dfx_service::poll_canister_for_urls::hb1a13963458a60ac
[INFO] [stdout]                                at /opt/rustwide/workdir/src/http-client-oracle/src/dfx_service.rs:22:22
[INFO] [stdout]   21:     0x55a0714192bc - http_client_oracle::Oracle::get_urls::h5dd17041de83c7ec
[INFO] [stdout]                                at /opt/rustwide/workdir/src/http-client-oracle/src/lib.rs:38:20
[INFO] [stdout]   22:     0x55a071418f8a - http_client_oracle::Oracle::run_poll::{{closure}}::h77f3e8b494033325
[INFO] [stdout]                                at /opt/rustwide/workdir/src/http-client-oracle/src/lib.rs:27:24
[INFO] [stdout]   23:     0x55a071422b30 - <tokio::task::local::RunUntil<T> as core::future::future::Future>::poll::{{closure}}::{{closure}}::hc8562f3dc1132ae3
[INFO] [stdout]                                at /opt/rustwide/cargo-home/registry/src/github.com-1ecc6299db9ec823/tokio-1.6.0/src/task/local.rs:634:65
[INFO] [stdout]   24:     0x55a071423be0 - tokio::coop::with_budget::{{closure}}::h28dbdd52e477b1b4
[INFO] [stdout]                                at /opt/rustwide/cargo-home/registry/src/github.com-1ecc6299db9ec823/tokio-1.6.0/src/coop.rs:106:9
[INFO] [stdout]   25:     0x55a0714230a4 - std::thread::local::LocalKey<T>::try_with::h7f9db16d4bbe5324
[INFO] [stdout]                                at /rustc/84c898d65adf2f39a5a98507f1fe0ce10a2b8dbc/library/std/src/thread/local.rs:446:16
[INFO] [stdout]   26:     0x55a071422bea - std::thread::local::LocalKey<T>::with::ha5acc5a47a316bac
[INFO] [stdout]                                at /rustc/84c898d65adf2f39a5a98507f1fe0ce10a2b8dbc/library/std/src/thread/local.rs:422:9
[INFO] [stdout]   27:     0x55a0714229ff - tokio::coop::with_budget::h638bd0d7f6be2b6a
[INFO] [stdout]                                at /opt/rustwide/cargo-home/registry/src/github.com-1ecc6299db9ec823/tokio-1.6.0/src/coop.rs:99:5
[INFO] [stdout]   28:     0x55a0714229ff - tokio::coop::budget::h687b40129f117573
[INFO] [stdout]                                at /opt/rustwide/cargo-home/registry/src/github.com-1ecc6299db9ec823/tokio-1.6.0/src/coop.rs:76:5
[INFO] [stdout]   29:     0x55a0714229ff - <tokio::task::local::RunUntil<T> as core::future::future::Future>::poll::{{closure}}::hb16194fdc280e128
[INFO] [stdout]                                at /opt/rustwide/cargo-home/registry/src/github.com-1ecc6299db9ec823/tokio-1.6.0/src/task/local.rs:634:42
[INFO] [stdout]   30:     0x55a07141d087 - tokio::macros::scoped_tls::ScopedKey<T>::set::h8f4ee3fea34d17a5
[INFO] [stdout]                                at /opt/rustwide/cargo-home/registry/src/github.com-1ecc6299db9ec823/tokio-1.6.0/src/macros/scoped_tls.rs:61:9
[INFO] [stdout]   31:     0x55a0714214e7 - tokio::task::local::LocalSet::with::h142700c4d419042a
[INFO] [stdout]                                at /opt/rustwide/cargo-home/registry/src/github.com-1ecc6299db9ec823/tokio-1.6.0/src/task/local.rs:548:9
[INFO] [stdout]   32:     0x55a07142289a - <tokio::task::local::RunUntil<T> as core::future::future::Future>::poll::h12eea23bb1fc22e1
[INFO] [stdout]                                at /opt/rustwide/cargo-home/registry/src/github.com-1ecc6299db9ec823/tokio-1.6.0/src/task/local.rs:624:9
[INFO] [stdout]   33:     0x55a0714217a0 - tokio::task::local::LocalSet::run_until::{{closure}}::hb3842b32ac60c321
[INFO] [stdout]                                at /opt/rustwide/cargo-home/registry/src/github.com-1ecc6299db9ec823/tokio-1.6.0/src/task/local.rs:498:18
[INFO] [stdout]   34:     0x55a07141d76b - <core::pin::Pin<P> as core::future::future::Future>::poll::hb5e8f85c06b9c137
[INFO] [stdout]                                at /rustc/84c898d65adf2f39a5a98507f1fe0ce10a2b8dbc/library/core/src/future/future.rs:125:9
[INFO] [stdout]   35:     0x55a071424b04 - tokio::runtime::basic_scheduler::Inner<P>::block_on::{{closure}}::{{closure}}::ha4124c92c91e8f98
[INFO] [stdout]                                at /opt/rustwide/cargo-home/registry/src/github.com-1ecc6299db9ec823/tokio-1.6.0/src/runtime/basic_scheduler.rs:213:62
[INFO] [stdout]   36:     0x55a071423e40 - tokio::coop::with_budget::{{closure}}::h8414e0881174f9ad
[INFO] [stdout]                                at /opt/rustwide/cargo-home/registry/src/github.com-1ecc6299db9ec823/tokio-1.6.0/src/coop.rs:106:9
[INFO] [stdout]   37:     0x55a071423354 - std::thread::local::LocalKey<T>::try_with::ha22891229bb474f2
[INFO] [stdout]                                at /rustc/84c898d65adf2f39a5a98507f1fe0ce10a2b8dbc/library/std/src/thread/local.rs:446:16
[INFO] [stdout]   38:     0x55a071422b4a - std::thread::local::LocalKey<T>::with::h046bfa4e08b787a3
[INFO] [stdout]                                at /rustc/84c898d65adf2f39a5a98507f1fe0ce10a2b8dbc/library/std/src/thread/local.rs:422:9
[INFO] [stdout]   39:     0x55a0714243f6 - tokio::coop::with_budget::hfb36c5a92d33f10c
[INFO] [stdout]                                at /opt/rustwide/cargo-home/registry/src/github.com-1ecc6299db9ec823/tokio-1.6.0/src/coop.rs:99:5
[INFO] [stdout]   40:     0x55a0714243f6 - tokio::coop::budget::hdd1c6b3d899fdb64
[INFO] [stdout]                                at /opt/rustwide/cargo-home/registry/src/github.com-1ecc6299db9ec823/tokio-1.6.0/src/coop.rs:76:5
[INFO] [stdout]   41:     0x55a0714243f6 - tokio::runtime::basic_scheduler::Inner<P>::block_on::{{closure}}::h0beb26334e691b89
[INFO] [stdout]                                at /opt/rustwide/cargo-home/registry/src/github.com-1ecc6299db9ec823/tokio-1.6.0/src/runtime/basic_scheduler.rs:213:39
[INFO] [stdout]   42:     0x55a0714254c1 - tokio::runtime::basic_scheduler::enter::{{closure}}::h15d1e4b931dd3d32
[INFO] [stdout]                                at /opt/rustwide/cargo-home/registry/src/github.com-1ecc6299db9ec823/tokio-1.6.0/src/runtime/basic_scheduler.rs:323:29
[INFO] [stdout]   43:     0x55a07141d197 - tokio::macros::scoped_tls::ScopedKey<T>::set::hdfb3ad8d6e3e3415
[INFO] [stdout]                                at /opt/rustwide/cargo-home/registry/src/github.com-1ecc6299db9ec823/tokio-1.6.0/src/macros/scoped_tls.rs:61:9
[INFO] [stdout]   44:     0x55a071425446 - tokio::runtime::basic_scheduler::enter::h51ce2468c50848ae
[INFO] [stdout]                                at /opt/rustwide/cargo-home/registry/src/github.com-1ecc6299db9ec823/tokio-1.6.0/src/runtime/basic_scheduler.rs:323:5
[INFO] [stdout]   45:     0x55a07142405b - tokio::runtime::basic_scheduler::Inner<P>::block_on::h4c556d325f94c86c
[INFO] [stdout]                                at /opt/rustwide/cargo-home/registry/src/github.com-1ecc6299db9ec823/tokio-1.6.0/src/runtime/basic_scheduler.rs:202:9
[INFO] [stdout]   46:     0x55a071424c66 - tokio::runtime::basic_scheduler::InnerGuard<P>::block_on::hb50610b2b1dcc797
[INFO] [stdout]                                at /opt/rustwide/cargo-home/registry/src/github.com-1ecc6299db9ec823/tokio-1.6.0/src/runtime/basic_scheduler.rs:481:9
[INFO] [stdout]   47:     0x55a071424d6b - tokio::runtime::basic_scheduler::BasicScheduler<P>::block_on::h26aa93adce411c8c
[INFO] [stdout]                                at /opt/rustwide/cargo-home/registry/src/github.com-1ecc6299db9ec823/tokio-1.6.0/src/runtime/basic_scheduler.rs:162:24
[INFO] [stdout]   48:     0x55a071418c44 - tokio::runtime::Runtime::block_on::h203d205cff3fc44c
[INFO] [stdout]                                at /opt/rustwide/cargo-home/registry/src/github.com-1ecc6299db9ec823/tokio-1.6.0/src/runtime/mod.rs:450:46
[INFO] [stdout]   49:     0x55a071421539 - tokio::task::local::LocalSet::block_on::hdf516346089d8fc1
[INFO] [stdout]                                at /opt/rustwide/cargo-home/registry/src/github.com-1ecc6299db9ec823/tokio-1.6.0/src/task/local.rs:459:9
[INFO] [stdout]   50:     0x55a071418d84 - actix_rt::runtime::Runtime::block_on::h837b6d4e92c8f836
[INFO] [stdout]                                at /opt/rustwide/cargo-home/registry/src/github.com-1ecc6299db9ec823/actix-rt-2.2.0/src/runtime.rs:85:9
[INFO] [stdout]   51:     0x55a07141d80a - actix_rt::system::SystemRunner::block_on::h6b33302f544302d4
[INFO] [stdout]                                at /opt/rustwide/cargo-home/registry/src/github.com-1ecc6299db9ec823/actix-rt-2.2.0/src/system.rs:186:9
[INFO] [stdout]   52:     0x55a071418e00 - http_client_oracle::Oracle::run::h3d0415d7feba5436
[INFO] [stdout]                                at /opt/rustwide/workdir/src/http-client-oracle/src/lib.rs:22:9
[INFO] [stdout]   53:     0x55a07141bb3b - http_client_oracle::tests::test_oracle::h9ded136c966113e7
[INFO] [stdout]                                at /opt/rustwide/workdir/src/http-client-oracle/src/lib.rs:62:9
[INFO] [stdout]   54:     0x55a07141bb17 - http_client_oracle::tests::test_oracle::{{closure}}::h1ce5e034d9345f2b
[INFO] [stdout]                                at /opt/rustwide/workdir/src/http-client-oracle/src/lib.rs:59:22
[INFO] [stdout]   55:     0x55a071426325 - core::ops::function::FnOnce::call_once::h12cd4bb8a154876f
[INFO] [stdout]                                at /rustc/84c898d65adf2f39a5a98507f1fe0ce10a2b8dbc/library/core/src/ops/function.rs:250:5
[INFO] [stdout]   56:     0x55a0716723df - core::ops::function::FnOnce::call_once::h7d969581be7d0075
[INFO] [stdout]                                at /rustc/84c898d65adf2f39a5a98507f1fe0ce10a2b8dbc/library/core/src/ops/function.rs:250:5
[INFO] [stdout]   57:     0x55a0716723df - test::__rust_begin_short_backtrace::hca25a52684e56655
[INFO] [stdout]                                at /rustc/84c898d65adf2f39a5a98507f1fe0ce10a2b8dbc/library/test/src/lib.rs:656:18
[INFO] [stdout]   58:     0x55a0716439fc - test::run_test::{{closure}}::ha8ac744c4af1a4bb
[INFO] [stdout]                                at /rustc/84c898d65adf2f39a5a98507f1fe0ce10a2b8dbc/library/test/src/lib.rs:647:30
[INFO] [stdout]   59:     0x55a0716439fc - core::ops::function::FnOnce::call_once{{vtable.shim}}::h7b411a9ed45bdecf
[INFO] [stdout]                                at /rustc/84c898d65adf2f39a5a98507f1fe0ce10a2b8dbc/library/core/src/ops/function.rs:250:5
[INFO] [stdout]   60:     0x55a0716713a6 - <alloc::boxed::Box<F,A> as core::ops::function::FnOnce<Args>>::call_once::hd05328869a8ed200
[INFO] [stdout]                                at /rustc/84c898d65adf2f39a5a98507f1fe0ce10a2b8dbc/library/alloc/src/boxed.rs:1987:9
[INFO] [stdout]   61:     0x55a0716713a6 - <core::panic::unwind_safe::AssertUnwindSafe<F> as core::ops::function::FnOnce<()>>::call_once::h0c601ce20bd5b2be
[INFO] [stdout]                                at /rustc/84c898d65adf2f39a5a98507f1fe0ce10a2b8dbc/library/core/src/panic/unwind_safe.rs:271:9
[INFO] [stdout]   62:     0x55a0716713a6 - std::panicking::try::do_call::ha4be5c164fe30854
[INFO] [stdout]                                at /rustc/84c898d65adf2f39a5a98507f1fe0ce10a2b8dbc/library/std/src/panicking.rs:487:40
[INFO] [stdout]   63:     0x55a0716713a6 - std::panicking::try::h604546f3609af05f
[INFO] [stdout]                                at /rustc/84c898d65adf2f39a5a98507f1fe0ce10a2b8dbc/library/std/src/panicking.rs:451:19
[INFO] [stdout]   64:     0x55a0716713a6 - std::panic::catch_unwind::h5bfa8afe44c9c2f9
[INFO] [stdout]                                at /rustc/84c898d65adf2f39a5a98507f1fe0ce10a2b8dbc/library/std/src/panic.rs:140:14
[INFO] [stdout]   65:     0x55a0716713a6 - test::run_test_in_process::hd50dee55dd63e6aa
[INFO] [stdout]                                at /rustc/84c898d65adf2f39a5a98507f1fe0ce10a2b8dbc/library/test/src/lib.rs:679:27
[INFO] [stdout]   66:     0x55a0716713a6 - test::run_test::run_test_inner::{{closure}}::h4aa0f433aa85cea8
[INFO] [stdout]                                at /rustc/84c898d65adf2f39a5a98507f1fe0ce10a2b8dbc/library/test/src/lib.rs:573:39
[INFO] [stdout]   67:     0x55a07163e071 - test::run_test::run_test_inner::{{closure}}::had56431adf24b4d6
[INFO] [stdout]                                at /rustc/84c898d65adf2f39a5a98507f1fe0ce10a2b8dbc/library/test/src/lib.rs:600:37
[INFO] [stdout]   68:     0x55a07163e071 - std::sys_common::backtrace::__rust_begin_short_backtrace::ha8d9890e0c73bf13
[INFO] [stdout]                                at /rustc/84c898d65adf2f39a5a98507f1fe0ce10a2b8dbc/library/std/src/sys_common/backtrace.rs:134:18
[INFO] [stdout]   69:     0x55a071643a8b - std::thread::Builder::spawn_unchecked_::{{closure}}::{{closure}}::h251832bcb4a95327
[INFO] [stdout]                                at /rustc/84c898d65adf2f39a5a98507f1fe0ce10a2b8dbc/library/std/src/thread/mod.rs:560:17
[INFO] [stdout]   70:     0x55a071643a8b - <core::panic::unwind_safe::AssertUnwindSafe<F> as core::ops::function::FnOnce<()>>::call_once::h8fdff598fa414831
[INFO] [stdout]                                at /rustc/84c898d65adf2f39a5a98507f1fe0ce10a2b8dbc/library/core/src/panic/unwind_safe.rs:271:9
[INFO] [stdout]   71:     0x55a071643a8b - std::panicking::try::do_call::h455dd2f7764a950f
[INFO] [stdout]                                at /rustc/84c898d65adf2f39a5a98507f1fe0ce10a2b8dbc/library/std/src/panicking.rs:487:40
[INFO] [stdout]   72:     0x55a071643a8b - std::panicking::try::had6f23b7b73ae72a
[INFO] [stdout]                                at /rustc/84c898d65adf2f39a5a98507f1fe0ce10a2b8dbc/library/std/src/panicking.rs:451:19
[INFO] [stdout]   73:     0x55a071643a8b - std::panic::catch_unwind::ha6a5ca3915b4dad0
[INFO] [stdout]                                at /rustc/84c898d65adf2f39a5a98507f1fe0ce10a2b8dbc/library/std/src/panic.rs:140:14
[INFO] [stdout]   74:     0x55a071643a8b - std::thread::Builder::spawn_unchecked_::{{closure}}::h883b72ef75da6231
[INFO] [stdout]                                at /rustc/84c898d65adf2f39a5a98507f1fe0ce10a2b8dbc/library/std/src/thread/mod.rs:559:30
[INFO] [stdout]   75:     0x55a071643a8b - core::ops::function::FnOnce::call_once{{vtable.shim}}::hb7dff73dc8bd2ccb
[INFO] [stdout]                                at /rustc/84c898d65adf2f39a5a98507f1fe0ce10a2b8dbc/library/core/src/ops/function.rs:250:5
[INFO] [stdout]   76:     0x55a071757363 - <alloc::boxed::Box<F,A> as core::ops::function::FnOnce<Args>>::call_once::h39990b24eedef2ab
[INFO] [stdout]                                at /rustc/84c898d65adf2f39a5a98507f1fe0ce10a2b8dbc/library/alloc/src/boxed.rs:1987:9
[INFO] [stdout]   77:     0x55a071757363 - <alloc::boxed::Box<F,A> as core::ops::function::FnOnce<Args>>::call_once::h01a027258444143b
[INFO] [stdout]                                at /rustc/84c898d65adf2f39a5a98507f1fe0ce10a2b8dbc/library/alloc/src/boxed.rs:1987:9
[INFO] [stdout]   78:     0x55a071757363 - std::sys::unix::thread::Thread::new::thread_start::ha4f1cdd9c25884ba
[INFO] [stdout]                                at /rustc/84c898d65adf2f39a5a98507f1fe0ce10a2b8dbc/library/std/src/sys/unix/thread.rs:108:17
[INFO] [stdout]   79:     0x7f1e06b38b43 - <unknown>
[INFO] [stdout]   80:     0x7f1e06bc9bb4 - __clone
[INFO] [stdout]   81:                0x0 - <unknown>
[INFO] [stdout] 
[INFO] [stdout] 
[INFO] [stdout] failures:
[INFO] [stdout]     tests::test_oracle
[INFO] [stdout] 
[INFO] [stdout] test result: FAILED. 0 passed; 1 failed; 0 ignored; 0 measured; 0 filtered out; finished in 0.02s
[INFO] [stdout] 
[INFO] [stderr] error: test failed, to rerun pass `--lib`
[INFO] running `Command { std: "docker" "inspect" "7f221ee99139ce7863822626df2470238d74875731f29c6d38b8c7f15e39bbec", kill_on_drop: false }`
[INFO] running `Command { std: "docker" "rm" "-f" "7f221ee99139ce7863822626df2470238d74875731f29c6d38b8c7f15e39bbec", kill_on_drop: false }`
[INFO] [stdout] 7f221ee99139ce7863822626df2470238d74875731f29c6d38b8c7f15e39bbec
