[INFO] cloning repository https://github.com/josh65536/multimaterial-voxelization
[INFO] running `Command { std: "git" "-c" "credential.helper=" "-c" "credential.helper=/workspace/cargo-home/bin/git-credential-null" "clone" "--bare" "https://github.com/josh65536/multimaterial-voxelization" "/workspace/cache/git-repos/https%3A%2F%2Fgithub.com%2Fjosh65536%2Fmultimaterial-voxelization", kill_on_drop: false }`
[INFO] [stderr] Cloning into bare repository '/workspace/cache/git-repos/https%3A%2F%2Fgithub.com%2Fjosh65536%2Fmultimaterial-voxelization'...
[INFO] running `Command { std: "git" "rev-parse" "HEAD", kill_on_drop: false }`
[INFO] [stdout] 63743b683458a49c4feddcc01e19689862ef5fd8
[INFO] testing josh65536/multimaterial-voxelization against beta-2023-04-20 for beta-1.70-1
[INFO] running `Command { std: "git" "clone" "/workspace/cache/git-repos/https%3A%2F%2Fgithub.com%2Fjosh65536%2Fmultimaterial-voxelization" "/workspace/builds/worker-6-tc2/source", kill_on_drop: false }`
[INFO] [stderr] Cloning into '/workspace/builds/worker-6-tc2/source'...
[INFO] [stderr] done.
[INFO] validating manifest of git repo https://github.com/josh65536/multimaterial-voxelization on toolchain beta-2023-04-20
[INFO] running `Command { std: CARGO_HOME="/workspace/cargo-home" RUSTUP_HOME="/workspace/rustup-home" "/workspace/cargo-home/bin/cargo" "+beta-2023-04-20" "metadata" "--manifest-path" "Cargo.toml" "--no-deps", kill_on_drop: false }`
[INFO] started tweaking git repo https://github.com/josh65536/multimaterial-voxelization
[INFO] finished tweaking git repo https://github.com/josh65536/multimaterial-voxelization
[INFO] tweaked toml for git repo https://github.com/josh65536/multimaterial-voxelization written to /workspace/builds/worker-6-tc2/source/Cargo.toml
[INFO] crate git repo https://github.com/josh65536/multimaterial-voxelization already has a lockfile, it will not be regenerated
[INFO] running `Command { std: CARGO_HOME="/workspace/cargo-home" RUSTUP_HOME="/workspace/rustup-home" "/workspace/cargo-home/bin/cargo" "+beta-2023-04-20" "fetch" "--manifest-path" "Cargo.toml", kill_on_drop: false }`
[INFO] [stderr]     Updating crates.io index
[INFO] [stderr]  Downloading crates ...
[INFO] [stderr]   Downloaded no-std-compat v0.2.0
[INFO] [stderr]   Downloaded stable-vec v0.4.0
[INFO] [stderr]   Downloaded bvh v0.3.2
[INFO] [stderr]   Downloaded combination v0.1.2
[INFO] running `Command { std: "docker" "create" "-v" "/var/lib/crater-agent-workspace/builds/worker-6-tc2/target:/opt/rustwide/target:rw,Z" "-v" "/var/lib/crater-agent-workspace/builds/worker-6-tc2/source:/opt/rustwide/workdir:ro,Z" "-v" "/var/lib/crater-agent-workspace/cargo-home:/opt/rustwide/cargo-home:ro,Z" "-v" "/var/lib/crater-agent-workspace/rustup-home:/opt/rustwide/rustup-home:ro,Z" "-e" "SOURCE_DIR=/opt/rustwide/workdir" "-e" "CARGO_TARGET_DIR=/opt/rustwide/target" "-e" "CARGO_HOME=/opt/rustwide/cargo-home" "-e" "RUSTUP_HOME=/opt/rustwide/rustup-home" "-w" "/opt/rustwide/workdir" "-m" "1610612736" "--user" "0:0" "--network" "none" "ghcr.io/rust-lang/crates-build-env/linux@sha256:5ff2268d62e97bff2cde7d5815dd6ed5b47097566f13b8d0ca110b04b60e07ed" "/opt/rustwide/cargo-home/bin/cargo" "+beta-2023-04-20" "metadata" "--no-deps" "--format-version=1", kill_on_drop: false }`
[INFO] [stdout] fd70c652d469675f2ee89b0dbc4da26833e27c3ed90de42fcbb665b9b7503569
[INFO] running `Command { std: "docker" "start" "-a" "fd70c652d469675f2ee89b0dbc4da26833e27c3ed90de42fcbb665b9b7503569", kill_on_drop: false }`
[INFO] running `Command { std: "docker" "inspect" "fd70c652d469675f2ee89b0dbc4da26833e27c3ed90de42fcbb665b9b7503569", kill_on_drop: false }`
[INFO] running `Command { std: "docker" "rm" "-f" "fd70c652d469675f2ee89b0dbc4da26833e27c3ed90de42fcbb665b9b7503569", kill_on_drop: false }`
[INFO] [stdout] fd70c652d469675f2ee89b0dbc4da26833e27c3ed90de42fcbb665b9b7503569
[INFO] running `Command { std: "docker" "create" "-v" "/var/lib/crater-agent-workspace/builds/worker-6-tc2/target:/opt/rustwide/target:rw,Z" "-v" "/var/lib/crater-agent-workspace/builds/worker-6-tc2/source:/opt/rustwide/workdir:ro,Z" "-v" "/var/lib/crater-agent-workspace/cargo-home:/opt/rustwide/cargo-home:ro,Z" "-v" "/var/lib/crater-agent-workspace/rustup-home:/opt/rustwide/rustup-home:ro,Z" "-e" "SOURCE_DIR=/opt/rustwide/workdir" "-e" "CARGO_TARGET_DIR=/opt/rustwide/target" "-e" "CARGO_INCREMENTAL=0" "-e" "RUST_BACKTRACE=full" "-e" "RUSTFLAGS=--cap-lints=warn" "-e" "RUSTDOCFLAGS=--cap-lints=warn" "-e" "CARGO_HOME=/opt/rustwide/cargo-home" "-e" "RUSTUP_HOME=/opt/rustwide/rustup-home" "-w" "/opt/rustwide/workdir" "-m" "1610612736" "--user" "0:0" "--network" "none" "ghcr.io/rust-lang/crates-build-env/linux@sha256:5ff2268d62e97bff2cde7d5815dd6ed5b47097566f13b8d0ca110b04b60e07ed" "/opt/rustwide/cargo-home/bin/cargo" "+beta-2023-04-20" "build" "--frozen" "--message-format=json", kill_on_drop: false }`
[INFO] [stdout] 3450b95c7bde99e9cbb11caec407194b2a9428e6f29a80864becfb0b28a69459
[INFO] running `Command { std: "docker" "start" "-a" "3450b95c7bde99e9cbb11caec407194b2a9428e6f29a80864becfb0b28a69459", kill_on_drop: false }`
[INFO] [stderr]    Compiling autocfg v1.0.1
[INFO] [stderr]    Compiling libc v0.2.80
[INFO] [stderr]    Compiling libm v0.2.1
[INFO] [stderr]    Compiling autocfg v0.1.7
[INFO] [stderr]    Compiling rand_core v0.4.2
[INFO] [stderr]    Compiling getrandom v0.1.15
[INFO] [stderr]    Compiling proc-macro2 v1.0.24
[INFO] [stderr]    Compiling cfg-if v0.1.10
[INFO] [stderr]    Compiling const_fn v0.4.3
[INFO] [stderr]    Compiling unicode-xid v0.2.1
[INFO] [stderr]    Compiling rand_core v0.3.1
[INFO] [stderr]    Compiling num-traits v0.2.14
[INFO] [stderr]    Compiling num-integer v0.1.44
[INFO] [stderr]    Compiling crossbeam-utils v0.8.0
[INFO] [stderr]    Compiling memoffset v0.5.6
[INFO] [stderr]    Compiling num-complex v0.2.4
[INFO] [stderr]    Compiling num-bigint v0.2.6
[INFO] [stderr]    Compiling cfg-if v1.0.0
[INFO] [stderr]    Compiling lazy_static v1.4.0
[INFO] [stderr]    Compiling syn v1.0.48
[INFO] [stderr]    Compiling rand_core v0.5.1
[INFO] [stderr]    Compiling quote v1.0.7
[INFO] [stderr]    Compiling num-rational v0.2.4
[INFO] [stderr]    Compiling serde_derive v1.0.117
[INFO] [stderr]    Compiling ppv-lite86 v0.2.10
[INFO] [stderr]    Compiling typenum v1.12.0
[INFO] [stderr]    Compiling rand_chacha v0.1.1
[INFO] [stderr]    Compiling rand_chacha v0.2.2
[INFO] [stderr]    Compiling approx v0.3.2
[INFO] [stderr]    Compiling rand_pcg v0.1.2
[INFO] [stderr]    Compiling num-iter v0.1.42
[INFO] [stderr]    Compiling serde v1.0.117
[INFO] [stderr]    Compiling rayon-core v1.9.0
[INFO] [stderr]    Compiling scopeguard v1.1.0
[INFO] [stderr]    Compiling byteorder v1.3.4
[INFO] [stderr]    Compiling crossbeam-epoch v0.9.0
[INFO] [stderr]    Compiling rand v0.7.3
[INFO] [stderr]    Compiling rand v0.6.5
[INFO] [stderr]    Compiling indexmap v1.6.0
[INFO] [stderr]    Compiling log v0.4.11
[INFO] [stderr]    Compiling rawpointer v0.2.1
[INFO] [stderr]    Compiling cgmath v0.16.1
[INFO] [stderr]    Compiling generic-array v0.13.2
[INFO] [stderr]    Compiling matrixmultiply v0.2.3
[INFO] [stderr]    Compiling rand_distr v0.2.2
[INFO] [stderr]    Compiling crossbeam-deque v0.8.0
[INFO] [stderr]    Compiling alga v0.9.3
[INFO] [stderr]    Compiling num-traits v0.1.43
[INFO] [stderr]    Compiling crossbeam-channel v0.5.0
[INFO] [stderr]    Compiling rand v0.4.6
[INFO] [stderr]    Compiling rand_os v0.1.3
[INFO] [stderr]    Compiling num_cpus v1.13.0
[INFO] [stderr]    Compiling rand_hc v0.1.0
[INFO] [stderr]    Compiling rand_isaac v0.1.1
[INFO] [stderr]    Compiling rand_xorshift v0.1.1
[INFO] [stderr]    Compiling rayon v1.5.0
[INFO] [stderr]    Compiling rand_jitter v0.1.4
[INFO] [stderr]    Compiling approx v0.1.1
[INFO] [stderr]    Compiling hashbrown v0.9.1
[INFO] [stderr]    Compiling cgmath v0.17.0
[INFO] [stderr]    Compiling nalgebra v0.20.0
[INFO] [stderr]    Compiling num v0.2.1
[INFO] [stderr]    Compiling no-std-compat v0.2.0
[INFO] [stderr]    Compiling fixedbitset v0.2.0
[INFO] [stderr]    Compiling wavefront_obj v5.1.0
[INFO] [stderr]    Compiling either v1.6.1
[INFO] [stderr]    Compiling petgraph v0.5.1
[INFO] [stderr]    Compiling stable-vec v0.4.0
[INFO] [stderr]    Compiling fnv v1.0.7
[INFO] [stderr]    Compiling combination v0.1.2
[INFO] [stderr]    Compiling float-ord v0.2.0
[INFO] [stderr]    Compiling bincode v1.3.1
[INFO] [stderr]    Compiling tri-mesh v0.5.0 (https://github.com/josh65536/tri-mesh#8809fa6f)
[INFO] [stderr]    Compiling bvh v0.3.2
[INFO] [stderr]    Compiling voxelization v0.1.0 (/opt/rustwide/workdir)
[INFO] [stdout] warning: unused import: `FnvHashSet`
[INFO] [stdout]  --> src/triangulate.rs:6:23
[INFO] [stdout]   |
[INFO] [stdout] 6 | use fnv::{FnvHashMap, FnvHashSet};
[INFO] [stdout]   |                       ^^^^^^^^^^
[INFO] [stdout]   |
[INFO] [stdout]   = note: `#[warn(unused_imports)]` on by default
[INFO] [stdout] 
[INFO] [stdout] 
[INFO] [stdout] warning: unused import: `HashVec2`
[INFO] [stdout]   --> src/triangulate.rs:11:28
[INFO] [stdout]    |
[INFO] [stdout] 11 | use crate::util::{GraphEx, HashVec2, Vec2};
[INFO] [stdout]    |                            ^^^^^^^^
[INFO] [stdout] 
[INFO] [stdout] 
[INFO] [stdout] warning: unused import: `num_traits::Float`
[INFO] [stdout]  --> src/util.rs:2:5
[INFO] [stdout]   |
[INFO] [stdout] 2 | use num_traits::Float;
[INFO] [stdout]   |     ^^^^^^^^^^^^^^^^^
[INFO] [stdout] 
[INFO] [stdout] 
[INFO] [stdout] warning: unused import: `BoundingHierarchy`
[INFO] [stdout]   --> src/material_mesh.rs:14:31
[INFO] [stdout]    |
[INFO] [stdout] 14 | use bvh::bounding_hierarchy::{BoundingHierarchy, BHShape};
[INFO] [stdout]    |                               ^^^^^^^^^^^^^^^^^
[INFO] [stdout] 
[INFO] [stdout] 
[INFO] [stdout] warning: unused variable: `max`
[INFO] [stdout]    --> src/material_mesh.rs:366:13
[INFO] [stdout]     |
[INFO] [stdout] 366 |         let max = max_slice;
[INFO] [stdout]     |             ^^^ help: if this is intentional, prefix it with an underscore: `_max`
[INFO] [stdout]     |
[INFO] [stdout]     = note: `#[warn(unused_variables)]` on by default
[INFO] [stdout] 
[INFO] [stdout] 
[INFO] [stdout] warning: unused variable: `i`
[INFO] [stdout]    --> src/material_mesh.rs:491:23
[INFO] [stdout]     |
[INFO] [stdout] 491 |             .filter(|(i, imm)| imm.vertex_ids.len() > 0)
[INFO] [stdout]     |                       ^ help: if this is intentional, prefix it with an underscore: `_i`
[INFO] [stdout] 
[INFO] [stdout] 
[INFO] [stdout] warning: unused variable: `t`
[INFO] [stdout]    --> src/tetrahedralize.rs:265:17
[INFO] [stdout]     |
[INFO] [stdout] 265 |         let (s, t) = self.voronoi.edge_endpoints(edge).unwrap();
[INFO] [stdout]     |                 ^ help: if this is intentional, prefix it with an underscore: `_t`
[INFO] [stdout] 
[INFO] [stdout] 
[INFO] [stdout] warning: unused variable: `s1`
[INFO] [stdout]    --> src/tetrahedralize.rs:329:22
[INFO] [stdout]     |
[INFO] [stdout] 329 |                 let (s1, t1) = self.voronoi.edge_endpoints(*e1).unwrap();
[INFO] [stdout]     |                      ^^ help: if this is intentional, prefix it with an underscore: `_s1`
[INFO] [stdout] 
[INFO] [stdout] 
[INFO] [stdout] warning: unused variable: `t1`
[INFO] [stdout]    --> src/tetrahedralize.rs:329:26
[INFO] [stdout]     |
[INFO] [stdout] 329 |                 let (s1, t1) = self.voronoi.edge_endpoints(*e1).unwrap();
[INFO] [stdout]     |                          ^^ help: if this is intentional, prefix it with an underscore: `_t1`
[INFO] [stdout] 
[INFO] [stdout] 
[INFO] [stdout] warning: unused variable: `s2`
[INFO] [stdout]    --> src/tetrahedralize.rs:330:22
[INFO] [stdout]     |
[INFO] [stdout] 330 |                 let (s2, t2) = self.voronoi.edge_endpoints(*e2).unwrap();
[INFO] [stdout]     |                      ^^ help: if this is intentional, prefix it with an underscore: `_s2`
[INFO] [stdout] 
[INFO] [stdout] 
[INFO] [stdout] warning: unused variable: `t2`
[INFO] [stdout]    --> src/tetrahedralize.rs:330:26
[INFO] [stdout]     |
[INFO] [stdout] 330 |                 let (s2, t2) = self.voronoi.edge_endpoints(*e2).unwrap();
[INFO] [stdout]     |                          ^^ help: if this is intentional, prefix it with an underscore: `_t2`
[INFO] [stdout] 
[INFO] [stdout] 
[INFO] [stdout] warning: unused variable: `i`
[INFO] [stdout]    --> src/tetrahedralize.rs:654:21
[INFO] [stdout]     |
[INFO] [stdout] 654 |             .find(|(i, test_tet)| *test_tet == tet)
[INFO] [stdout]     |                     ^ help: if this is intentional, prefix it with an underscore: `_i`
[INFO] [stdout] 
[INFO] [stdout] 
[INFO] [stdout] warning: unused variable: `s`
[INFO] [stdout]    --> src/tetrahedralize.rs:854:15
[INFO] [stdout]     |
[INFO] [stdout] 854 |         let ((s, s_tet), (t, t_tet)) = match (s, iter.next()) {
[INFO] [stdout]     |               ^ help: if this is intentional, prefix it with an underscore: `_s`
[INFO] [stdout] 
[INFO] [stdout] 
[INFO] [stdout] warning: unused variable: `t`
[INFO] [stdout]    --> src/tetrahedralize.rs:854:27
[INFO] [stdout]     |
[INFO] [stdout] 854 |         let ((s, s_tet), (t, t_tet)) = match (s, iter.next()) {
[INFO] [stdout]     |                           ^ help: if this is intentional, prefix it with an underscore: `_t`
[INFO] [stdout] 
[INFO] [stdout] 
[INFO] [stdout] warning: unused variable: `time`
[INFO] [stdout]     --> src/tetrahedralize.rs:1275:25
[INFO] [stdout]      |
[INFO] [stdout] 1275 |         while let Some((time, face)) = face_queue.pop() {
[INFO] [stdout]      |                         ^^^^ help: if this is intentional, prefix it with an underscore: `_time`
[INFO] [stdout] 
[INFO] [stdout] 
[INFO] [stdout] warning: unused variable: `iteration`
[INFO] [stdout]     --> src/tetrahedralize.rs:1175:9
[INFO] [stdout]      |
[INFO] [stdout] 1175 |         iteration: u32,
[INFO] [stdout]      |         ^^^^^^^^^ help: if this is intentional, prefix it with an underscore: `_iteration`
[INFO] [stdout] 
[INFO] [stdout] 
[INFO] [stdout] warning: unused variable: `curr_time`
[INFO] [stdout]     --> src/tetrahedralize.rs:1214:13
[INFO] [stdout]      |
[INFO] [stdout] 1214 |             curr_time: f64| -> Result<(), TetError> {
[INFO] [stdout]      |             ^^^^^^^^^ help: if this is intentional, prefix it with an underscore: `_curr_time`
[INFO] [stdout] 
[INFO] [stdout] 
[INFO] [stdout] warning: unused variable: `adj`
[INFO] [stdout]     --> src/tetrahedralize.rs:1434:41
[INFO] [stdout]      |
[INFO] [stdout] 1434 |                 if let Some((adj_index, adj)) = self.face_tet_indexes_and_tets(face)
[INFO] [stdout]      |                                         ^^^ help: if this is intentional, prefix it with an underscore: `_adj`
[INFO] [stdout] 
[INFO] [stdout] 
[INFO] [stdout] warning: unused variable: `dir`
[INFO] [stdout]    --> src/triangulate.rs:132:38
[INFO] [stdout]     |
[INFO] [stdout] 132 |             targets.sort_by_key(|(n, dir)| {
[INFO] [stdout]     |                                      ^^^ help: if this is intentional, prefix it with an underscore: `_dir`
[INFO] [stdout] 
[INFO] [stdout] 
[INFO] [stdout] warning: unused variable: `i`
[INFO] [stdout]    --> src/triangulate.rs:452:31
[INFO] [stdout]     |
[INFO] [stdout] 452 |                 .max_by_key(|(i, (s, t))| FloatOrd((boundary[**t].x - boundary[**s].x).abs()))
[INFO] [stdout]     |                               ^ help: if this is intentional, prefix it with an underscore: `_i`
[INFO] [stdout] 
[INFO] [stdout] 
[INFO] [stdout] warning: unused variable: `chunk_y`
[INFO] [stdout]    --> src/voxels.rs:376:30
[INFO] [stdout]     |
[INFO] [stdout] 376 |             .flat_map_iter(|(chunk_y, chunk_z, slice)| {
[INFO] [stdout]     |                              ^^^^^^^ help: if this is intentional, prefix it with an underscore: `_chunk_y`
[INFO] [stdout] 
[INFO] [stdout] 
[INFO] [stdout] warning: unused variable: `chunk_z`
[INFO] [stdout]    --> src/voxels.rs:376:39
[INFO] [stdout]     |
[INFO] [stdout] 376 |             .flat_map_iter(|(chunk_y, chunk_z, slice)| {
[INFO] [stdout]     |                                       ^^^^^^^ help: if this is intentional, prefix it with an underscore: `_chunk_z`
[INFO] [stdout] 
[INFO] [stdout] 
[INFO] [stdout] warning: unused variable: `i`
[INFO] [stdout]    --> src/voxels.rs:703:66
[INFO] [stdout]     |
[INFO] [stdout] 703 |                 let i_min = face.iter().enumerate().min_by_key(|(i, v)| **v).unwrap().0;
[INFO] [stdout]     |                                                                  ^ help: if this is intentional, prefix it with an underscore: `_i`
[INFO] [stdout] 
[INFO] [stdout] 
[INFO] [stdout] warning: variable does not need to be mutable
[INFO] [stdout]     --> src/material_mesh.rs:1006:17
[INFO] [stdout]      |
[INFO] [stdout] 1006 |             let mut sub: Graph<Vec2, ()> = boundary.filter_map(
[INFO] [stdout]      |                 ----^^^
[INFO] [stdout]      |                 |
[INFO] [stdout]      |                 help: remove this `mut`
[INFO] [stdout]      |
[INFO] [stdout]      = note: `#[warn(unused_mut)]` on by default
[INFO] [stdout] 
[INFO] [stdout] 
[INFO] [stdout] warning: variable does not need to be mutable
[INFO] [stdout]    --> src/tetrahedralize.rs:839:28
[INFO] [stdout]     |
[INFO] [stdout] 839 |     pub fn flip(&mut self, mut face: [usize; 3]) -> Vec<usize> {
[INFO] [stdout]     |                            ----^^^^
[INFO] [stdout]     |                            |
[INFO] [stdout]     |                            help: remove this `mut`
[INFO] [stdout] 
[INFO] [stdout] 
[INFO] [stdout] warning: variable does not need to be mutable
[INFO] [stdout]     --> src/tetrahedralize.rs:1225:17
[INFO] [stdout]      |
[INFO] [stdout] 1225 |             let mut pos = vec![face[0], face[1], face[2], opposite[0], opposite[1]].into_iter()
[INFO] [stdout]      |                 ----^^^
[INFO] [stdout]      |                 |
[INFO] [stdout]      |                 help: remove this `mut`
[INFO] [stdout] 
[INFO] [stdout] 
[INFO] [stdout] warning: variable does not need to be mutable
[INFO] [stdout]     --> src/tetrahedralize.rs:1269:13
[INFO] [stdout]      |
[INFO] [stdout] 1269 |         let mut curr_time = 0.0;
[INFO] [stdout]      |             ----^^^^^^^^^
[INFO] [stdout]      |             |
[INFO] [stdout]      |             help: remove this `mut`
[INFO] [stdout] 
[INFO] [stdout] 
[INFO] [stdout] warning: methods `vertex_tet_indexes_and_tets` and `canonicalize` are never used
[INFO] [stdout]     --> src/tetrahedralize.rs:632:8
[INFO] [stdout]      |
[INFO] [stdout] 536  | impl Tetrahedralization {
[INFO] [stdout]      | ----------------------- methods in this implementation
[INFO] [stdout] ...
[INFO] [stdout] 632  |     fn vertex_tet_indexes_and_tets<'a>(
[INFO] [stdout]      |        ^^^^^^^^^^^^^^^^^^^^^^^^^^^
[INFO] [stdout] ...
[INFO] [stdout] 1559 |     fn canonicalize(&mut self) {
[INFO] [stdout]      |        ^^^^^^^^^^^^
[INFO] [stdout]      |
[INFO] [stdout]      = note: `#[warn(dead_code)]` on by default
[INFO] [stdout] 
[INFO] [stdout] 
[INFO] [stdout] warning: method `build` is never used
[INFO] [stdout]   --> src/voxels.rs:72:8
[INFO] [stdout]    |
[INFO] [stdout] 25 | impl DebugMeshBuilder {
[INFO] [stdout]    | --------------------- method in this implementation
[INFO] [stdout] ...
[INFO] [stdout] 72 |     fn build(self) -> MaterialMesh {
[INFO] [stdout]    |        ^^^^^
[INFO] [stdout] 
[INFO] [stdout] 
[INFO] [stdout] warning: method `is_uniform` is never used
[INFO] [stdout]    --> src/voxels.rs:453:8
[INFO] [stdout]     |
[INFO] [stdout] 450 | impl Chunk {
[INFO] [stdout]     | ---------- method in this implementation
[INFO] [stdout] ...
[INFO] [stdout] 453 |     fn is_uniform(&self) -> bool {
[INFO] [stdout]     |        ^^^^^^^^^^
[INFO] [stdout] 
[INFO] [stdout] 
[INFO] [stdout] warning: 30 warnings emitted
[INFO] [stdout] 
[INFO] [stdout] 
[INFO] [stderr]     Finished dev [unoptimized + debuginfo] target(s) in 20.65s
[INFO] running `Command { std: "docker" "inspect" "3450b95c7bde99e9cbb11caec407194b2a9428e6f29a80864becfb0b28a69459", kill_on_drop: false }`
[INFO] running `Command { std: "docker" "rm" "-f" "3450b95c7bde99e9cbb11caec407194b2a9428e6f29a80864becfb0b28a69459", kill_on_drop: false }`
[INFO] [stdout] 3450b95c7bde99e9cbb11caec407194b2a9428e6f29a80864becfb0b28a69459
[INFO] running `Command { std: "docker" "create" "-v" "/var/lib/crater-agent-workspace/builds/worker-6-tc2/target:/opt/rustwide/target:rw,Z" "-v" "/var/lib/crater-agent-workspace/builds/worker-6-tc2/source:/opt/rustwide/workdir:ro,Z" "-v" "/var/lib/crater-agent-workspace/cargo-home:/opt/rustwide/cargo-home:ro,Z" "-v" "/var/lib/crater-agent-workspace/rustup-home:/opt/rustwide/rustup-home:ro,Z" "-e" "SOURCE_DIR=/opt/rustwide/workdir" "-e" "CARGO_TARGET_DIR=/opt/rustwide/target" "-e" "CARGO_INCREMENTAL=0" "-e" "RUST_BACKTRACE=full" "-e" "RUSTFLAGS=--cap-lints=warn" "-e" "RUSTDOCFLAGS=--cap-lints=warn" "-e" "CARGO_HOME=/opt/rustwide/cargo-home" "-e" "RUSTUP_HOME=/opt/rustwide/rustup-home" "-w" "/opt/rustwide/workdir" "-m" "1610612736" "--user" "0:0" "--network" "none" "ghcr.io/rust-lang/crates-build-env/linux@sha256:5ff2268d62e97bff2cde7d5815dd6ed5b47097566f13b8d0ca110b04b60e07ed" "/opt/rustwide/cargo-home/bin/cargo" "+beta-2023-04-20" "test" "--frozen" "--no-run" "--message-format=json", kill_on_drop: false }`
[INFO] [stdout] da96d61c78e365f46d9ceca391b9f65e5975fcb8649d345a5f4e87da61be9ce3
[INFO] running `Command { std: "docker" "start" "-a" "da96d61c78e365f46d9ceca391b9f65e5975fcb8649d345a5f4e87da61be9ce3", kill_on_drop: false }`
[INFO] [stdout] warning: unused import: `FnvHashSet`
[INFO] [stdout]  --> src/triangulate.rs:6:23
[INFO] [stdout]   |
[INFO] [stdout] 6 | use fnv::{FnvHashMap, FnvHashSet};
[INFO] [stdout]   |                       ^^^^^^^^^^
[INFO] [stdout]   |
[INFO] [stdout]   = note: `#[warn(unused_imports)]` on by default
[INFO] [stdout] 
[INFO] [stdout] 
[INFO] [stdout] warning: unused import: `HashVec2`
[INFO] [stdout]   --> src/triangulate.rs:11:28
[INFO] [stdout]    |
[INFO] [stdout] 11 | use crate::util::{GraphEx, HashVec2, Vec2};
[INFO] [stdout]    |                            ^^^^^^^^
[INFO] [stdout] 
[INFO] [stdout] 
[INFO] [stdout] warning: unused import: `num_traits::Float`
[INFO] [stdout]  --> src/util.rs:2:5
[INFO] [stdout]   |
[INFO] [stdout] 2 | use num_traits::Float;
[INFO] [stdout]   |     ^^^^^^^^^^^^^^^^^
[INFO] [stdout] 
[INFO] [stdout] 
[INFO] [stdout] warning: unused import: `BoundingHierarchy`
[INFO] [stdout]   --> src/material_mesh.rs:14:31
[INFO] [stdout]    |
[INFO] [stdout] 14 | use bvh::bounding_hierarchy::{BoundingHierarchy, BHShape};
[INFO] [stdout]    |                               ^^^^^^^^^^^^^^^^^
[INFO] [stdout] 
[INFO] [stdout] 
[INFO] [stdout] warning: unused variable: `max`
[INFO] [stdout]    --> src/material_mesh.rs:366:13
[INFO] [stdout]     |
[INFO] [stdout] 366 |         let max = max_slice;
[INFO] [stdout]     |             ^^^ help: if this is intentional, prefix it with an underscore: `_max`
[INFO] [stdout]     |
[INFO] [stdout]     = note: `#[warn(unused_variables)]` on by default
[INFO] [stdout] 
[INFO] [stdout] 
[INFO] [stdout] warning: unused variable: `i`
[INFO] [stdout]    --> src/material_mesh.rs:491:23
[INFO] [stdout]     |
[INFO] [stdout] 491 |             .filter(|(i, imm)| imm.vertex_ids.len() > 0)
[INFO] [stdout]     |                       ^ help: if this is intentional, prefix it with an underscore: `_i`
[INFO] [stdout] 
[INFO] [stdout] 
[INFO] [stdout] warning: unused variable: `t`
[INFO] [stdout]    --> src/tetrahedralize.rs:265:17
[INFO] [stdout]     |
[INFO] [stdout] 265 |         let (s, t) = self.voronoi.edge_endpoints(edge).unwrap();
[INFO] [stdout]     |                 ^ help: if this is intentional, prefix it with an underscore: `_t`
[INFO] [stdout] 
[INFO] [stdout] 
[INFO] [stdout] warning: unused variable: `s1`
[INFO] [stdout]    --> src/tetrahedralize.rs:329:22
[INFO] [stdout]     |
[INFO] [stdout] 329 |                 let (s1, t1) = self.voronoi.edge_endpoints(*e1).unwrap();
[INFO] [stdout]     |                      ^^ help: if this is intentional, prefix it with an underscore: `_s1`
[INFO] [stdout] 
[INFO] [stdout] 
[INFO] [stdout] warning: unused variable: `t1`
[INFO] [stdout]    --> src/tetrahedralize.rs:329:26
[INFO] [stdout]     |
[INFO] [stdout] 329 |                 let (s1, t1) = self.voronoi.edge_endpoints(*e1).unwrap();
[INFO] [stdout]     |                          ^^ help: if this is intentional, prefix it with an underscore: `_t1`
[INFO] [stdout] 
[INFO] [stdout] 
[INFO] [stdout] warning: unused variable: `s2`
[INFO] [stdout]    --> src/tetrahedralize.rs:330:22
[INFO] [stdout]     |
[INFO] [stdout] 330 |                 let (s2, t2) = self.voronoi.edge_endpoints(*e2).unwrap();
[INFO] [stdout]     |                      ^^ help: if this is intentional, prefix it with an underscore: `_s2`
[INFO] [stdout] 
[INFO] [stdout] 
[INFO] [stdout] warning: unused variable: `t2`
[INFO] [stdout]    --> src/tetrahedralize.rs:330:26
[INFO] [stdout]     |
[INFO] [stdout] 330 |                 let (s2, t2) = self.voronoi.edge_endpoints(*e2).unwrap();
[INFO] [stdout]     |                          ^^ help: if this is intentional, prefix it with an underscore: `_t2`
[INFO] [stdout] 
[INFO] [stdout] 
[INFO] [stdout] warning: unused variable: `i`
[INFO] [stdout]    --> src/tetrahedralize.rs:654:21
[INFO] [stdout]     |
[INFO] [stdout] 654 |             .find(|(i, test_tet)| *test_tet == tet)
[INFO] [stdout]     |                     ^ help: if this is intentional, prefix it with an underscore: `_i`
[INFO] [stdout] 
[INFO] [stdout] 
[INFO] [stdout] warning: unused variable: `s`
[INFO] [stdout]    --> src/tetrahedralize.rs:854:15
[INFO] [stdout]     |
[INFO] [stdout] 854 |         let ((s, s_tet), (t, t_tet)) = match (s, iter.next()) {
[INFO] [stdout]     |               ^ help: if this is intentional, prefix it with an underscore: `_s`
[INFO] [stdout] 
[INFO] [stdout] 
[INFO] [stdout] warning: unused variable: `t`
[INFO] [stdout]    --> src/tetrahedralize.rs:854:27
[INFO] [stdout]     |
[INFO] [stdout] 854 |         let ((s, s_tet), (t, t_tet)) = match (s, iter.next()) {
[INFO] [stdout]     |                           ^ help: if this is intentional, prefix it with an underscore: `_t`
[INFO] [stdout] 
[INFO] [stdout] 
[INFO] [stdout] warning: unused variable: `time`
[INFO] [stdout]     --> src/tetrahedralize.rs:1275:25
[INFO] [stdout]      |
[INFO] [stdout] 1275 |         while let Some((time, face)) = face_queue.pop() {
[INFO] [stdout]      |                         ^^^^ help: if this is intentional, prefix it with an underscore: `_time`
[INFO] [stdout] 
[INFO] [stdout] 
[INFO] [stdout] warning: unused variable: `iteration`
[INFO] [stdout]     --> src/tetrahedralize.rs:1175:9
[INFO] [stdout]      |
[INFO] [stdout] 1175 |         iteration: u32,
[INFO] [stdout]      |         ^^^^^^^^^ help: if this is intentional, prefix it with an underscore: `_iteration`
[INFO] [stdout] 
[INFO] [stdout] 
[INFO] [stdout] warning: unused variable: `curr_time`
[INFO] [stdout]     --> src/tetrahedralize.rs:1214:13
[INFO] [stdout]      |
[INFO] [stdout] 1214 |             curr_time: f64| -> Result<(), TetError> {
[INFO] [stdout]      |             ^^^^^^^^^ help: if this is intentional, prefix it with an underscore: `_curr_time`
[INFO] [stdout] 
[INFO] [stdout] 
[INFO] [stdout] warning: unused variable: `adj`
[INFO] [stdout]     --> src/tetrahedralize.rs:1434:41
[INFO] [stdout]      |
[INFO] [stdout] 1434 |                 if let Some((adj_index, adj)) = self.face_tet_indexes_and_tets(face)
[INFO] [stdout]      |                                         ^^^ help: if this is intentional, prefix it with an underscore: `_adj`
[INFO] [stdout] 
[INFO] [stdout] 
[INFO] [stdout] warning: unused variable: `dir`
[INFO] [stdout]    --> src/triangulate.rs:132:38
[INFO] [stdout]     |
[INFO] [stdout] 132 |             targets.sort_by_key(|(n, dir)| {
[INFO] [stdout]     |                                      ^^^ help: if this is intentional, prefix it with an underscore: `_dir`
[INFO] [stdout] 
[INFO] [stdout] 
[INFO] [stdout] warning: unused variable: `i`
[INFO] [stdout]    --> src/triangulate.rs:452:31
[INFO] [stdout]     |
[INFO] [stdout] 452 |                 .max_by_key(|(i, (s, t))| FloatOrd((boundary[**t].x - boundary[**s].x).abs()))
[INFO] [stdout]     |                               ^ help: if this is intentional, prefix it with an underscore: `_i`
[INFO] [stdout] 
[INFO] [stdout] 
[INFO] [stdout] warning: unused variable: `chunk_y`
[INFO] [stdout]    --> src/voxels.rs:376:30
[INFO] [stdout]     |
[INFO] [stdout] 376 |             .flat_map_iter(|(chunk_y, chunk_z, slice)| {
[INFO] [stdout]     |                              ^^^^^^^ help: if this is intentional, prefix it with an underscore: `_chunk_y`
[INFO] [stdout] 
[INFO] [stdout] 
[INFO] [stdout] warning: unused variable: `chunk_z`
[INFO] [stdout]    --> src/voxels.rs:376:39
[INFO] [stdout]     |
[INFO] [stdout] 376 |             .flat_map_iter(|(chunk_y, chunk_z, slice)| {
[INFO] [stdout]     |                                       ^^^^^^^ help: if this is intentional, prefix it with an underscore: `_chunk_z`
[INFO] [stdout] 
[INFO] [stdout] 
[INFO] [stdout] warning: unused variable: `i`
[INFO] [stdout]    --> src/voxels.rs:703:66
[INFO] [stdout]     |
[INFO] [stdout] 703 |                 let i_min = face.iter().enumerate().min_by_key(|(i, v)| **v).unwrap().0;
[INFO] [stdout]     |                                                                  ^ help: if this is intentional, prefix it with an underscore: `_i`
[INFO] [stdout] 
[INFO] [stdout] 
[INFO] [stdout] warning: variable does not need to be mutable
[INFO] [stdout]     --> src/material_mesh.rs:1006:17
[INFO] [stdout]      |
[INFO] [stdout] 1006 |             let mut sub: Graph<Vec2, ()> = boundary.filter_map(
[INFO] [stdout]      |                 ----^^^
[INFO] [stdout]      |                 |
[INFO] [stdout]      |                 help: remove this `mut`
[INFO] [stdout]      |
[INFO] [stdout]      = note: `#[warn(unused_mut)]` on by default
[INFO] [stdout] 
[INFO] [stdout] 
[INFO] [stdout] warning: variable does not need to be mutable
[INFO] [stdout]    --> src/tetrahedralize.rs:839:28
[INFO] [stdout]     |
[INFO] [stdout] 839 |     pub fn flip(&mut self, mut face: [usize; 3]) -> Vec<usize> {
[INFO] [stdout]     |                            ----^^^^
[INFO] [stdout]     |                            |
[INFO] [stdout]     |                            help: remove this `mut`
[INFO] [stdout] 
[INFO] [stdout] 
[INFO] [stdout] warning: variable does not need to be mutable
[INFO] [stdout]     --> src/tetrahedralize.rs:1225:17
[INFO] [stdout]      |
[INFO] [stdout] 1225 |             let mut pos = vec![face[0], face[1], face[2], opposite[0], opposite[1]].into_iter()
[INFO] [stdout]      |                 ----^^^
[INFO] [stdout]      |                 |
[INFO] [stdout]      |                 help: remove this `mut`
[INFO] [stdout] 
[INFO] [stdout] 
[INFO] [stdout] warning: variable does not need to be mutable
[INFO] [stdout]     --> src/tetrahedralize.rs:1269:13
[INFO] [stdout]      |
[INFO] [stdout] 1269 |         let mut curr_time = 0.0;
[INFO] [stdout]      |             ----^^^^^^^^^
[INFO] [stdout]      |             |
[INFO] [stdout]      |             help: remove this `mut`
[INFO] [stdout] 
[INFO] [stdout] 
[INFO] [stdout] warning: methods `vertex_tet_indexes_and_tets` and `canonicalize` are never used
[INFO] [stdout]     --> src/tetrahedralize.rs:632:8
[INFO] [stdout]      |
[INFO] [stdout] 536  | impl Tetrahedralization {
[INFO] [stdout]      | ----------------------- methods in this implementation
[INFO] [stdout] ...
[INFO] [stdout] 632  |     fn vertex_tet_indexes_and_tets<'a>(
[INFO] [stdout]      |        ^^^^^^^^^^^^^^^^^^^^^^^^^^^
[INFO] [stdout] ...
[INFO] [stdout] 1559 |     fn canonicalize(&mut self) {
[INFO] [stdout]      |        ^^^^^^^^^^^^
[INFO] [stdout]      |
[INFO] [stdout]      = note: `#[warn(dead_code)]` on by default
[INFO] [stdout] 
[INFO] [stdout] 
[INFO] [stdout] warning: method `build` is never used
[INFO] [stdout]   --> src/voxels.rs:72:8
[INFO] [stdout]    |
[INFO] [stdout] 25 | impl DebugMeshBuilder {
[INFO] [stdout]    | --------------------- method in this implementation
[INFO] [stdout] ...
[INFO] [stdout] 72 |     fn build(self) -> MaterialMesh {
[INFO] [stdout]    |        ^^^^^
[INFO] [stdout] 
[INFO] [stdout] 
[INFO] [stdout] warning: method `is_uniform` is never used
[INFO] [stdout]    --> src/voxels.rs:453:8
[INFO] [stdout]     |
[INFO] [stdout] 450 | impl Chunk {
[INFO] [stdout]     | ---------- method in this implementation
[INFO] [stdout] ...
[INFO] [stdout] 453 |     fn is_uniform(&self) -> bool {
[INFO] [stdout]     |        ^^^^^^^^^^
[INFO] [stdout] 
[INFO] [stdout] 
[INFO] [stdout] warning: 30 warnings emitted
[INFO] [stdout] 
[INFO] [stdout] 
[INFO] [stderr]    Compiling voxelization v0.1.0 (/opt/rustwide/workdir)
[INFO] [stdout] warning: unused import: `petgraph::algo`
[INFO] [stdout]     --> src/tetrahedralize.rs:1673:9
[INFO] [stdout]      |
[INFO] [stdout] 1673 |     use petgraph::algo;
[INFO] [stdout]      |         ^^^^^^^^^^^^^^
[INFO] [stdout]      |
[INFO] [stdout]      = note: `#[warn(unused_imports)]` on by default
[INFO] [stdout] 
[INFO] [stdout] 
[INFO] [stdout] warning: unused import: `HashVec2`
[INFO] [stdout]   --> src/triangulate.rs:11:28
[INFO] [stdout]    |
[INFO] [stdout] 11 | use crate::util::{GraphEx, HashVec2, Vec2};
[INFO] [stdout]    |                            ^^^^^^^^
[INFO] [stdout] 
[INFO] [stdout] 
[INFO] [stdout] warning: unused import: `num_traits::Float`
[INFO] [stdout]  --> src/util.rs:2:5
[INFO] [stdout]   |
[INFO] [stdout] 2 | use num_traits::Float;
[INFO] [stdout]   |     ^^^^^^^^^^^^^^^^^
[INFO] [stdout] 
[INFO] [stdout] 
[INFO] [stdout] warning: unused import: `BoundingHierarchy`
[INFO] [stdout]   --> src/material_mesh.rs:14:31
[INFO] [stdout]    |
[INFO] [stdout] 14 | use bvh::bounding_hierarchy::{BoundingHierarchy, BHShape};
[INFO] [stdout]    |                               ^^^^^^^^^^^^^^^^^
[INFO] [stdout] 
[INFO] [stdout] 
[INFO] [stdout] warning: unused variable: `max`
[INFO] [stdout]    --> src/material_mesh.rs:366:13
[INFO] [stdout]     |
[INFO] [stdout] 366 |         let max = max_slice;
[INFO] [stdout]     |             ^^^ help: if this is intentional, prefix it with an underscore: `_max`
[INFO] [stdout]     |
[INFO] [stdout]     = note: `#[warn(unused_variables)]` on by default
[INFO] [stdout] 
[INFO] [stdout] 
[INFO] [stdout] warning: unused variable: `i`
[INFO] [stdout]    --> src/material_mesh.rs:491:23
[INFO] [stdout]     |
[INFO] [stdout] 491 |             .filter(|(i, imm)| imm.vertex_ids.len() > 0)
[INFO] [stdout]     |                       ^ help: if this is intentional, prefix it with an underscore: `_i`
[INFO] [stdout] 
[INFO] [stdout] 
[INFO] [stdout] warning: unused variable: `t`
[INFO] [stdout]    --> src/tetrahedralize.rs:265:17
[INFO] [stdout]     |
[INFO] [stdout] 265 |         let (s, t) = self.voronoi.edge_endpoints(edge).unwrap();
[INFO] [stdout]     |                 ^ help: if this is intentional, prefix it with an underscore: `_t`
[INFO] [stdout] 
[INFO] [stdout] 
[INFO] [stdout] warning: unused variable: `s1`
[INFO] [stdout]    --> src/tetrahedralize.rs:329:22
[INFO] [stdout]     |
[INFO] [stdout] 329 |                 let (s1, t1) = self.voronoi.edge_endpoints(*e1).unwrap();
[INFO] [stdout]     |                      ^^ help: if this is intentional, prefix it with an underscore: `_s1`
[INFO] [stdout] 
[INFO] [stdout] 
[INFO] [stdout] warning: unused variable: `t1`
[INFO] [stdout]    --> src/tetrahedralize.rs:329:26
[INFO] [stdout]     |
[INFO] [stdout] 329 |                 let (s1, t1) = self.voronoi.edge_endpoints(*e1).unwrap();
[INFO] [stdout]     |                          ^^ help: if this is intentional, prefix it with an underscore: `_t1`
[INFO] [stdout] 
[INFO] [stdout] 
[INFO] [stdout] warning: unused variable: `s2`
[INFO] [stdout]    --> src/tetrahedralize.rs:330:22
[INFO] [stdout]     |
[INFO] [stdout] 330 |                 let (s2, t2) = self.voronoi.edge_endpoints(*e2).unwrap();
[INFO] [stdout]     |                      ^^ help: if this is intentional, prefix it with an underscore: `_s2`
[INFO] [stdout] 
[INFO] [stdout] 
[INFO] [stdout] warning: unused variable: `t2`
[INFO] [stdout]    --> src/tetrahedralize.rs:330:26
[INFO] [stdout]     |
[INFO] [stdout] 330 |                 let (s2, t2) = self.voronoi.edge_endpoints(*e2).unwrap();
[INFO] [stdout]     |                          ^^ help: if this is intentional, prefix it with an underscore: `_t2`
[INFO] [stdout] 
[INFO] [stdout] 
[INFO] [stdout] warning: unused variable: `i`
[INFO] [stdout]    --> src/tetrahedralize.rs:654:21
[INFO] [stdout]     |
[INFO] [stdout] 654 |             .find(|(i, test_tet)| *test_tet == tet)
[INFO] [stdout]     |                     ^ help: if this is intentional, prefix it with an underscore: `_i`
[INFO] [stdout] 
[INFO] [stdout] 
[INFO] [stdout] warning: unused variable: `s`
[INFO] [stdout]    --> src/tetrahedralize.rs:854:15
[INFO] [stdout]     |
[INFO] [stdout] 854 |         let ((s, s_tet), (t, t_tet)) = match (s, iter.next()) {
[INFO] [stdout]     |               ^ help: if this is intentional, prefix it with an underscore: `_s`
[INFO] [stdout] 
[INFO] [stdout] 
[INFO] [stdout] warning: unused variable: `t`
[INFO] [stdout]    --> src/tetrahedralize.rs:854:27
[INFO] [stdout]     |
[INFO] [stdout] 854 |         let ((s, s_tet), (t, t_tet)) = match (s, iter.next()) {
[INFO] [stdout]     |                           ^ help: if this is intentional, prefix it with an underscore: `_t`
[INFO] [stdout] 
[INFO] [stdout] 
[INFO] [stdout] warning: unused variable: `time`
[INFO] [stdout]     --> src/tetrahedralize.rs:1275:25
[INFO] [stdout]      |
[INFO] [stdout] 1275 |         while let Some((time, face)) = face_queue.pop() {
[INFO] [stdout]      |                         ^^^^ help: if this is intentional, prefix it with an underscore: `_time`
[INFO] [stdout] 
[INFO] [stdout] 
[INFO] [stdout] warning: unused variable: `iteration`
[INFO] [stdout]     --> src/tetrahedralize.rs:1175:9
[INFO] [stdout]      |
[INFO] [stdout] 1175 |         iteration: u32,
[INFO] [stdout]      |         ^^^^^^^^^ help: if this is intentional, prefix it with an underscore: `_iteration`
[INFO] [stdout] 
[INFO] [stdout] 
[INFO] [stdout] warning: unused variable: `curr_time`
[INFO] [stdout]     --> src/tetrahedralize.rs:1214:13
[INFO] [stdout]      |
[INFO] [stdout] 1214 |             curr_time: f64| -> Result<(), TetError> {
[INFO] [stdout]      |             ^^^^^^^^^ help: if this is intentional, prefix it with an underscore: `_curr_time`
[INFO] [stdout] 
[INFO] [stdout] 
[INFO] [stdout] warning: unused variable: `adj`
[INFO] [stdout]     --> src/tetrahedralize.rs:1434:41
[INFO] [stdout]      |
[INFO] [stdout] 1434 |                 if let Some((adj_index, adj)) = self.face_tet_indexes_and_tets(face)
[INFO] [stdout]      |                                         ^^^ help: if this is intentional, prefix it with an underscore: `_adj`
[INFO] [stdout] 
[INFO] [stdout] 
[INFO] [stdout] warning: unused variable: `edges_to_search`
[INFO] [stdout]     --> src/tetrahedralize.rs:2373:14
[INFO] [stdout]      |
[INFO] [stdout] 2373 |         let (edges_to_search, inner_faces, inner_tets, point, face_edges) = tet
[INFO] [stdout]      |              ^^^^^^^^^^^^^^^ help: if this is intentional, prefix it with an underscore: `_edges_to_search`
[INFO] [stdout] 
[INFO] [stdout] 
[INFO] [stdout] warning: unused variable: `inner_faces`
[INFO] [stdout]     --> src/tetrahedralize.rs:2373:31
[INFO] [stdout]      |
[INFO] [stdout] 2373 |         let (edges_to_search, inner_faces, inner_tets, point, face_edges) = tet
[INFO] [stdout]      |                               ^^^^^^^^^^^ help: if this is intentional, prefix it with an underscore: `_inner_faces`
[INFO] [stdout] 
[INFO] [stdout] 
[INFO] [stdout] warning: unused variable: `inner_tets`
[INFO] [stdout]     --> src/tetrahedralize.rs:2373:44
[INFO] [stdout]      |
[INFO] [stdout] 2373 |         let (edges_to_search, inner_faces, inner_tets, point, face_edges) = tet
[INFO] [stdout]      |                                            ^^^^^^^^^^ help: if this is intentional, prefix it with an underscore: `_inner_tets`
[INFO] [stdout] 
[INFO] [stdout] 
[INFO] [stdout] warning: unused variable: `point`
[INFO] [stdout]     --> src/tetrahedralize.rs:2373:56
[INFO] [stdout]      |
[INFO] [stdout] 2373 |         let (edges_to_search, inner_faces, inner_tets, point, face_edges) = tet
[INFO] [stdout]      |                                                        ^^^^^ help: if this is intentional, prefix it with an underscore: `_point`
[INFO] [stdout] 
[INFO] [stdout] 
[INFO] [stdout] warning: unused variable: `dir`
[INFO] [stdout]    --> src/triangulate.rs:132:38
[INFO] [stdout]     |
[INFO] [stdout] 132 |             targets.sort_by_key(|(n, dir)| {
[INFO] [stdout]     |                                      ^^^ help: if this is intentional, prefix it with an underscore: `_dir`
[INFO] [stdout] 
[INFO] [stdout] 
[INFO] [stdout] warning: unused variable: `i`
[INFO] [stdout]    --> src/triangulate.rs:452:31
[INFO] [stdout]     |
[INFO] [stdout] 452 |                 .max_by_key(|(i, (s, t))| FloatOrd((boundary[**t].x - boundary[**s].x).abs()))
[INFO] [stdout]     |                               ^ help: if this is intentional, prefix it with an underscore: `_i`
[INFO] [stdout] 
[INFO] [stdout] 
[INFO] [stdout] warning: unused variable: `chunk_y`
[INFO] [stdout]    --> src/voxels.rs:376:30
[INFO] [stdout]     |
[INFO] [stdout] 376 |             .flat_map_iter(|(chunk_y, chunk_z, slice)| {
[INFO] [stdout]     |                              ^^^^^^^ help: if this is intentional, prefix it with an underscore: `_chunk_y`
[INFO] [stdout] 
[INFO] [stdout] 
[INFO] [stdout] warning: unused variable: `chunk_z`
[INFO] [stdout]    --> src/voxels.rs:376:39
[INFO] [stdout]     |
[INFO] [stdout] 376 |             .flat_map_iter(|(chunk_y, chunk_z, slice)| {
[INFO] [stdout]     |                                       ^^^^^^^ help: if this is intentional, prefix it with an underscore: `_chunk_z`
[INFO] [stdout] 
[INFO] [stdout] 
[INFO] [stdout] warning: unused variable: `i`
[INFO] [stdout]    --> src/voxels.rs:703:66
[INFO] [stdout]     |
[INFO] [stdout] 703 |                 let i_min = face.iter().enumerate().min_by_key(|(i, v)| **v).unwrap().0;
[INFO] [stdout]     |                                                                  ^ help: if this is intentional, prefix it with an underscore: `_i`
[INFO] [stdout] 
[INFO] [stdout] 
[INFO] [stdout] warning: variable does not need to be mutable
[INFO] [stdout]     --> src/material_mesh.rs:1006:17
[INFO] [stdout]      |
[INFO] [stdout] 1006 |             let mut sub: Graph<Vec2, ()> = boundary.filter_map(
[INFO] [stdout]      |                 ----^^^
[INFO] [stdout]      |                 |
[INFO] [stdout]      |                 help: remove this `mut`
[INFO] [stdout]      |
[INFO] [stdout]      = note: `#[warn(unused_mut)]` on by default
[INFO] [stdout] 
[INFO] [stdout] 
[INFO] [stdout] warning: variable does not need to be mutable
[INFO] [stdout]    --> src/tetrahedralize.rs:839:28
[INFO] [stdout]     |
[INFO] [stdout] 839 |     pub fn flip(&mut self, mut face: [usize; 3]) -> Vec<usize> {
[INFO] [stdout]     |                            ----^^^^
[INFO] [stdout]     |                            |
[INFO] [stdout]     |                            help: remove this `mut`
[INFO] [stdout] 
[INFO] [stdout] 
[INFO] [stdout] warning: variable does not need to be mutable
[INFO] [stdout]     --> src/tetrahedralize.rs:1225:17
[INFO] [stdout]      |
[INFO] [stdout] 1225 |             let mut pos = vec![face[0], face[1], face[2], opposite[0], opposite[1]].into_iter()
[INFO] [stdout]      |                 ----^^^
[INFO] [stdout]      |                 |
[INFO] [stdout]      |                 help: remove this `mut`
[INFO] [stdout] 
[INFO] [stdout] 
[INFO] [stdout] warning: variable does not need to be mutable
[INFO] [stdout]     --> src/tetrahedralize.rs:1269:13
[INFO] [stdout]      |
[INFO] [stdout] 1269 |         let mut curr_time = 0.0;
[INFO] [stdout]      |             ----^^^^^^^^^
[INFO] [stdout]      |             |
[INFO] [stdout]      |             help: remove this `mut`
[INFO] [stdout] 
[INFO] [stdout] 
[INFO] [stdout] warning: method `vertex_tet_indexes_and_tets` is never used
[INFO] [stdout]    --> src/tetrahedralize.rs:632:8
[INFO] [stdout]     |
[INFO] [stdout] 536 | impl Tetrahedralization {
[INFO] [stdout]     | ----------------------- method in this implementation
[INFO] [stdout] ...
[INFO] [stdout] 632 |     fn vertex_tet_indexes_and_tets<'a>(
[INFO] [stdout]     |        ^^^^^^^^^^^^^^^^^^^^^^^^^^^
[INFO] [stdout]     |
[INFO] [stdout]     = note: `#[warn(dead_code)]` on by default
[INFO] [stdout] 
[INFO] [stdout] 
[INFO] [stdout] warning: function `vertex_list` is never used
[INFO] [stdout]     --> src/tetrahedralize.rs:1859:8
[INFO] [stdout]      |
[INFO] [stdout] 1859 |     fn vertex_list<N: Copy, E>(graph: &Graph<N, E>) -> Vec<N> {
[INFO] [stdout]      |        ^^^^^^^^^^^
[INFO] [stdout] 
[INFO] [stdout] 
[INFO] [stdout] warning: function `edge_set` is never used
[INFO] [stdout]     --> src/tetrahedralize.rs:1863:8
[INFO] [stdout]      |
[INFO] [stdout] 1863 |     fn edge_set<N, E: Copy + Eq + Hash>(
[INFO] [stdout]      |        ^^^^^^^^
[INFO] [stdout] 
[INFO] [stdout] 
[INFO] [stdout] warning: method `build` is never used
[INFO] [stdout]   --> src/voxels.rs:72:8
[INFO] [stdout]    |
[INFO] [stdout] 25 | impl DebugMeshBuilder {
[INFO] [stdout]    | --------------------- method in this implementation
[INFO] [stdout] ...
[INFO] [stdout] 72 |     fn build(self) -> MaterialMesh {
[INFO] [stdout]    |        ^^^^^
[INFO] [stdout] 
[INFO] [stdout] 
[INFO] [stdout] warning: method `is_uniform` is never used
[INFO] [stdout]    --> src/voxels.rs:453:8
[INFO] [stdout]     |
[INFO] [stdout] 450 | impl Chunk {
[INFO] [stdout]     | ---------- method in this implementation
[INFO] [stdout] ...
[INFO] [stdout] 453 |     fn is_uniform(&self) -> bool {
[INFO] [stdout]     |        ^^^^^^^^^^
[INFO] [stdout] 
[INFO] [stdout] 
[INFO] [stdout] warning: unused `Result` that must be used
[INFO] [stdout]    --> src/plc.rs:347:9
[INFO] [stdout]     |
[INFO] [stdout] 347 |         plc.tetrahedralize();
[INFO] [stdout]     |         ^^^^^^^^^^^^^^^^^^^^
[INFO] [stdout]     |
[INFO] [stdout]     = note: this `Result` may be an `Err` variant, which should be handled
[INFO] [stdout]     = note: `#[warn(unused_must_use)]` on by default
[INFO] [stdout] help: use `let _ = ...` to ignore the resulting value
[INFO] [stdout]     |
[INFO] [stdout] 347 |         let _ = plc.tetrahedralize();
[INFO] [stdout]     |         +++++++
[INFO] [stdout] 
[INFO] [stdout] 
[INFO] [stdout] warning: unused `Result` that must be used
[INFO] [stdout]    --> src/plc.rs:357:9
[INFO] [stdout]     |
[INFO] [stdout] 357 |         plc.tetrahedralize();
[INFO] [stdout]     |         ^^^^^^^^^^^^^^^^^^^^
[INFO] [stdout]     |
[INFO] [stdout]     = note: this `Result` may be an `Err` variant, which should be handled
[INFO] [stdout] help: use `let _ = ...` to ignore the resulting value
[INFO] [stdout]     |
[INFO] [stdout] 357 |         let _ = plc.tetrahedralize();
[INFO] [stdout]     |         +++++++
[INFO] [stdout] 
[INFO] [stdout] 
[INFO] [stdout] warning: 38 warnings emitted
[INFO] [stdout] 
[INFO] [stdout] 
[INFO] [stderr]     Finished test [unoptimized + debuginfo] target(s) in 6.02s
[INFO] running `Command { std: "docker" "inspect" "da96d61c78e365f46d9ceca391b9f65e5975fcb8649d345a5f4e87da61be9ce3", kill_on_drop: false }`
[INFO] running `Command { std: "docker" "rm" "-f" "da96d61c78e365f46d9ceca391b9f65e5975fcb8649d345a5f4e87da61be9ce3", kill_on_drop: false }`
[INFO] [stdout] da96d61c78e365f46d9ceca391b9f65e5975fcb8649d345a5f4e87da61be9ce3
[INFO] running `Command { std: "docker" "create" "-v" "/var/lib/crater-agent-workspace/builds/worker-6-tc2/target:/opt/rustwide/target:rw,Z" "-v" "/var/lib/crater-agent-workspace/builds/worker-6-tc2/source:/opt/rustwide/workdir:ro,Z" "-v" "/var/lib/crater-agent-workspace/cargo-home:/opt/rustwide/cargo-home:ro,Z" "-v" "/var/lib/crater-agent-workspace/rustup-home:/opt/rustwide/rustup-home:ro,Z" "-e" "SOURCE_DIR=/opt/rustwide/workdir" "-e" "CARGO_TARGET_DIR=/opt/rustwide/target" "-e" "CARGO_INCREMENTAL=0" "-e" "RUST_BACKTRACE=full" "-e" "RUSTFLAGS=--cap-lints=warn" "-e" "RUSTDOCFLAGS=--cap-lints=warn" "-e" "CARGO_HOME=/opt/rustwide/cargo-home" "-e" "RUSTUP_HOME=/opt/rustwide/rustup-home" "-w" "/opt/rustwide/workdir" "-m" "1610612736" "--user" "0:0" "--network" "none" "ghcr.io/rust-lang/crates-build-env/linux@sha256:5ff2268d62e97bff2cde7d5815dd6ed5b47097566f13b8d0ca110b04b60e07ed" "/opt/rustwide/cargo-home/bin/cargo" "+beta-2023-04-20" "test" "--frozen", kill_on_drop: false }`
[INFO] [stdout] 7fd4dfc634fd6bcb99be78123ea933265327b60955127dd778f74892b4a5f25e
[INFO] running `Command { std: "docker" "start" "-a" "7fd4dfc634fd6bcb99be78123ea933265327b60955127dd778f74892b4a5f25e", kill_on_drop: false }`
[INFO] [stderr] warning: unused import: `FnvHashSet`
[INFO] [stderr]  --> src/triangulate.rs:6:23
[INFO] [stderr]   |
[INFO] [stderr] 6 | use fnv::{FnvHashMap, FnvHashSet};
[INFO] [stderr]   |                       ^^^^^^^^^^
[INFO] [stderr]   |
[INFO] [stderr]   = note: `#[warn(unused_imports)]` on by default
[INFO] [stderr] 
[INFO] [stderr] warning: unused import: `HashVec2`
[INFO] [stderr]   --> src/triangulate.rs:11:28
[INFO] [stderr]    |
[INFO] [stderr] 11 | use crate::util::{GraphEx, HashVec2, Vec2};
[INFO] [stderr]    |                            ^^^^^^^^
[INFO] [stderr] 
[INFO] [stderr] warning: unused import: `num_traits::Float`
[INFO] [stderr]  --> src/util.rs:2:5
[INFO] [stderr]   |
[INFO] [stderr] 2 | use num_traits::Float;
[INFO] [stderr]   |     ^^^^^^^^^^^^^^^^^
[INFO] [stderr] 
[INFO] [stderr] warning: unused import: `BoundingHierarchy`
[INFO] [stderr]   --> src/material_mesh.rs:14:31
[INFO] [stderr]    |
[INFO] [stderr] 14 | use bvh::bounding_hierarchy::{BoundingHierarchy, BHShape};
[INFO] [stderr]    |                               ^^^^^^^^^^^^^^^^^
[INFO] [stderr] 
[INFO] [stderr] warning: unused variable: `max`
[INFO] [stderr]    --> src/material_mesh.rs:366:13
[INFO] [stderr]     |
[INFO] [stderr] 366 |         let max = max_slice;
[INFO] [stderr]     |             ^^^ help: if this is intentional, prefix it with an underscore: `_max`
[INFO] [stderr]     |
[INFO] [stderr]     = note: `#[warn(unused_variables)]` on by default
[INFO] [stderr] 
[INFO] [stderr] warning: unused variable: `i`
[INFO] [stderr]    --> src/material_mesh.rs:491:23
[INFO] [stderr]     |
[INFO] [stderr] 491 |             .filter(|(i, imm)| imm.vertex_ids.len() > 0)
[INFO] [stderr]     |                       ^ help: if this is intentional, prefix it with an underscore: `_i`
[INFO] [stderr] 
[INFO] [stderr] warning: unused variable: `t`
[INFO] [stderr]    --> src/tetrahedralize.rs:265:17
[INFO] [stderr]     |
[INFO] [stderr] 265 |         let (s, t) = self.voronoi.edge_endpoints(edge).unwrap();
[INFO] [stderr]     |                 ^ help: if this is intentional, prefix it with an underscore: `_t`
[INFO] [stderr] 
[INFO] [stderr] warning: unused variable: `s1`
[INFO] [stderr]    --> src/tetrahedralize.rs:329:22
[INFO] [stderr]     |
[INFO] [stderr] 329 |                 let (s1, t1) = self.voronoi.edge_endpoints(*e1).unwrap();
[INFO] [stderr]     |                      ^^ help: if this is intentional, prefix it with an underscore: `_s1`
[INFO] [stderr] 
[INFO] [stderr] warning: unused variable: `t1`
[INFO] [stderr]    --> src/tetrahedralize.rs:329:26
[INFO] [stderr]     |
[INFO] [stderr] 329 |                 let (s1, t1) = self.voronoi.edge_endpoints(*e1).unwrap();
[INFO] [stderr]     |                          ^^ help: if this is intentional, prefix it with an underscore: `_t1`
[INFO] [stderr] 
[INFO] [stderr] warning: unused variable: `s2`
[INFO] [stderr]    --> src/tetrahedralize.rs:330:22
[INFO] [stderr]     |
[INFO] [stderr] 330 |                 let (s2, t2) = self.voronoi.edge_endpoints(*e2).unwrap();
[INFO] [stderr]     |                      ^^ help: if this is intentional, prefix it with an underscore: `_s2`
[INFO] [stderr] 
[INFO] [stderr] warning: unused variable: `t2`
[INFO] [stderr]    --> src/tetrahedralize.rs:330:26
[INFO] [stderr]     |
[INFO] [stderr] 330 |                 let (s2, t2) = self.voronoi.edge_endpoints(*e2).unwrap();
[INFO] [stderr]     |                          ^^ help: if this is intentional, prefix it with an underscore: `_t2`
[INFO] [stderr] 
[INFO] [stderr] warning: unused variable: `i`
[INFO] [stderr]    --> src/tetrahedralize.rs:654:21
[INFO] [stderr]     |
[INFO] [stderr] 654 |             .find(|(i, test_tet)| *test_tet == tet)
[INFO] [stderr]     |                     ^ help: if this is intentional, prefix it with an underscore: `_i`
[INFO] [stderr] 
[INFO] [stderr] warning: unused variable: `s`
[INFO] [stderr]    --> src/tetrahedralize.rs:854:15
[INFO] [stderr]     |
[INFO] [stderr] 854 |         let ((s, s_tet), (t, t_tet)) = match (s, iter.next()) {
[INFO] [stderr]     |               ^ help: if this is intentional, prefix it with an underscore: `_s`
[INFO] [stderr] 
[INFO] [stderr] warning: unused variable: `t`
[INFO] [stderr]    --> src/tetrahedralize.rs:854:27
[INFO] [stderr]     |
[INFO] [stderr] 854 |         let ((s, s_tet), (t, t_tet)) = match (s, iter.next()) {
[INFO] [stderr]     |                           ^ help: if this is intentional, prefix it with an underscore: `_t`
[INFO] [stderr] 
[INFO] [stderr] warning: unused variable: `time`
[INFO] [stderr]     --> src/tetrahedralize.rs:1275:25
[INFO] [stderr]      |
[INFO] [stderr] 1275 |         while let Some((time, face)) = face_queue.pop() {
[INFO] [stderr]      |                         ^^^^ help: if this is intentional, prefix it with an underscore: `_time`
[INFO] [stderr] 
[INFO] [stderr] warning: unused variable: `iteration`
[INFO] [stderr]     --> src/tetrahedralize.rs:1175:9
[INFO] [stderr]      |
[INFO] [stderr] 1175 |         iteration: u32,
[INFO] [stderr]      |         ^^^^^^^^^ help: if this is intentional, prefix it with an underscore: `_iteration`
[INFO] [stderr] 
[INFO] [stderr] warning: unused variable: `curr_time`
[INFO] [stderr]     --> src/tetrahedralize.rs:1214:13
[INFO] [stderr]      |
[INFO] [stderr] 1214 |             curr_time: f64| -> Result<(), TetError> {
[INFO] [stderr]      |             ^^^^^^^^^ help: if this is intentional, prefix it with an underscore: `_curr_time`
[INFO] [stderr] 
[INFO] [stderr] warning: unused variable: `adj`
[INFO] [stderr]     --> src/tetrahedralize.rs:1434:41
[INFO] [stderr]      |
[INFO] [stderr] 1434 |                 if let Some((adj_index, adj)) = self.face_tet_indexes_and_tets(face)
[INFO] [stderr]      |                                         ^^^ help: if this is intentional, prefix it with an underscore: `_adj`
[INFO] [stderr] 
[INFO] [stderr] warning: unused variable: `dir`
[INFO] [stderr]    --> src/triangulate.rs:132:38
[INFO] [stderr]     |
[INFO] [stderr] 132 |             targets.sort_by_key(|(n, dir)| {
[INFO] [stderr]     |                                      ^^^ help: if this is intentional, prefix it with an underscore: `_dir`
[INFO] [stderr] 
[INFO] [stderr] warning: unused variable: `i`
[INFO] [stderr]    --> src/triangulate.rs:452:31
[INFO] [stderr]     |
[INFO] [stderr] 452 |                 .max_by_key(|(i, (s, t))| FloatOrd((boundary[**t].x - boundary[**s].x).abs()))
[INFO] [stderr]     |                               ^ help: if this is intentional, prefix it with an underscore: `_i`
[INFO] [stderr] 
[INFO] [stderr] warning: unused variable: `chunk_y`
[INFO] [stderr]    --> src/voxels.rs:376:30
[INFO] [stderr]     |
[INFO] [stderr] 376 |             .flat_map_iter(|(chunk_y, chunk_z, slice)| {
[INFO] [stderr]     |                              ^^^^^^^ help: if this is intentional, prefix it with an underscore: `_chunk_y`
[INFO] [stderr] 
[INFO] [stderr] warning: unused variable: `chunk_z`
[INFO] [stderr]    --> src/voxels.rs:376:39
[INFO] [stderr]     |
[INFO] [stderr] 376 |             .flat_map_iter(|(chunk_y, chunk_z, slice)| {
[INFO] [stderr]     |                                       ^^^^^^^ help: if this is intentional, prefix it with an underscore: `_chunk_z`
[INFO] [stderr] 
[INFO] [stderr] warning: unused variable: `i`
[INFO] [stderr]    --> src/voxels.rs:703:66
[INFO] [stderr]     |
[INFO] [stderr] 703 |                 let i_min = face.iter().enumerate().min_by_key(|(i, v)| **v).unwrap().0;
[INFO] [stderr]     |                                                                  ^ help: if this is intentional, prefix it with an underscore: `_i`
[INFO] [stderr] 
[INFO] [stderr] warning: variable does not need to be mutable
[INFO] [stderr]     --> src/material_mesh.rs:1006:17
[INFO] [stderr]      |
[INFO] [stderr] 1006 |             let mut sub: Graph<Vec2, ()> = boundary.filter_map(
[INFO] [stderr]      |                 ----^^^
[INFO] [stderr]      |                 |
[INFO] [stderr]      |                 help: remove this `mut`
[INFO] [stderr]      |
[INFO] [stderr]      = note: `#[warn(unused_mut)]` on by default
[INFO] [stderr] 
[INFO] [stderr] warning: variable does not need to be mutable
[INFO] [stderr]    --> src/tetrahedralize.rs:839:28
[INFO] [stderr]     |
[INFO] [stderr] 839 |     pub fn flip(&mut self, mut face: [usize; 3]) -> Vec<usize> {
[INFO] [stderr]     |                            ----^^^^
[INFO] [stderr]     |                            |
[INFO] [stderr]     |                            help: remove this `mut`
[INFO] [stderr] 
[INFO] [stderr] warning: variable does not need to be mutable
[INFO] [stderr]     --> src/tetrahedralize.rs:1225:17
[INFO] [stderr]      |
[INFO] [stderr] 1225 |             let mut pos = vec![face[0], face[1], face[2], opposite[0], opposite[1]].into_iter()
[INFO] [stderr]      |                 ----^^^
[INFO] [stderr]      |                 |
[INFO] [stderr]      |                 help: remove this `mut`
[INFO] [stderr] 
[INFO] [stderr] warning: variable does not need to be mutable
[INFO] [stderr]     --> src/tetrahedralize.rs:1269:13
[INFO] [stderr]      |
[INFO] [stderr] 1269 |         let mut curr_time = 0.0;
[INFO] [stderr]      |             ----^^^^^^^^^
[INFO] [stderr]      |             |
[INFO] [stderr]      |             help: remove this `mut`
[INFO] [stderr] 
[INFO] [stderr] warning: methods `vertex_tet_indexes_and_tets` and `canonicalize` are never used
[INFO] [stderr]     --> src/tetrahedralize.rs:632:8
[INFO] [stderr]      |
[INFO] [stderr] 536  | impl Tetrahedralization {
[INFO] [stderr]      | ----------------------- methods in this implementation
[INFO] [stderr] ...
[INFO] [stderr] 632  |     fn vertex_tet_indexes_and_tets<'a>(
[INFO] [stderr]      |        ^^^^^^^^^^^^^^^^^^^^^^^^^^^
[INFO] [stderr] ...
[INFO] [stderr] 1559 |     fn canonicalize(&mut self) {
[INFO] [stderr]      |        ^^^^^^^^^^^^
[INFO] [stderr]      |
[INFO] [stderr]      = note: `#[warn(dead_code)]` on by default
[INFO] [stderr] 
[INFO] [stderr] warning: method `build` is never used
[INFO] [stderr]   --> src/voxels.rs:72:8
[INFO] [stderr]    |
[INFO] [stderr] 25 | impl DebugMeshBuilder {
[INFO] [stderr]    | --------------------- method in this implementation
[INFO] [stderr] ...
[INFO] [stderr] 72 |     fn build(self) -> MaterialMesh {
[INFO] [stderr]    |        ^^^^^
[INFO] [stderr] 
[INFO] [stderr] warning: method `is_uniform` is never used
[INFO] [stderr]    --> src/voxels.rs:453:8
[INFO] [stderr]     |
[INFO] [stderr] 450 | impl Chunk {
[INFO] [stderr]     | ---------- method in this implementation
[INFO] [stderr] ...
[INFO] [stderr] 453 |     fn is_uniform(&self) -> bool {
[INFO] [stderr]     |        ^^^^^^^^^^
[INFO] [stderr] 
[INFO] [stderr] warning: unused import: `petgraph::algo`
[INFO] [stderr]     --> src/tetrahedralize.rs:1673:9
[INFO] [stderr]      |
[INFO] [stderr] 1673 |     use petgraph::algo;
[INFO] [stderr]      |         ^^^^^^^^^^^^^^
[INFO] [stderr]      |
[INFO] [stderr]      = note: `#[warn(unused_imports)]` on by default
[INFO] [stderr] 
[INFO] [stderr] warning: unused variable: `edges_to_search`
[INFO] [stderr]     --> src/tetrahedralize.rs:2373:14
[INFO] [stderr]      |
[INFO] [stderr] 2373 |         let (edges_to_search, inner_faces, inner_tets, point, face_edges) = tet
[INFO] [stderr]      |              ^^^^^^^^^^^^^^^ help: if this is intentional, prefix it with an underscore: `_edges_to_search`
[INFO] [stderr] 
[INFO] [stderr] warning: unused variable: `inner_faces`
[INFO] [stderr]     --> src/tetrahedralize.rs:2373:31
[INFO] [stderr]      |
[INFO] [stderr] 2373 |         let (edges_to_search, inner_faces, inner_tets, point, face_edges) = tet
[INFO] [stderr]      |                               ^^^^^^^^^^^ help: if this is intentional, prefix it with an underscore: `_inner_faces`
[INFO] [stderr] 
[INFO] [stderr] warning: unused variable: `inner_tets`
[INFO] [stderr]     --> src/tetrahedralize.rs:2373:44
[INFO] [stderr]      |
[INFO] [stderr] 2373 |         let (edges_to_search, inner_faces, inner_tets, point, face_edges) = tet
[INFO] [stderr]      |                                            ^^^^^^^^^^ help: if this is intentional, prefix it with an underscore: `_inner_tets`
[INFO] [stderr] 
[INFO] [stderr] warning: unused variable: `point`
[INFO] [stderr]     --> src/tetrahedralize.rs:2373:56
[INFO] [stderr]      |
[INFO] [stderr] 2373 |         let (edges_to_search, inner_faces, inner_tets, point, face_edges) = tet
[INFO] [stderr]      |                                                        ^^^^^ help: if this is intentional, prefix it with an underscore: `_point`
[INFO] [stderr] 
[INFO] [stderr] warning: method `vertex_tet_indexes_and_tets` is never used
[INFO] [stderr]    --> src/tetrahedralize.rs:632:8
[INFO] [stderr]     |
[INFO] [stderr] 536 | impl Tetrahedralization {
[INFO] [stderr]     | ----------------------- method in this implementation
[INFO] [stderr] ...
[INFO] [stderr] 632 |     fn vertex_tet_indexes_and_tets<'a>(
[INFO] [stderr]     |        ^^^^^^^^^^^^^^^^^^^^^^^^^^^
[INFO] [stderr]     |
[INFO] [stderr]     = note: `#[warn(dead_code)]` on by default
[INFO] [stderr] 
[INFO] [stderr] warning: function `vertex_list` is never used
[INFO] [stderr]     --> src/tetrahedralize.rs:1859:8
[INFO] [stderr]      |
[INFO] [stderr] 1859 |     fn vertex_list<N: Copy, E>(graph: &Graph<N, E>) -> Vec<N> {
[INFO] [stderr]      |        ^^^^^^^^^^^
[INFO] [stderr] 
[INFO] [stderr] warning: function `edge_set` is never used
[INFO] [stderr]     --> src/tetrahedralize.rs:1863:8
[INFO] [stderr]      |
[INFO] [stderr] 1863 |     fn edge_set<N, E: Copy + Eq + Hash>(
[INFO] [stderr]      |        ^^^^^^^^
[INFO] [stderr] 
[INFO] [stderr] warning: unused `Result` that must be used
[INFO] [stderr]    --> src/plc.rs:347:9
[INFO] [stderr]     |
[INFO] [stderr] 347 |         plc.tetrahedralize();
[INFO] [stderr]     |         ^^^^^^^^^^^^^^^^^^^^
[INFO] [stderr]     |
[INFO] [stderr]     = note: this `Result` may be an `Err` variant, which should be handled
[INFO] [stderr]     = note: `#[warn(unused_must_use)]` on by default
[INFO] [stderr] help: use `let _ = ...` to ignore the resulting value
[INFO] [stderr]     |
[INFO] [stderr] 347 |         let _ = plc.tetrahedralize();
[INFO] [stderr]     |         +++++++
[INFO] [stderr] 
[INFO] [stderr] warning: unused `Result` that must be used
[INFO] [stderr]    --> src/plc.rs:357:9
[INFO] [stderr]     |
[INFO] [stderr] 357 |         plc.tetrahedralize();
[INFO] [stderr]     |         ^^^^^^^^^^^^^^^^^^^^
[INFO] [stderr]     |
[INFO] [stderr]     = note: this `Result` may be an `Err` variant, which should be handled
[INFO] [stderr] help: use `let _ = ...` to ignore the resulting value
[INFO] [stderr]     |
[INFO] [stderr] 357 |         let _ = plc.tetrahedralize();
[INFO] [stderr]     |         +++++++
[INFO] [stderr] 
[INFO] [stderr] warning: `voxelization` (lib) generated 30 warnings (run `cargo fix --lib -p voxelization` to apply 26 suggestions)
[INFO] [stderr] warning: `voxelization` (lib test) generated 38 warnings (28 duplicates) (run `cargo fix --lib -p voxelization --tests` to apply 5 suggestions)
[INFO] [stderr]     Finished test [unoptimized + debuginfo] target(s) in 0.08s
[INFO] [stderr]      Running unittests src/lib.rs (/opt/rustwide/target/debug/deps/voxelization-e7718fd45f2ae1c5)
[INFO] [stdout] 
[INFO] [stdout] running 82 tests
[INFO] [stdout] test material_mesh::test::test_boundary_graph_no_boundary ... ok
[INFO] [stdout] test material_mesh::test::test_boundary_graph_triangle ... ok
[INFO] [stdout] test material_mesh::test::test_boundary_square_context_tet_outside ... ok
[INFO] [stdout] test material_mesh::test::test_boundary_square_intersect_degree_2_inner ... ok
[INFO] [stdout] test material_mesh::test::test_boundary_square_intersect_corner ... ok
[INFO] [stdout] test material_mesh::test::test_boundary_graph_poked_square ... ok
[INFO] [stdout] test material_mesh::test::test_boundary_square_intersect_degree_3 ... ok
[INFO] [stdout] test material_mesh::test::test_boundary_square_intersect_boundary_clockwise ... ok
[INFO] [stdout] test material_mesh::test::test_boundary_square_intersect_degree_2_outer ... ok
[INFO] [stdout] test material_mesh::test::test_boundary_graph_square ... ok
[INFO] [stdout] test material_mesh::test::test_boundary_square_context_tet_inside ... ok
[INFO] [stdout] test material_mesh::test::test_boundary_square_intersect_edge_across ... ok
[INFO] [stdout] test material_mesh::test::test_boundary_square_intersect_nothing ... ok
[INFO] [stdout] test material_mesh::test::test_boundary_square_intersect_multiple_edges ... ok
[INFO] [stdout] test material_mesh::test::test_boundary_square_intersect_boundary_counterclockwise ... ok
[INFO] [stdout] test material_mesh::test::test_boundary_square_intersect_hole_counterclockwise ... ok
[INFO] [stdout] test material_mesh::test::test_boundary_square_intersect_hole_clockwise ... ok
[INFO] [stdout] test material_mesh::test::test_combine_equal_vertices_none ... ok
[INFO] [stdout] test material_mesh::test::test_dissolve_boundary_vertex_multiple_inner ... ok
[INFO] [stdout] test material_mesh::test::test_dissolve_boundary_vertex_concave ... ok
[INFO] [stdout] test material_mesh::test::test_manifold_square ... ok
[INFO] [stdout] test material_mesh::test::test_combine_equal_vertices_edge_collapse ... ok
[INFO] [stdout] test material_mesh::test::test_dissolve_boundary_vertex_simple ... ok
[INFO] [stdout] test material_mesh::test::test_manifold_tetraflap_with_pairs ... ok
[INFO] [stdout] test material_mesh::test::test_manifold_triangle ... ok
[INFO] [stdout] test material_mesh::test::test_intersect_unit_cube_diagonal_plane ... ok
[INFO] [stdout] test plc::test::test_custom ... ignored, manual
[INFO] [stdout] test plc::test::test_schonhardt_edges ... ignored, manual
[INFO] [stdout] test material_mesh::test::test_manifold_tetrahedron ... ok
[INFO] [stdout] test material_mesh::test::test_combine_equal_vertices_one ... ok
[INFO] [stdout] test tetrahedralize::test::test_tetrahedralization_edge_flex_concave ... ok
[INFO] [stdout] test tetrahedralize::test::test_init ... ok
[INFO] [stdout] test plc::test::test_new ... ok
[INFO] [stdout] test tetrahedralize::test::test_circumcenter ... ok
[INFO] [stdout] test tetrahedralize::test::test_tetrahedralization_add_face ... ok
[INFO] [stdout] test plc::test::test_dissolve ... ok
[INFO] [stdout] test tetrahedralize::test::test_tetrahedralization_edge_flex_convex ... ok
[INFO] [stdout] test tetrahedralize::test::test_tetrahedralization_face_edges ... ok
[INFO] [stdout] test tetrahedralize::test::test_tetrahedralization_edge_flex_flat ... ok
[INFO] [stdout] test tetrahedralize::test::test_tetrahedralization_find_first_intersecting_edge_2 ... ok
[INFO] [stdout] test tetrahedralize::test::test_tetrahedralization_flip_2_2 ... ok
[INFO] [stdout] test tetrahedralize::test::test_tetrahedralization_flip_2_1 ... ok
[INFO] [stdout] test tetrahedralize::test::test_tetrahedralization_flip_2_1_fail_other ... ok
[INFO] [stdout] test tetrahedralize::test::test_tetrahedralization_flip_2_3 ... ok
[INFO] [stdout] test tetrahedralize::test::test_tetrahedralization_flip_3_1 ... ok
[INFO] [stdout] test tetrahedralize::test::test_tetrahedralization_flip_2_2_fail_other ... ok
[INFO] [stdout] test tetrahedralize::test::test_tetrahedralization_flip_3_1_fail ... ok
[INFO] [stdout] test tetrahedralize::test::test_tetrahedralization_flip_3_1_fail_other ... ok
[INFO] [stdout] test tetrahedralize::test::test_tetrahedralization_flip_3_2 ... ok
[INFO] [stdout] test tetrahedralize::test::test_tetrahedralization_flip_4_1 ... ok
[INFO] [stdout] test tetrahedralize::test::test_tetrahedralization_flip_3_2_fail ... ok
[INFO] [stdout] test tetrahedralize::test::test_tetrahedralization_flip_4_1_fail ... ok
[INFO] [stdout] test tetrahedralize::test::test_tetrahedralization_init ... ok
[INFO] [stdout] test tetrahedralize::test::test_tetrahedralization_opposite_edge_of_edge ... ok
[INFO] [stdout] test tetrahedralize::test::test_tetrahedralization_opposite_vertex_of_edge ... ok
[INFO] [stdout] test tetrahedralize::test::test_tetrahedralization_opposite_vertex_of_face ... ok
[INFO] [stdout] test tetrahedralize::test::test_tetrahedralization_remove_face ... ok
[INFO] [stdout] test tetrahedralize::test::test_tetrahedralization_find_all_intersecting_faces_bigger ... FAILED
[INFO] [stdout] test tetrahedralize::test::test_tetrahedralization_find_all_intersecting_faces ... FAILED
[INFO] [stdout] test tetrahedralize::test::test_tetrahedralization_find_first_intersecting_edge_bigger ... FAILED
[INFO] [stdout] test tetrahedralize::test::test_tetrahedralization_find_all_intersecting_faces_one_vertex_case ... FAILED
[INFO] [stdout] test tetrahedralize::test::test_tetrahedralize_three ... ok
[INFO] [stdout] test tetrahedralize::test::test_tetrahedralization_tet_faces ... ok
[INFO] [stdout] test tetrahedralize::test::test_tetrahedralize_one ... ok
[INFO] [stdout] test tetrahedralize::test::test_tetrahedralization_find_first_intersecting_edge ... FAILED
[INFO] [stdout] test triangulate::test::test_fix_bad_degrees_degree_high ... ok
[INFO] [stdout] test triangulate::test::test_fix_bad_degrees_degree_2 ... ok
[INFO] [stdout] test triangulate::test::test_fix_bad_degrees_split_quad ... ok
[INFO] [stdout] test triangulate::test::test_monotone_decomposition_dart_left ... ok
[INFO] [stdout] test triangulate::test::test_fix_bad_degrees_degree_0 ... ok
[INFO] [stdout] test triangulate::test::test_monotone_decomposition_complex ... ok
[INFO] [stdout] test triangulate::test::test_monotone_decomposition_regression_quad ... ok
[INFO] [stdout] test triangulate::test::test_monotone_decomposition_split_quad ... ok
[INFO] [stdout] test triangulate::test::test_monotone_decomposition_triangle ... ok
[INFO] [stdout] test triangulate::test::test_monotone_decomposition_dart_right ... ok
[INFO] [stdout] test triangulate::test::test_monotone_decomposition_parallelogram_ring ... ok
[INFO] [stdout] test tetrahedralize::test::test_tetrahedralize_two ... ok
[INFO] [stdout] test triangulate::test::test_fix_bad_degrees_degree_1 ... ok
[INFO] [stdout] test triangulate::test::test_monotone_decomposition_quad ... ok
[INFO] [stdout] test triangulate::test::test_monotone_triangulation_triangle ... ok
[INFO] [stdout] test triangulate::test::test_monotone_triangulation_parallelogram_ring ... ok
[INFO] [stdout] test triangulate::test::test_monotone_triangulation_sloppy_t ... ok
[INFO] [stdout] 
[INFO] [stdout] failures:
[INFO] [stdout] 
[INFO] [stdout] ---- tetrahedralize::test::test_tetrahedralization_find_all_intersecting_faces_bigger stdout ----
[INFO] [stdout] thread 'tetrahedralize::test::test_tetrahedralization_find_all_intersecting_faces_bigger' panicked at 'assertion failed: `(left == right)`
[INFO] [stdout]   left: `{[1, 5, 7], [2, 5, 7], [3, 5, 7]}`,
[INFO] [stdout]  right: `{[0, 4, 6], [1, 4, 6], [3, 4, 6]}`', src/tetrahedralize.rs:2506:9
[INFO] [stdout] stack backtrace:
[INFO] [stdout]    0:     0x5602baa7ae2a - std::backtrace_rs::backtrace::libunwind::trace::h2f05d0192276a8f6
[INFO] [stdout]                                at /rustc/1b7dd2252b99671ce5d1cb9664c5f8636329436d/library/std/src/../../backtrace/src/backtrace/libunwind.rs:93:5
[INFO] [stdout]    1:     0x5602baa7ae2a - std::backtrace_rs::backtrace::trace_unsynchronized::hedc23dff7a1af150
[INFO] [stdout]                                at /rustc/1b7dd2252b99671ce5d1cb9664c5f8636329436d/library/std/src/../../backtrace/src/backtrace/mod.rs:66:5
[INFO] [stdout]    2:     0x5602baa7ae2a - std::sys_common::backtrace::_print_fmt::h17541ef7592f3ce2
[INFO] [stdout]                                at /rustc/1b7dd2252b99671ce5d1cb9664c5f8636329436d/library/std/src/sys_common/backtrace.rs:65:5
[INFO] [stdout]    3:     0x5602baa7ae2a - <std::sys_common::backtrace::_print::DisplayBacktrace as core::fmt::Display>::fmt::h20f75df5ab0c0792
[INFO] [stdout]                                at /rustc/1b7dd2252b99671ce5d1cb9664c5f8636329436d/library/std/src/sys_common/backtrace.rs:44:22
[INFO] [stdout]    4:     0x5602baaa044f - core::fmt::write::h78109e6f466b3af6
[INFO] [stdout]                                at /rustc/1b7dd2252b99671ce5d1cb9664c5f8636329436d/library/core/src/fmt/mod.rs:1254:17
[INFO] [stdout]    5:     0x5602baa78175 - std::io::Write::write_fmt::hd24bfb68a1b35a25
[INFO] [stdout]                                at /rustc/1b7dd2252b99671ce5d1cb9664c5f8636329436d/library/std/src/io/mod.rs:1698:15
[INFO] [stdout]    6:     0x5602baa7abf5 - std::sys_common::backtrace::_print::h8dac57a9f8fbf9a5
[INFO] [stdout]                                at /rustc/1b7dd2252b99671ce5d1cb9664c5f8636329436d/library/std/src/sys_common/backtrace.rs:47:5
[INFO] [stdout]    7:     0x5602baa7abf5 - std::sys_common::backtrace::print::hf9ecbf41d1aa712f
[INFO] [stdout]                                at /rustc/1b7dd2252b99671ce5d1cb9664c5f8636329436d/library/std/src/sys_common/backtrace.rs:34:9
[INFO] [stdout]    8:     0x5602baa7c8ae - std::panicking::default_hook::{{closure}}::h04c07acfc84ca028
[INFO] [stdout]                                at /rustc/1b7dd2252b99671ce5d1cb9664c5f8636329436d/library/std/src/panicking.rs:269:22
[INFO] [stdout]    9:     0x5602baa7c5e1 - std::panicking::default_hook::h01f6bb23e1eceb2c
[INFO] [stdout]                                at /rustc/1b7dd2252b99671ce5d1cb9664c5f8636329436d/library/std/src/panicking.rs:285:9
[INFO] [stdout]   10:     0x5602baa1950b - <alloc::boxed::Box<F,A> as core::ops::function::Fn<Args>>::call::h87fe9f7b2fd49e4c
[INFO] [stdout]                                at /rustc/1b7dd2252b99671ce5d1cb9664c5f8636329436d/library/alloc/src/boxed.rs:1987:9
[INFO] [stdout]   11:     0x5602baa1950b - test::test_main::{{closure}}::he94d679243a7531b
[INFO] [stdout]                                at /rustc/1b7dd2252b99671ce5d1cb9664c5f8636329436d/library/test/src/lib.rs:134:21
[INFO] [stdout]   12:     0x5602baa7cf94 - <alloc::boxed::Box<F,A> as core::ops::function::Fn<Args>>::call::h3f2d6d8b14c4769f
[INFO] [stdout]                                at /rustc/1b7dd2252b99671ce5d1cb9664c5f8636329436d/library/alloc/src/boxed.rs:1987:9
[INFO] [stdout]   13:     0x5602baa7cf94 - std::panicking::rust_panic_with_hook::h2bb3722bbaf2f6df
[INFO] [stdout]                                at /rustc/1b7dd2252b99671ce5d1cb9664c5f8636329436d/library/std/src/panicking.rs:695:13
[INFO] [stdout]   14:     0x5602baa7cd09 - std::panicking::begin_panic_handler::{{closure}}::h91bc7f36a4be011b
[INFO] [stdout]                                at /rustc/1b7dd2252b99671ce5d1cb9664c5f8636329436d/library/std/src/panicking.rs:582:13
[INFO] [stdout]   15:     0x5602baa7b296 - std::sys_common::backtrace::__rust_end_short_backtrace::h8b3d3717114f9e59
[INFO] [stdout]                                at /rustc/1b7dd2252b99671ce5d1cb9664c5f8636329436d/library/std/src/sys_common/backtrace.rs:150:18
[INFO] [stdout]   16:     0x5602baa7ca62 - rust_begin_unwind
[INFO] [stdout]                                at /rustc/1b7dd2252b99671ce5d1cb9664c5f8636329436d/library/std/src/panicking.rs:578:5
[INFO] [stdout]   17:     0x5602ba801ca3 - core::panicking::panic_fmt::hfd368e3fbdabea26
[INFO] [stdout]                                at /rustc/1b7dd2252b99671ce5d1cb9664c5f8636329436d/library/core/src/panicking.rs:67:14
[INFO] [stdout]   18:     0x5602ba80206f - core::panicking::assert_failed_inner::haef49168e1798a91
[INFO] [stdout]   19:     0x5602ba97ea6a - core::panicking::assert_failed::hfc7789c988e2d095
[INFO] [stdout]                                at /rustc/1b7dd2252b99671ce5d1cb9664c5f8636329436d/library/core/src/panicking.rs:228:5
[INFO] [stdout]   20:     0x5602ba90f653 - voxelization::tetrahedralize::test::test_tetrahedralization_find_all_intersecting_faces_bigger::h23bd5458af1c5d8d
[INFO] [stdout]                                at /opt/rustwide/workdir/src/tetrahedralize.rs:2506:9
[INFO] [stdout]   21:     0x5602ba90e9c7 - voxelization::tetrahedralize::test::test_tetrahedralization_find_all_intersecting_faces_bigger::{{closure}}::h2223672a55bdb800
[INFO] [stdout]                                at /opt/rustwide/workdir/src/tetrahedralize.rs:2467:69
[INFO] [stdout]   22:     0x5602ba94e0a5 - core::ops::function::FnOnce::call_once::ha3de828362750136
[INFO] [stdout]                                at /rustc/1b7dd2252b99671ce5d1cb9664c5f8636329436d/library/core/src/ops/function.rs:250:5
[INFO] [stdout]   23:     0x5602baa1e3df - core::ops::function::FnOnce::call_once::ha6a70e79f7481a7e
[INFO] [stdout]                                at /rustc/1b7dd2252b99671ce5d1cb9664c5f8636329436d/library/core/src/ops/function.rs:250:5
[INFO] [stdout]   24:     0x5602baa1e3df - test::__rust_begin_short_backtrace::hce33033019b61e69
[INFO] [stdout]                                at /rustc/1b7dd2252b99671ce5d1cb9664c5f8636329436d/library/test/src/lib.rs:655:18
[INFO] [stdout]   25:     0x5602ba9ebbcc - test::run_test::{{closure}}::h858d3528838ae3e5
[INFO] [stdout]                                at /rustc/1b7dd2252b99671ce5d1cb9664c5f8636329436d/library/test/src/lib.rs:646:30
[INFO] [stdout]   26:     0x5602ba9ebbcc - core::ops::function::FnOnce::call_once{{vtable.shim}}::he8ac2b00f01ae79e
[INFO] [stdout]                                at /rustc/1b7dd2252b99671ce5d1cb9664c5f8636329436d/library/core/src/ops/function.rs:250:5
[INFO] [stdout]   27:     0x5602baa1d4b6 - <alloc::boxed::Box<F,A> as core::ops::function::FnOnce<Args>>::call_once::h8093d25b522725ef
[INFO] [stdout]                                at /rustc/1b7dd2252b99671ce5d1cb9664c5f8636329436d/library/alloc/src/boxed.rs:1973:9
[INFO] [stdout]   28:     0x5602baa1d4b6 - <core::panic::unwind_safe::AssertUnwindSafe<F> as core::ops::function::FnOnce<()>>::call_once::h5c334c204e4a3913
[INFO] [stdout]                                at /rustc/1b7dd2252b99671ce5d1cb9664c5f8636329436d/library/core/src/panic/unwind_safe.rs:271:9
[INFO] [stdout]   29:     0x5602baa1d4b6 - std::panicking::try::do_call::ha8b740c7b9478074
[INFO] [stdout]                                at /rustc/1b7dd2252b99671ce5d1cb9664c5f8636329436d/library/std/src/panicking.rs:485:40
[INFO] [stdout]   30:     0x5602baa1d4b6 - std::panicking::try::h5d34f63d0e41b64e
[INFO] [stdout]                                at /rustc/1b7dd2252b99671ce5d1cb9664c5f8636329436d/library/std/src/panicking.rs:449:19
[INFO] [stdout]   31:     0x5602baa1d4b6 - std::panic::catch_unwind::hcfbb511e1aa7fc67
[INFO] [stdout]                                at /rustc/1b7dd2252b99671ce5d1cb9664c5f8636329436d/library/std/src/panic.rs:140:14
[INFO] [stdout]   32:     0x5602baa1d4b6 - test::run_test_in_process::h9abda90f802eaf21
[INFO] [stdout]                                at /rustc/1b7dd2252b99671ce5d1cb9664c5f8636329436d/library/test/src/lib.rs:678:27
[INFO] [stdout]   33:     0x5602baa1d4b6 - test::run_test::run_test_inner::{{closure}}::h0f058de91f6c6edf
[INFO] [stdout]                                at /rustc/1b7dd2252b99671ce5d1cb9664c5f8636329436d/library/test/src/lib.rs:572:39
[INFO] [stdout]   34:     0x5602ba9e63d5 - test::run_test::run_test_inner::{{closure}}::h5ca48a4c59c6c1fb
[INFO] [stdout]                                at /rustc/1b7dd2252b99671ce5d1cb9664c5f8636329436d/library/test/src/lib.rs:599:37
[INFO] [stdout]   35:     0x5602ba9e63d5 - std::sys_common::backtrace::__rust_begin_short_backtrace::h32bd51e1495d4a33
[INFO] [stdout]                                at /rustc/1b7dd2252b99671ce5d1cb9664c5f8636329436d/library/std/src/sys_common/backtrace.rs:134:18
[INFO] [stdout]   36:     0x5602ba9eb911 - std::thread::Builder::spawn_unchecked_::{{closure}}::{{closure}}::hc086fae9b128b2db
[INFO] [stdout]                                at /rustc/1b7dd2252b99671ce5d1cb9664c5f8636329436d/library/std/src/thread/mod.rs:526:17
[INFO] [stdout]   37:     0x5602ba9eb911 - <core::panic::unwind_safe::AssertUnwindSafe<F> as core::ops::function::FnOnce<()>>::call_once::hb66571888d270d43
[INFO] [stdout]                                at /rustc/1b7dd2252b99671ce5d1cb9664c5f8636329436d/library/core/src/panic/unwind_safe.rs:271:9
[INFO] [stdout]   38:     0x5602ba9eb911 - std::panicking::try::do_call::h4fa2ef4f6e51fecf
[INFO] [stdout]                                at /rustc/1b7dd2252b99671ce5d1cb9664c5f8636329436d/library/std/src/panicking.rs:485:40
[INFO] [stdout]   39:     0x5602ba9eb911 - std::panicking::try::h1e9e22b8584489b5
[INFO] [stdout]                                at /rustc/1b7dd2252b99671ce5d1cb9664c5f8636329436d/library/std/src/panicking.rs:449:19
[INFO] [stdout]   40:     0x5602ba9eb911 - std::panic::catch_unwind::h44698a3de0e0769e
[INFO] [stdout]                                at /rustc/1b7dd2252b99671ce5d1cb9664c5f8636329436d/library/std/src/panic.rs:140:14
[INFO] [stdout]   41:     0x5602ba9eb911 - std::thread::Builder::spawn_unchecked_::{{closure}}::h50153abde3fe239e
[INFO] [stdout]                                at /rustc/1b7dd2252b99671ce5d1cb9664c5f8636329436d/library/std/src/thread/mod.rs:525:30
[INFO] [stdout]   42:     0x5602ba9eb911 - core::ops::function::FnOnce::call_once{{vtable.shim}}::hbe5bbf6f38394364
[INFO] [stdout]                                at /rustc/1b7dd2252b99671ce5d1cb9664c5f8636329436d/library/core/src/ops/function.rs:250:5
[INFO] [stdout]   43:     0x5602baa81465 - <alloc::boxed::Box<F,A> as core::ops::function::FnOnce<Args>>::call_once::h0d83cb2920a49046
[INFO] [stdout]                                at /rustc/1b7dd2252b99671ce5d1cb9664c5f8636329436d/library/alloc/src/boxed.rs:1973:9
[INFO] [stdout]   44:     0x5602baa81465 - <alloc::boxed::Box<F,A> as core::ops::function::FnOnce<Args>>::call_once::hbe0a008aa7d9ef59
[INFO] [stdout]                                at /rustc/1b7dd2252b99671ce5d1cb9664c5f8636329436d/library/alloc/src/boxed.rs:1973:9
[INFO] [stdout]   45:     0x5602baa81465 - std::sys::unix::thread::Thread::new::thread_start::h3a466996bdf6b1f9
[INFO] [stdout]                                at /rustc/1b7dd2252b99671ce5d1cb9664c5f8636329436d/library/std/src/sys/unix/thread.rs:108:17
[INFO] [stdout]   46:     0x7eff645cab43 - <unknown>
[INFO] [stdout]   47:     0x7eff6465bbb4 - __clone
[INFO] [stdout]   48:                0x0 - <unknown>
[INFO] [stdout] 
[INFO] [stdout] ---- tetrahedralize::test::test_tetrahedralization_find_all_intersecting_faces stdout ----
[INFO] [stdout] thread 'tetrahedralize::test::test_tetrahedralization_find_all_intersecting_faces' panicked at 'assertion failed: `(left == right)`
[INFO] [stdout]   left: `Vector3 [-1.0, -1.0, 0.0]`,
[INFO] [stdout]  right: `Vector3 [0.0, 1.0, 0.0]`', src/tetrahedralize.rs:2459:9
[INFO] [stdout] stack backtrace:
[INFO] [stdout]    0:     0x5602baa7ae2a - std::backtrace_rs::backtrace::libunwind::trace::h2f05d0192276a8f6
[INFO] [stdout]                                at /rustc/1b7dd2252b99671ce5d1cb9664c5f8636329436d/library/std/src/../../backtrace/src/backtrace/libunwind.rs:93:5
[INFO] [stdout]    1:     0x5602baa7ae2a - std::backtrace_rs::backtrace::trace_unsynchronized::hedc23dff7a1af150
[INFO] [stdout]                                at /rustc/1b7dd2252b99671ce5d1cb9664c5f8636329436d/library/std/src/../../backtrace/src/backtrace/mod.rs:66:5
[INFO] [stdout]    2:     0x5602baa7ae2a - std::sys_common::backtrace::_print_fmt::h17541ef7592f3ce2
[INFO] [stdout]                                at /rustc/1b7dd2252b99671ce5d1cb9664c5f8636329436d/library/std/src/sys_common/backtrace.rs:65:5
[INFO] [stdout]    3:     0x5602baa7ae2a - <std::sys_common::backtrace::_print::DisplayBacktrace as core::fmt::Display>::fmt::h20f75df5ab0c0792
[INFO] [stdout]                                at /rustc/1b7dd2252b99671ce5d1cb9664c5f8636329436d/library/std/src/sys_common/backtrace.rs:44:22
[INFO] [stdout]    4:     0x5602baaa044f - core::fmt::write::h78109e6f466b3af6
[INFO] [stdout]                                at /rustc/1b7dd2252b99671ce5d1cb9664c5f8636329436d/library/core/src/fmt/mod.rs:1254:17
[INFO] [stdout]    5:     0x5602baa78175 - std::io::Write::write_fmt::hd24bfb68a1b35a25
[INFO] [stdout]                                at /rustc/1b7dd2252b99671ce5d1cb9664c5f8636329436d/library/std/src/io/mod.rs:1698:15
[INFO] [stdout]    6:     0x5602baa7abf5 - std::sys_common::backtrace::_print::h8dac57a9f8fbf9a5
[INFO] [stdout]                                at /rustc/1b7dd2252b99671ce5d1cb9664c5f8636329436d/library/std/src/sys_common/backtrace.rs:47:5
[INFO] [stdout]    7:     0x5602baa7abf5 - std::sys_common::backtrace::print::hf9ecbf41d1aa712f
[INFO] [stdout]                                at /rustc/1b7dd2252b99671ce5d1cb9664c5f8636329436d/library/std/src/sys_common/backtrace.rs:34:9
[INFO] [stdout]    8:     0x5602baa7c8ae - std::panicking::default_hook::{{closure}}::h04c07acfc84ca028
[INFO] [stdout]                                at /rustc/1b7dd2252b99671ce5d1cb9664c5f8636329436d/library/std/src/panicking.rs:269:22
[INFO] [stdout]    9:     0x5602baa7c5e1 - std::panicking::default_hook::h01f6bb23e1eceb2c
[INFO] [stdout]                                at /rustc/1b7dd2252b99671ce5d1cb9664c5f8636329436d/library/std/src/panicking.rs:285:9
[INFO] [stdout]   10:     0x5602baa1950b - <alloc::boxed::Box<F,A> as core::ops::function::Fn<Args>>::call::h87fe9f7b2fd49e4c
[INFO] [stdout]                                at /rustc/1b7dd2252b99671ce5d1cb9664c5f8636329436d/library/alloc/src/boxed.rs:1987:9
[INFO] [stdout]   11:     0x5602baa1950b - test::test_main::{{closure}}::he94d679243a7531b
[INFO] [stdout]                                at /rustc/1b7dd2252b99671ce5d1cb9664c5f8636329436d/library/test/src/lib.rs:134:21
[INFO] [stdout]   12:     0x5602baa7cf94 - <alloc::boxed::Box<F,A> as core::ops::function::Fn<Args>>::call::h3f2d6d8b14c4769f
[INFO] [stdout]                                at /rustc/1b7dd2252b99671ce5d1cb9664c5f8636329436d/library/alloc/src/boxed.rs:1987:9
[INFO] [stdout]   13:     0x5602baa7cf94 - std::panicking::rust_panic_with_hook::h2bb3722bbaf2f6df
[INFO] [stdout]                                at /rustc/1b7dd2252b99671ce5d1cb9664c5f8636329436d/library/std/src/panicking.rs:695:13
[INFO] [stdout]   14:     0x5602baa7cd09 - std::panicking::begin_panic_handler::{{closure}}::h91bc7f36a4be011b
[INFO] [stdout]                                at /rustc/1b7dd2252b99671ce5d1cb9664c5f8636329436d/library/std/src/panicking.rs:582:13
[INFO] [stdout]   15:     0x5602baa7b296 - std::sys_common::backtrace::__rust_end_short_backtrace::h8b3d3717114f9e59
[INFO] [stdout]                                at /rustc/1b7dd2252b99671ce5d1cb9664c5f8636329436d/library/std/src/sys_common/backtrace.rs:150:18
[INFO] [stdout]   16:     0x5602baa7ca62 - rust_begin_unwind
[INFO] [stdout]                                at /rustc/1b7dd2252b99671ce5d1cb9664c5f8636329436d/library/std/src/panicking.rs:578:5
[INFO] [stdout]   17:     0x5602ba801ca3 - core::panicking::panic_fmt::hfd368e3fbdabea26
[INFO] [stdout]                                at /rustc/1b7dd2252b99671ce5d1cb9664c5f8636329436d/library/core/src/panicking.rs:67:14
[INFO] [stdout]   18:     0x5602ba80206f - core::panicking::assert_failed_inner::haef49168e1798a91
[INFO] [stdout]   19:     0x5602ba97e5ea - core::panicking::assert_failed::h488fb6f4108d478c
[INFO] [stdout]                                at /rustc/1b7dd2252b99671ce5d1cb9664c5f8636329436d/library/core/src/panicking.rs:228:5
[INFO] [stdout]   20:     0x5602ba90e6f9 - voxelization::tetrahedralize::test::test_tetrahedralization_find_all_intersecting_faces::hc3f4a7f7c868d40b
[INFO] [stdout]                                at /opt/rustwide/workdir/src/tetrahedralize.rs:2459:9
[INFO] [stdout]   21:     0x5602ba90da57 - voxelization::tetrahedralize::test::test_tetrahedralization_find_all_intersecting_faces::{{closure}}::hac29ff04cefc37e1
[INFO] [stdout]                                at /opt/rustwide/workdir/src/tetrahedralize.rs:2427:62
[INFO] [stdout]   22:     0x5602ba94c975 - core::ops::function::FnOnce::call_once::h35e3595324bccd51
[INFO] [stdout]                                at /rustc/1b7dd2252b99671ce5d1cb9664c5f8636329436d/library/core/src/ops/function.rs:250:5
[INFO] [stdout]   23:     0x5602baa1e3df - core::ops::function::FnOnce::call_once::ha6a70e79f7481a7e
[INFO] [stdout]                                at /rustc/1b7dd2252b99671ce5d1cb9664c5f8636329436d/library/core/src/ops/function.rs:250:5
[INFO] [stdout]   24:     0x5602baa1e3df - test::__rust_begin_short_backtrace::hce33033019b61e69
[INFO] [stdout]                                at /rustc/1b7dd2252b99671ce5d1cb9664c5f8636329436d/library/test/src/lib.rs:655:18
[INFO] [stdout]   25:     0x5602ba9ebbcc - test::run_test::{{closure}}::h858d3528838ae3e5
[INFO] [stdout]                                at /rustc/1b7dd2252b99671ce5d1cb9664c5f8636329436d/library/test/src/lib.rs:646:30
[INFO] [stdout]   26:     0x5602ba9ebbcc - core::ops::function::FnOnce::call_once{{vtable.shim}}::he8ac2b00f01ae79e
[INFO] [stdout]                                at /rustc/1b7dd2252b99671ce5d1cb9664c5f8636329436d/library/core/src/ops/function.rs:250:5
[INFO] [stdout]   27:     0x5602baa1d4b6 - <alloc::boxed::Box<F,A> as core::ops::function::FnOnce<Args>>::call_once::h8093d25b522725ef
[INFO] [stdout]                                at /rustc/1b7dd2252b99671ce5d1cb9664c5f8636329436d/library/alloc/src/boxed.rs:1973:9
[INFO] [stdout]   28:     0x5602baa1d4b6 - <core::panic::unwind_safe::AssertUnwindSafe<F> as core::ops::function::FnOnce<()>>::call_once::h5c334c204e4a3913
[INFO] [stdout]                                at /rustc/1b7dd2252b99671ce5d1cb9664c5f8636329436d/library/core/src/panic/unwind_safe.rs:271:9
[INFO] [stdout]   29:     0x5602baa1d4b6 - std::panicking::try::do_call::ha8b740c7b9478074
[INFO] [stdout]                                at /rustc/1b7dd2252b99671ce5d1cb9664c5f8636329436d/library/std/src/panicking.rs:485:40
[INFO] [stdout]   30:     0x5602baa1d4b6 - std::panicking::try::h5d34f63d0e41b64e
[INFO] [stdout]                                at /rustc/1b7dd2252b99671ce5d1cb9664c5f8636329436d/library/std/src/panicking.rs:449:19
[INFO] [stdout]   31:     0x5602baa1d4b6 - std::panic::catch_unwind::hcfbb511e1aa7fc67
[INFO] [stdout]                                at /rustc/1b7dd2252b99671ce5d1cb9664c5f8636329436d/library/std/src/panic.rs:140:14
[INFO] [stdout]   32:     0x5602baa1d4b6 - test::run_test_in_process::h9abda90f802eaf21
[INFO] [stdout]                                at /rustc/1b7dd2252b99671ce5d1cb9664c5f8636329436d/library/test/src/lib.rs:678:27
[INFO] [stdout]   33:     0x5602baa1d4b6 - test::run_test::run_test_inner::{{closure}}::h0f058de91f6c6edf
[INFO] [stdout]                                at /rustc/1b7dd2252b99671ce5d1cb9664c5f8636329436d/library/test/src/lib.rs:572:39
[INFO] [stdout]   34:     0x5602ba9e63d5 - test::run_test::run_test_inner::{{closure}}::h5ca48a4c59c6c1fb
[INFO] [stdout]                                at /rustc/1b7dd2252b99671ce5d1cb9664c5f8636329436d/library/test/src/lib.rs:599:37
[INFO] [stdout]   35:     0x5602ba9e63d5 - std::sys_common::backtrace::__rust_begin_short_backtrace::h32bd51e1495d4a33
[INFO] [stdout]                                at /rustc/1b7dd2252b99671ce5d1cb9664c5f8636329436d/library/std/src/sys_common/backtrace.rs:134:18
[INFO] [stdout]   36:     0x5602ba9eb911 - std::thread::Builder::spawn_unchecked_::{{closure}}::{{closure}}::hc086fae9b128b2db
[INFO] [stdout]                                at /rustc/1b7dd2252b99671ce5d1cb9664c5f8636329436d/library/std/src/thread/mod.rs:526:17
[INFO] [stdout]   37:     0x5602ba9eb911 - <core::panic::unwind_safe::AssertUnwindSafe<F> as core::ops::function::FnOnce<()>>::call_once::hb66571888d270d43
[INFO] [stdout]                                at /rustc/1b7dd2252b99671ce5d1cb9664c5f8636329436d/library/core/src/panic/unwind_safe.rs:271:9
[INFO] [stdout]   38:     0x5602ba9eb911 - std::panicking::try::do_call::h4fa2ef4f6e51fecf
[INFO] [stdout]                                at /rustc/1b7dd2252b99671ce5d1cb9664c5f8636329436d/library/std/src/panicking.rs:485:40
[INFO] [stdout]   39:     0x5602ba9eb911 - std::panicking::try::h1e9e22b8584489b5
[INFO] [stdout]                                at /rustc/1b7dd2252b99671ce5d1cb9664c5f8636329436d/library/std/src/panicking.rs:449:19
[INFO] [stdout]   40:     0x5602ba9eb911 - std::panic::catch_unwind::h44698a3de0e0769e
[INFO] [stdout]                                at /rustc/1b7dd2252b99671ce5d1cb9664c5f8636329436d/library/std/src/panic.rs:140:14
[INFO] [stdout]   41:     0x5602ba9eb911 - std::thread::Builder::spawn_unchecked_::{{closure}}::h50153abde3fe239e
[INFO] [stdout]                                at /rustc/1b7dd2252b99671ce5d1cb9664c5f8636329436d/library/std/src/thread/mod.rs:525:30
[INFO] [stdout]   42:     0x5602ba9eb911 - core::ops::function::FnOnce::call_once{{vtable.shim}}::hbe5bbf6f38394364
[INFO] [stdout]                                at /rustc/1b7dd2252b99671ce5d1cb9664c5f8636329436d/library/core/src/ops/function.rs:250:5
[INFO] [stdout]   43:     0x5602baa81465 - <alloc::boxed::Box<F,A> as core::ops::function::FnOnce<Args>>::call_once::h0d83cb2920a49046
[INFO] [stdout]                                at /rustc/1b7dd2252b99671ce5d1cb9664c5f8636329436d/library/alloc/src/boxed.rs:1973:9
[INFO] [stdout]   44:     0x5602baa81465 - <alloc::boxed::Box<F,A> as core::ops::function::FnOnce<Args>>::call_once::hbe0a008aa7d9ef59
[INFO] [stdout]                                at /rustc/1b7dd2252b99671ce5d1cb9664c5f8636329436d/library/alloc/src/boxed.rs:1973:9
[INFO] [stdout]   45:     0x5602baa81465 - std::sys::unix::thread::Thread::new::thread_start::h3a466996bdf6b1f9
[INFO] [stdout]                                at /rustc/1b7dd2252b99671ce5d1cb9664c5f8636329436d/library/std/src/sys/unix/thread.rs:108:17
[INFO] [stdout]   46:     0x7eff645cab43 - <unknown>
[INFO] [stdout]   47:     0x7eff6465bbb4 - __clone
[INFO] [stdout]   48:                0x0 - <unknown>
[INFO] [stdout] 
[INFO] [stdout] ---- tetrahedralize::test::test_tetrahedralization_find_first_intersecting_edge_bigger stdout ----
[INFO] [stdout] thread 'tetrahedralize::test::test_tetrahedralization_find_first_intersecting_edge_bigger' panicked at 'assertion failed: `(left == right)`
[INFO] [stdout]   left: `[[5, 7]]`,
[INFO] [stdout]  right: `[[4, 6]]`', src/tetrahedralize.rs:2416:9
[INFO] [stdout] stack backtrace:
[INFO] [stdout]    0:     0x5602baa7ae2a - std::backtrace_rs::backtrace::libunwind::trace::h2f05d0192276a8f6
[INFO] [stdout]                                at /rustc/1b7dd2252b99671ce5d1cb9664c5f8636329436d/library/std/src/../../backtrace/src/backtrace/libunwind.rs:93:5
[INFO] [stdout]    1:     0x5602baa7ae2a - std::backtrace_rs::backtrace::trace_unsynchronized::hedc23dff7a1af150
[INFO] [stdout]                                at /rustc/1b7dd2252b99671ce5d1cb9664c5f8636329436d/library/std/src/../../backtrace/src/backtrace/mod.rs:66:5
[INFO] [stdout]    2:     0x5602baa7ae2a - std::sys_common::backtrace::_print_fmt::h17541ef7592f3ce2
[INFO] [stdout]                                at /rustc/1b7dd2252b99671ce5d1cb9664c5f8636329436d/library/std/src/sys_common/backtrace.rs:65:5
[INFO] [stdout]    3:     0x5602baa7ae2a - <std::sys_common::backtrace::_print::DisplayBacktrace as core::fmt::Display>::fmt::h20f75df5ab0c0792
[INFO] [stdout]                                at /rustc/1b7dd2252b99671ce5d1cb9664c5f8636329436d/library/std/src/sys_common/backtrace.rs:44:22
[INFO] [stdout]    4:     0x5602baaa044f - core::fmt::write::h78109e6f466b3af6
[INFO] [stdout]                                at /rustc/1b7dd2252b99671ce5d1cb9664c5f8636329436d/library/core/src/fmt/mod.rs:1254:17
[INFO] [stdout]    5:     0x5602baa78175 - std::io::Write::write_fmt::hd24bfb68a1b35a25
[INFO] [stdout]                                at /rustc/1b7dd2252b99671ce5d1cb9664c5f8636329436d/library/std/src/io/mod.rs:1698:15
[INFO] [stdout]    6:     0x5602baa7abf5 - std::sys_common::backtrace::_print::h8dac57a9f8fbf9a5
[INFO] [stdout]                                at /rustc/1b7dd2252b99671ce5d1cb9664c5f8636329436d/library/std/src/sys_common/backtrace.rs:47:5
[INFO] [stdout]    7:     0x5602baa7abf5 - std::sys_common::backtrace::print::hf9ecbf41d1aa712f
[INFO] [stdout]                                at /rustc/1b7dd2252b99671ce5d1cb9664c5f8636329436d/library/std/src/sys_common/backtrace.rs:34:9
[INFO] [stdout]    8:     0x5602baa7c8ae - std::panicking::default_hook::{{closure}}::h04c07acfc84ca028
[INFO] [stdout]                                at /rustc/1b7dd2252b99671ce5d1cb9664c5f8636329436d/library/std/src/panicking.rs:269:22
[INFO] [stdout]    9:     0x5602baa7c5e1 - std::panicking::default_hook::h01f6bb23e1eceb2c
[INFO] [stdout]                                at /rustc/1b7dd2252b99671ce5d1cb9664c5f8636329436d/library/std/src/panicking.rs:285:9
[INFO] [stdout]   10:     0x5602baa1950b - <alloc::boxed::Box<F,A> as core::ops::function::Fn<Args>>::call::h87fe9f7b2fd49e4c
[INFO] [stdout]                                at /rustc/1b7dd2252b99671ce5d1cb9664c5f8636329436d/library/alloc/src/boxed.rs:1987:9
[INFO] [stdout]   11:     0x5602baa1950b - test::test_main::{{closure}}::he94d679243a7531b
[INFO] [stdout]                                at /rustc/1b7dd2252b99671ce5d1cb9664c5f8636329436d/library/test/src/lib.rs:134:21
[INFO] [stdout]   12:     0x5602baa7cf94 - <alloc::boxed::Box<F,A> as core::ops::function::Fn<Args>>::call::h3f2d6d8b14c4769f
[INFO] [stdout]                                at /rustc/1b7dd2252b99671ce5d1cb9664c5f8636329436d/library/alloc/src/boxed.rs:1987:9
[INFO] [stdout]   13:     0x5602baa7cf94 - std::panicking::rust_panic_with_hook::h2bb3722bbaf2f6df
[INFO] [stdout]                                at /rustc/1b7dd2252b99671ce5d1cb9664c5f8636329436d/library/std/src/panicking.rs:695:13
[INFO] [stdout]   14:     0x5602baa7cd09 - std::panicking::begin_panic_handler::{{closure}}::h91bc7f36a4be011b
[INFO] [stdout]                                at /rustc/1b7dd2252b99671ce5d1cb9664c5f8636329436d/library/std/src/panicking.rs:582:13
[INFO] [stdout]   15:     0x5602baa7b296 - std::sys_common::backtrace::__rust_end_short_backtrace::h8b3d3717114f9e59
[INFO] [stdout]                                at /rustc/1b7dd2252b99671ce5d1cb9664c5f8636329436d/library/std/src/sys_common/backtrace.rs:150:18
[INFO] [stdout]   16:     0x5602baa7ca62 - rust_begin_unwind
[INFO] [stdout]                                at /rustc/1b7dd2252b99671ce5d1cb9664c5f8636329436d/library/std/src/panicking.rs:578:5
[INFO] [stdout]   17:     0x5602ba801ca3 - core::panicking::panic_fmt::hfd368e3fbdabea26
[INFO] [stdout]                                at /rustc/1b7dd2252b99671ce5d1cb9664c5f8636329436d/library/core/src/panicking.rs:67:14
[INFO] [stdout]   18:     0x5602ba80206f - core::panicking::assert_failed_inner::haef49168e1798a91
[INFO] [stdout]   19:     0x5602ba97e8ea - core::panicking::assert_failed::he16fef798c314864
[INFO] [stdout]                                at /rustc/1b7dd2252b99671ce5d1cb9664c5f8636329436d/library/core/src/panicking.rs:228:5
[INFO] [stdout]   20:     0x5602ba90d3b3 - voxelization::tetrahedralize::test::test_tetrahedralization_find_first_intersecting_edge_bigger::h2b142f101b4e2249
[INFO] [stdout]                                at /opt/rustwide/workdir/src/tetrahedralize.rs:2416:9
[INFO] [stdout]   21:     0x5602ba90c9b7 - voxelization::tetrahedralize::test::test_tetrahedralization_find_first_intersecting_edge_bigger::{{closure}}::h7d0a383e22951a90
[INFO] [stdout]                                at /opt/rustwide/workdir/src/tetrahedralize.rs:2387:70
[INFO] [stdout]   22:     0x5602ba94c8b5 - core::ops::function::FnOnce::call_once::h34312d831af988ac
[INFO] [stdout]                                at /rustc/1b7dd2252b99671ce5d1cb9664c5f8636329436d/library/core/src/ops/function.rs:250:5
[INFO] [stdout]   23:     0x5602baa1e3df - core::ops::function::FnOnce::call_once::ha6a70e79f7481a7e
[INFO] [stdout]                                at /rustc/1b7dd2252b99671ce5d1cb9664c5f8636329436d/library/core/src/ops/function.rs:250:5
[INFO] [stdout]   24:     0x5602baa1e3df - test::__rust_begin_short_backtrace::hce33033019b61e69
[INFO] [stdout]                                at /rustc/1b7dd2252b99671ce5d1cb9664c5f8636329436d/library/test/src/lib.rs:655:18
[INFO] [stdout]   25:     0x5602ba9ebbcc - test::run_test::{{closure}}::h858d3528838ae3e5
[INFO] [stdout]                                at /rustc/1b7dd2252b99671ce5d1cb9664c5f8636329436d/library/test/src/lib.rs:646:30
[INFO] [stdout]   26:     0x5602ba9ebbcc - core::ops::function::FnOnce::call_once{{vtable.shim}}::he8ac2b00f01ae79e
[INFO] [stdout]                                at /rustc/1b7dd2252b99671ce5d1cb9664c5f8636329436d/library/core/src/ops/function.rs:250:5
[INFO] [stdout]   27:     0x5602baa1d4b6 - <alloc::boxed::Box<F,A> as core::ops::function::FnOnce<Args>>::call_once::h8093d25b522725ef
[INFO] [stdout]                                at /rustc/1b7dd2252b99671ce5d1cb9664c5f8636329436d/library/alloc/src/boxed.rs:1973:9
[INFO] [stdout]   28:     0x5602baa1d4b6 - <core::panic::unwind_safe::AssertUnwindSafe<F> as core::ops::function::FnOnce<()>>::call_once::h5c334c204e4a3913
[INFO] [stdout]                                at /rustc/1b7dd2252b99671ce5d1cb9664c5f8636329436d/library/core/src/panic/unwind_safe.rs:271:9
[INFO] [stdout]   29:     0x5602baa1d4b6 - std::panicking::try::do_call::ha8b740c7b9478074
[INFO] [stdout]                                at /rustc/1b7dd2252b99671ce5d1cb9664c5f8636329436d/library/std/src/panicking.rs:485:40
[INFO] [stdout]   30:     0x5602baa1d4b6 - std::panicking::try::h5d34f63d0e41b64e
[INFO] [stdout]                                at /rustc/1b7dd2252b99671ce5d1cb9664c5f8636329436d/library/std/src/panicking.rs:449:19
[INFO] [stdout]   31:     0x5602baa1d4b6 - std::panic::catch_unwind::hcfbb511e1aa7fc67
[INFO] [stdout]                                at /rustc/1b7dd2252b99671ce5d1cb9664c5f8636329436d/library/std/src/panic.rs:140:14
[INFO] [stdout]   32:     0x5602baa1d4b6 - test::run_test_in_process::h9abda90f802eaf21
[INFO] [stdout]                                at /rustc/1b7dd2252b99671ce5d1cb9664c5f8636329436d/library/test/src/lib.rs:678:27
[INFO] [stdout]   33:     0x5602baa1d4b6 - test::run_test::run_test_inner::{{closure}}::h0f058de91f6c6edf
[INFO] [stdout]                                at /rustc/1b7dd2252b99671ce5d1cb9664c5f8636329436d/library/test/src/lib.rs:572:39
[INFO] [stdout]   34:     0x5602ba9e63d5 - test::run_test::run_test_inner::{{closure}}::h5ca48a4c59c6c1fb
[INFO] [stdout]                                at /rustc/1b7dd2252b99671ce5d1cb9664c5f8636329436d/library/test/src/lib.rs:599:37
[INFO] [stdout]   35:     0x5602ba9e63d5 - std::sys_common::backtrace::__rust_begin_short_backtrace::h32bd51e1495d4a33
[INFO] [stdout]                                at /rustc/1b7dd2252b99671ce5d1cb9664c5f8636329436d/library/std/src/sys_common/backtrace.rs:134:18
[INFO] [stdout]   36:     0x5602ba9eb911 - std::thread::Builder::spawn_unchecked_::{{closure}}::{{closure}}::hc086fae9b128b2db
[INFO] [stdout]                                at /rustc/1b7dd2252b99671ce5d1cb9664c5f8636329436d/library/std/src/thread/mod.rs:526:17
[INFO] [stdout]   37:     0x5602ba9eb911 - <core::panic::unwind_safe::AssertUnwindSafe<F> as core::ops::function::FnOnce<()>>::call_once::hb66571888d270d43
[INFO] [stdout]                                at /rustc/1b7dd2252b99671ce5d1cb9664c5f8636329436d/library/core/src/panic/unwind_safe.rs:271:9
[INFO] [stdout]   38:     0x5602ba9eb911 - std::panicking::try::do_call::h4fa2ef4f6e51fecf
[INFO] [stdout]                                at /rustc/1b7dd2252b99671ce5d1cb9664c5f8636329436d/library/std/src/panicking.rs:485:40
[INFO] [stdout]   39:     0x5602ba9eb911 - std::panicking::try::h1e9e22b8584489b5
[INFO] [stdout]                                at /rustc/1b7dd2252b99671ce5d1cb9664c5f8636329436d/library/std/src/panicking.rs:449:19
[INFO] [stdout]   40:     0x5602ba9eb911 - std::panic::catch_unwind::h44698a3de0e0769e
[INFO] [stdout]                                at /rustc/1b7dd2252b99671ce5d1cb9664c5f8636329436d/library/std/src/panic.rs:140:14
[INFO] [stdout]   41:     0x5602ba9eb911 - std::thread::Builder::spawn_unchecked_::{{closure}}::h50153abde3fe239e
[INFO] [stdout]                                at /rustc/1b7dd2252b99671ce5d1cb9664c5f8636329436d/library/std/src/thread/mod.rs:525:30
[INFO] [stdout]   42:     0x5602ba9eb911 - core::ops::function::FnOnce::call_once{{vtable.shim}}::hbe5bbf6f38394364
[INFO] [stdout]                                at /rustc/1b7dd2252b99671ce5d1cb9664c5f8636329436d/library/core/src/ops/function.rs:250:5
[INFO] [stdout]   43:     0x5602baa81465 - <alloc::boxed::Box<F,A> as core::ops::function::FnOnce<Args>>::call_once::h0d83cb2920a49046
[INFO] [stdout]                                at /rustc/1b7dd2252b99671ce5d1cb9664c5f8636329436d/library/alloc/src/boxed.rs:1973:9
[INFO] [stdout]   44:     0x5602baa81465 - <alloc::boxed::Box<F,A> as core::ops::function::FnOnce<Args>>::call_once::hbe0a008aa7d9ef59
[INFO] [stdout]                                at /rustc/1b7dd2252b99671ce5d1cb9664c5f8636329436d/library/alloc/src/boxed.rs:1973:9
[INFO] [stdout]   45:     0x5602baa81465 - std::sys::unix::thread::Thread::new::thread_start::h3a466996bdf6b1f9
[INFO] [stdout]                                at /rustc/1b7dd2252b99671ce5d1cb9664c5f8636329436d/library/std/src/sys/unix/thread.rs:108:17
[INFO] [stdout]   46:     0x7eff645cab43 - <unknown>
[INFO] [stdout]   47:     0x7eff6465bbb4 - __clone
[INFO] [stdout]   48:                0x0 - <unknown>
[INFO] [stdout] 
[INFO] [stdout] ---- tetrahedralize::test::test_tetrahedralization_find_all_intersecting_faces_one_vertex_case stdout ----
[INFO] [stdout] thread 'tetrahedralize::test::test_tetrahedralization_find_all_intersecting_faces_one_vertex_case' panicked at 'assertion failed: `(left == right)`
[INFO] [stdout]   left: `Vector3 [3.0, 0.0, 0.0]`,
[INFO] [stdout]  right: `Vector3 [0.0, 0.0, 0.0]`', src/tetrahedralize.rs:2581:9
[INFO] [stdout] stack backtrace:
[INFO] [stdout]    0:     0x5602baa7ae2a - std::backtrace_rs::backtrace::libunwind::trace::h2f05d0192276a8f6
[INFO] [stdout]                                at /rustc/1b7dd2252b99671ce5d1cb9664c5f8636329436d/library/std/src/../../backtrace/src/backtrace/libunwind.rs:93:5
[INFO] [stdout]    1:     0x5602baa7ae2a - std::backtrace_rs::backtrace::trace_unsynchronized::hedc23dff7a1af150
[INFO] [stdout]                                at /rustc/1b7dd2252b99671ce5d1cb9664c5f8636329436d/library/std/src/../../backtrace/src/backtrace/mod.rs:66:5
[INFO] [stdout]    2:     0x5602baa7ae2a - std::sys_common::backtrace::_print_fmt::h17541ef7592f3ce2
[INFO] [stdout]                                at /rustc/1b7dd2252b99671ce5d1cb9664c5f8636329436d/library/std/src/sys_common/backtrace.rs:65:5
[INFO] [stdout]    3:     0x5602baa7ae2a - <std::sys_common::backtrace::_print::DisplayBacktrace as core::fmt::Display>::fmt::h20f75df5ab0c0792
[INFO] [stdout]                                at /rustc/1b7dd2252b99671ce5d1cb9664c5f8636329436d/library/std/src/sys_common/backtrace.rs:44:22
[INFO] [stdout]    4:     0x5602baaa044f - core::fmt::write::h78109e6f466b3af6
[INFO] [stdout]                                at /rustc/1b7dd2252b99671ce5d1cb9664c5f8636329436d/library/core/src/fmt/mod.rs:1254:17
[INFO] [stdout]    5:     0x5602baa78175 - std::io::Write::write_fmt::hd24bfb68a1b35a25
[INFO] [stdout]                                at /rustc/1b7dd2252b99671ce5d1cb9664c5f8636329436d/library/std/src/io/mod.rs:1698:15
[INFO] [stdout]    6:     0x5602baa7abf5 - std::sys_common::backtrace::_print::h8dac57a9f8fbf9a5
[INFO] [stdout]                                at /rustc/1b7dd2252b99671ce5d1cb9664c5f8636329436d/library/std/src/sys_common/backtrace.rs:47:5
[INFO] [stdout]    7:     0x5602baa7abf5 - std::sys_common::backtrace::print::hf9ecbf41d1aa712f
[INFO] [stdout]                                at /rustc/1b7dd2252b99671ce5d1cb9664c5f8636329436d/library/std/src/sys_common/backtrace.rs:34:9
[INFO] [stdout]    8:     0x5602baa7c8ae - std::panicking::default_hook::{{closure}}::h04c07acfc84ca028
[INFO] [stdout]                                at /rustc/1b7dd2252b99671ce5d1cb9664c5f8636329436d/library/std/src/panicking.rs:269:22
[INFO] [stdout]    9:     0x5602baa7c5e1 - std::panicking::default_hook::h01f6bb23e1eceb2c
[INFO] [stdout]                                at /rustc/1b7dd2252b99671ce5d1cb9664c5f8636329436d/library/std/src/panicking.rs:285:9
[INFO] [stdout]   10:     0x5602baa1950b - <alloc::boxed::Box<F,A> as core::ops::function::Fn<Args>>::call::h87fe9f7b2fd49e4c
[INFO] [stdout]                                at /rustc/1b7dd2252b99671ce5d1cb9664c5f8636329436d/library/alloc/src/boxed.rs:1987:9
[INFO] [stdout]   11:     0x5602baa1950b - test::test_main::{{closure}}::he94d679243a7531b
[INFO] [stdout]                                at /rustc/1b7dd2252b99671ce5d1cb9664c5f8636329436d/library/test/src/lib.rs:134:21
[INFO] [stdout]   12:     0x5602baa7cf94 - <alloc::boxed::Box<F,A> as core::ops::function::Fn<Args>>::call::h3f2d6d8b14c4769f
[INFO] [stdout]                                at /rustc/1b7dd2252b99671ce5d1cb9664c5f8636329436d/library/alloc/src/boxed.rs:1987:9
[INFO] [stdout]   13:     0x5602baa7cf94 - std::panicking::rust_panic_with_hook::h2bb3722bbaf2f6df
[INFO] [stdout]                                at /rustc/1b7dd2252b99671ce5d1cb9664c5f8636329436d/library/std/src/panicking.rs:695:13
[INFO] [stdout]   14:     0x5602baa7cd09 - std::panicking::begin_panic_handler::{{closure}}::h91bc7f36a4be011b
[INFO] [stdout]                                at /rustc/1b7dd2252b99671ce5d1cb9664c5f8636329436d/library/std/src/panicking.rs:582:13
[INFO] [stdout]   15:     0x5602baa7b296 - std::sys_common::backtrace::__rust_end_short_backtrace::h8b3d3717114f9e59
[INFO] [stdout]                                at /rustc/1b7dd2252b99671ce5d1cb9664c5f8636329436d/library/std/src/sys_common/backtrace.rs:150:18
[INFO] [stdout]   16:     0x5602baa7ca62 - rust_begin_unwind
[INFO] [stdout]                                at /rustc/1b7dd2252b99671ce5d1cb9664c5f8636329436d/library/std/src/panicking.rs:578:5
[INFO] [stdout]   17:     0x5602ba801ca3 - core::panicking::panic_fmt::hfd368e3fbdabea26
[INFO] [stdout]                                at /rustc/1b7dd2252b99671ce5d1cb9664c5f8636329436d/library/core/src/panicking.rs:67:14
[INFO] [stdout]   18:     0x5602ba80206f - core::panicking::assert_failed_inner::haef49168e1798a91
[INFO] [stdout]   19:     0x5602ba97e5ea - core::panicking::assert_failed::h488fb6f4108d478c
[INFO] [stdout]                                at /rustc/1b7dd2252b99671ce5d1cb9664c5f8636329436d/library/core/src/panicking.rs:228:5
[INFO] [stdout]   20:     0x5602ba910cc2 - voxelization::tetrahedralize::test::test_tetrahedralization_find_all_intersecting_faces_one_vertex_case::h6042431c74a86bad
[INFO] [stdout]                                at /opt/rustwide/workdir/src/tetrahedralize.rs:2581:9
[INFO] [stdout]   21:     0x5602ba90fb77 - voxelization::tetrahedralize::test::test_tetrahedralization_find_all_intersecting_faces_one_vertex_case::{{closure}}::h2ae15025fc71077b
[INFO] [stdout]                                at /opt/rustwide/workdir/src/tetrahedralize.rs:2519:78
[INFO] [stdout]   22:     0x5602ba94c875 - core::ops::function::FnOnce::call_once::h3325c08713d6760b
[INFO] [stdout]                                at /rustc/1b7dd2252b99671ce5d1cb9664c5f8636329436d/library/core/src/ops/function.rs:250:5
[INFO] [stdout]   23:     0x5602baa1e3df - core::ops::function::FnOnce::call_once::ha6a70e79f7481a7e
[INFO] [stdout]                                at /rustc/1b7dd2252b99671ce5d1cb9664c5f8636329436d/library/core/src/ops/function.rs:250:5
[INFO] [stdout]   24:     0x5602baa1e3df - test::__rust_begin_short_backtrace::hce33033019b61e69
[INFO] [stdout]                                at /rustc/1b7dd2252b99671ce5d1cb9664c5f8636329436d/library/test/src/lib.rs:655:18
[INFO] [stdout]   25:     0x5602ba9ebbcc - test::run_test::{{closure}}::h858d3528838ae3e5
[INFO] [stdout]                                at /rustc/1b7dd2252b99671ce5d1cb9664c5f8636329436d/library/test/src/lib.rs:646:30
[INFO] [stdout]   26:     0x5602ba9ebbcc - core::ops::function::FnOnce::call_once{{vtable.shim}}::he8ac2b00f01ae79e
[INFO] [stdout]                                at /rustc/1b7dd2252b99671ce5d1cb9664c5f8636329436d/library/core/src/ops/function.rs:250:5
[INFO] [stdout]   27:     0x5602baa1d4b6 - <alloc::boxed::Box<F,A> as core::ops::function::FnOnce<Args>>::call_once::h8093d25b522725ef
[INFO] [stdout]                                at /rustc/1b7dd2252b99671ce5d1cb9664c5f8636329436d/library/alloc/src/boxed.rs:1973:9
[INFO] [stdout]   28:     0x5602baa1d4b6 - <core::panic::unwind_safe::AssertUnwindSafe<F> as core::ops::function::FnOnce<()>>::call_once::h5c334c204e4a3913
[INFO] [stdout]                                at /rustc/1b7dd2252b99671ce5d1cb9664c5f8636329436d/library/core/src/panic/unwind_safe.rs:271:9
[INFO] [stdout]   29:     0x5602baa1d4b6 - std::panicking::try::do_call::ha8b740c7b9478074
[INFO] [stdout]                                at /rustc/1b7dd2252b99671ce5d1cb9664c5f8636329436d/library/std/src/panicking.rs:485:40
[INFO] [stdout]   30:     0x5602baa1d4b6 - std::panicking::try::h5d34f63d0e41b64e
[INFO] [stdout]                                at /rustc/1b7dd2252b99671ce5d1cb9664c5f8636329436d/library/std/src/panicking.rs:449:19
[INFO] [stdout]   31:     0x5602baa1d4b6 - std::panic::catch_unwind::hcfbb511e1aa7fc67
[INFO] [stdout]                                at /rustc/1b7dd2252b99671ce5d1cb9664c5f8636329436d/library/std/src/panic.rs:140:14
[INFO] [stdout]   32:     0x5602baa1d4b6 - test::run_test_in_process::h9abda90f802eaf21
[INFO] [stdout]                                at /rustc/1b7dd2252b99671ce5d1cb9664c5f8636329436d/library/test/src/lib.rs:678:27
[INFO] [stdout]   33:     0x5602baa1d4b6 - test::run_test::run_test_inner::{{closure}}::h0f058de91f6c6edf
[INFO] [stdout]                                at /rustc/1b7dd2252b99671ce5d1cb9664c5f8636329436d/library/test/src/lib.rs:572:39
[INFO] [stdout]   34:     0x5602ba9e63d5 - test::run_test::run_test_inner::{{closure}}::h5ca48a4c59c6c1fb
[INFO] [stdout]                                at /rustc/1b7dd2252b99671ce5d1cb9664c5f8636329436d/library/test/src/lib.rs:599:37
[INFO] [stdout]   35:     0x5602ba9e63d5 - std::sys_common::backtrace::__rust_begin_short_backtrace::h32bd51e1495d4a33
[INFO] [stdout]                                at /rustc/1b7dd2252b99671ce5d1cb9664c5f8636329436d/library/std/src/sys_common/backtrace.rs:134:18
[INFO] [stdout]   36:     0x5602ba9eb911 - std::thread::Builder::spawn_unchecked_::{{closure}}::{{closure}}::hc086fae9b128b2db
[INFO] [stdout]                                at /rustc/1b7dd2252b99671ce5d1cb9664c5f8636329436d/library/std/src/thread/mod.rs:526:17
[INFO] [stdout]   37:     0x5602ba9eb911 - <core::panic::unwind_safe::AssertUnwindSafe<F> as core::ops::function::FnOnce<()>>::call_once::hb66571888d270d43
[INFO] [stdout]                                at /rustc/1b7dd2252b99671ce5d1cb9664c5f8636329436d/library/core/src/panic/unwind_safe.rs:271:9
[INFO] [stdout]   38:     0x5602ba9eb911 - std::panicking::try::do_call::h4fa2ef4f6e51fecf
[INFO] [stdout]                                at /rustc/1b7dd2252b99671ce5d1cb9664c5f8636329436d/library/std/src/panicking.rs:485:40
[INFO] [stdout]   39:     0x5602ba9eb911 - std::panicking::try::h1e9e22b8584489b5
[INFO] [stdout]                                at /rustc/1b7dd2252b99671ce5d1cb9664c5f8636329436d/library/std/src/panicking.rs:449:19
[INFO] [stdout]   40:     0x5602ba9eb911 - std::panic::catch_unwind::h44698a3de0e0769e
[INFO] [stdout]                                at /rustc/1b7dd2252b99671ce5d1cb9664c5f8636329436d/library/std/src/panic.rs:140:14
[INFO] [stdout]   41:     0x5602ba9eb911 - std::thread::Builder::spawn_unchecked_::{{closure}}::h50153abde3fe239e
[INFO] [stdout]                                at /rustc/1b7dd2252b99671ce5d1cb9664c5f8636329436d/library/std/src/thread/mod.rs:525:30
[INFO] [stdout]   42:     0x5602ba9eb911 - core::ops::function::FnOnce::call_once{{vtable.shim}}::hbe5bbf6f38394364
[INFO] [stdout]                                at /rustc/1b7dd2252b99671ce5d1cb9664c5f8636329436d/library/core/src/ops/function.rs:250:5
[INFO] [stdout]   43:     0x5602baa81465 - <alloc::boxed::Box<F,A> as core::ops::function::FnOnce<Args>>::call_once::h0d83cb2920a49046
[INFO] [stdout]                                at /rustc/1b7dd2252b99671ce5d1cb9664c5f8636329436d/library/alloc/src/boxed.rs:1973:9
[INFO] [stdout]   44:     0x5602baa81465 - <alloc::boxed::Box<F,A> as core::ops::function::FnOnce<Args>>::call_once::hbe0a008aa7d9ef59
[INFO] [stdout]                                at /rustc/1b7dd2252b99671ce5d1cb9664c5f8636329436d/library/alloc/src/boxed.rs:1973:9
[INFO] [stdout]   45:     0x5602baa81465 - std::sys::unix::thread::Thread::new::thread_start::h3a466996bdf6b1f9
[INFO] [stdout]                                at /rustc/1b7dd2252b99671ce5d1cb9664c5f8636329436d/library/std/src/sys/unix/thread.rs:108:17
[INFO] [stdout]   46:     0x7eff645cab43 - <unknown>
[INFO] [stdout]   47:     0x7eff6465bbb4 - __clone
[INFO] [stdout]   48:                0x0 - <unknown>
[INFO] [stdout] 
[INFO] [stdout] ---- tetrahedralize::test::test_tetrahedralization_find_first_intersecting_edge stdout ----
[INFO] [stdout] thread 'tetrahedralize::test::test_tetrahedralization_find_first_intersecting_edge' panicked at 'assertion failed: `(left == right)`
[INFO] [stdout]   left: `{[1, 3, 4], [2, 3, 4]}`,
[INFO] [stdout]  right: `{[1, 3, 4], [0, 3, 4]}`', src/tetrahedralize.rs:2353:9
[INFO] [stdout] stack backtrace:
[INFO] [stdout]    0:     0x5602baa7ae2a - std::backtrace_rs::backtrace::libunwind::trace::h2f05d0192276a8f6
[INFO] [stdout]                                at /rustc/1b7dd2252b99671ce5d1cb9664c5f8636329436d/library/std/src/../../backtrace/src/backtrace/libunwind.rs:93:5
[INFO] [stdout]    1:     0x5602baa7ae2a - std::backtrace_rs::backtrace::trace_unsynchronized::hedc23dff7a1af150
[INFO] [stdout]                                at /rustc/1b7dd2252b99671ce5d1cb9664c5f8636329436d/library/std/src/../../backtrace/src/backtrace/mod.rs:66:5
[INFO] [stdout]    2:     0x5602baa7ae2a - std::sys_common::backtrace::_print_fmt::h17541ef7592f3ce2
[INFO] [stdout]                                at /rustc/1b7dd2252b99671ce5d1cb9664c5f8636329436d/library/std/src/sys_common/backtrace.rs:65:5
[INFO] [stdout]    3:     0x5602baa7ae2a - <std::sys_common::backtrace::_print::DisplayBacktrace as core::fmt::Display>::fmt::h20f75df5ab0c0792
[INFO] [stdout]                                at /rustc/1b7dd2252b99671ce5d1cb9664c5f8636329436d/library/std/src/sys_common/backtrace.rs:44:22
[INFO] [stdout]    4:     0x5602baaa044f - core::fmt::write::h78109e6f466b3af6
[INFO] [stdout]                                at /rustc/1b7dd2252b99671ce5d1cb9664c5f8636329436d/library/core/src/fmt/mod.rs:1254:17
[INFO] [stdout]    5:     0x5602baa78175 - std::io::Write::write_fmt::hd24bfb68a1b35a25
[INFO] [stdout]                                at /rustc/1b7dd2252b99671ce5d1cb9664c5f8636329436d/library/std/src/io/mod.rs:1698:15
[INFO] [stdout]    6:     0x5602baa7abf5 - std::sys_common::backtrace::_print::h8dac57a9f8fbf9a5
[INFO] [stdout]                                at /rustc/1b7dd2252b99671ce5d1cb9664c5f8636329436d/library/std/src/sys_common/backtrace.rs:47:5
[INFO] [stdout]    7:     0x5602baa7abf5 - std::sys_common::backtrace::print::hf9ecbf41d1aa712f
[INFO] [stdout]                                at /rustc/1b7dd2252b99671ce5d1cb9664c5f8636329436d/library/std/src/sys_common/backtrace.rs:34:9
[INFO] [stdout]    8:     0x5602baa7c8ae - std::panicking::default_hook::{{closure}}::h04c07acfc84ca028
[INFO] [stdout]                                at /rustc/1b7dd2252b99671ce5d1cb9664c5f8636329436d/library/std/src/panicking.rs:269:22
[INFO] [stdout]    9:     0x5602baa7c5e1 - std::panicking::default_hook::h01f6bb23e1eceb2c
[INFO] [stdout]                                at /rustc/1b7dd2252b99671ce5d1cb9664c5f8636329436d/library/std/src/panicking.rs:285:9
[INFO] [stdout]   10:     0x5602baa1950b - <alloc::boxed::Box<F,A> as core::ops::function::Fn<Args>>::call::h87fe9f7b2fd49e4c
[INFO] [stdout]                                at /rustc/1b7dd2252b99671ce5d1cb9664c5f8636329436d/library/alloc/src/boxed.rs:1987:9
[INFO] [stdout]   11:     0x5602baa1950b - test::test_main::{{closure}}::he94d679243a7531b
[INFO] [stdout]                                at /rustc/1b7dd2252b99671ce5d1cb9664c5f8636329436d/library/test/src/lib.rs:134:21
[INFO] [stdout]   12:     0x5602baa7cf94 - <alloc::boxed::Box<F,A> as core::ops::function::Fn<Args>>::call::h3f2d6d8b14c4769f
[INFO] [stdout]                                at /rustc/1b7dd2252b99671ce5d1cb9664c5f8636329436d/library/alloc/src/boxed.rs:1987:9
[INFO] [stdout]   13:     0x5602baa7cf94 - std::panicking::rust_panic_with_hook::h2bb3722bbaf2f6df
[INFO] [stdout]                                at /rustc/1b7dd2252b99671ce5d1cb9664c5f8636329436d/library/std/src/panicking.rs:695:13
[INFO] [stdout]   14:     0x5602baa7cd09 - std::panicking::begin_panic_handler::{{closure}}::h91bc7f36a4be011b
[INFO] [stdout]                                at /rustc/1b7dd2252b99671ce5d1cb9664c5f8636329436d/library/std/src/panicking.rs:582:13
[INFO] [stdout]   15:     0x5602baa7b296 - std::sys_common::backtrace::__rust_end_short_backtrace::h8b3d3717114f9e59
[INFO] [stdout]                                at /rustc/1b7dd2252b99671ce5d1cb9664c5f8636329436d/library/std/src/sys_common/backtrace.rs:150:18
[INFO] [stdout]   16:     0x5602baa7ca62 - rust_begin_unwind
[INFO] [stdout]                                at /rustc/1b7dd2252b99671ce5d1cb9664c5f8636329436d/library/std/src/panicking.rs:578:5
[INFO] [stdout]   17:     0x5602ba801ca3 - core::panicking::panic_fmt::hfd368e3fbdabea26
[INFO] [stdout]                                at /rustc/1b7dd2252b99671ce5d1cb9664c5f8636329436d/library/core/src/panicking.rs:67:14
[INFO] [stdout]   18:     0x5602ba80206f - core::panicking::assert_failed_inner::haef49168e1798a91
[INFO] [stdout]   19:     0x5602ba97ea6a - core::panicking::assert_failed::hfc7789c988e2d095
[INFO] [stdout]                                at /rustc/1b7dd2252b99671ce5d1cb9664c5f8636329436d/library/core/src/panicking.rs:228:5
[INFO] [stdout]   20:     0x5602ba90bc60 - voxelization::tetrahedralize::test::test_tetrahedralization_find_first_intersecting_edge::h254ab824309aafd8
[INFO] [stdout]                                at /opt/rustwide/workdir/src/tetrahedralize.rs:2353:9
[INFO] [stdout]   21:     0x5602ba90b2c7 - voxelization::tetrahedralize::test::test_tetrahedralization_find_first_intersecting_edge::{{closure}}::h1685ff64bca5b43a
[INFO] [stdout]                                at /opt/rustwide/workdir/src/tetrahedralize.rs:2335:63
[INFO] [stdout]   22:     0x5602ba94e295 - core::ops::function::FnOnce::call_once::hada091b49d2d917a
[INFO] [stdout]                                at /rustc/1b7dd2252b99671ce5d1cb9664c5f8636329436d/library/core/src/ops/function.rs:250:5
[INFO] [stdout]   23:     0x5602baa1e3df - core::ops::function::FnOnce::call_once::ha6a70e79f7481a7e
[INFO] [stdout]                                at /rustc/1b7dd2252b99671ce5d1cb9664c5f8636329436d/library/core/src/ops/function.rs:250:5
[INFO] [stdout]   24:     0x5602baa1e3df - test::__rust_begin_short_backtrace::hce33033019b61e69
[INFO] [stdout]                                at /rustc/1b7dd2252b99671ce5d1cb9664c5f8636329436d/library/test/src/lib.rs:655:18
[INFO] [stdout]   25:     0x5602ba9ebbcc - test::run_test::{{closure}}::h858d3528838ae3e5
[INFO] [stdout]                                at /rustc/1b7dd2252b99671ce5d1cb9664c5f8636329436d/library/test/src/lib.rs:646:30
[INFO] [stdout]   26:     0x5602ba9ebbcc - core::ops::function::FnOnce::call_once{{vtable.shim}}::he8ac2b00f01ae79e
[INFO] [stdout]                                at /rustc/1b7dd2252b99671ce5d1cb9664c5f8636329436d/library/core/src/ops/function.rs:250:5
[INFO] [stdout]   27:     0x5602baa1d4b6 - <alloc::boxed::Box<F,A> as core::ops::function::FnOnce<Args>>::call_once::h8093d25b522725ef
[INFO] [stdout]                                at /rustc/1b7dd2252b99671ce5d1cb9664c5f8636329436d/library/alloc/src/boxed.rs:1973:9
[INFO] [stdout]   28:     0x5602baa1d4b6 - <core::panic::unwind_safe::AssertUnwindSafe<F> as core::ops::function::FnOnce<()>>::call_once::h5c334c204e4a3913
[INFO] [stdout]                                at /rustc/1b7dd2252b99671ce5d1cb9664c5f8636329436d/library/core/src/panic/unwind_safe.rs:271:9
[INFO] [stdout]   29:     0x5602baa1d4b6 - std::panicking::try::do_call::ha8b740c7b9478074
[INFO] [stdout]                                at /rustc/1b7dd2252b99671ce5d1cb9664c5f8636329436d/library/std/src/panicking.rs:485:40
[INFO] [stdout]   30:     0x5602baa1d4b6 - std::panicking::try::h5d34f63d0e41b64e
[INFO] [stdout]                                at /rustc/1b7dd2252b99671ce5d1cb9664c5f8636329436d/library/std/src/panicking.rs:449:19
[INFO] [stdout]   31:     0x5602baa1d4b6 - std::panic::catch_unwind::hcfbb511e1aa7fc67
[INFO] [stdout]                                at /rustc/1b7dd2252b99671ce5d1cb9664c5f8636329436d/library/std/src/panic.rs:140:14
[INFO] [stdout]   32:     0x5602baa1d4b6 - test::run_test_in_process::h9abda90f802eaf21
[INFO] [stdout]                                at /rustc/1b7dd2252b99671ce5d1cb9664c5f8636329436d/library/test/src/lib.rs:678:27
[INFO] [stdout]   33:     0x5602baa1d4b6 - test::run_test::run_test_inner::{{closure}}::h0f058de91f6c6edf
[INFO] [stdout]                                at /rustc/1b7dd2252b99671ce5d1cb9664c5f8636329436d/library/test/src/lib.rs:572:39
[INFO] [stdout]   34:     0x5602ba9e63d5 - test::run_test::run_test_inner::{{closure}}::h5ca48a4c59c6c1fb
[INFO] [stdout]                                at /rustc/1b7dd2252b99671ce5d1cb9664c5f8636329436d/library/test/src/lib.rs:599:37
[INFO] [stdout]   35:     0x5602ba9e63d5 - std::sys_common::backtrace::__rust_begin_short_backtrace::h32bd51e1495d4a33
[INFO] [stdout]                                at /rustc/1b7dd2252b99671ce5d1cb9664c5f8636329436d/library/std/src/sys_common/backtrace.rs:134:18
[INFO] [stdout]   36:     0x5602ba9eb911 - std::thread::Builder::spawn_unchecked_::{{closure}}::{{closure}}::hc086fae9b128b2db
[INFO] [stdout]                                at /rustc/1b7dd2252b99671ce5d1cb9664c5f8636329436d/library/std/src/thread/mod.rs:526:17
[INFO] [stdout]   37:     0x5602ba9eb911 - <core::panic::unwind_safe::AssertUnwindSafe<F> as core::ops::function::FnOnce<()>>::call_once::hb66571888d270d43
[INFO] [stdout]                                at /rustc/1b7dd2252b99671ce5d1cb9664c5f8636329436d/library/core/src/panic/unwind_safe.rs:271:9
[INFO] [stdout]   38:     0x5602ba9eb911 - std::panicking::try::do_call::h4fa2ef4f6e51fecf
[INFO] [stdout]                                at /rustc/1b7dd2252b99671ce5d1cb9664c5f8636329436d/library/std/src/panicking.rs:485:40
[INFO] [stdout]   39:     0x5602ba9eb911 - std::panicking::try::h1e9e22b8584489b5
[INFO] [stdout]                                at /rustc/1b7dd2252b99671ce5d1cb9664c5f8636329436d/library/std/src/panicking.rs:449:19
[INFO] [stdout]   40:     0x5602ba9eb911 - std::panic::catch_unwind::h44698a3de0e0769e
[INFO] [stdout]                                at /rustc/1b7dd2252b99671ce5d1cb9664c5f8636329436d/library/std/src/panic.rs:140:14
[INFO] [stdout]   41:     0x5602ba9eb911 - std::thread::Builder::spawn_unchecked_::{{closure}}::h50153abde3fe239e
[INFO] [stdout]                                at /rustc/1b7dd2252b99671ce5d1cb9664c5f8636329436d/library/std/src/thread/mod.rs:525:30
[INFO] [stdout]   42:     0x5602ba9eb911 - core::ops::function::FnOnce::call_once{{vtable.shim}}::hbe5bbf6f38394364
[INFO] [stdout]                                at /rustc/1b7dd2252b99671ce5d1cb9664c5f8636329436d/library/core/src/ops/function.rs:250:5
[INFO] [stdout]   43:     0x5602baa81465 - <alloc::boxed::Box<F,A> as core::ops::function::FnOnce<Args>>::call_once::h0d83cb2920a49046
[INFO] [stdout]                                at /rustc/1b7dd2252b99671ce5d1cb9664c5f8636329436d/library/alloc/src/boxed.rs:1973:9
[INFO] [stdout]   44:     0x5602baa81465 - <alloc::boxed::Box<F,A> as core::ops::function::FnOnce<Args>>::call_once::hbe0a008aa7d9ef59
[INFO] [stdout]                                at /rustc/1b7dd2252b99671ce5d1cb9664c5f8636329436d/library/alloc/src/boxed.rs:1973:9
[INFO] [stdout]   45:     0x5602baa81465 - std::sys::unix::thread::Thread::new::thread_start::h3a466996bdf6b1f9
[INFO] [stdout]                                at /rustc/1b7dd2252b99671ce5d1cb9664c5f8636329436d/library/std/src/sys/unix/thread.rs:108:17
[INFO] [stdout]   46:     0x7eff645cab43 - <unknown>
[INFO] [stdout]   47:     0x7eff6465bbb4 - __clone
[INFO] [stdout]   48:                0x0 - <unknown>
[INFO] [stdout] 
[INFO] [stdout] 
[INFO] [stdout] failures:
[INFO] [stdout]     tetrahedralize::test::test_tetrahedralization_find_all_intersecting_faces
[INFO] [stdout]     tetrahedralize::test::test_tetrahedralization_find_all_intersecting_faces_bigger
[INFO] [stdout]     tetrahedralize::test::test_tetrahedralization_find_all_intersecting_faces_one_vertex_case
[INFO] [stdout]     tetrahedralize::test::test_tetrahedralization_find_first_intersecting_edge
[INFO] [stdout]     tetrahedralize::test::test_tetrahedralization_find_first_intersecting_edge_bigger
[INFO] [stdout] 
[INFO] [stdout] test result: FAILED. 75 passed; 5 failed; 2 ignored; 0 measured; 0 filtered out; finished in 0.14s
[INFO] [stdout] 
[INFO] [stderr] error: test failed, to rerun pass `--lib`
[INFO] running `Command { std: "docker" "inspect" "7fd4dfc634fd6bcb99be78123ea933265327b60955127dd778f74892b4a5f25e", kill_on_drop: false }`
[INFO] running `Command { std: "docker" "rm" "-f" "7fd4dfc634fd6bcb99be78123ea933265327b60955127dd778f74892b4a5f25e", kill_on_drop: false }`
[INFO] [stdout] 7fd4dfc634fd6bcb99be78123ea933265327b60955127dd778f74892b4a5f25e
