[INFO] cloning repository https://github.com/jorenvo/jpaste
[INFO] running `Command { std: "git" "-c" "credential.helper=" "-c" "credential.helper=/workspace/cargo-home/bin/git-credential-null" "clone" "--bare" "https://github.com/jorenvo/jpaste" "/workspace/cache/git-repos/https%3A%2F%2Fgithub.com%2Fjorenvo%2Fjpaste", kill_on_drop: false }`
[INFO] [stderr] Cloning into bare repository '/workspace/cache/git-repos/https%3A%2F%2Fgithub.com%2Fjorenvo%2Fjpaste'...
[INFO] running `Command { std: "git" "rev-parse" "HEAD", kill_on_drop: false }`
[INFO] [stdout] 5bf329c3130345ea9013a84c5a792dadad9e4007
[INFO] testing jorenvo/jpaste against 1.69.0 for beta-1.70-1
[INFO] running `Command { std: "git" "clone" "/workspace/cache/git-repos/https%3A%2F%2Fgithub.com%2Fjorenvo%2Fjpaste" "/workspace/builds/worker-4-tc1/source", kill_on_drop: false }`
[INFO] [stderr] Cloning into '/workspace/builds/worker-4-tc1/source'...
[INFO] [stderr] done.
[INFO] validating manifest of git repo https://github.com/jorenvo/jpaste on toolchain 1.69.0
[INFO] running `Command { std: CARGO_HOME="/workspace/cargo-home" RUSTUP_HOME="/workspace/rustup-home" "/workspace/cargo-home/bin/cargo" "+1.69.0" "metadata" "--manifest-path" "Cargo.toml" "--no-deps", kill_on_drop: false }`
[INFO] started tweaking git repo https://github.com/jorenvo/jpaste
[INFO] finished tweaking git repo https://github.com/jorenvo/jpaste
[INFO] tweaked toml for git repo https://github.com/jorenvo/jpaste written to /workspace/builds/worker-4-tc1/source/Cargo.toml
[INFO] crate git repo https://github.com/jorenvo/jpaste already has a lockfile, it will not be regenerated
[INFO] running `Command { std: CARGO_HOME="/workspace/cargo-home" RUSTUP_HOME="/workspace/rustup-home" "/workspace/cargo-home/bin/cargo" "+1.69.0" "fetch" "--manifest-path" "Cargo.toml", kill_on_drop: false }`
[INFO] [stderr]  Downloading crates ...
[INFO] [stderr]   Downloaded redis v0.17.0
[INFO] [stderr]   Downloaded combine v4.4.0
[INFO] running `Command { std: "docker" "create" "-v" "/var/lib/crater-agent-workspace/builds/worker-4-tc1/target:/opt/rustwide/target:rw,Z" "-v" "/var/lib/crater-agent-workspace/builds/worker-4-tc1/source:/opt/rustwide/workdir:ro,Z" "-v" "/var/lib/crater-agent-workspace/cargo-home:/opt/rustwide/cargo-home:ro,Z" "-v" "/var/lib/crater-agent-workspace/rustup-home:/opt/rustwide/rustup-home:ro,Z" "-e" "SOURCE_DIR=/opt/rustwide/workdir" "-e" "CARGO_TARGET_DIR=/opt/rustwide/target" "-e" "CARGO_HOME=/opt/rustwide/cargo-home" "-e" "RUSTUP_HOME=/opt/rustwide/rustup-home" "-w" "/opt/rustwide/workdir" "-m" "1610612736" "--user" "0:0" "--network" "none" "ghcr.io/rust-lang/crates-build-env/linux@sha256:97d61d7686bf65f8ecb15491ab51835e82dc9176a96a831f143a431b191fc501" "/opt/rustwide/cargo-home/bin/cargo" "+1.69.0" "metadata" "--no-deps" "--format-version=1", kill_on_drop: false }`
[INFO] [stdout] 3dd92456befcd028328db450155398154f3d597c20802435522499b9dce1ff79
[INFO] running `Command { std: "docker" "start" "-a" "3dd92456befcd028328db450155398154f3d597c20802435522499b9dce1ff79", kill_on_drop: false }`
[INFO] running `Command { std: "docker" "inspect" "3dd92456befcd028328db450155398154f3d597c20802435522499b9dce1ff79", kill_on_drop: false }`
[INFO] running `Command { std: "docker" "rm" "-f" "3dd92456befcd028328db450155398154f3d597c20802435522499b9dce1ff79", kill_on_drop: false }`
[INFO] [stdout] 3dd92456befcd028328db450155398154f3d597c20802435522499b9dce1ff79
[INFO] running `Command { std: "docker" "create" "-v" "/var/lib/crater-agent-workspace/builds/worker-4-tc1/target:/opt/rustwide/target:rw,Z" "-v" "/var/lib/crater-agent-workspace/builds/worker-4-tc1/source:/opt/rustwide/workdir:ro,Z" "-v" "/var/lib/crater-agent-workspace/cargo-home:/opt/rustwide/cargo-home:ro,Z" "-v" "/var/lib/crater-agent-workspace/rustup-home:/opt/rustwide/rustup-home:ro,Z" "-e" "SOURCE_DIR=/opt/rustwide/workdir" "-e" "CARGO_TARGET_DIR=/opt/rustwide/target" "-e" "CARGO_INCREMENTAL=0" "-e" "RUST_BACKTRACE=full" "-e" "RUSTFLAGS=--cap-lints=warn" "-e" "RUSTDOCFLAGS=--cap-lints=warn" "-e" "CARGO_HOME=/opt/rustwide/cargo-home" "-e" "RUSTUP_HOME=/opt/rustwide/rustup-home" "-w" "/opt/rustwide/workdir" "-m" "1610612736" "--user" "0:0" "--network" "none" "ghcr.io/rust-lang/crates-build-env/linux@sha256:97d61d7686bf65f8ecb15491ab51835e82dc9176a96a831f143a431b191fc501" "/opt/rustwide/cargo-home/bin/cargo" "+1.69.0" "build" "--frozen" "--message-format=json", kill_on_drop: false }`
[INFO] [stdout] 0ffa588e197baf76f1350f1bd72cb955bab1716a79bddebef18d4e2bd2941f6c
[INFO] running `Command { std: "docker" "start" "-a" "0ffa588e197baf76f1350f1bd72cb955bab1716a79bddebef18d4e2bd2941f6c", kill_on_drop: false }`
[INFO] [stderr]    Compiling libc v0.2.81
[INFO] [stderr]    Compiling cfg-if v0.1.10
[INFO] [stderr]    Compiling log v0.4.11
[INFO] [stderr]    Compiling proc-macro2 v1.0.24
[INFO] [stderr]    Compiling memchr v2.3.4
[INFO] [stderr]    Compiling unicode-xid v0.2.1
[INFO] [stderr]    Compiling syn v1.0.54
[INFO] [stderr]    Compiling futures-core v0.3.8
[INFO] [stderr]    Compiling version_check v0.9.2
[INFO] [stderr]    Compiling bytes v0.5.6
[INFO] [stderr]    Compiling typenum v1.12.0
[INFO] [stderr]    Compiling once_cell v1.5.2
[INFO] [stderr]    Compiling futures-io v0.3.8
[INFO] [stderr]    Compiling pin-project-lite v0.1.11
[INFO] [stderr]    Compiling slab v0.4.2
[INFO] [stderr]    Compiling lazy_static v1.4.0
[INFO] [stderr]    Compiling fnv v1.0.7
[INFO] [stderr]    Compiling itoa v0.4.6
[INFO] [stderr]    Compiling cfg-if v1.0.0
[INFO] [stderr]    Compiling quote v1.0.7
[INFO] [stderr]    Compiling autocfg v1.0.1
[INFO] [stderr]    Compiling rand_core v0.4.2
[INFO] [stderr]    Compiling autocfg v0.1.7
[INFO] [stderr]    Compiling iovec v0.1.4
[INFO] [stderr]    Compiling net2 v0.2.37
[INFO] [stderr]    Compiling num_cpus v1.13.0
[INFO] [stderr]    Compiling getrandom v0.1.15
[INFO] [stderr]    Compiling futures-sink v0.3.8
[INFO] [stderr]    Compiling mio v0.6.23
[INFO] [stderr]    Compiling tinyvec_macros v0.1.0
[INFO] [stderr]    Compiling pin-utils v0.1.0
[INFO] [stderr]    Compiling matches v0.1.8
[INFO] [stderr]    Compiling tinyvec v1.1.0
[INFO] [stderr]    Compiling http v0.2.1
[INFO] [stderr]    Compiling signal-hook-registry v1.2.2
[INFO] [stderr]    Compiling generic-array v0.14.4
[INFO] [stderr]    Compiling futures-task v0.3.8
[INFO] [stderr]    Compiling cache-padded v1.1.1
[INFO] [stderr]    Compiling byteorder v1.3.4
[INFO] [stderr]    Compiling pin-project-internal v0.4.27
[INFO] [stderr]    Compiling concurrent-queue v1.2.2
[INFO] [stderr]    Compiling mio-uds v0.6.8
[INFO] [stderr]    Compiling rand_core v0.5.1
[INFO] [stderr]    Compiling unicode-normalization v0.1.16
[INFO] [stderr]    Compiling unicode-bidi v0.3.4
[INFO] [stderr]    Compiling rand_core v0.3.1
[INFO] [stderr]    Compiling unicase v2.6.0
[INFO] [stderr]    Compiling parking v2.0.0
[INFO] [stderr]    Compiling waker-fn v1.1.0
[INFO] [stderr]    Compiling percent-encoding v2.1.0
[INFO] [stderr]    Compiling fastrand v1.4.0
[INFO] [stderr]    Compiling httparse v1.3.4
[INFO] [stderr]    Compiling ppv-lite86 v0.2.10
[INFO] [stderr]    Compiling pin-project-lite v0.2.0
[INFO] [stderr]    Compiling futures-lite v1.11.2
[INFO] [stderr]    Compiling form_urlencoded v1.0.0
[INFO] [stderr]    Compiling rand_chacha v0.2.2
[INFO] [stderr]    Compiling idna v0.2.0
[INFO] [stderr]    Compiling rand v0.7.3
[INFO] [stderr]    Compiling generic-array v0.12.3
[INFO] [stderr]    Compiling rand_pcg v0.1.2
[INFO] [stderr]    Compiling url v2.2.0
[INFO] [stderr]    Compiling rand_chacha v0.1.1
[INFO] [stderr]    Compiling indexmap v1.6.0
[INFO] [stderr]    Compiling tracing-core v0.1.17
[INFO] [stderr]    Compiling async-task v4.0.3
[INFO] [stderr]    Compiling vec-arena v1.0.0
[INFO] [stderr]    Compiling byte-tools v0.3.1
[INFO] [stderr]    Compiling event-listener v2.5.1
[INFO] [stderr]    Compiling serde v1.0.118
[INFO] [stderr]    Compiling block-padding v0.1.5
[INFO] [stderr]    Compiling tracing v0.1.22
[INFO] [stderr]    Compiling mime_guess v2.0.3
[INFO] [stderr]    Compiling digest v0.9.0
[INFO] [stderr]    Compiling block-buffer v0.9.0
[INFO] [stderr]    Compiling rand v0.6.5
[INFO] [stderr]    Compiling crossbeam-utils v0.8.1
[INFO] [stderr]    Compiling nb-connect v1.0.2
[INFO] [stderr]    Compiling polling v2.0.2
[INFO] [stderr]    Compiling base64 v0.12.3
[INFO] [stderr]    Compiling mime v0.3.16
[INFO] [stderr]    Compiling ryu v1.0.5
[INFO] [stderr]    Compiling hashbrown v0.9.1
[INFO] [stderr]    Compiling opaque-debug v0.3.0
[INFO] [stderr]    Compiling bitflags v1.2.1
[INFO] [stderr]    Compiling cpuid-bool v0.1.2
[INFO] [stderr]    Compiling async-io v1.3.1
[INFO] [stderr]    Compiling sha-1 v0.9.2
[INFO] [stderr]    Compiling block-buffer v0.7.3
[INFO] [stderr]    Compiling async-channel v1.5.1
[INFO] [stderr]    Compiling async-executor v1.4.0
[INFO] [stderr]    Compiling digest v0.8.1
[INFO] [stderr]    Compiling rand_hc v0.1.0
[INFO] [stderr]    Compiling rand_isaac v0.1.1
[INFO] [stderr]    Compiling rand_xorshift v0.1.1
[INFO] [stderr]    Compiling futures-channel v0.3.8
[INFO] [stderr]    Compiling rand_os v0.1.3
[INFO] [stderr]    Compiling rand_jitter v0.1.4
[INFO] [stderr]    Compiling input_buffer v0.3.1
[INFO] [stderr]    Compiling remove_dir_all v0.5.3
[INFO] [stderr]    Compiling safemem v0.3.3
[INFO] [stderr]    Compiling serde_json v1.0.60
[INFO] [stderr]    Compiling try-lock v0.2.3
[INFO] [stderr]    Compiling fake-simd v0.1.2
[INFO] [stderr]    Compiling opaque-debug v0.2.3
[INFO] [stderr]    Compiling dtoa v0.4.6
[INFO] [stderr]    Compiling atomic-waker v1.0.0
[INFO] [stderr]    Compiling utf-8 v0.7.5
[INFO] [stderr]    Compiling sha-1 v0.8.2
[INFO] [stderr]    Compiling blocking v1.0.2
[INFO] [stderr]    Compiling want v0.3.0
[INFO] [stderr]    Compiling buf_redux v0.8.4
[INFO] [stderr]    Compiling tungstenite v0.11.1
[INFO] [stderr]    Compiling tempfile v3.1.0
[INFO] [stderr]    Compiling pin-project-internal v1.0.2
[INFO] [stderr]    Compiling tokio-macros v0.2.6
[INFO] [stderr]    Compiling async-global-executor v1.4.3
[INFO] [stderr]    Compiling tokio v0.2.24
[INFO] [stderr]    Compiling async-mutex v1.4.0
[INFO] [stderr]    Compiling headers-core v0.2.0
[INFO] [stderr]    Compiling http-body v0.3.1
[INFO] [stderr]    Compiling time v0.1.44
[INFO] [stderr]    Compiling socket2 v0.3.17
[INFO] [stderr]    Compiling twoway v0.1.8
[INFO] [stderr]    Compiling kv-log-macro v1.0.7
[INFO] [stderr]    Compiling quick-error v1.2.3
[INFO] [stderr]    Compiling httpdate v0.3.2
[INFO] [stderr]    Compiling tower-service v0.3.0
[INFO] [stderr]    Compiling async-std v1.8.0
[INFO] [stderr]    Compiling multipart v0.17.0
[INFO] [stderr]    Compiling serde_urlencoded v0.6.1
[INFO] [stderr]    Compiling pin-project v1.0.2
[INFO] [stderr]    Compiling futures-util v0.3.8
[INFO] [stderr]    Compiling headers v0.3.2
[INFO] [stderr]    Compiling pin-project v0.4.27
[INFO] [stderr]    Compiling async-trait v0.1.42
[INFO] [stderr]    Compiling tracing-futures v0.2.4
[INFO] [stderr]    Compiling scoped-tls v1.0.0
[INFO] [stderr]    Compiling urlencoding v1.1.1
[INFO] [stderr]    Compiling sha1 v0.6.0
[INFO] [stderr]    Compiling futures v0.3.8
[INFO] [stderr]    Compiling tokio-util v0.3.1
[INFO] [stderr]    Compiling tokio-tungstenite v0.11.0
[INFO] [stderr]    Compiling combine v4.4.0
[INFO] [stderr]    Compiling h2 v0.2.7
[INFO] [stderr]    Compiling hyper v0.13.9
[INFO] [stderr]    Compiling redis v0.17.0
[INFO] [stderr]    Compiling warp v0.2.5
[INFO] [stderr]    Compiling jpaste v0.1.0 (/opt/rustwide/workdir)
[INFO] [stdout] warning: opaque type `impl warp::Filter + warp::filter::FilterBase<Extract = impl Reply, Error = Rejection> + Clone` does not satisfy its associated type bounds
[INFO] [stdout]   --> src/main.rs:29:18
[INFO] [stdout]    |
[INFO] [stdout] 29 | ) -> impl Filter<Extract = impl warp::Reply, Error = warp::Rejection> + Clone {
[INFO] [stdout]    |                  ^^^^^^^^^^^^^^^^^^^^^^^^^^
[INFO] [stdout]    |
[INFO] [stdout]   ::: /opt/rustwide/cargo-home/registry/src/github.com-1ecc6299db9ec823/warp-0.2.5/src/filter/mod.rs:39:19
[INFO] [stdout]    |
[INFO] [stdout] 39 |     type Extract: Tuple; // + Send;
[INFO] [stdout]    |                   ----- this associated type bound is unsatisfied for `impl Reply`
[INFO] [stdout]    |
[INFO] [stdout]    = note: `#[warn(opaque_hidden_inferred_bound)]` on by default
[INFO] [stdout] help: add this bound
[INFO] [stdout]    |
[INFO] [stdout] 29 | ) -> impl Filter<Extract = impl warp::Reply + warp::generic::Tuple, Error = warp::Rejection> + Clone {
[INFO] [stdout]    |                                             ++++++++++++++++++++++
[INFO] [stdout] 
[INFO] [stdout] 
[INFO] [stdout] warning: 1 warning emitted
[INFO] [stdout] 
[INFO] [stdout] 
[INFO] [stderr]     Finished dev [unoptimized + debuginfo] target(s) in 43.48s
[INFO] [stderr] warning: the following packages contain code that will be rejected by a future version of Rust: buf_redux v0.8.4, multipart v0.17.0, redis v0.17.0
[INFO] [stderr] note: to see what the problems were, use the option `--future-incompat-report`, or run `cargo report future-incompatibilities --id 1`
[INFO] running `Command { std: "docker" "inspect" "0ffa588e197baf76f1350f1bd72cb955bab1716a79bddebef18d4e2bd2941f6c", kill_on_drop: false }`
[INFO] running `Command { std: "docker" "rm" "-f" "0ffa588e197baf76f1350f1bd72cb955bab1716a79bddebef18d4e2bd2941f6c", kill_on_drop: false }`
[INFO] [stdout] 0ffa588e197baf76f1350f1bd72cb955bab1716a79bddebef18d4e2bd2941f6c
[INFO] running `Command { std: "docker" "create" "-v" "/var/lib/crater-agent-workspace/builds/worker-4-tc1/target:/opt/rustwide/target:rw,Z" "-v" "/var/lib/crater-agent-workspace/builds/worker-4-tc1/source:/opt/rustwide/workdir:ro,Z" "-v" "/var/lib/crater-agent-workspace/cargo-home:/opt/rustwide/cargo-home:ro,Z" "-v" "/var/lib/crater-agent-workspace/rustup-home:/opt/rustwide/rustup-home:ro,Z" "-e" "SOURCE_DIR=/opt/rustwide/workdir" "-e" "CARGO_TARGET_DIR=/opt/rustwide/target" "-e" "CARGO_INCREMENTAL=0" "-e" "RUST_BACKTRACE=full" "-e" "RUSTFLAGS=--cap-lints=warn" "-e" "RUSTDOCFLAGS=--cap-lints=warn" "-e" "CARGO_HOME=/opt/rustwide/cargo-home" "-e" "RUSTUP_HOME=/opt/rustwide/rustup-home" "-w" "/opt/rustwide/workdir" "-m" "1610612736" "--user" "0:0" "--network" "none" "ghcr.io/rust-lang/crates-build-env/linux@sha256:97d61d7686bf65f8ecb15491ab51835e82dc9176a96a831f143a431b191fc501" "/opt/rustwide/cargo-home/bin/cargo" "+1.69.0" "test" "--frozen" "--no-run" "--message-format=json", kill_on_drop: false }`
[INFO] [stdout] 685c1262348238bb348c137bcddee52a28712be655802510f8bea1490fcadf23
[INFO] running `Command { std: "docker" "start" "-a" "685c1262348238bb348c137bcddee52a28712be655802510f8bea1490fcadf23", kill_on_drop: false }`
[INFO] [stderr]    Compiling jpaste v0.1.0 (/opt/rustwide/workdir)
[INFO] [stdout] warning: opaque type `impl warp::Filter + warp::filter::FilterBase<Extract = impl Reply, Error = Rejection> + Clone` does not satisfy its associated type bounds
[INFO] [stdout]   --> src/main.rs:29:18
[INFO] [stdout]    |
[INFO] [stdout] 29 | ) -> impl Filter<Extract = impl warp::Reply, Error = warp::Rejection> + Clone {
[INFO] [stdout]    |                  ^^^^^^^^^^^^^^^^^^^^^^^^^^
[INFO] [stdout]    |
[INFO] [stdout]   ::: /opt/rustwide/cargo-home/registry/src/github.com-1ecc6299db9ec823/warp-0.2.5/src/filter/mod.rs:39:19
[INFO] [stdout]    |
[INFO] [stdout] 39 |     type Extract: Tuple; // + Send;
[INFO] [stdout]    |                   ----- this associated type bound is unsatisfied for `impl Reply`
[INFO] [stdout]    |
[INFO] [stdout]    = note: `#[warn(opaque_hidden_inferred_bound)]` on by default
[INFO] [stdout] help: add this bound
[INFO] [stdout]    |
[INFO] [stdout] 29 | ) -> impl Filter<Extract = impl warp::Reply + warp::generic::Tuple, Error = warp::Rejection> + Clone {
[INFO] [stdout]    |                                             ++++++++++++++++++++++
[INFO] [stdout] 
[INFO] [stdout] 
[INFO] [stdout] warning: opaque type `impl warp::Filter + warp::filter::FilterBase<Extract = impl Reply, Error = Rejection> + Clone` does not satisfy its associated type bounds
[INFO] [stdout]   --> src/handlers.rs:26:22
[INFO] [stdout]    |
[INFO] [stdout] 26 |     ) -> impl Filter<Extract = impl warp::Reply, Error = warp::Rejection> + Clone {
[INFO] [stdout]    |                      ^^^^^^^^^^^^^^^^^^^^^^^^^^
[INFO] [stdout]    |
[INFO] [stdout]   ::: /opt/rustwide/cargo-home/registry/src/github.com-1ecc6299db9ec823/warp-0.2.5/src/filter/mod.rs:39:19
[INFO] [stdout]    |
[INFO] [stdout] 39 |     type Extract: Tuple; // + Send;
[INFO] [stdout]    |                   ----- this associated type bound is unsatisfied for `impl Reply`
[INFO] [stdout]    |
[INFO] [stdout] help: add this bound
[INFO] [stdout]    |
[INFO] [stdout] 26 |     ) -> impl Filter<Extract = impl warp::Reply + warp::generic::Tuple, Error = warp::Rejection> + Clone {
[INFO] [stdout]    |                                                 ++++++++++++++++++++++
[INFO] [stdout] 
[INFO] [stdout] 
[INFO] [stdout] warning: 2 warnings emitted
[INFO] [stdout] 
[INFO] [stdout] 
[INFO] [stderr]     Finished test [unoptimized + debuginfo] target(s) in 3.15s
[INFO] [stderr] warning: the following packages contain code that will be rejected by a future version of Rust: buf_redux v0.8.4, multipart v0.17.0, redis v0.17.0
[INFO] [stderr] note: to see what the problems were, use the option `--future-incompat-report`, or run `cargo report future-incompatibilities --id 1`
[INFO] running `Command { std: "docker" "inspect" "685c1262348238bb348c137bcddee52a28712be655802510f8bea1490fcadf23", kill_on_drop: false }`
[INFO] running `Command { std: "docker" "rm" "-f" "685c1262348238bb348c137bcddee52a28712be655802510f8bea1490fcadf23", kill_on_drop: false }`
[INFO] [stdout] 685c1262348238bb348c137bcddee52a28712be655802510f8bea1490fcadf23
[INFO] running `Command { std: "docker" "create" "-v" "/var/lib/crater-agent-workspace/builds/worker-4-tc1/target:/opt/rustwide/target:rw,Z" "-v" "/var/lib/crater-agent-workspace/builds/worker-4-tc1/source:/opt/rustwide/workdir:ro,Z" "-v" "/var/lib/crater-agent-workspace/cargo-home:/opt/rustwide/cargo-home:ro,Z" "-v" "/var/lib/crater-agent-workspace/rustup-home:/opt/rustwide/rustup-home:ro,Z" "-e" "SOURCE_DIR=/opt/rustwide/workdir" "-e" "CARGO_TARGET_DIR=/opt/rustwide/target" "-e" "CARGO_INCREMENTAL=0" "-e" "RUST_BACKTRACE=full" "-e" "RUSTFLAGS=--cap-lints=warn" "-e" "RUSTDOCFLAGS=--cap-lints=warn" "-e" "CARGO_HOME=/opt/rustwide/cargo-home" "-e" "RUSTUP_HOME=/opt/rustwide/rustup-home" "-w" "/opt/rustwide/workdir" "-m" "1610612736" "--user" "0:0" "--network" "none" "ghcr.io/rust-lang/crates-build-env/linux@sha256:97d61d7686bf65f8ecb15491ab51835e82dc9176a96a831f143a431b191fc501" "/opt/rustwide/cargo-home/bin/cargo" "+1.69.0" "test" "--frozen", kill_on_drop: false }`
[INFO] [stdout] 47f52e7dd989d1b4697fc9a8403ee6abb220a0627b9e4806ecec18f3b85047bf
[INFO] running `Command { std: "docker" "start" "-a" "47f52e7dd989d1b4697fc9a8403ee6abb220a0627b9e4806ecec18f3b85047bf", kill_on_drop: false }`
[INFO] [stderr] warning: opaque type `impl warp::Filter + warp::filter::FilterBase<Extract = impl Reply, Error = Rejection> + Clone` does not satisfy its associated type bounds
[INFO] [stderr]   --> src/main.rs:29:18
[INFO] [stderr]    |
[INFO] [stderr] 29 | ) -> impl Filter<Extract = impl warp::Reply, Error = warp::Rejection> + Clone {
[INFO] [stderr]    |                  ^^^^^^^^^^^^^^^^^^^^^^^^^^
[INFO] [stderr]    |
[INFO] [stderr]   ::: /opt/rustwide/cargo-home/registry/src/github.com-1ecc6299db9ec823/warp-0.2.5/src/filter/mod.rs:39:19
[INFO] [stderr]    |
[INFO] [stderr] 39 |     type Extract: Tuple; // + Send;
[INFO] [stderr]    |                   ----- this associated type bound is unsatisfied for `impl Reply`
[INFO] [stderr]    |
[INFO] [stderr]    = note: `#[warn(opaque_hidden_inferred_bound)]` on by default
[INFO] [stderr] help: add this bound
[INFO] [stderr]    |
[INFO] [stderr] 29 | ) -> impl Filter<Extract = impl warp::Reply + warp::generic::Tuple, Error = warp::Rejection> + Clone {
[INFO] [stderr]    |                                             ++++++++++++++++++++++
[INFO] [stderr] 
[INFO] [stderr] warning: opaque type `impl warp::Filter + warp::filter::FilterBase<Extract = impl Reply, Error = Rejection> + Clone` does not satisfy its associated type bounds
[INFO] [stderr]   --> src/handlers.rs:26:22
[INFO] [stderr]    |
[INFO] [stderr] 26 |     ) -> impl Filter<Extract = impl warp::Reply, Error = warp::Rejection> + Clone {
[INFO] [stderr]    |                      ^^^^^^^^^^^^^^^^^^^^^^^^^^
[INFO] [stderr]    |
[INFO] [stderr]   ::: /opt/rustwide/cargo-home/registry/src/github.com-1ecc6299db9ec823/warp-0.2.5/src/filter/mod.rs:39:19
[INFO] [stderr]    |
[INFO] [stderr] 39 |     type Extract: Tuple; // + Send;
[INFO] [stderr]    |                   ----- this associated type bound is unsatisfied for `impl Reply`
[INFO] [stderr]    |
[INFO] [stderr] help: add this bound
[INFO] [stderr]    |
[INFO] [stderr] 26 |     ) -> impl Filter<Extract = impl warp::Reply + warp::generic::Tuple, Error = warp::Rejection> + Clone {
[INFO] [stderr]    |                                                 ++++++++++++++++++++++
[INFO] [stderr] 
[INFO] [stderr] warning: `jpaste` (bin "jpaste" test) generated 2 warnings (run `cargo fix --bin "jpaste" --tests` to apply 2 suggestions)
[INFO] [stderr]     Finished test [unoptimized + debuginfo] target(s) in 0.08s
[INFO] [stderr] warning: the following packages contain code that will be rejected by a future version of Rust: buf_redux v0.8.4, multipart v0.17.0, redis v0.17.0
[INFO] [stderr] note: to see what the problems were, use the option `--future-incompat-report`, or run `cargo report future-incompatibilities --id 1`
[INFO] [stderr]      Running unittests src/main.rs (/opt/rustwide/target/debug/deps/jpaste-bc24d3599dacfb8b)
[INFO] [stdout] 
[INFO] [stdout] running 9 tests
[INFO] [stdout] test filters::test_filters::rejects_invalid_get ... ok
[INFO] [stdout] test filters::test_filters::accepts_valid_get ... ok
[INFO] [stdout] test filters::test_filters::accepts_valid_post ... ok
[INFO] [stdout] test handlers::test_handlers::test_help ... ok
[INFO] [stdout] test handlers::test_handlers::rejects_non_existing_ids ... ok
[INFO] [stdout] test handlers::test_handlers::rejects_without_j ... ok
[INFO] [stdout] test filters::test_filters::rejects_invalid_post ... ok
[INFO] [stdout] test handlers::test_handlers::insert_and_get_string_content_again ... FAILED
[INFO] [stdout] test handlers::test_handlers::insert_and_get_byte_content_again ... FAILED
[INFO] [stdout] 
[INFO] [stdout] failures:
[INFO] [stdout] 
[INFO] [stdout] ---- handlers::test_handlers::insert_and_get_string_content_again stdout ----
[INFO] [stdout] thread 'handlers::test_handlers::insert_and_get_string_content_again' panicked at 'Should return URL to content', src/handlers.rs:90:9
[INFO] [stdout] stack backtrace:
[INFO] [stdout]    0:     0x5591a3f2d45a - std::backtrace_rs::backtrace::libunwind::trace::ha9053a9a07ca49cb
[INFO] [stdout]                                at /rustc/84c898d65adf2f39a5a98507f1fe0ce10a2b8dbc/library/std/src/../../backtrace/src/backtrace/libunwind.rs:93:5
[INFO] [stdout]    1:     0x5591a3f2d45a - std::backtrace_rs::backtrace::trace_unsynchronized::h9c2852a457ad564e
[INFO] [stdout]                                at /rustc/84c898d65adf2f39a5a98507f1fe0ce10a2b8dbc/library/std/src/../../backtrace/src/backtrace/mod.rs:66:5
[INFO] [stdout]    2:     0x5591a3f2d45a - std::sys_common::backtrace::_print_fmt::h457936fbfaa0070f
[INFO] [stdout]                                at /rustc/84c898d65adf2f39a5a98507f1fe0ce10a2b8dbc/library/std/src/sys_common/backtrace.rs:65:5
[INFO] [stdout]    3:     0x5591a3f2d45a - <std::sys_common::backtrace::_print::DisplayBacktrace as core::fmt::Display>::fmt::h5779d7bf7f70cb0c
[INFO] [stdout]                                at /rustc/84c898d65adf2f39a5a98507f1fe0ce10a2b8dbc/library/std/src/sys_common/backtrace.rs:44:22
[INFO] [stdout]    4:     0x5591a3f50d5e - core::fmt::write::h5a4baaff1bcd3eb5
[INFO] [stdout]                                at /rustc/84c898d65adf2f39a5a98507f1fe0ce10a2b8dbc/library/core/src/fmt/mod.rs:1232:17
[INFO] [stdout]    5:     0x5591a3f2a685 - std::io::Write::write_fmt::h478f79c628ef31d1
[INFO] [stdout]                                at /rustc/84c898d65adf2f39a5a98507f1fe0ce10a2b8dbc/library/std/src/io/mod.rs:1684:15
[INFO] [stdout]    6:     0x5591a3f2d225 - std::sys_common::backtrace::_print::h5fcdc36060f177e8
[INFO] [stdout]                                at /rustc/84c898d65adf2f39a5a98507f1fe0ce10a2b8dbc/library/std/src/sys_common/backtrace.rs:47:5
[INFO] [stdout]    7:     0x5591a3f2d225 - std::sys_common::backtrace::print::h54ca9458b876c8bf
[INFO] [stdout]                                at /rustc/84c898d65adf2f39a5a98507f1fe0ce10a2b8dbc/library/std/src/sys_common/backtrace.rs:34:9
[INFO] [stdout]    8:     0x5591a3f2efef - std::panicking::default_hook::{{closure}}::hbe471161c7664ed6
[INFO] [stdout]                                at /rustc/84c898d65adf2f39a5a98507f1fe0ce10a2b8dbc/library/std/src/panicking.rs:271:22
[INFO] [stdout]    9:     0x5591a3f2ecaf - std::panicking::default_hook::ha3500da57aa4ac4f
[INFO] [stdout]                                at /rustc/84c898d65adf2f39a5a98507f1fe0ce10a2b8dbc/library/std/src/panicking.rs:287:9
[INFO] [stdout]   10:     0x5591a3d782c7 - <alloc::boxed::Box<F,A> as core::ops::function::Fn<Args>>::call::hdf1b89dd137ece34
[INFO] [stdout]                                at /rustc/84c898d65adf2f39a5a98507f1fe0ce10a2b8dbc/library/alloc/src/boxed.rs:2001:9
[INFO] [stdout]   11:     0x5591a3d782c7 - test::test_main::{{closure}}::h9081a79f20e75698
[INFO] [stdout]                                at /rustc/84c898d65adf2f39a5a98507f1fe0ce10a2b8dbc/library/test/src/lib.rs:135:21
[INFO] [stdout]   12:     0x5591a3f2f71d - <alloc::boxed::Box<F,A> as core::ops::function::Fn<Args>>::call::h6507bddc3eebb4a5
[INFO] [stdout]                                at /rustc/84c898d65adf2f39a5a98507f1fe0ce10a2b8dbc/library/alloc/src/boxed.rs:2001:9
[INFO] [stdout]   13:     0x5591a3f2f71d - std::panicking::rust_panic_with_hook::h50c09d000dc561d2
[INFO] [stdout]                                at /rustc/84c898d65adf2f39a5a98507f1fe0ce10a2b8dbc/library/std/src/panicking.rs:696:13
[INFO] [stdout]   14:     0x5591a3efdaea - std::panicking::begin_panic::{{closure}}::h3801568a1cfc385e
[INFO] [stdout]                                at /rustc/84c898d65adf2f39a5a98507f1fe0ce10a2b8dbc/library/std/src/panicking.rs:612:9
[INFO] [stdout]   15:     0x5591a3efdd1a - std::sys_common::backtrace::__rust_end_short_backtrace::heda8f7d3dbf45855
[INFO] [stdout]                                at /rustc/84c898d65adf2f39a5a98507f1fe0ce10a2b8dbc/library/std/src/sys_common/backtrace.rs:150:18
[INFO] [stdout]   16:     0x5591a3efda30 - std::panicking::begin_panic::ha1d161d1a53d918e
[INFO] [stdout]                                at /rustc/84c898d65adf2f39a5a98507f1fe0ce10a2b8dbc/library/std/src/panicking.rs:611:12
[INFO] [stdout]   17:     0x5591a3d27ea3 - jpaste::handlers::test_handlers::insert_and_get::{{closure}}::h0af268cde936c4bc
[INFO] [stdout]                                at /opt/rustwide/workdir/src/handlers.rs:90:9
[INFO] [stdout]   18:     0x5591a3d299de - jpaste::handlers::test_handlers::insert_and_get_string_content_again::{{closure}}::h5cfc21dbd82f649b
[INFO] [stdout]                                at /opt/rustwide/workdir/src/handlers.rs:111:38
[INFO] [stdout]   19:     0x5591a3d35404 - tokio::runtime::basic_scheduler::BasicScheduler<P>::block_on::{{closure}}::{{closure}}::hea644a46abdcffb4
[INFO] [stdout]                                at /opt/rustwide/cargo-home/registry/src/github.com-1ecc6299db9ec823/tokio-0.2.24/src/runtime/basic_scheduler.rs:131:58
[INFO] [stdout]   20:     0x5591a3d0bf80 - tokio::coop::with_budget::{{closure}}::h826cc758dc157d3d
[INFO] [stdout]                                at /opt/rustwide/cargo-home/registry/src/github.com-1ecc6299db9ec823/tokio-0.2.24/src/coop.rs:127:9
[INFO] [stdout]   21:     0x5591a3cfe814 - std::thread::local::LocalKey<T>::try_with::h8b99a0160f4bf7fd
[INFO] [stdout]                                at /rustc/84c898d65adf2f39a5a98507f1fe0ce10a2b8dbc/library/std/src/thread/local.rs:446:16
[INFO] [stdout]   22:     0x5591a3cfb1ba - std::thread::local::LocalKey<T>::with::ha5e01e654c0addeb
[INFO] [stdout]                                at /rustc/84c898d65adf2f39a5a98507f1fe0ce10a2b8dbc/library/std/src/thread/local.rs:422:9
[INFO] [stdout]   23:     0x5591a3d315ac - tokio::coop::with_budget::hfb01345abd84e738
[INFO] [stdout]                                at /opt/rustwide/cargo-home/registry/src/github.com-1ecc6299db9ec823/tokio-0.2.24/src/coop.rs:120:5
[INFO] [stdout]   24:     0x5591a3d315ac - tokio::coop::budget::h0bd65d39da1cb491
[INFO] [stdout]                                at /opt/rustwide/cargo-home/registry/src/github.com-1ecc6299db9ec823/tokio-0.2.24/src/coop.rs:96:5
[INFO] [stdout]   25:     0x5591a3d315ac - tokio::runtime::basic_scheduler::BasicScheduler<P>::block_on::{{closure}}::h52d32fd5a5f55a06
[INFO] [stdout]                                at /opt/rustwide/cargo-home/registry/src/github.com-1ecc6299db9ec823/tokio-0.2.24/src/runtime/basic_scheduler.rs:131:35
[INFO] [stdout]   26:     0x5591a3d376df - tokio::runtime::basic_scheduler::enter::{{closure}}::h49cdcd2ca1e7bd98
[INFO] [stdout]                                at /opt/rustwide/cargo-home/registry/src/github.com-1ecc6299db9ec823/tokio-0.2.24/src/runtime/basic_scheduler.rs:213:29
[INFO] [stdout]   27:     0x5591a3d1fa91 - tokio::macros::scoped_tls::ScopedKey<T>::set::h6bd90d6c286c99b1
[INFO] [stdout]                                at /opt/rustwide/cargo-home/registry/src/github.com-1ecc6299db9ec823/tokio-0.2.24/src/macros/scoped_tls.rs:63:9
[INFO] [stdout]   28:     0x5591a3d35f75 - tokio::runtime::basic_scheduler::enter::h11d5f8679afaa847
[INFO] [stdout]                                at /opt/rustwide/cargo-home/registry/src/github.com-1ecc6299db9ec823/tokio-0.2.24/src/runtime/basic_scheduler.rs:213:5
[INFO] [stdout]   29:     0x5591a3d301e2 - tokio::runtime::basic_scheduler::BasicScheduler<P>::block_on::hdcf0eca36f151280
[INFO] [stdout]                                at /opt/rustwide/cargo-home/registry/src/github.com-1ecc6299db9ec823/tokio-0.2.24/src/runtime/basic_scheduler.rs:123:9
[INFO] [stdout]   30:     0x5591a3d1b396 - tokio::runtime::Runtime::block_on::{{closure}}::h414a7137e788cfc8
[INFO] [stdout]                                at /opt/rustwide/cargo-home/registry/src/github.com-1ecc6299db9ec823/tokio-0.2.24/src/runtime/mod.rs:444:34
[INFO] [stdout]   31:     0x5591a3d0dd06 - tokio::runtime::context::enter::h41efc572d8987805
[INFO] [stdout]                                at /opt/rustwide/cargo-home/registry/src/github.com-1ecc6299db9ec823/tokio-0.2.24/src/runtime/context.rs:72:5
[INFO] [stdout]   32:     0x5591a3d2604c - tokio::runtime::handle::Handle::enter::h39916bd6b1c0997c
[INFO] [stdout]                                at /opt/rustwide/cargo-home/registry/src/github.com-1ecc6299db9ec823/tokio-0.2.24/src/runtime/handle.rs:76:9
[INFO] [stdout]   33:     0x5591a3d1ae32 - tokio::runtime::Runtime::block_on::h3fea3a3403b9527d
[INFO] [stdout]                                at /opt/rustwide/cargo-home/registry/src/github.com-1ecc6299db9ec823/tokio-0.2.24/src/runtime/mod.rs:441:9
[INFO] [stdout]   34:     0x5591a3d29816 - jpaste::handlers::test_handlers::insert_and_get_string_content_again::h2783fc6c40c85905
[INFO] [stdout]                                at /opt/rustwide/workdir/src/handlers.rs:109:5
[INFO] [stdout]   35:     0x5591a3d296f7 - jpaste::handlers::test_handlers::insert_and_get_string_content_again::{{closure}}::h5a8d83f186efea2d
[INFO] [stdout]                                at /opt/rustwide/workdir/src/handlers.rs:109:5
[INFO] [stdout]   36:     0x5591a3d01b75 - core::ops::function::FnOnce::call_once::hf948282b5bf998df
[INFO] [stdout]                                at /rustc/84c898d65adf2f39a5a98507f1fe0ce10a2b8dbc/library/core/src/ops/function.rs:250:5
[INFO] [stdout]   37:     0x5591a3d7d6af - core::ops::function::FnOnce::call_once::h7d969581be7d0075
[INFO] [stdout]                                at /rustc/84c898d65adf2f39a5a98507f1fe0ce10a2b8dbc/library/core/src/ops/function.rs:250:5
[INFO] [stdout]   38:     0x5591a3d7d6af - test::__rust_begin_short_backtrace::hca25a52684e56655
[INFO] [stdout]                                at /rustc/84c898d65adf2f39a5a98507f1fe0ce10a2b8dbc/library/test/src/lib.rs:656:18
[INFO] [stdout]   39:     0x5591a3d4eccc - test::run_test::{{closure}}::ha8ac744c4af1a4bb
[INFO] [stdout]                                at /rustc/84c898d65adf2f39a5a98507f1fe0ce10a2b8dbc/library/test/src/lib.rs:647:30
[INFO] [stdout]   40:     0x5591a3d4eccc - core::ops::function::FnOnce::call_once{{vtable.shim}}::h7b411a9ed45bdecf
[INFO] [stdout]                                at /rustc/84c898d65adf2f39a5a98507f1fe0ce10a2b8dbc/library/core/src/ops/function.rs:250:5
[INFO] [stdout]   41:     0x5591a3d7c676 - <alloc::boxed::Box<F,A> as core::ops::function::FnOnce<Args>>::call_once::hd05328869a8ed200
[INFO] [stdout]                                at /rustc/84c898d65adf2f39a5a98507f1fe0ce10a2b8dbc/library/alloc/src/boxed.rs:1987:9
[INFO] [stdout]   42:     0x5591a3d7c676 - <core::panic::unwind_safe::AssertUnwindSafe<F> as core::ops::function::FnOnce<()>>::call_once::h0c601ce20bd5b2be
[INFO] [stdout]                                at /rustc/84c898d65adf2f39a5a98507f1fe0ce10a2b8dbc/library/core/src/panic/unwind_safe.rs:271:9
[INFO] [stdout]   43:     0x5591a3d7c676 - std::panicking::try::do_call::ha4be5c164fe30854
[INFO] [stdout]                                at /rustc/84c898d65adf2f39a5a98507f1fe0ce10a2b8dbc/library/std/src/panicking.rs:487:40
[INFO] [stdout]   44:     0x5591a3d7c676 - std::panicking::try::h604546f3609af05f
[INFO] [stdout]                                at /rustc/84c898d65adf2f39a5a98507f1fe0ce10a2b8dbc/library/std/src/panicking.rs:451:19
[INFO] [stdout]   45:     0x5591a3d7c676 - std::panic::catch_unwind::h5bfa8afe44c9c2f9
[INFO] [stdout]                                at /rustc/84c898d65adf2f39a5a98507f1fe0ce10a2b8dbc/library/std/src/panic.rs:140:14
[INFO] [stdout]   46:     0x5591a3d7c676 - test::run_test_in_process::hd50dee55dd63e6aa
[INFO] [stdout]                                at /rustc/84c898d65adf2f39a5a98507f1fe0ce10a2b8dbc/library/test/src/lib.rs:679:27
[INFO] [stdout]   47:     0x5591a3d7c676 - test::run_test::run_test_inner::{{closure}}::h4aa0f433aa85cea8
[INFO] [stdout]                                at /rustc/84c898d65adf2f39a5a98507f1fe0ce10a2b8dbc/library/test/src/lib.rs:573:39
[INFO] [stdout]   48:     0x5591a3d49341 - test::run_test::run_test_inner::{{closure}}::had56431adf24b4d6
[INFO] [stdout]                                at /rustc/84c898d65adf2f39a5a98507f1fe0ce10a2b8dbc/library/test/src/lib.rs:600:37
[INFO] [stdout]   49:     0x5591a3d49341 - std::sys_common::backtrace::__rust_begin_short_backtrace::ha8d9890e0c73bf13
[INFO] [stdout]                                at /rustc/84c898d65adf2f39a5a98507f1fe0ce10a2b8dbc/library/std/src/sys_common/backtrace.rs:134:18
[INFO] [stdout]   50:     0x5591a3d4ed5b - std::thread::Builder::spawn_unchecked_::{{closure}}::{{closure}}::h251832bcb4a95327
[INFO] [stdout]                                at /rustc/84c898d65adf2f39a5a98507f1fe0ce10a2b8dbc/library/std/src/thread/mod.rs:560:17
[INFO] [stdout]   51:     0x5591a3d4ed5b - <core::panic::unwind_safe::AssertUnwindSafe<F> as core::ops::function::FnOnce<()>>::call_once::h8fdff598fa414831
[INFO] [stdout]                                at /rustc/84c898d65adf2f39a5a98507f1fe0ce10a2b8dbc/library/core/src/panic/unwind_safe.rs:271:9
[INFO] [stdout]   52:     0x5591a3d4ed5b - std::panicking::try::do_call::h455dd2f7764a950f
[INFO] [stdout]                                at /rustc/84c898d65adf2f39a5a98507f1fe0ce10a2b8dbc/library/std/src/panicking.rs:487:40
[INFO] [stdout]   53:     0x5591a3d4ed5b - std::panicking::try::had6f23b7b73ae72a
[INFO] [stdout]                                at /rustc/84c898d65adf2f39a5a98507f1fe0ce10a2b8dbc/library/std/src/panicking.rs:451:19
[INFO] [stdout]   54:     0x5591a3d4ed5b - std::panic::catch_unwind::ha6a5ca3915b4dad0
[INFO] [stdout]                                at /rustc/84c898d65adf2f39a5a98507f1fe0ce10a2b8dbc/library/std/src/panic.rs:140:14
[INFO] [stdout]   55:     0x5591a3d4ed5b - std::thread::Builder::spawn_unchecked_::{{closure}}::h883b72ef75da6231
[INFO] [stdout]                                at /rustc/84c898d65adf2f39a5a98507f1fe0ce10a2b8dbc/library/std/src/thread/mod.rs:559:30
[INFO] [stdout]   56:     0x5591a3d4ed5b - core::ops::function::FnOnce::call_once{{vtable.shim}}::hb7dff73dc8bd2ccb
[INFO] [stdout]                                at /rustc/84c898d65adf2f39a5a98507f1fe0ce10a2b8dbc/library/core/src/ops/function.rs:250:5
[INFO] [stdout]   57:     0x5591a3f33b03 - <alloc::boxed::Box<F,A> as core::ops::function::FnOnce<Args>>::call_once::h39990b24eedef2ab
[INFO] [stdout]                                at /rustc/84c898d65adf2f39a5a98507f1fe0ce10a2b8dbc/library/alloc/src/boxed.rs:1987:9
[INFO] [stdout]   58:     0x5591a3f33b03 - <alloc::boxed::Box<F,A> as core::ops::function::FnOnce<Args>>::call_once::h01a027258444143b
[INFO] [stdout]                                at /rustc/84c898d65adf2f39a5a98507f1fe0ce10a2b8dbc/library/alloc/src/boxed.rs:1987:9
[INFO] [stdout]   59:     0x5591a3f33b03 - std::sys::unix::thread::Thread::new::thread_start::ha4f1cdd9c25884ba
[INFO] [stdout]                                at /rustc/84c898d65adf2f39a5a98507f1fe0ce10a2b8dbc/library/std/src/sys/unix/thread.rs:108:17
[INFO] [stdout]   60:     0x7f177eabbb43 - <unknown>
[INFO] [stdout]   61:     0x7f177eb4cbb4 - __clone
[INFO] [stdout]   62:                0x0 - <unknown>
[INFO] [stdout] 
[INFO] [stdout] ---- handlers::test_handlers::insert_and_get_byte_content_again stdout ----
[INFO] [stdout] thread 'handlers::test_handlers::insert_and_get_byte_content_again' panicked at 'Should return URL to content', src/handlers.rs:90:9
[INFO] [stdout] stack backtrace:
[INFO] [stdout]    0:     0x5591a3f2d45a - std::backtrace_rs::backtrace::libunwind::trace::ha9053a9a07ca49cb
[INFO] [stdout]                                at /rustc/84c898d65adf2f39a5a98507f1fe0ce10a2b8dbc/library/std/src/../../backtrace/src/backtrace/libunwind.rs:93:5
[INFO] [stdout]    1:     0x5591a3f2d45a - std::backtrace_rs::backtrace::trace_unsynchronized::h9c2852a457ad564e
[INFO] [stdout]                                at /rustc/84c898d65adf2f39a5a98507f1fe0ce10a2b8dbc/library/std/src/../../backtrace/src/backtrace/mod.rs:66:5
[INFO] [stdout]    2:     0x5591a3f2d45a - std::sys_common::backtrace::_print_fmt::h457936fbfaa0070f
[INFO] [stdout]                                at /rustc/84c898d65adf2f39a5a98507f1fe0ce10a2b8dbc/library/std/src/sys_common/backtrace.rs:65:5
[INFO] [stdout]    3:     0x5591a3f2d45a - <std::sys_common::backtrace::_print::DisplayBacktrace as core::fmt::Display>::fmt::h5779d7bf7f70cb0c
[INFO] [stdout]                                at /rustc/84c898d65adf2f39a5a98507f1fe0ce10a2b8dbc/library/std/src/sys_common/backtrace.rs:44:22
[INFO] [stdout]    4:     0x5591a3f50d5e - core::fmt::write::h5a4baaff1bcd3eb5
[INFO] [stdout]                                at /rustc/84c898d65adf2f39a5a98507f1fe0ce10a2b8dbc/library/core/src/fmt/mod.rs:1232:17
[INFO] [stdout]    5:     0x5591a3f2a685 - std::io::Write::write_fmt::h478f79c628ef31d1
[INFO] [stdout]                                at /rustc/84c898d65adf2f39a5a98507f1fe0ce10a2b8dbc/library/std/src/io/mod.rs:1684:15
[INFO] [stdout]    6:     0x5591a3f2d225 - std::sys_common::backtrace::_print::h5fcdc36060f177e8
[INFO] [stdout]                                at /rustc/84c898d65adf2f39a5a98507f1fe0ce10a2b8dbc/library/std/src/sys_common/backtrace.rs:47:5
[INFO] [stdout]    7:     0x5591a3f2d225 - std::sys_common::backtrace::print::h54ca9458b876c8bf
[INFO] [stdout]                                at /rustc/84c898d65adf2f39a5a98507f1fe0ce10a2b8dbc/library/std/src/sys_common/backtrace.rs:34:9
[INFO] [stdout]    8:     0x5591a3f2efef - std::panicking::default_hook::{{closure}}::hbe471161c7664ed6
[INFO] [stdout]                                at /rustc/84c898d65adf2f39a5a98507f1fe0ce10a2b8dbc/library/std/src/panicking.rs:271:22
[INFO] [stdout]    9:     0x5591a3f2ecaf - std::panicking::default_hook::ha3500da57aa4ac4f
[INFO] [stdout]                                at /rustc/84c898d65adf2f39a5a98507f1fe0ce10a2b8dbc/library/std/src/panicking.rs:287:9
[INFO] [stdout]   10:     0x5591a3d782c7 - <alloc::boxed::Box<F,A> as core::ops::function::Fn<Args>>::call::hdf1b89dd137ece34
[INFO] [stdout]                                at /rustc/84c898d65adf2f39a5a98507f1fe0ce10a2b8dbc/library/alloc/src/boxed.rs:2001:9
[INFO] [stdout]   11:     0x5591a3d782c7 - test::test_main::{{closure}}::h9081a79f20e75698
[INFO] [stdout]                                at /rustc/84c898d65adf2f39a5a98507f1fe0ce10a2b8dbc/library/test/src/lib.rs:135:21
[INFO] [stdout]   12:     0x5591a3f2f71d - <alloc::boxed::Box<F,A> as core::ops::function::Fn<Args>>::call::h6507bddc3eebb4a5
[INFO] [stdout]                                at /rustc/84c898d65adf2f39a5a98507f1fe0ce10a2b8dbc/library/alloc/src/boxed.rs:2001:9
[INFO] [stdout]   13:     0x5591a3f2f71d - std::panicking::rust_panic_with_hook::h50c09d000dc561d2
[INFO] [stdout]                                at /rustc/84c898d65adf2f39a5a98507f1fe0ce10a2b8dbc/library/std/src/panicking.rs:696:13
[INFO] [stdout]   14:     0x5591a3efdaea - std::panicking::begin_panic::{{closure}}::h3801568a1cfc385e
[INFO] [stdout]                                at /rustc/84c898d65adf2f39a5a98507f1fe0ce10a2b8dbc/library/std/src/panicking.rs:612:9
[INFO] [stdout]   15:     0x5591a3efdd1a - std::sys_common::backtrace::__rust_end_short_backtrace::heda8f7d3dbf45855
[INFO] [stdout]                                at /rustc/84c898d65adf2f39a5a98507f1fe0ce10a2b8dbc/library/std/src/sys_common/backtrace.rs:150:18
[INFO] [stdout]   16:     0x5591a3efda30 - std::panicking::begin_panic::ha1d161d1a53d918e
[INFO] [stdout]                                at /rustc/84c898d65adf2f39a5a98507f1fe0ce10a2b8dbc/library/std/src/panicking.rs:611:12
[INFO] [stdout]   17:     0x5591a3d27ea3 - jpaste::handlers::test_handlers::insert_and_get::{{closure}}::h0af268cde936c4bc
[INFO] [stdout]                                at /opt/rustwide/workdir/src/handlers.rs:90:9
[INFO] [stdout]   18:     0x5591a3d29d5e - jpaste::handlers::test_handlers::insert_and_get_byte_content_again::{{closure}}::h8ddcd7dd5892c0d1
[INFO] [stdout]                                at /opt/rustwide/workdir/src/handlers.rs:116:41
[INFO] [stdout]   19:     0x5591a3d34ce4 - tokio::runtime::basic_scheduler::BasicScheduler<P>::block_on::{{closure}}::{{closure}}::h22b251929b5a6d5f
[INFO] [stdout]                                at /opt/rustwide/cargo-home/registry/src/github.com-1ecc6299db9ec823/tokio-0.2.24/src/runtime/basic_scheduler.rs:131:58
[INFO] [stdout]   20:     0x5591a3d0c0b0 - tokio::coop::with_budget::{{closure}}::h9573465672b68d35
[INFO] [stdout]                                at /opt/rustwide/cargo-home/registry/src/github.com-1ecc6299db9ec823/tokio-0.2.24/src/coop.rs:127:9
[INFO] [stdout]   21:     0x5591a3cfeb34 - std::thread::local::LocalKey<T>::try_with::h8f7e69dfec7cdaeb
[INFO] [stdout]                                at /rustc/84c898d65adf2f39a5a98507f1fe0ce10a2b8dbc/library/std/src/thread/local.rs:446:16
[INFO] [stdout]   22:     0x5591a3cfaa1a - std::thread::local::LocalKey<T>::with::h24ce8ed261ae873f
[INFO] [stdout]                                at /rustc/84c898d65adf2f39a5a98507f1fe0ce10a2b8dbc/library/std/src/thread/local.rs:422:9
[INFO] [stdout]   23:     0x5591a3d33e4c - tokio::coop::with_budget::hb460726faea8cc48
[INFO] [stdout]                                at /opt/rustwide/cargo-home/registry/src/github.com-1ecc6299db9ec823/tokio-0.2.24/src/coop.rs:120:5
[INFO] [stdout]   24:     0x5591a3d33e4c - tokio::coop::budget::hb68945ed7b1698ad
[INFO] [stdout]                                at /opt/rustwide/cargo-home/registry/src/github.com-1ecc6299db9ec823/tokio-0.2.24/src/coop.rs:96:5
[INFO] [stdout]   25:     0x5591a3d33e4c - tokio::runtime::basic_scheduler::BasicScheduler<P>::block_on::{{closure}}::hc2b9a473cf8db5ed
[INFO] [stdout]                                at /opt/rustwide/cargo-home/registry/src/github.com-1ecc6299db9ec823/tokio-0.2.24/src/runtime/basic_scheduler.rs:131:35
[INFO] [stdout]   26:     0x5591a3d375ff - tokio::runtime::basic_scheduler::enter::{{closure}}::h11c515eec13374cd
[INFO] [stdout]                                at /opt/rustwide/cargo-home/registry/src/github.com-1ecc6299db9ec823/tokio-0.2.24/src/runtime/basic_scheduler.rs:213:29
[INFO] [stdout]   27:     0x5591a3d1f961 - tokio::macros::scoped_tls::ScopedKey<T>::set::h3a5bf1fbd5a2c7b1
[INFO] [stdout]                                at /opt/rustwide/cargo-home/registry/src/github.com-1ecc6299db9ec823/tokio-0.2.24/src/macros/scoped_tls.rs:63:9
[INFO] [stdout]   28:     0x5591a3d35855 - tokio::runtime::basic_scheduler::enter::h01cfeca3602072b9
[INFO] [stdout]                                at /opt/rustwide/cargo-home/registry/src/github.com-1ecc6299db9ec823/tokio-0.2.24/src/runtime/basic_scheduler.rs:213:5
[INFO] [stdout]   29:     0x5591a3d301a2 - tokio::runtime::basic_scheduler::BasicScheduler<P>::block_on::hd9d10db40b8af877
[INFO] [stdout]                                at /opt/rustwide/cargo-home/registry/src/github.com-1ecc6299db9ec823/tokio-0.2.24/src/runtime/basic_scheduler.rs:123:9
[INFO] [stdout]   30:     0x5591a3d1b936 - tokio::runtime::Runtime::block_on::{{closure}}::ha39000c4cb274cfa
[INFO] [stdout]                                at /opt/rustwide/cargo-home/registry/src/github.com-1ecc6299db9ec823/tokio-0.2.24/src/runtime/mod.rs:444:34
[INFO] [stdout]   31:     0x5591a3d0df26 - tokio::runtime::context::enter::h6a74dc06c0c28a90
[INFO] [stdout]                                at /opt/rustwide/cargo-home/registry/src/github.com-1ecc6299db9ec823/tokio-0.2.24/src/runtime/context.rs:72:5
[INFO] [stdout]   32:     0x5591a3d2628c - tokio::runtime::handle::Handle::enter::h6eb98c63e1dd4cd3
[INFO] [stdout]                                at /opt/rustwide/cargo-home/registry/src/github.com-1ecc6299db9ec823/tokio-0.2.24/src/runtime/handle.rs:76:9
[INFO] [stdout]   33:     0x5591a3d1aef2 - tokio::runtime::Runtime::block_on::had75a3363c5d901f
[INFO] [stdout]                                at /opt/rustwide/cargo-home/registry/src/github.com-1ecc6299db9ec823/tokio-0.2.24/src/runtime/mod.rs:441:9
[INFO] [stdout]   34:     0x5591a3d29b96 - jpaste::handlers::test_handlers::insert_and_get_byte_content_again::hcca049ce7a88ee9f
[INFO] [stdout]                                at /opt/rustwide/workdir/src/handlers.rs:114:5
[INFO] [stdout]   35:     0x5591a3d29a77 - jpaste::handlers::test_handlers::insert_and_get_byte_content_again::{{closure}}::h4e6b0f006c07ff44
[INFO] [stdout]                                at /opt/rustwide/workdir/src/handlers.rs:114:5
[INFO] [stdout]   36:     0x5591a3d017c5 - core::ops::function::FnOnce::call_once::h060562e6ea2d3397
[INFO] [stdout]                                at /rustc/84c898d65adf2f39a5a98507f1fe0ce10a2b8dbc/library/core/src/ops/function.rs:250:5
[INFO] [stdout]   37:     0x5591a3d7d6af - core::ops::function::FnOnce::call_once::h7d969581be7d0075
[INFO] [stdout]                                at /rustc/84c898d65adf2f39a5a98507f1fe0ce10a2b8dbc/library/core/src/ops/function.rs:250:5
[INFO] [stdout]   38:     0x5591a3d7d6af - test::__rust_begin_short_backtrace::hca25a52684e56655
[INFO] [stdout]                                at /rustc/84c898d65adf2f39a5a98507f1fe0ce10a2b8dbc/library/test/src/lib.rs:656:18
[INFO] [stdout]   39:     0x5591a3d4eccc - test::run_test::{{closure}}::ha8ac744c4af1a4bb
[INFO] [stdout]                                at /rustc/84c898d65adf2f39a5a98507f1fe0ce10a2b8dbc/library/test/src/lib.rs:647:30
[INFO] [stdout]   40:     0x5591a3d4eccc - core::ops::function::FnOnce::call_once{{vtable.shim}}::h7b411a9ed45bdecf
[INFO] [stdout]                                at /rustc/84c898d65adf2f39a5a98507f1fe0ce10a2b8dbc/library/core/src/ops/function.rs:250:5
[INFO] [stdout]   41:     0x5591a3d7c676 - <alloc::boxed::Box<F,A> as core::ops::function::FnOnce<Args>>::call_once::hd05328869a8ed200
[INFO] [stdout]                                at /rustc/84c898d65adf2f39a5a98507f1fe0ce10a2b8dbc/library/alloc/src/boxed.rs:1987:9
[INFO] [stdout]   42:     0x5591a3d7c676 - <core::panic::unwind_safe::AssertUnwindSafe<F> as core::ops::function::FnOnce<()>>::call_once::h0c601ce20bd5b2be
[INFO] [stdout]                                at /rustc/84c898d65adf2f39a5a98507f1fe0ce10a2b8dbc/library/core/src/panic/unwind_safe.rs:271:9
[INFO] [stdout]   43:     0x5591a3d7c676 - std::panicking::try::do_call::ha4be5c164fe30854
[INFO] [stdout]                                at /rustc/84c898d65adf2f39a5a98507f1fe0ce10a2b8dbc/library/std/src/panicking.rs:487:40
[INFO] [stdout]   44:     0x5591a3d7c676 - std::panicking::try::h604546f3609af05f
[INFO] [stdout]                                at /rustc/84c898d65adf2f39a5a98507f1fe0ce10a2b8dbc/library/std/src/panicking.rs:451:19
[INFO] [stdout]   45:     0x5591a3d7c676 - std::panic::catch_unwind::h5bfa8afe44c9c2f9
[INFO] [stdout]                                at /rustc/84c898d65adf2f39a5a98507f1fe0ce10a2b8dbc/library/std/src/panic.rs:140:14
[INFO] [stdout]   46:     0x5591a3d7c676 - test::run_test_in_process::hd50dee55dd63e6aa
[INFO] [stdout]                                at /rustc/84c898d65adf2f39a5a98507f1fe0ce10a2b8dbc/library/test/src/lib.rs:679:27
[INFO] [stdout]   47:     0x5591a3d7c676 - test::run_test::run_test_inner::{{closure}}::h4aa0f433aa85cea8
[INFO] [stdout]                                at /rustc/84c898d65adf2f39a5a98507f1fe0ce10a2b8dbc/library/test/src/lib.rs:573:39
[INFO] [stdout]   48:     0x5591a3d49341 - test::run_test::run_test_inner::{{closure}}::had56431adf24b4d6
[INFO] [stdout]                                at /rustc/84c898d65adf2f39a5a98507f1fe0ce10a2b8dbc/library/test/src/lib.rs:600:37
[INFO] [stdout]   49:     0x5591a3d49341 - std::sys_common::backtrace::__rust_begin_short_backtrace::ha8d9890e0c73bf13
[INFO] [stdout]                                at /rustc/84c898d65adf2f39a5a98507f1fe0ce10a2b8dbc/library/std/src/sys_common/backtrace.rs:134:18
[INFO] [stdout]   50:     0x5591a3d4ed5b - std::thread::Builder::spawn_unchecked_::{{closure}}::{{closure}}::h251832bcb4a95327
[INFO] [stdout]                                at /rustc/84c898d65adf2f39a5a98507f1fe0ce10a2b8dbc/library/std/src/thread/mod.rs:560:17
[INFO] [stdout]   51:     0x5591a3d4ed5b - <core::panic::unwind_safe::AssertUnwindSafe<F> as core::ops::function::FnOnce<()>>::call_once::h8fdff598fa414831
[INFO] [stdout]                                at /rustc/84c898d65adf2f39a5a98507f1fe0ce10a2b8dbc/library/core/src/panic/unwind_safe.rs:271:9
[INFO] [stdout]   52:     0x5591a3d4ed5b - std::panicking::try::do_call::h455dd2f7764a950f
[INFO] [stdout]                                at /rustc/84c898d65adf2f39a5a98507f1fe0ce10a2b8dbc/library/std/src/panicking.rs:487:40
[INFO] [stdout]   53:     0x5591a3d4ed5b - std::panicking::try::had6f23b7b73ae72a
[INFO] [stdout]                                at /rustc/84c898d65adf2f39a5a98507f1fe0ce10a2b8dbc/library/std/src/panicking.rs:451:19
[INFO] [stdout]   54:     0x5591a3d4ed5b - std::panic::catch_unwind::ha6a5ca3915b4dad0
[INFO] [stdout]                                at /rustc/84c898d65adf2f39a5a98507f1fe0ce10a2b8dbc/library/std/src/panic.rs:140:14
[INFO] [stdout]   55:     0x5591a3d4ed5b - std::thread::Builder::spawn_unchecked_::{{closure}}::h883b72ef75da6231
[INFO] [stdout]                                at /rustc/84c898d65adf2f39a5a98507f1fe0ce10a2b8dbc/library/std/src/thread/mod.rs:559:30
[INFO] [stdout]   56:     0x5591a3d4ed5b - core::ops::function::FnOnce::call_once{{vtable.shim}}::hb7dff73dc8bd2ccb
[INFO] [stdout]                                at /rustc/84c898d65adf2f39a5a98507f1fe0ce10a2b8dbc/library/core/src/ops/function.rs:250:5
[INFO] [stdout]   57:     0x5591a3f33b03 - <alloc::boxed::Box<F,A> as core::ops::function::FnOnce<Args>>::call_once::h39990b24eedef2ab
[INFO] [stdout]                                at /rustc/84c898d65adf2f39a5a98507f1fe0ce10a2b8dbc/library/alloc/src/boxed.rs:1987:9
[INFO] [stdout]   58:     0x5591a3f33b03 - <alloc::boxed::Box<F,A> as core::ops::function::FnOnce<Args>>::call_once::h01a027258444143b
[INFO] [stdout]                                at /rustc/84c898d65adf2f39a5a98507f1fe0ce10a2b8dbc/library/alloc/src/boxed.rs:1987:9
[INFO] [stdout]   59:     0x5591a3f33b03 - std::sys::unix::thread::Thread::new::thread_start::ha4f1cdd9c25884ba
[INFO] [stdout]                                at /rustc/84c898d65adf2f39a5a98507f1fe0ce10a2b8dbc/library/std/src/sys/unix/thread.rs:108:17
[INFO] [stdout]   60:     0x7f177eabbb43 - <unknown>
[INFO] [stdout]   61:     0x7f177eb4cbb4 - __clone
[INFO] [stdout]   62:                0x0 - <unknown>
[INFO] [stdout] 
[INFO] [stdout] 
[INFO] [stdout] failures:
[INFO] [stdout]     handlers::test_handlers::insert_and_get_byte_content_again
[INFO] [stdout]     handlers::test_handlers::insert_and_get_string_content_again
[INFO] [stdout] 
[INFO] [stdout] test result: FAILED. 7 passed; 2 failed; 0 ignored; 0 measured; 0 filtered out; finished in 0.03s
[INFO] [stdout] 
[INFO] [stderr] error: test failed, to rerun pass `--bin jpaste`
[INFO] running `Command { std: "docker" "inspect" "47f52e7dd989d1b4697fc9a8403ee6abb220a0627b9e4806ecec18f3b85047bf", kill_on_drop: false }`
[INFO] running `Command { std: "docker" "rm" "-f" "47f52e7dd989d1b4697fc9a8403ee6abb220a0627b9e4806ecec18f3b85047bf", kill_on_drop: false }`
[INFO] [stdout] 47f52e7dd989d1b4697fc9a8403ee6abb220a0627b9e4806ecec18f3b85047bf
