[INFO] cloning repository https://github.com/jmalubay1/toy_rsa
[INFO] running `Command { std: "git" "-c" "credential.helper=" "-c" "credential.helper=/workspace/cargo-home/bin/git-credential-null" "clone" "--bare" "https://github.com/jmalubay1/toy_rsa" "/workspace/cache/git-repos/https%3A%2F%2Fgithub.com%2Fjmalubay1%2Ftoy_rsa", kill_on_drop: false }`
[INFO] [stderr] Cloning into bare repository '/workspace/cache/git-repos/https%3A%2F%2Fgithub.com%2Fjmalubay1%2Ftoy_rsa'...
[INFO] running `Command { std: "git" "rev-parse" "HEAD", kill_on_drop: false }`
[INFO] [stdout] 89e8892351e2892a9b5a5139622de496bb3096bd
[INFO] testing jmalubay1/toy_rsa against beta-2023-04-20 for beta-1.70-1
[INFO] running `Command { std: "git" "clone" "/workspace/cache/git-repos/https%3A%2F%2Fgithub.com%2Fjmalubay1%2Ftoy_rsa" "/workspace/builds/worker-0-tc2/source", kill_on_drop: false }`
[INFO] [stderr] Cloning into '/workspace/builds/worker-0-tc2/source'...
[INFO] [stderr] done.
[INFO] validating manifest of git repo https://github.com/jmalubay1/toy_rsa on toolchain beta-2023-04-20
[INFO] running `Command { std: CARGO_HOME="/workspace/cargo-home" RUSTUP_HOME="/workspace/rustup-home" "/workspace/cargo-home/bin/cargo" "+beta-2023-04-20" "metadata" "--manifest-path" "Cargo.toml" "--no-deps", kill_on_drop: false }`
[INFO] started tweaking git repo https://github.com/jmalubay1/toy_rsa
[INFO] finished tweaking git repo https://github.com/jmalubay1/toy_rsa
[INFO] tweaked toml for git repo https://github.com/jmalubay1/toy_rsa written to /workspace/builds/worker-0-tc2/source/Cargo.toml
[INFO] crate git repo https://github.com/jmalubay1/toy_rsa already has a lockfile, it will not be regenerated
[INFO] running `Command { std: CARGO_HOME="/workspace/cargo-home" RUSTUP_HOME="/workspace/rustup-home" "/workspace/cargo-home/bin/cargo" "+beta-2023-04-20" "fetch" "--manifest-path" "Cargo.toml", kill_on_drop: false }`
[INFO] [stderr]     Updating crates.io index
[INFO] [stderr]  Downloading crates ...
[INFO] [stderr]   Downloaded glass_pumpkin v0.5.0
[INFO] [stderr]   Downloaded primes v0.3.0
[INFO] running `Command { std: "docker" "create" "-v" "/var/lib/crater-agent-workspace/builds/worker-0-tc2/target:/opt/rustwide/target:rw,Z" "-v" "/var/lib/crater-agent-workspace/builds/worker-0-tc2/source:/opt/rustwide/workdir:ro,Z" "-v" "/var/lib/crater-agent-workspace/cargo-home:/opt/rustwide/cargo-home:ro,Z" "-v" "/var/lib/crater-agent-workspace/rustup-home:/opt/rustwide/rustup-home:ro,Z" "-e" "SOURCE_DIR=/opt/rustwide/workdir" "-e" "CARGO_TARGET_DIR=/opt/rustwide/target" "-e" "CARGO_HOME=/opt/rustwide/cargo-home" "-e" "RUSTUP_HOME=/opt/rustwide/rustup-home" "-w" "/opt/rustwide/workdir" "-m" "1610612736" "--user" "0:0" "--network" "none" "ghcr.io/rust-lang/crates-build-env/linux@sha256:5ff2268d62e97bff2cde7d5815dd6ed5b47097566f13b8d0ca110b04b60e07ed" "/opt/rustwide/cargo-home/bin/cargo" "+beta-2023-04-20" "metadata" "--no-deps" "--format-version=1", kill_on_drop: false }`
[INFO] [stdout] 98788d9ea2c7824d6a7b8033bca3625de73fb7a153dead8f877ce66d91fc625f
[INFO] running `Command { std: "docker" "start" "-a" "98788d9ea2c7824d6a7b8033bca3625de73fb7a153dead8f877ce66d91fc625f", kill_on_drop: false }`
[INFO] running `Command { std: "docker" "inspect" "98788d9ea2c7824d6a7b8033bca3625de73fb7a153dead8f877ce66d91fc625f", kill_on_drop: false }`
[INFO] running `Command { std: "docker" "rm" "-f" "98788d9ea2c7824d6a7b8033bca3625de73fb7a153dead8f877ce66d91fc625f", kill_on_drop: false }`
[INFO] [stdout] 98788d9ea2c7824d6a7b8033bca3625de73fb7a153dead8f877ce66d91fc625f
[INFO] running `Command { std: "docker" "create" "-v" "/var/lib/crater-agent-workspace/builds/worker-0-tc2/target:/opt/rustwide/target:rw,Z" "-v" "/var/lib/crater-agent-workspace/builds/worker-0-tc2/source:/opt/rustwide/workdir:ro,Z" "-v" "/var/lib/crater-agent-workspace/cargo-home:/opt/rustwide/cargo-home:ro,Z" "-v" "/var/lib/crater-agent-workspace/rustup-home:/opt/rustwide/rustup-home:ro,Z" "-e" "SOURCE_DIR=/opt/rustwide/workdir" "-e" "CARGO_TARGET_DIR=/opt/rustwide/target" "-e" "CARGO_INCREMENTAL=0" "-e" "RUST_BACKTRACE=full" "-e" "RUSTFLAGS=--cap-lints=warn" "-e" "RUSTDOCFLAGS=--cap-lints=warn" "-e" "CARGO_HOME=/opt/rustwide/cargo-home" "-e" "RUSTUP_HOME=/opt/rustwide/rustup-home" "-w" "/opt/rustwide/workdir" "-m" "1610612736" "--user" "0:0" "--network" "none" "ghcr.io/rust-lang/crates-build-env/linux@sha256:5ff2268d62e97bff2cde7d5815dd6ed5b47097566f13b8d0ca110b04b60e07ed" "/opt/rustwide/cargo-home/bin/cargo" "+beta-2023-04-20" "build" "--frozen" "--message-format=json", kill_on_drop: false }`
[INFO] [stdout] cf89729d8b559687b7de4282c15ac78477ed8aa408eb595b20a505d242d6522d
[INFO] running `Command { std: "docker" "start" "-a" "cf89729d8b559687b7de4282c15ac78477ed8aa408eb595b20a505d242d6522d", kill_on_drop: false }`
[INFO] [stderr]    Compiling autocfg v1.0.1
[INFO] [stderr]    Compiling libc v0.2.93
[INFO] [stderr]    Compiling getrandom v0.2.2
[INFO] [stderr]    Compiling cfg-if v1.0.0
[INFO] [stderr]    Compiling ppv-lite86 v0.2.10
[INFO] [stderr]    Compiling lazy_static v1.4.0
[INFO] [stderr]    Compiling primes v0.3.0
[INFO] [stderr]    Compiling num-traits v0.2.14
[INFO] [stderr]    Compiling num-integer v0.1.44
[INFO] [stderr]    Compiling num-bigint v0.4.0
[INFO] [stderr]    Compiling rand_core v0.6.2
[INFO] [stderr]    Compiling rand_chacha v0.3.0
[INFO] [stderr]    Compiling rand v0.8.3
[INFO] [stderr]    Compiling glass_pumpkin v0.5.0
[INFO] [stderr]    Compiling toy_rsa_lib v0.1.3 (http://github.com/pdx-cs-rust/toy-rsa-lib#d389979b)
[INFO] [stderr]    Compiling toy-rsa v0.1.0 (/opt/rustwide/workdir)
[INFO] [stderr]     Finished dev [unoptimized + debuginfo] target(s) in 3.21s
[INFO] running `Command { std: "docker" "inspect" "cf89729d8b559687b7de4282c15ac78477ed8aa408eb595b20a505d242d6522d", kill_on_drop: false }`
[INFO] running `Command { std: "docker" "rm" "-f" "cf89729d8b559687b7de4282c15ac78477ed8aa408eb595b20a505d242d6522d", kill_on_drop: false }`
[INFO] [stdout] cf89729d8b559687b7de4282c15ac78477ed8aa408eb595b20a505d242d6522d
[INFO] running `Command { std: "docker" "create" "-v" "/var/lib/crater-agent-workspace/builds/worker-0-tc2/target:/opt/rustwide/target:rw,Z" "-v" "/var/lib/crater-agent-workspace/builds/worker-0-tc2/source:/opt/rustwide/workdir:ro,Z" "-v" "/var/lib/crater-agent-workspace/cargo-home:/opt/rustwide/cargo-home:ro,Z" "-v" "/var/lib/crater-agent-workspace/rustup-home:/opt/rustwide/rustup-home:ro,Z" "-e" "SOURCE_DIR=/opt/rustwide/workdir" "-e" "CARGO_TARGET_DIR=/opt/rustwide/target" "-e" "CARGO_INCREMENTAL=0" "-e" "RUST_BACKTRACE=full" "-e" "RUSTFLAGS=--cap-lints=warn" "-e" "RUSTDOCFLAGS=--cap-lints=warn" "-e" "CARGO_HOME=/opt/rustwide/cargo-home" "-e" "RUSTUP_HOME=/opt/rustwide/rustup-home" "-w" "/opt/rustwide/workdir" "-m" "1610612736" "--user" "0:0" "--network" "none" "ghcr.io/rust-lang/crates-build-env/linux@sha256:5ff2268d62e97bff2cde7d5815dd6ed5b47097566f13b8d0ca110b04b60e07ed" "/opt/rustwide/cargo-home/bin/cargo" "+beta-2023-04-20" "test" "--frozen" "--no-run" "--message-format=json", kill_on_drop: false }`
[INFO] [stdout] be3901a0338216b0f2d22a09a198e79b5592a7678a177bdcf9d4409b3adff9cd
[INFO] running `Command { std: "docker" "start" "-a" "be3901a0338216b0f2d22a09a198e79b5592a7678a177bdcf9d4409b3adff9cd", kill_on_drop: false }`
[INFO] [stderr]    Compiling toy-rsa v0.1.0 (/opt/rustwide/workdir)
[INFO] [stderr]     Finished test [unoptimized + debuginfo] target(s) in 0.32s
[INFO] running `Command { std: "docker" "inspect" "be3901a0338216b0f2d22a09a198e79b5592a7678a177bdcf9d4409b3adff9cd", kill_on_drop: false }`
[INFO] running `Command { std: "docker" "rm" "-f" "be3901a0338216b0f2d22a09a198e79b5592a7678a177bdcf9d4409b3adff9cd", kill_on_drop: false }`
[INFO] [stdout] be3901a0338216b0f2d22a09a198e79b5592a7678a177bdcf9d4409b3adff9cd
[INFO] running `Command { std: "docker" "create" "-v" "/var/lib/crater-agent-workspace/builds/worker-0-tc2/target:/opt/rustwide/target:rw,Z" "-v" "/var/lib/crater-agent-workspace/builds/worker-0-tc2/source:/opt/rustwide/workdir:ro,Z" "-v" "/var/lib/crater-agent-workspace/cargo-home:/opt/rustwide/cargo-home:ro,Z" "-v" "/var/lib/crater-agent-workspace/rustup-home:/opt/rustwide/rustup-home:ro,Z" "-e" "SOURCE_DIR=/opt/rustwide/workdir" "-e" "CARGO_TARGET_DIR=/opt/rustwide/target" "-e" "CARGO_INCREMENTAL=0" "-e" "RUST_BACKTRACE=full" "-e" "RUSTFLAGS=--cap-lints=warn" "-e" "RUSTDOCFLAGS=--cap-lints=warn" "-e" "CARGO_HOME=/opt/rustwide/cargo-home" "-e" "RUSTUP_HOME=/opt/rustwide/rustup-home" "-w" "/opt/rustwide/workdir" "-m" "1610612736" "--user" "0:0" "--network" "none" "ghcr.io/rust-lang/crates-build-env/linux@sha256:5ff2268d62e97bff2cde7d5815dd6ed5b47097566f13b8d0ca110b04b60e07ed" "/opt/rustwide/cargo-home/bin/cargo" "+beta-2023-04-20" "test" "--frozen", kill_on_drop: false }`
[INFO] [stdout] 1a8953a9f7bfcec655925df710d11fcfe423a09f4db9115b0b8f8315f34c11a6
[INFO] running `Command { std: "docker" "start" "-a" "1a8953a9f7bfcec655925df710d11fcfe423a09f4db9115b0b8f8315f34c11a6", kill_on_drop: false }`
[INFO] [stderr]     Finished test [unoptimized + debuginfo] target(s) in 0.02s
[INFO] [stderr]      Running unittests src/lib.rs (/opt/rustwide/target/debug/deps/toy_rsa-ab25af7ad5433ae1)
[INFO] [stdout] 
[INFO] [stdout] running 0 tests
[INFO] [stdout] 
[INFO] [stdout] test result: ok. 0 passed; 0 failed; 0 ignored; 0 measured; 0 filtered out; finished in 0.00s
[INFO] [stdout] 
[INFO] [stderr]      Running tests/random.rs (/opt/rustwide/target/debug/deps/random-8bab7030325d0520)
[INFO] [stdout] 
[INFO] [stdout] running 5 tests
[INFO] [stdout] test keys_test ... ok
[INFO] [stdout] test msg_size ... ok
[INFO] [stdout] test bad_private_p - should panic ... ok
[INFO] [stdout] test bad_private_q - should panic ... ok
[INFO] [stdout] test bad_public - should panic ... ok
[INFO] [stdout] 
[INFO] [stdout] test result: ok. 5 passed; 0 failed; 0 ignored; 0 measured; 0 filtered out; finished in 0.02s
[INFO] [stdout] 
[INFO] [stderr]    Doc-tests toy-rsa
[INFO] [stdout] 
[INFO] [stdout] running 3 tests
[INFO] [stdout] test src/lib.rs - genkey (line 24) ... FAILED
[INFO] [stdout] test src/lib.rs - decrypt (line 58) ... FAILED
[INFO] [stdout] test src/lib.rs - encrypt (line 46) ... FAILED
[INFO] [stdout] 
[INFO] [stdout] failures:
[INFO] [stdout] 
[INFO] [stdout] ---- src/lib.rs - genkey (line 24) stdout ----
[INFO] [stdout] error[E0425]: cannot find function `genkey` in this scope
[INFO] [stdout]  --> src/lib.rs:25:16
[INFO] [stdout]   |
[INFO] [stdout] 3 | let pri_keys = genkey();
[INFO] [stdout]   |                ^^^^^^ not found in this scope
[INFO] [stdout]   |
[INFO] [stdout] help: consider importing this function
[INFO] [stdout]   |
[INFO] [stdout] 2 + use toy_rsa::genkey;
[INFO] [stdout]   |
[INFO] [stdout] 
[INFO] [stdout] error: aborting due to previous error
[INFO] [stdout] 
[INFO] [stdout] For more information about this error, try `rustc --explain E0425`.
[INFO] [stdout] Couldn't compile the test.
[INFO] [stdout] ---- src/lib.rs - decrypt (line 58) stdout ----
[INFO] [stdout] error[E0425]: cannot find function `decrypt` in this scope
[INFO] [stdout]  --> src/lib.rs:59:22
[INFO] [stdout]   |
[INFO] [stdout] 3 | let decrypted: u32 = decrypt(pri_keys,cipher_text);
[INFO] [stdout]   |                      ^^^^^^^ not found in this scope
[INFO] [stdout]   |
[INFO] [stdout] help: consider importing this function
[INFO] [stdout]   |
[INFO] [stdout] 2 + use toy_rsa::decrypt;
[INFO] [stdout]   |
[INFO] [stdout] 
[INFO] [stdout] error[E0425]: cannot find value `pri_keys` in this scope
[INFO] [stdout]  --> src/lib.rs:59:30
[INFO] [stdout]   |
[INFO] [stdout] 3 | let decrypted: u32 = decrypt(pri_keys,cipher_text);
[INFO] [stdout]   |                              ^^^^^^^^ not found in this scope
[INFO] [stdout] 
[INFO] [stdout] error[E0425]: cannot find value `cipher_text` in this scope
[INFO] [stdout]  --> src/lib.rs:59:39
[INFO] [stdout]   |
[INFO] [stdout] 3 | let decrypted: u32 = decrypt(pri_keys,cipher_text);
[INFO] [stdout]   |                                       ^^^^^^^^^^^ not found in this scope
[INFO] [stdout] 
[INFO] [stdout] error: aborting due to 3 previous errors
[INFO] [stdout] 
[INFO] [stdout] For more information about this error, try `rustc --explain E0425`.
[INFO] [stdout] Couldn't compile the test.
[INFO] [stdout] ---- src/lib.rs - encrypt (line 46) stdout ----
[INFO] [stdout] error[E0425]: cannot find value `public` in this scope
[INFO] [stdout]  --> src/lib.rs:47:31
[INFO] [stdout]   |
[INFO] [stdout] 3 | let cipher_text: u64 = encypt(public,plain_text);
[INFO] [stdout]   |                               ^^^^^^ not found in this scope
[INFO] [stdout] 
[INFO] [stdout] error[E0425]: cannot find value `plain_text` in this scope
[INFO] [stdout]  --> src/lib.rs:47:38
[INFO] [stdout]   |
[INFO] [stdout] 3 | let cipher_text: u64 = encypt(public,plain_text);
[INFO] [stdout]   |                                      ^^^^^^^^^^ not found in this scope
[INFO] [stdout] 
[INFO] [stdout] error[E0425]: cannot find function `encypt` in this scope
[INFO] [stdout]  --> src/lib.rs:47:24
[INFO] [stdout]   |
[INFO] [stdout] 3 | let cipher_text: u64 = encypt(public,plain_text);
[INFO] [stdout]   |                        ^^^^^^ not found in this scope
[INFO] [stdout] 
[INFO] [stdout] error: aborting due to 3 previous errors
[INFO] [stdout] 
[INFO] [stdout] For more information about this error, try `rustc --explain E0425`.
[INFO] [stdout] Couldn't compile the test.
[INFO] [stdout] 
[INFO] [stdout] failures:
[INFO] [stdout]     src/lib.rs - decrypt (line 58)
[INFO] [stdout]     src/lib.rs - encrypt (line 46)
[INFO] [stdout]     src/lib.rs - genkey (line 24)
[INFO] [stdout] 
[INFO] [stdout] test result: FAILED. 0 passed; 3 failed; 0 ignored; 0 measured; 0 filtered out; finished in 0.03s
[INFO] [stdout] 
[INFO] [stderr] error: doctest failed, to rerun pass `--doc`
[INFO] running `Command { std: "docker" "inspect" "1a8953a9f7bfcec655925df710d11fcfe423a09f4db9115b0b8f8315f34c11a6", kill_on_drop: false }`
[INFO] running `Command { std: "docker" "rm" "-f" "1a8953a9f7bfcec655925df710d11fcfe423a09f4db9115b0b8f8315f34c11a6", kill_on_drop: false }`
[INFO] [stdout] 1a8953a9f7bfcec655925df710d11fcfe423a09f4db9115b0b8f8315f34c11a6
