[INFO] cloning repository https://github.com/jkcoxson/idevice
[INFO] running `Command { std: "git" "-c" "credential.helper=" "-c" "credential.helper=/workspace/cargo-home/bin/git-credential-null" "clone" "--bare" "https://github.com/jkcoxson/idevice" "/workspace/cache/git-repos/https%3A%2F%2Fgithub.com%2Fjkcoxson%2Fidevice", kill_on_drop: false }`
[INFO] [stderr] Cloning into bare repository '/workspace/cache/git-repos/https%3A%2F%2Fgithub.com%2Fjkcoxson%2Fidevice'...
[INFO] running `Command { std: "git" "rev-parse" "HEAD", kill_on_drop: false }`
[INFO] [stdout] d1853afc1a9b2adad6f22b4963f43ff2540a35b9
[INFO] testing jkcoxson/idevice against 1.69.0 for beta-1.70-1
[INFO] running `Command { std: "git" "clone" "/workspace/cache/git-repos/https%3A%2F%2Fgithub.com%2Fjkcoxson%2Fidevice" "/workspace/builds/worker-3-tc1/source", kill_on_drop: false }`
[INFO] [stderr] Cloning into '/workspace/builds/worker-3-tc1/source'...
[INFO] [stderr] done.
[INFO] validating manifest of git repo https://github.com/jkcoxson/idevice on toolchain 1.69.0
[INFO] running `Command { std: CARGO_HOME="/workspace/cargo-home" RUSTUP_HOME="/workspace/rustup-home" "/workspace/cargo-home/bin/cargo" "+1.69.0" "metadata" "--manifest-path" "Cargo.toml" "--no-deps", kill_on_drop: false }`
[INFO] started tweaking git repo https://github.com/jkcoxson/idevice
[INFO] finished tweaking git repo https://github.com/jkcoxson/idevice
[INFO] tweaked toml for git repo https://github.com/jkcoxson/idevice written to /workspace/builds/worker-3-tc1/source/Cargo.toml
[INFO] crate git repo https://github.com/jkcoxson/idevice already has a lockfile, it will not be regenerated
[INFO] running `Command { std: CARGO_HOME="/workspace/cargo-home" RUSTUP_HOME="/workspace/rustup-home" "/workspace/cargo-home/bin/cargo" "+1.69.0" "fetch" "--manifest-path" "Cargo.toml", kill_on_drop: false }`
[INFO] [stderr]  Downloading crates ...
[INFO] [stderr]   Downloaded serde_json v1.0.80
[INFO] running `Command { std: "docker" "create" "-v" "/var/lib/crater-agent-workspace/builds/worker-3-tc1/target:/opt/rustwide/target:rw,Z" "-v" "/var/lib/crater-agent-workspace/builds/worker-3-tc1/source:/opt/rustwide/workdir:ro,Z" "-v" "/var/lib/crater-agent-workspace/cargo-home:/opt/rustwide/cargo-home:ro,Z" "-v" "/var/lib/crater-agent-workspace/rustup-home:/opt/rustwide/rustup-home:ro,Z" "-e" "SOURCE_DIR=/opt/rustwide/workdir" "-e" "CARGO_TARGET_DIR=/opt/rustwide/target" "-e" "CARGO_HOME=/opt/rustwide/cargo-home" "-e" "RUSTUP_HOME=/opt/rustwide/rustup-home" "-w" "/opt/rustwide/workdir" "-m" "1610612736" "--user" "0:0" "--network" "none" "ghcr.io/rust-lang/crates-build-env/linux@sha256:5ff2268d62e97bff2cde7d5815dd6ed5b47097566f13b8d0ca110b04b60e07ed" "/opt/rustwide/cargo-home/bin/cargo" "+1.69.0" "metadata" "--no-deps" "--format-version=1", kill_on_drop: false }`
[INFO] [stdout] f56656c0b0ec832e0a88e19e829d72bde32f32705d35183e1cd89cc21638a2a9
[INFO] running `Command { std: "docker" "start" "-a" "f56656c0b0ec832e0a88e19e829d72bde32f32705d35183e1cd89cc21638a2a9", kill_on_drop: false }`
[INFO] running `Command { std: "docker" "inspect" "f56656c0b0ec832e0a88e19e829d72bde32f32705d35183e1cd89cc21638a2a9", kill_on_drop: false }`
[INFO] running `Command { std: "docker" "rm" "-f" "f56656c0b0ec832e0a88e19e829d72bde32f32705d35183e1cd89cc21638a2a9", kill_on_drop: false }`
[INFO] [stdout] f56656c0b0ec832e0a88e19e829d72bde32f32705d35183e1cd89cc21638a2a9
[INFO] running `Command { std: "docker" "create" "-v" "/var/lib/crater-agent-workspace/builds/worker-3-tc1/target:/opt/rustwide/target:rw,Z" "-v" "/var/lib/crater-agent-workspace/builds/worker-3-tc1/source:/opt/rustwide/workdir:ro,Z" "-v" "/var/lib/crater-agent-workspace/cargo-home:/opt/rustwide/cargo-home:ro,Z" "-v" "/var/lib/crater-agent-workspace/rustup-home:/opt/rustwide/rustup-home:ro,Z" "-e" "SOURCE_DIR=/opt/rustwide/workdir" "-e" "CARGO_TARGET_DIR=/opt/rustwide/target" "-e" "CARGO_INCREMENTAL=0" "-e" "RUST_BACKTRACE=full" "-e" "RUSTFLAGS=--cap-lints=warn" "-e" "RUSTDOCFLAGS=--cap-lints=warn" "-e" "CARGO_HOME=/opt/rustwide/cargo-home" "-e" "RUSTUP_HOME=/opt/rustwide/rustup-home" "-w" "/opt/rustwide/workdir" "-m" "1610612736" "--user" "0:0" "--network" "none" "ghcr.io/rust-lang/crates-build-env/linux@sha256:5ff2268d62e97bff2cde7d5815dd6ed5b47097566f13b8d0ca110b04b60e07ed" "/opt/rustwide/cargo-home/bin/cargo" "+1.69.0" "build" "--frozen" "--message-format=json", kill_on_drop: false }`
[INFO] [stdout] d1891000be18ca3e41c027d7ef057a98ea31814d2349fff8dcc06208e3194172
[INFO] running `Command { std: "docker" "start" "-a" "d1891000be18ca3e41c027d7ef057a98ea31814d2349fff8dcc06208e3194172", kill_on_drop: false }`
[INFO] [stderr]    Compiling libc v0.2.125
[INFO] [stderr]    Compiling proc-macro2 v1.0.37
[INFO] [stderr]    Compiling autocfg v1.1.0
[INFO] [stderr]    Compiling cfg-if v1.0.0
[INFO] [stderr]    Compiling unicode-xid v0.2.2
[INFO] [stderr]    Compiling syn v1.0.92
[INFO] [stderr]    Compiling cc v1.0.73
[INFO] [stderr]    Compiling memchr v2.5.0
[INFO] [stderr]    Compiling serde_derive v1.0.137
[INFO] [stderr]    Compiling log v0.4.16
[INFO] [stderr]    Compiling itoa v1.0.1
[INFO] [stderr]    Compiling serde v1.0.137
[INFO] [stderr]    Compiling lazy_static v1.4.0
[INFO] [stderr]    Compiling regex v0.2.11
[INFO] [stderr]    Compiling serde_json v1.0.80
[INFO] [stderr]    Compiling ucd-util v0.1.8
[INFO] [stderr]    Compiling regex-syntax v0.5.6
[INFO] [stderr]    Compiling quote v1.0.18
[INFO] [stderr]    Compiling aho-corasick v0.6.10
[INFO] [stderr]    Compiling ring v0.16.20
[INFO] [stderr]    Compiling thread_local v0.3.6
[INFO] [stderr]    Compiling once_cell v1.10.0
[INFO] [stderr]    Compiling ryu v1.0.9
[INFO] [stderr]    Compiling utf8-ranges v1.0.5
[INFO] [stderr]    Compiling log v0.3.9
[INFO] [stderr]    Compiling lock_api v0.4.7
[INFO] [stderr]    Compiling memoffset v0.6.5
[INFO] [stderr]    Compiling spin v0.5.2
[INFO] [stderr]    Compiling parking_lot_core v0.9.3
[INFO] [stderr]    Compiling quick-error v1.2.3
[INFO] [stderr]    Compiling untrusted v0.7.1
[INFO] [stderr]    Compiling lazy_static v0.2.11
[INFO] [stderr]    Compiling pest v0.3.3
[INFO] [stderr]    Compiling indexmap v1.8.1
[INFO] [stderr]    Compiling scopeguard v1.1.0
[INFO] [stderr]    Compiling smallvec v1.8.0
[INFO] [stderr]    Compiling rustls v0.20.4
[INFO] [stderr]    Compiling hashbrown v0.11.2
[INFO] [stderr]    Compiling bitflags v1.3.2
[INFO] [stderr]    Compiling safemem v0.3.3
[INFO] [stderr]    Compiling num_threads v0.1.5
[INFO] [stderr]    Compiling async-trait v0.1.53
[INFO] [stderr]    Compiling time v0.3.9
[INFO] [stderr]    Compiling line-wrap v0.1.1
[INFO] [stderr]    Compiling nix v0.23.1
[INFO] [stderr]    Compiling parking_lot v0.12.0
[INFO] [stderr]    Compiling mio v0.8.2
[INFO] [stderr]    Compiling num_cpus v1.13.1
[INFO] [stderr]    Compiling sct v0.7.0
[INFO] [stderr]    Compiling webpki v0.22.0
[INFO] [stderr]    Compiling atty v0.2.14
[INFO] [stderr]    Compiling signal-hook-registry v1.4.0
[INFO] [stderr]    Compiling socket2 v0.4.4
[INFO] [stderr]    Compiling pin-project-lite v0.2.9
[INFO] [stderr]    Compiling handlebars v0.29.1
[INFO] [stderr]    Compiling xml-rs v0.8.4
[INFO] [stderr]    Compiling base64 v0.13.0
[INFO] [stderr]    Compiling bytes v1.1.0
[INFO] [stderr]    Compiling colored v1.9.3
[INFO] [stderr]    Compiling tokio-macros v1.7.0
[INFO] [stderr]    Compiling tokio v1.18.0
[INFO] [stderr]    Compiling interfaces v0.0.8
[INFO] [stderr]    Compiling serde_bytes v0.11.6
[INFO] [stderr]    Compiling plist v1.3.1
[INFO] [stderr]    Compiling idevice v0.1.0 (/opt/rustwide/workdir)
[INFO] [stderr]     Finished dev [unoptimized + debuginfo] target(s) in 58.85s
[INFO] running `Command { std: "docker" "inspect" "d1891000be18ca3e41c027d7ef057a98ea31814d2349fff8dcc06208e3194172", kill_on_drop: false }`
[INFO] running `Command { std: "docker" "rm" "-f" "d1891000be18ca3e41c027d7ef057a98ea31814d2349fff8dcc06208e3194172", kill_on_drop: false }`
[INFO] [stdout] d1891000be18ca3e41c027d7ef057a98ea31814d2349fff8dcc06208e3194172
[INFO] running `Command { std: "docker" "create" "-v" "/var/lib/crater-agent-workspace/builds/worker-3-tc1/target:/opt/rustwide/target:rw,Z" "-v" "/var/lib/crater-agent-workspace/builds/worker-3-tc1/source:/opt/rustwide/workdir:ro,Z" "-v" "/var/lib/crater-agent-workspace/cargo-home:/opt/rustwide/cargo-home:ro,Z" "-v" "/var/lib/crater-agent-workspace/rustup-home:/opt/rustwide/rustup-home:ro,Z" "-e" "SOURCE_DIR=/opt/rustwide/workdir" "-e" "CARGO_TARGET_DIR=/opt/rustwide/target" "-e" "CARGO_INCREMENTAL=0" "-e" "RUST_BACKTRACE=full" "-e" "RUSTFLAGS=--cap-lints=warn" "-e" "RUSTDOCFLAGS=--cap-lints=warn" "-e" "CARGO_HOME=/opt/rustwide/cargo-home" "-e" "RUSTUP_HOME=/opt/rustwide/rustup-home" "-w" "/opt/rustwide/workdir" "-m" "1610612736" "--user" "0:0" "--network" "none" "ghcr.io/rust-lang/crates-build-env/linux@sha256:5ff2268d62e97bff2cde7d5815dd6ed5b47097566f13b8d0ca110b04b60e07ed" "/opt/rustwide/cargo-home/bin/cargo" "+1.69.0" "test" "--frozen" "--no-run" "--message-format=json", kill_on_drop: false }`
[INFO] [stdout] c60f4082e6dd22a02c4394172c514f86a1a4aee0395f6f112c7a6ce0aa60be9b
[INFO] running `Command { std: "docker" "start" "-a" "c60f4082e6dd22a02c4394172c514f86a1a4aee0395f6f112c7a6ce0aa60be9b", kill_on_drop: false }`
[INFO] [stderr]    Compiling idevice v0.1.0 (/opt/rustwide/workdir)
[INFO] [stderr]     Finished test [unoptimized + debuginfo] target(s) in 1.88s
[INFO] running `Command { std: "docker" "inspect" "c60f4082e6dd22a02c4394172c514f86a1a4aee0395f6f112c7a6ce0aa60be9b", kill_on_drop: false }`
[INFO] running `Command { std: "docker" "rm" "-f" "c60f4082e6dd22a02c4394172c514f86a1a4aee0395f6f112c7a6ce0aa60be9b", kill_on_drop: false }`
[INFO] [stdout] c60f4082e6dd22a02c4394172c514f86a1a4aee0395f6f112c7a6ce0aa60be9b
[INFO] running `Command { std: "docker" "create" "-v" "/var/lib/crater-agent-workspace/builds/worker-3-tc1/target:/opt/rustwide/target:rw,Z" "-v" "/var/lib/crater-agent-workspace/builds/worker-3-tc1/source:/opt/rustwide/workdir:ro,Z" "-v" "/var/lib/crater-agent-workspace/cargo-home:/opt/rustwide/cargo-home:ro,Z" "-v" "/var/lib/crater-agent-workspace/rustup-home:/opt/rustwide/rustup-home:ro,Z" "-e" "SOURCE_DIR=/opt/rustwide/workdir" "-e" "CARGO_TARGET_DIR=/opt/rustwide/target" "-e" "CARGO_INCREMENTAL=0" "-e" "RUST_BACKTRACE=full" "-e" "RUSTFLAGS=--cap-lints=warn" "-e" "RUSTDOCFLAGS=--cap-lints=warn" "-e" "CARGO_HOME=/opt/rustwide/cargo-home" "-e" "RUSTUP_HOME=/opt/rustwide/rustup-home" "-w" "/opt/rustwide/workdir" "-m" "1610612736" "--user" "0:0" "--network" "none" "ghcr.io/rust-lang/crates-build-env/linux@sha256:5ff2268d62e97bff2cde7d5815dd6ed5b47097566f13b8d0ca110b04b60e07ed" "/opt/rustwide/cargo-home/bin/cargo" "+1.69.0" "test" "--frozen", kill_on_drop: false }`
[INFO] [stdout] 56aeae5b16d85af3d3c99a4871a1a3e6029ff176868b4f85b963d483eee4b2e5
[INFO] running `Command { std: "docker" "start" "-a" "56aeae5b16d85af3d3c99a4871a1a3e6029ff176868b4f85b963d483eee4b2e5", kill_on_drop: false }`
[INFO] [stderr]     Finished test [unoptimized + debuginfo] target(s) in 0.09s
[INFO] [stderr]      Running unittests src/lib.rs (/opt/rustwide/target/debug/deps/idevice-db4d2acfb8c0760d)
[INFO] [stdout] 
[INFO] [stderr]      Running unittests src/tools/fake_device.rs (/opt/rustwide/target/debug/deps/fake_device-98aaacb4a990a35d)
[INFO] [stdout] running 0 tests
[INFO] [stdout] 
[INFO] [stdout] test result: ok. 0 passed; 0 failed; 0 ignored; 0 measured; 0 filtered out; finished in 0.00s
[INFO] [stdout] 
[INFO] [stderr]      Running unittests src/tools/idevice_id.rs (/opt/rustwide/target/debug/deps/idevice_id-e785621440f9b6db)
[INFO] [stdout] 
[INFO] [stdout] running 0 tests
[INFO] [stdout] 
[INFO] [stdout] test result: ok. 0 passed; 0 failed; 0 ignored; 0 measured; 0 filtered out; finished in 0.00s
[INFO] [stdout] 
[INFO] [stdout] 
[INFO] [stderr]      Running unittests src/tools/passthrough.rs (/opt/rustwide/target/debug/deps/passthrough-84885284f8cd0838)
[INFO] [stdout] running 0 tests
[INFO] [stderr]      Running unittests src/tools/test.rs (/opt/rustwide/target/debug/deps/test-9f419c92cb36796f)
[INFO] [stdout] 
[INFO] [stdout] test result: ok. 0 passed; 0 failed; 0 ignored; 0 measured; 0 filtered out; finished in 0.00s
[INFO] [stdout] 
[INFO] [stdout] 
[INFO] [stdout] running 0 tests
[INFO] [stdout] 
[INFO] [stdout] test result: ok. 0 passed; 0 failed; 0 ignored; 0 measured; 0 filtered out; finished in 0.00s
[INFO] [stdout] 
[INFO] [stdout] 
[INFO] [stdout] running 0 tests
[INFO] [stdout] 
[INFO] [stdout] test result: ok. 0 passed; 0 failed; 0 ignored; 0 measured; 0 filtered out; finished in 0.00s
[INFO] [stdout] 
[INFO] [stderr]    Doc-tests idevice
[INFO] [stdout] 
[INFO] [stdout] running 1 test
[INFO] [stdout] test src/connection.rs - connection::binary_to_plist (line 168) ... FAILED
[INFO] [stderr] error: doctest failed, to rerun pass `--doc`
[INFO] [stdout] 
[INFO] [stdout] failures:
[INFO] [stdout] 
[INFO] [stdout] ---- src/connection.rs - connection::binary_to_plist (line 168) stdout ----
[INFO] [stdout] error: cannot find derive macro `Deserialize` in this scope
[INFO] [stdout]  --> src/connection.rs:169:10
[INFO] [stdout]   |
[INFO] [stdout] 3 | #[derive(Deserialize)]
[INFO] [stdout]   |          ^^^^^^^^^^^
[INFO] [stdout]   |
[INFO] [stdout]   = help: consider importing this derive macro:
[INFO] [stdout]           serde::Deserialize
[INFO] [stdout] 
[INFO] [stdout] error: cannot find attribute `serde` in this scope
[INFO] [stdout]  --> src/connection.rs:170:3
[INFO] [stdout]   |
[INFO] [stdout] 4 | #[serde(rename_all = "PascalCase")]
[INFO] [stdout]   |   ^^^^^
[INFO] [stdout]   |
[INFO] [stdout]   = note: `serde` is in scope, but it is a crate, not an attribute
[INFO] [stdout] 
[INFO] [stdout] error[E0425]: cannot find value `bytes` in this scope
[INFO] [stdout]  --> src/connection.rs:174:39
[INFO] [stdout]   |
[INFO] [stdout] 8 | let packet: Packet = binary_to_plist(&bytes).unwrap();
[INFO] [stdout]   |                                       ^^^^^ not found in this scope
[INFO] [stdout] 
[INFO] [stdout] error[E0425]: cannot find function `binary_to_plist` in this scope
[INFO] [stdout]  --> src/connection.rs:174:22
[INFO] [stdout]   |
[INFO] [stdout] 8 | let packet: Packet = binary_to_plist(&bytes).unwrap();
[INFO] [stdout]   |                      ^^^^^^^^^^^^^^^ not found in this scope
[INFO] [stdout] 
[INFO] [stdout] error: aborting due to 4 previous errors
[INFO] [stdout] 
[INFO] [stdout] For more information about this error, try `rustc --explain E0425`.
[INFO] [stdout] Couldn't compile the test.
[INFO] [stdout] 
[INFO] [stdout] failures:
[INFO] [stdout]     src/connection.rs - connection::binary_to_plist (line 168)
[INFO] [stdout] 
[INFO] [stdout] test result: FAILED. 0 passed; 1 failed; 0 ignored; 0 measured; 0 filtered out; finished in 0.09s
[INFO] [stdout] 
[INFO] running `Command { std: "docker" "inspect" "56aeae5b16d85af3d3c99a4871a1a3e6029ff176868b4f85b963d483eee4b2e5", kill_on_drop: false }`
[INFO] running `Command { std: "docker" "rm" "-f" "56aeae5b16d85af3d3c99a4871a1a3e6029ff176868b4f85b963d483eee4b2e5", kill_on_drop: false }`
[INFO] [stdout] 56aeae5b16d85af3d3c99a4871a1a3e6029ff176868b4f85b963d483eee4b2e5
