[INFO] cloning repository https://github.com/jeremydavis519/runtime-macros
[INFO] running `Command { std: "git" "-c" "credential.helper=" "-c" "credential.helper=/workspace/cargo-home/bin/git-credential-null" "clone" "--bare" "https://github.com/jeremydavis519/runtime-macros" "/workspace/cache/git-repos/https%3A%2F%2Fgithub.com%2Fjeremydavis519%2Fruntime-macros", kill_on_drop: false }`
[INFO] [stderr] Cloning into bare repository '/workspace/cache/git-repos/https%3A%2F%2Fgithub.com%2Fjeremydavis519%2Fruntime-macros'...
[INFO] running `Command { std: "git" "rev-parse" "HEAD", kill_on_drop: false }`
[INFO] [stdout] bcf696de32619f00309dc2b16f313952620ef340
[INFO] testing jeremydavis519/runtime-macros against beta-2023-04-20 for beta-1.70-1
[INFO] running `Command { std: "git" "clone" "/workspace/cache/git-repos/https%3A%2F%2Fgithub.com%2Fjeremydavis519%2Fruntime-macros" "/workspace/builds/worker-0-tc2/source", kill_on_drop: false }`
[INFO] [stderr] Cloning into '/workspace/builds/worker-0-tc2/source'...
[INFO] [stderr] done.
[INFO] validating manifest of git repo https://github.com/jeremydavis519/runtime-macros on toolchain beta-2023-04-20
[INFO] running `Command { std: CARGO_HOME="/workspace/cargo-home" RUSTUP_HOME="/workspace/rustup-home" "/workspace/cargo-home/bin/cargo" "+beta-2023-04-20" "metadata" "--manifest-path" "Cargo.toml" "--no-deps", kill_on_drop: false }`
[INFO] started tweaking git repo https://github.com/jeremydavis519/runtime-macros
[INFO] finished tweaking git repo https://github.com/jeremydavis519/runtime-macros
[INFO] tweaked toml for git repo https://github.com/jeremydavis519/runtime-macros written to /workspace/builds/worker-0-tc2/source/Cargo.toml
[INFO] crate git repo https://github.com/jeremydavis519/runtime-macros already has a lockfile, it will not be regenerated
[INFO] running `Command { std: CARGO_HOME="/workspace/cargo-home" RUSTUP_HOME="/workspace/rustup-home" "/workspace/cargo-home/bin/cargo" "+beta-2023-04-20" "fetch" "--manifest-path" "Cargo.toml", kill_on_drop: false }`
[INFO] [stderr]     Updating crates.io index
[INFO] [stderr]  Downloading crates ...
[INFO] [stderr]   Downloaded cargo_metadata v0.15.0
[INFO] [stderr]   Downloaded cargo-tarpaulin v0.21.0
[INFO] [stderr]   Downloaded coveralls-api v0.5.0
[INFO] [stderr]   Downloaded quick-xml v0.23.0
[INFO] [stderr]   Downloaded procfs v0.14.1
[INFO] running `Command { std: "docker" "create" "-v" "/var/lib/crater-agent-workspace/builds/worker-0-tc2/target:/opt/rustwide/target:rw,Z" "-v" "/var/lib/crater-agent-workspace/builds/worker-0-tc2/source:/opt/rustwide/workdir:ro,Z" "-v" "/var/lib/crater-agent-workspace/cargo-home:/opt/rustwide/cargo-home:ro,Z" "-v" "/var/lib/crater-agent-workspace/rustup-home:/opt/rustwide/rustup-home:ro,Z" "-e" "SOURCE_DIR=/opt/rustwide/workdir" "-e" "CARGO_TARGET_DIR=/opt/rustwide/target" "-e" "CARGO_HOME=/opt/rustwide/cargo-home" "-e" "RUSTUP_HOME=/opt/rustwide/rustup-home" "-w" "/opt/rustwide/workdir" "-m" "1610612736" "--user" "0:0" "--network" "none" "ghcr.io/rust-lang/crates-build-env/linux@sha256:5ff2268d62e97bff2cde7d5815dd6ed5b47097566f13b8d0ca110b04b60e07ed" "/opt/rustwide/cargo-home/bin/cargo" "+beta-2023-04-20" "metadata" "--no-deps" "--format-version=1", kill_on_drop: false }`
[INFO] [stdout] 8d2607334c283df210c060c98f2543b141a25ee908347879b8b680c315fb4e80
[INFO] running `Command { std: "docker" "start" "-a" "8d2607334c283df210c060c98f2543b141a25ee908347879b8b680c315fb4e80", kill_on_drop: false }`
[INFO] running `Command { std: "docker" "inspect" "8d2607334c283df210c060c98f2543b141a25ee908347879b8b680c315fb4e80", kill_on_drop: false }`
[INFO] running `Command { std: "docker" "rm" "-f" "8d2607334c283df210c060c98f2543b141a25ee908347879b8b680c315fb4e80", kill_on_drop: false }`
[INFO] [stdout] 8d2607334c283df210c060c98f2543b141a25ee908347879b8b680c315fb4e80
[INFO] running `Command { std: "docker" "create" "-v" "/var/lib/crater-agent-workspace/builds/worker-0-tc2/target:/opt/rustwide/target:rw,Z" "-v" "/var/lib/crater-agent-workspace/builds/worker-0-tc2/source:/opt/rustwide/workdir:ro,Z" "-v" "/var/lib/crater-agent-workspace/cargo-home:/opt/rustwide/cargo-home:ro,Z" "-v" "/var/lib/crater-agent-workspace/rustup-home:/opt/rustwide/rustup-home:ro,Z" "-e" "SOURCE_DIR=/opt/rustwide/workdir" "-e" "CARGO_TARGET_DIR=/opt/rustwide/target" "-e" "CARGO_INCREMENTAL=0" "-e" "RUST_BACKTRACE=full" "-e" "RUSTFLAGS=--cap-lints=warn" "-e" "RUSTDOCFLAGS=--cap-lints=warn" "-e" "CARGO_HOME=/opt/rustwide/cargo-home" "-e" "RUSTUP_HOME=/opt/rustwide/rustup-home" "-w" "/opt/rustwide/workdir" "-m" "1610612736" "--user" "0:0" "--network" "none" "ghcr.io/rust-lang/crates-build-env/linux@sha256:5ff2268d62e97bff2cde7d5815dd6ed5b47097566f13b8d0ca110b04b60e07ed" "/opt/rustwide/cargo-home/bin/cargo" "+beta-2023-04-20" "build" "--frozen" "--message-format=json", kill_on_drop: false }`
[INFO] [stdout] 056af3bd8839a2096a03d5d78c2368064f611673e074525da628308f79c1ce3d
[INFO] running `Command { std: "docker" "start" "-a" "056af3bd8839a2096a03d5d78c2368064f611673e074525da628308f79c1ce3d", kill_on_drop: false }`
[INFO] [stderr]    Compiling proc-macro2 v1.0.43
[INFO] [stderr]    Compiling quote v1.0.21
[INFO] [stderr]    Compiling unicode-ident v1.0.3
[INFO] [stderr]    Compiling syn v1.0.99
[INFO] [stderr]    Compiling runtime-macros v1.0.0 (/opt/rustwide/workdir)
[INFO] [stderr]     Finished dev [unoptimized + debuginfo] target(s) in 5.78s
[INFO] running `Command { std: "docker" "inspect" "056af3bd8839a2096a03d5d78c2368064f611673e074525da628308f79c1ce3d", kill_on_drop: false }`
[INFO] running `Command { std: "docker" "rm" "-f" "056af3bd8839a2096a03d5d78c2368064f611673e074525da628308f79c1ce3d", kill_on_drop: false }`
[INFO] [stdout] 056af3bd8839a2096a03d5d78c2368064f611673e074525da628308f79c1ce3d
[INFO] running `Command { std: "docker" "create" "-v" "/var/lib/crater-agent-workspace/builds/worker-0-tc2/target:/opt/rustwide/target:rw,Z" "-v" "/var/lib/crater-agent-workspace/builds/worker-0-tc2/source:/opt/rustwide/workdir:ro,Z" "-v" "/var/lib/crater-agent-workspace/cargo-home:/opt/rustwide/cargo-home:ro,Z" "-v" "/var/lib/crater-agent-workspace/rustup-home:/opt/rustwide/rustup-home:ro,Z" "-e" "SOURCE_DIR=/opt/rustwide/workdir" "-e" "CARGO_TARGET_DIR=/opt/rustwide/target" "-e" "CARGO_INCREMENTAL=0" "-e" "RUST_BACKTRACE=full" "-e" "RUSTFLAGS=--cap-lints=warn" "-e" "RUSTDOCFLAGS=--cap-lints=warn" "-e" "CARGO_HOME=/opt/rustwide/cargo-home" "-e" "RUSTUP_HOME=/opt/rustwide/rustup-home" "-w" "/opt/rustwide/workdir" "-m" "1610612736" "--user" "0:0" "--network" "none" "ghcr.io/rust-lang/crates-build-env/linux@sha256:5ff2268d62e97bff2cde7d5815dd6ed5b47097566f13b8d0ca110b04b60e07ed" "/opt/rustwide/cargo-home/bin/cargo" "+beta-2023-04-20" "test" "--frozen" "--no-run" "--message-format=json", kill_on_drop: false }`
[INFO] [stdout] bfc589fce4f622f2b3356d70ef65b4886bf106d837ea80414e627c1ddcc5eec9
[INFO] running `Command { std: "docker" "start" "-a" "bfc589fce4f622f2b3356d70ef65b4886bf106d837ea80414e627c1ddcc5eec9", kill_on_drop: false }`
[INFO] [stderr]     Blocking waiting for file lock on package cache
[INFO] [stderr]    Compiling libc v0.2.132
[INFO] [stderr]    Compiling pkg-config v0.3.25
[INFO] [stderr]    Compiling serde_derive v1.0.144
[INFO] [stderr]    Compiling serde v1.0.144
[INFO] [stderr]    Compiling crc32fast v1.3.2
[INFO] [stderr]    Compiling memchr v2.5.0
[INFO] [stderr]    Compiling semver v1.0.13
[INFO] [stderr]    Compiling bitflags v1.3.2
[INFO] [stderr]    Compiling once_cell v1.14.0
[INFO] [stderr]    Compiling tinyvec_macros v0.1.0
[INFO] [stderr]    Compiling num-traits v0.2.15
[INFO] [stderr]    Compiling num-integer v0.1.45
[INFO] [stderr]    Compiling log v0.4.17
[INFO] [stderr]    Compiling serde_json v1.0.85
[INFO] [stderr]    Compiling adler v1.0.2
[INFO] [stderr]    Compiling regex-syntax v0.6.27
[INFO] [stderr]    Compiling lazy_static v1.4.0
[INFO] [stderr]    Compiling tinyvec v1.6.0
[INFO] [stderr]    Compiling matches v0.1.9
[INFO] [stderr]    Compiling io-lifetimes v0.7.3
[INFO] [stderr]    Compiling tracing-core v0.1.29
[INFO] [stderr]    Compiling miniz_oxide v0.5.3
[INFO] [stderr]    Compiling indexmap v1.9.1
[INFO] [stderr]    Compiling curl v0.4.44
[INFO] [stderr]    Compiling iana-time-zone v0.1.47
[INFO] [stderr]    Compiling itoa v1.0.3
[INFO] [stderr]    Compiling ryu v1.0.11
[INFO] [stderr]    Compiling openssl-probe v0.1.5
[INFO] [stderr]    Compiling camino v1.1.1
[INFO] [stderr]    Compiling unicode-bidi v0.3.8
[INFO] [stderr]    Compiling percent-encoding v2.1.0
[INFO] [stderr]    Compiling rustix v0.35.9
[INFO] [stderr]    Compiling byteorder v1.4.3
[INFO] [stderr]    Compiling unicode-normalization v0.1.21
[INFO] [stderr]    Compiling form_urlencoded v1.0.1
[INFO] [stderr]    Compiling flate2 v1.0.24
[INFO] [stderr]    Compiling aho-corasick v0.7.19
[INFO] [stderr]    Compiling gzip-header v0.3.0
[INFO] [stderr]    Compiling hashbrown v0.12.3
[INFO] [stderr]    Compiling unicode-width v0.1.9
[INFO] [stderr]    Compiling linux-raw-sys v0.0.46
[INFO] [stderr]    Compiling pin-project-lite v0.2.9
[INFO] [stderr]    Compiling procfs v0.14.1
[INFO] [stderr]    Compiling adler32 v1.2.0
[INFO] [stderr]    Compiling ansi_term v0.12.1
[INFO] [stderr]    Compiling tracing v0.1.36
[INFO] [stderr]    Compiling textwrap v0.11.0
[INFO] [stderr]    Compiling idna v0.2.3
[INFO] [stderr]    Compiling deflate v0.8.6
[INFO] [stderr]    Compiling tracing-log v0.1.3
[INFO] [stderr]    Compiling jobserver v0.1.24
[INFO] [stderr]    Compiling time v0.1.44
[INFO] [stderr]    Compiling socket2 v0.4.7
[INFO] [stderr]    Compiling atty v0.2.14
[INFO] [stderr]    Compiling thread_local v1.1.4
[INFO] [stderr]    Compiling sharded-slab v0.1.4
[INFO] [stderr]    Compiling same-file v1.0.6
[INFO] [stderr]    Compiling cc v1.0.73
[INFO] [stderr]    Compiling regex-automata v0.1.10
[INFO] [stderr]    Compiling regex v1.6.0
[INFO] [stderr]    Compiling smallvec v1.9.0
[INFO] [stderr]    Compiling url v2.2.2
[INFO] [stderr]    Compiling hex v0.4.3
[INFO] [stderr]    Compiling vec_map v0.8.2
[INFO] [stderr]    Compiling md5 v0.7.0
[INFO] [stderr]    Compiling fallible-iterator v0.2.0
[INFO] [stderr]    Compiling chrono v0.4.22
[INFO] [stderr]    Compiling stable_deref_trait v1.2.0
[INFO] [stderr]    Compiling strsim v0.8.0
[INFO] [stderr]    Compiling humantime v2.1.0
[INFO] [stderr]    Compiling walkdir v2.3.2
[INFO] [stderr]    Compiling num_cpus v1.13.1
[INFO] [stderr]    Compiling nix v0.24.2
[INFO] [stderr]    Compiling clap v2.34.0
[INFO] [stderr]    Compiling memmap v0.7.0
[INFO] [stderr]    Compiling object v0.29.0
[INFO] [stderr]    Compiling quick-xml v0.23.0
[INFO] [stderr]    Compiling matchers v0.0.1
[INFO] [stderr]    Compiling rustc-demangle v0.1.21
[INFO] [stderr]    Compiling openssl-sys v0.9.75
[INFO] [stderr]    Compiling libz-sys v1.1.8
[INFO] [stderr]    Compiling curl-sys v0.4.56+curl-7.83.1
[INFO] [stderr]    Compiling libssh2-sys v0.2.23
[INFO] [stderr]    Compiling libgit2-sys v0.14.0+1.5.0
[INFO] [stderr]    Compiling tracing-subscriber v0.2.25
[INFO] [stderr]    Compiling cargo-platform v0.1.2
[INFO] [stderr]    Compiling humantime-serde v1.1.1
[INFO] [stderr]    Compiling toml v0.5.9
[INFO] [stderr]    Compiling git2 v0.15.0
[INFO] [stderr]    Compiling rustc_version v0.4.0
[INFO] [stderr]    Compiling gimli v0.26.2
[INFO] [stderr]    Compiling cargo-tarpaulin v0.21.0
[INFO] [stderr]    Compiling cargo_metadata v0.15.0
[INFO] [stderr]    Compiling coveralls-api v0.5.0
[INFO] [stderr]    Compiling runtime-macros v1.0.0 (/opt/rustwide/workdir)
[INFO] [stderr]     Finished test [unoptimized + debuginfo] target(s) in 34.92s
[INFO] running `Command { std: "docker" "inspect" "bfc589fce4f622f2b3356d70ef65b4886bf106d837ea80414e627c1ddcc5eec9", kill_on_drop: false }`
[INFO] running `Command { std: "docker" "rm" "-f" "bfc589fce4f622f2b3356d70ef65b4886bf106d837ea80414e627c1ddcc5eec9", kill_on_drop: false }`
[INFO] [stdout] bfc589fce4f622f2b3356d70ef65b4886bf106d837ea80414e627c1ddcc5eec9
[INFO] running `Command { std: "docker" "create" "-v" "/var/lib/crater-agent-workspace/builds/worker-0-tc2/target:/opt/rustwide/target:rw,Z" "-v" "/var/lib/crater-agent-workspace/builds/worker-0-tc2/source:/opt/rustwide/workdir:ro,Z" "-v" "/var/lib/crater-agent-workspace/cargo-home:/opt/rustwide/cargo-home:ro,Z" "-v" "/var/lib/crater-agent-workspace/rustup-home:/opt/rustwide/rustup-home:ro,Z" "-e" "SOURCE_DIR=/opt/rustwide/workdir" "-e" "CARGO_TARGET_DIR=/opt/rustwide/target" "-e" "CARGO_INCREMENTAL=0" "-e" "RUST_BACKTRACE=full" "-e" "RUSTFLAGS=--cap-lints=warn" "-e" "RUSTDOCFLAGS=--cap-lints=warn" "-e" "CARGO_HOME=/opt/rustwide/cargo-home" "-e" "RUSTUP_HOME=/opt/rustwide/rustup-home" "-w" "/opt/rustwide/workdir" "-m" "1610612736" "--user" "0:0" "--network" "none" "ghcr.io/rust-lang/crates-build-env/linux@sha256:5ff2268d62e97bff2cde7d5815dd6ed5b47097566f13b8d0ca110b04b60e07ed" "/opt/rustwide/cargo-home/bin/cargo" "+beta-2023-04-20" "test" "--frozen", kill_on_drop: false }`
[INFO] [stdout] dff9b10caebe90b84ea53f42ef347d8619c9e1964da2a4256a5eaf2f23b46074
[INFO] running `Command { std: "docker" "start" "-a" "dff9b10caebe90b84ea53f42ef347d8619c9e1964da2a4256a5eaf2f23b46074", kill_on_drop: false }`
[INFO] [stderr]     Finished test [unoptimized + debuginfo] target(s) in 0.07s
[INFO] [stderr]      Running unittests src/lib.rs (/opt/rustwide/target/debug/deps/runtime_macros-f2a4b2bee71f0884)
[INFO] [stdout] 
[INFO] [stdout] running 1 test
[INFO] [stderr]    Compiling proc-macro2 v1.0.43
[INFO] [stderr]    Compiling unicode-ident v1.0.3
[INFO] [stderr]    Compiling quote v1.0.21
[INFO] [stderr]    Compiling syn v1.0.99
[INFO] [stderr]    Compiling runtime-macros v1.0.0 (/opt/rustwide/workdir)
[INFO] [stderr]    Compiling custom_assert v0.1.0 (/opt/rustwide/workdir/examples/custom_assert)
[INFO] [stderr]     Finished test [unoptimized + debuginfo] target(s) in 7.07s
[INFO] [stdout] test tests::proc_macro_coverage ... FAILED
[INFO] [stdout] 
[INFO] [stdout] failures:
[INFO] [stdout] 
[INFO] [stdout] ---- tests::proc_macro_coverage stdout ----
[INFO] [stdout] thread 'tests::proc_macro_coverage' panicked at 'called `Result::unwrap()` on an `Err` value: TestCoverage("Failed to run tests: Unexpected signal when starting test")', src/lib.rs:361:78
[INFO] [stdout] stack backtrace:
[INFO] [stdout]    0:     0x56195b85c95a - <unknown>
[INFO] [stdout]    1:     0x56195b883e6f - <unknown>
[INFO] [stdout]    2:     0x56195b858a25 - <unknown>
[INFO] [stdout]    3:     0x56195b85c725 - <unknown>
[INFO] [stdout]    4:     0x56195b85e45e - <unknown>
[INFO] [stdout]    5:     0x56195b85e191 - <unknown>
[INFO] [stdout]    6:     0x56195b21dc4b - <unknown>
[INFO] [stdout]    7:     0x56195b85eb44 - <unknown>
[INFO] [stdout]    8:     0x56195b85e8b9 - <unknown>
[INFO] [stdout]    9:     0x56195b85cdc6 - <unknown>
[INFO] [stdout]   10:     0x56195b85e612 - <unknown>
[INFO] [stdout]   11:     0x56195b1e8ef3 - <unknown>
[INFO] [stdout]   12:     0x56195b1e9493 - <unknown>
[INFO] [stdout]   13:     0x56195b1ea74b - <unknown>
[INFO] [stdout]   14:     0x56195b1e9f34 - <unknown>
[INFO] [stdout]   15:     0x56195b1e9bf7 - <unknown>
[INFO] [stdout]   16:     0x56195b1e97d5 - <unknown>
[INFO] [stdout]   17:     0x56195b222b1f - <unknown>
[INFO] [stdout]   18:     0x56195b1f030c - <unknown>
[INFO] [stdout]   19:     0x56195b221bf6 - <unknown>
[INFO] [stdout]   20:     0x56195b1eab15 - <unknown>
[INFO] [stdout]   21:     0x56195b1f0051 - <unknown>
[INFO] [stdout]   22:     0x56195b8644b5 - <unknown>
[INFO] [stdout]   23:     0x7ff9a05c4b43 - <unknown>
[INFO] [stdout]   24:     0x7ff9a0655bb4 - __clone
[INFO] [stdout]   25:                0x0 - <unknown>
[INFO] [stdout] 
[INFO] [stdout] 
[INFO] [stdout] failures:
[INFO] [stdout]     tests::proc_macro_coverage
[INFO] [stdout] 
[INFO] [stdout] test result: FAILED. 0 passed; 1 failed; 0 ignored; 0 measured; 0 filtered out; finished in 8.88s
[INFO] [stdout] 
[INFO] [stderr] error: test failed, to rerun pass `--lib`
[INFO] running `Command { std: "docker" "inspect" "dff9b10caebe90b84ea53f42ef347d8619c9e1964da2a4256a5eaf2f23b46074", kill_on_drop: false }`
[INFO] running `Command { std: "docker" "rm" "-f" "dff9b10caebe90b84ea53f42ef347d8619c9e1964da2a4256a5eaf2f23b46074", kill_on_drop: false }`
[INFO] [stdout] dff9b10caebe90b84ea53f42ef347d8619c9e1964da2a4256a5eaf2f23b46074
