[INFO] cloning repository https://github.com/jean553/rust-kibana-logger
[INFO] running `Command { std: "git" "-c" "credential.helper=" "-c" "credential.helper=/workspace/cargo-home/bin/git-credential-null" "clone" "--bare" "https://github.com/jean553/rust-kibana-logger" "/workspace/cache/git-repos/https%3A%2F%2Fgithub.com%2Fjean553%2Frust-kibana-logger", kill_on_drop: false }`
[INFO] [stderr] Cloning into bare repository '/workspace/cache/git-repos/https%3A%2F%2Fgithub.com%2Fjean553%2Frust-kibana-logger'...
[INFO] running `Command { std: "git" "rev-parse" "HEAD", kill_on_drop: false }`
[INFO] [stdout] e0186262f5e65386a1f54a7fd55da50b494495fb
[INFO] testing jean553/rust-kibana-logger against beta-2023-04-20 for beta-1.70-1
[INFO] running `Command { std: "git" "clone" "/workspace/cache/git-repos/https%3A%2F%2Fgithub.com%2Fjean553%2Frust-kibana-logger" "/workspace/builds/worker-4-tc2/source", kill_on_drop: false }`
[INFO] [stderr] Cloning into '/workspace/builds/worker-4-tc2/source'...
[INFO] [stderr] done.
[INFO] validating manifest of git repo https://github.com/jean553/rust-kibana-logger on toolchain beta-2023-04-20
[INFO] running `Command { std: CARGO_HOME="/workspace/cargo-home" RUSTUP_HOME="/workspace/rustup-home" "/workspace/cargo-home/bin/cargo" "+beta-2023-04-20" "metadata" "--manifest-path" "Cargo.toml" "--no-deps", kill_on_drop: false }`
[INFO] started tweaking git repo https://github.com/jean553/rust-kibana-logger
[INFO] finished tweaking git repo https://github.com/jean553/rust-kibana-logger
[INFO] tweaked toml for git repo https://github.com/jean553/rust-kibana-logger written to /workspace/builds/worker-4-tc2/source/Cargo.toml
[INFO] crate git repo https://github.com/jean553/rust-kibana-logger already has a lockfile, it will not be regenerated
[INFO] running `Command { std: CARGO_HOME="/workspace/cargo-home" RUSTUP_HOME="/workspace/rustup-home" "/workspace/cargo-home/bin/cargo" "+beta-2023-04-20" "fetch" "--manifest-path" "Cargo.toml", kill_on_drop: false }`
[INFO] [stderr]  Downloading crates ...
[INFO] [stderr]   Downloaded syslog v3.3.0
[INFO] [stderr]   Downloaded serde v1.0.37
[INFO] running `Command { std: "docker" "create" "-v" "/var/lib/crater-agent-workspace/builds/worker-4-tc2/target:/opt/rustwide/target:rw,Z" "-v" "/var/lib/crater-agent-workspace/builds/worker-4-tc2/source:/opt/rustwide/workdir:ro,Z" "-v" "/var/lib/crater-agent-workspace/cargo-home:/opt/rustwide/cargo-home:ro,Z" "-v" "/var/lib/crater-agent-workspace/rustup-home:/opt/rustwide/rustup-home:ro,Z" "-e" "SOURCE_DIR=/opt/rustwide/workdir" "-e" "CARGO_TARGET_DIR=/opt/rustwide/target" "-e" "CARGO_HOME=/opt/rustwide/cargo-home" "-e" "RUSTUP_HOME=/opt/rustwide/rustup-home" "-w" "/opt/rustwide/workdir" "-m" "1610612736" "--user" "0:0" "--network" "none" "ghcr.io/rust-lang/crates-build-env/linux@sha256:5ff2268d62e97bff2cde7d5815dd6ed5b47097566f13b8d0ca110b04b60e07ed" "/opt/rustwide/cargo-home/bin/cargo" "+beta-2023-04-20" "metadata" "--no-deps" "--format-version=1", kill_on_drop: false }`
[INFO] [stdout] 56d0d312af6d920745dbc6a939d329bd4495330510ca6e8e9b55ff0a4093d1bf
[INFO] running `Command { std: "docker" "start" "-a" "56d0d312af6d920745dbc6a939d329bd4495330510ca6e8e9b55ff0a4093d1bf", kill_on_drop: false }`
[INFO] running `Command { std: "docker" "inspect" "56d0d312af6d920745dbc6a939d329bd4495330510ca6e8e9b55ff0a4093d1bf", kill_on_drop: false }`
[INFO] running `Command { std: "docker" "rm" "-f" "56d0d312af6d920745dbc6a939d329bd4495330510ca6e8e9b55ff0a4093d1bf", kill_on_drop: false }`
[INFO] [stdout] 56d0d312af6d920745dbc6a939d329bd4495330510ca6e8e9b55ff0a4093d1bf
[INFO] running `Command { std: "docker" "create" "-v" "/var/lib/crater-agent-workspace/builds/worker-4-tc2/target:/opt/rustwide/target:rw,Z" "-v" "/var/lib/crater-agent-workspace/builds/worker-4-tc2/source:/opt/rustwide/workdir:ro,Z" "-v" "/var/lib/crater-agent-workspace/cargo-home:/opt/rustwide/cargo-home:ro,Z" "-v" "/var/lib/crater-agent-workspace/rustup-home:/opt/rustwide/rustup-home:ro,Z" "-e" "SOURCE_DIR=/opt/rustwide/workdir" "-e" "CARGO_TARGET_DIR=/opt/rustwide/target" "-e" "CARGO_INCREMENTAL=0" "-e" "RUST_BACKTRACE=full" "-e" "RUSTFLAGS=--cap-lints=warn" "-e" "RUSTDOCFLAGS=--cap-lints=warn" "-e" "CARGO_HOME=/opt/rustwide/cargo-home" "-e" "RUSTUP_HOME=/opt/rustwide/rustup-home" "-w" "/opt/rustwide/workdir" "-m" "1610612736" "--user" "0:0" "--network" "none" "ghcr.io/rust-lang/crates-build-env/linux@sha256:5ff2268d62e97bff2cde7d5815dd6ed5b47097566f13b8d0ca110b04b60e07ed" "/opt/rustwide/cargo-home/bin/cargo" "+beta-2023-04-20" "build" "--frozen" "--message-format=json", kill_on_drop: false }`
[INFO] [stdout] bae694ac4d1bae67fc2d9223b35e7de3269668b275b4c509bd6d812dd86014d4
[INFO] running `Command { std: "docker" "start" "-a" "bae694ac4d1bae67fc2d9223b35e7de3269668b275b4c509bd6d812dd86014d4", kill_on_drop: false }`
[INFO] [stderr]    Compiling cfg-if v0.1.2
[INFO] [stderr]    Compiling libc v0.2.40
[INFO] [stderr]    Compiling serde v1.0.37
[INFO] [stderr]    Compiling itoa v0.4.1
[INFO] [stderr]    Compiling num-traits v0.2.2
[INFO] [stderr]    Compiling dtoa v0.4.2
[INFO] [stderr]    Compiling log v0.4.1
[INFO] [stderr]    Compiling log v0.3.9
[INFO] [stderr]    Compiling unix_socket v0.5.0
[INFO] [stderr]    Compiling time v0.1.39
[INFO] [stderr]    Compiling syslog v3.3.0
[INFO] [stderr]    Compiling serde_json v1.0.13
[INFO] [stderr]    Compiling rust-kibana-logger v0.1.0 (/opt/rustwide/workdir)
[INFO] [stdout] warning: struct `KibanaLogger` is never constructed
[INFO] [stdout]   --> src/lib.rs:19:8
[INFO] [stdout]    |
[INFO] [stdout] 19 | struct KibanaLogger {
[INFO] [stdout]    |        ^^^^^^^^^^^^
[INFO] [stdout]    |
[INFO] [stdout]    = note: `#[warn(dead_code)]` on by default
[INFO] [stdout] 
[INFO] [stdout] 
[INFO] [stdout] warning: function `format_cee` is never used
[INFO] [stdout]   --> src/lib.rs:34:4
[INFO] [stdout]    |
[INFO] [stdout] 34 | fn format_cee(data: String) -> String {
[INFO] [stdout]    |    ^^^^^^^^^^
[INFO] [stdout] 
[INFO] [stdout] 
[INFO] [stdout] warning: multiple associated items are never used
[INFO] [stdout]    --> src/lib.rs:49:8
[INFO] [stdout]     |
[INFO] [stdout] 38  | impl KibanaLogger {
[INFO] [stdout]     | ----------------- associated items in this implementation
[INFO] [stdout] ...
[INFO] [stdout] 49  |     fn new(data: Value) -> KibanaLogger {
[INFO] [stdout]     |        ^^^
[INFO] [stdout] ...
[INFO] [stdout] 69  |     fn clone_with(&self, data: Value) -> KibanaLogger {
[INFO] [stdout]     |        ^^^^^^^^^^
[INFO] [stdout] ...
[INFO] [stdout] 85  |     fn merge(&mut self, data: Value) {
[INFO] [stdout]     |        ^^^^^
[INFO] [stdout] ...
[INFO] [stdout] 108 |     fn get_merged_data(&self, data: Value) -> Map<String, Value> {
[INFO] [stdout]     |        ^^^^^^^^^^^^^^^
[INFO] [stdout] ...
[INFO] [stdout] 131 |     fn log_info(&mut self, data: Value) {
[INFO] [stdout]     |        ^^^^^^^^
[INFO] [stdout] ...
[INFO] [stdout] 142 |     fn log_warning(&mut self, data: Value) {
[INFO] [stdout]     |        ^^^^^^^^^^^
[INFO] [stdout] ...
[INFO] [stdout] 153 |     fn log_error(&mut self, data: Value) {
[INFO] [stdout]     |        ^^^^^^^^^
[INFO] [stdout] ...
[INFO] [stdout] 164 |     fn log_debug(&mut self, data: Value) {
[INFO] [stdout]     |        ^^^^^^^^^
[INFO] [stdout] ...
[INFO] [stdout] 175 |     fn log_critical(&mut self, data: Value) {
[INFO] [stdout]     |        ^^^^^^^^^^^^
[INFO] [stdout] 
[INFO] [stdout] 
[INFO] [stdout] warning: 3 warnings emitted
[INFO] [stdout] 
[INFO] [stdout] 
[INFO] [stderr]     Finished dev [unoptimized + debuginfo] target(s) in 3.35s
[INFO] running `Command { std: "docker" "inspect" "bae694ac4d1bae67fc2d9223b35e7de3269668b275b4c509bd6d812dd86014d4", kill_on_drop: false }`
[INFO] running `Command { std: "docker" "rm" "-f" "bae694ac4d1bae67fc2d9223b35e7de3269668b275b4c509bd6d812dd86014d4", kill_on_drop: false }`
[INFO] [stdout] bae694ac4d1bae67fc2d9223b35e7de3269668b275b4c509bd6d812dd86014d4
[INFO] running `Command { std: "docker" "create" "-v" "/var/lib/crater-agent-workspace/builds/worker-4-tc2/target:/opt/rustwide/target:rw,Z" "-v" "/var/lib/crater-agent-workspace/builds/worker-4-tc2/source:/opt/rustwide/workdir:ro,Z" "-v" "/var/lib/crater-agent-workspace/cargo-home:/opt/rustwide/cargo-home:ro,Z" "-v" "/var/lib/crater-agent-workspace/rustup-home:/opt/rustwide/rustup-home:ro,Z" "-e" "SOURCE_DIR=/opt/rustwide/workdir" "-e" "CARGO_TARGET_DIR=/opt/rustwide/target" "-e" "CARGO_INCREMENTAL=0" "-e" "RUST_BACKTRACE=full" "-e" "RUSTFLAGS=--cap-lints=warn" "-e" "RUSTDOCFLAGS=--cap-lints=warn" "-e" "CARGO_HOME=/opt/rustwide/cargo-home" "-e" "RUSTUP_HOME=/opt/rustwide/rustup-home" "-w" "/opt/rustwide/workdir" "-m" "1610612736" "--user" "0:0" "--network" "none" "ghcr.io/rust-lang/crates-build-env/linux@sha256:5ff2268d62e97bff2cde7d5815dd6ed5b47097566f13b8d0ca110b04b60e07ed" "/opt/rustwide/cargo-home/bin/cargo" "+beta-2023-04-20" "test" "--frozen" "--no-run" "--message-format=json", kill_on_drop: false }`
[INFO] [stdout] ffaabd1c5047a8cd7a20d18ec3b746480e91f28ea152bbe4b8851343a59cd37c
[INFO] running `Command { std: "docker" "start" "-a" "ffaabd1c5047a8cd7a20d18ec3b746480e91f28ea152bbe4b8851343a59cd37c", kill_on_drop: false }`
[INFO] [stdout] warning: struct `KibanaLogger` is never constructed
[INFO] [stdout]   --> src/lib.rs:19:8
[INFO] [stdout]    |
[INFO] [stdout] 19 | struct KibanaLogger {
[INFO] [stdout]    |        ^^^^^^^^^^^^
[INFO] [stdout]    |
[INFO] [stdout]    = note: `#[warn(dead_code)]` on by default
[INFO] [stdout] 
[INFO] [stdout] 
[INFO] [stdout] warning: function `format_cee` is never used
[INFO] [stdout]   --> src/lib.rs:34:4
[INFO] [stdout]    |
[INFO] [stdout] 34 | fn format_cee(data: String) -> String {
[INFO] [stdout]    |    ^^^^^^^^^^
[INFO] [stdout] 
[INFO] [stdout] 
[INFO] [stderr]    Compiling rust-kibana-logger v0.1.0 (/opt/rustwide/workdir)
[INFO] [stdout] warning: multiple associated items are never used
[INFO] [stdout]    --> src/lib.rs:49:8
[INFO] [stdout]     |
[INFO] [stdout] 38  | impl KibanaLogger {
[INFO] [stdout]     | ----------------- associated items in this implementation
[INFO] [stdout] ...
[INFO] [stdout] 49  |     fn new(data: Value) -> KibanaLogger {
[INFO] [stdout]     |        ^^^
[INFO] [stdout] ...
[INFO] [stdout] 69  |     fn clone_with(&self, data: Value) -> KibanaLogger {
[INFO] [stdout]     |        ^^^^^^^^^^
[INFO] [stdout] ...
[INFO] [stdout] 85  |     fn merge(&mut self, data: Value) {
[INFO] [stdout]     |        ^^^^^
[INFO] [stdout] ...
[INFO] [stdout] 108 |     fn get_merged_data(&self, data: Value) -> Map<String, Value> {
[INFO] [stdout]     |        ^^^^^^^^^^^^^^^
[INFO] [stdout] ...
[INFO] [stdout] 131 |     fn log_info(&mut self, data: Value) {
[INFO] [stdout]     |        ^^^^^^^^
[INFO] [stdout] ...
[INFO] [stdout] 142 |     fn log_warning(&mut self, data: Value) {
[INFO] [stdout]     |        ^^^^^^^^^^^
[INFO] [stdout] ...
[INFO] [stdout] 153 |     fn log_error(&mut self, data: Value) {
[INFO] [stdout]     |        ^^^^^^^^^
[INFO] [stdout] ...
[INFO] [stdout] 164 |     fn log_debug(&mut self, data: Value) {
[INFO] [stdout]     |        ^^^^^^^^^
[INFO] [stdout] ...
[INFO] [stdout] 175 |     fn log_critical(&mut self, data: Value) {
[INFO] [stdout]     |        ^^^^^^^^^^^^
[INFO] [stdout] 
[INFO] [stdout] 
[INFO] [stdout] warning: 3 warnings emitted
[INFO] [stdout] 
[INFO] [stdout] 
[INFO] [stdout] warning: methods `log_warning`, `log_error`, `log_debug`, and `log_critical` are never used
[INFO] [stdout]    --> src/lib.rs:142:8
[INFO] [stdout]     |
[INFO] [stdout] 38  | impl KibanaLogger {
[INFO] [stdout]     | ----------------- methods in this implementation
[INFO] [stdout] ...
[INFO] [stdout] 142 |     fn log_warning(&mut self, data: Value) {
[INFO] [stdout]     |        ^^^^^^^^^^^
[INFO] [stdout] ...
[INFO] [stdout] 153 |     fn log_error(&mut self, data: Value) {
[INFO] [stdout]     |        ^^^^^^^^^
[INFO] [stdout] ...
[INFO] [stdout] 164 |     fn log_debug(&mut self, data: Value) {
[INFO] [stdout]     |        ^^^^^^^^^
[INFO] [stdout] ...
[INFO] [stdout] 175 |     fn log_critical(&mut self, data: Value) {
[INFO] [stdout]     |        ^^^^^^^^^^^^
[INFO] [stdout]     |
[INFO] [stdout]     = note: `#[warn(dead_code)]` on by default
[INFO] [stdout] 
[INFO] [stdout] 
[INFO] [stdout] warning: 1 warning emitted
[INFO] [stdout] 
[INFO] [stdout] 
[INFO] [stderr]     Finished test [unoptimized + debuginfo] target(s) in 0.38s
[INFO] running `Command { std: "docker" "inspect" "ffaabd1c5047a8cd7a20d18ec3b746480e91f28ea152bbe4b8851343a59cd37c", kill_on_drop: false }`
[INFO] running `Command { std: "docker" "rm" "-f" "ffaabd1c5047a8cd7a20d18ec3b746480e91f28ea152bbe4b8851343a59cd37c", kill_on_drop: false }`
[INFO] [stdout] ffaabd1c5047a8cd7a20d18ec3b746480e91f28ea152bbe4b8851343a59cd37c
[INFO] running `Command { std: "docker" "create" "-v" "/var/lib/crater-agent-workspace/builds/worker-4-tc2/target:/opt/rustwide/target:rw,Z" "-v" "/var/lib/crater-agent-workspace/builds/worker-4-tc2/source:/opt/rustwide/workdir:ro,Z" "-v" "/var/lib/crater-agent-workspace/cargo-home:/opt/rustwide/cargo-home:ro,Z" "-v" "/var/lib/crater-agent-workspace/rustup-home:/opt/rustwide/rustup-home:ro,Z" "-e" "SOURCE_DIR=/opt/rustwide/workdir" "-e" "CARGO_TARGET_DIR=/opt/rustwide/target" "-e" "CARGO_INCREMENTAL=0" "-e" "RUST_BACKTRACE=full" "-e" "RUSTFLAGS=--cap-lints=warn" "-e" "RUSTDOCFLAGS=--cap-lints=warn" "-e" "CARGO_HOME=/opt/rustwide/cargo-home" "-e" "RUSTUP_HOME=/opt/rustwide/rustup-home" "-w" "/opt/rustwide/workdir" "-m" "1610612736" "--user" "0:0" "--network" "none" "ghcr.io/rust-lang/crates-build-env/linux@sha256:5ff2268d62e97bff2cde7d5815dd6ed5b47097566f13b8d0ca110b04b60e07ed" "/opt/rustwide/cargo-home/bin/cargo" "+beta-2023-04-20" "test" "--frozen", kill_on_drop: false }`
[INFO] [stdout] ad58df8abd729f292d73dd5e5c707c705ee9d21d17379e78730a2b2d24d6532d
[INFO] running `Command { std: "docker" "start" "-a" "ad58df8abd729f292d73dd5e5c707c705ee9d21d17379e78730a2b2d24d6532d", kill_on_drop: false }`
[INFO] [stderr] warning: struct `KibanaLogger` is never constructed
[INFO] [stderr]   --> src/lib.rs:19:8
[INFO] [stderr]    |
[INFO] [stderr] 19 | struct KibanaLogger {
[INFO] [stderr]    |        ^^^^^^^^^^^^
[INFO] [stderr]    |
[INFO] [stderr]    = note: `#[warn(dead_code)]` on by default
[INFO] [stderr] 
[INFO] [stderr] warning: function `format_cee` is never used
[INFO] [stderr]   --> src/lib.rs:34:4
[INFO] [stderr]    |
[INFO] [stderr] 34 | fn format_cee(data: String) -> String {
[INFO] [stderr]    |    ^^^^^^^^^^
[INFO] [stderr] 
[INFO] [stderr] warning: multiple associated items are never used
[INFO] [stderr]    --> src/lib.rs:49:8
[INFO] [stderr]     |
[INFO] [stderr] 38  | impl KibanaLogger {
[INFO] [stderr]     | ----------------- associated items in this implementation
[INFO] [stderr] ...
[INFO] [stderr] 49  |     fn new(data: Value) -> KibanaLogger {
[INFO] [stderr]     |        ^^^
[INFO] [stderr] ...
[INFO] [stderr] 69  |     fn clone_with(&self, data: Value) -> KibanaLogger {
[INFO] [stderr]     |        ^^^^^^^^^^
[INFO] [stderr] ...
[INFO] [stderr] 85  |     fn merge(&mut self, data: Value) {
[INFO] [stderr]     |        ^^^^^
[INFO] [stderr] ...
[INFO] [stderr] 108 |     fn get_merged_data(&self, data: Value) -> Map<String, Value> {
[INFO] [stderr]     |        ^^^^^^^^^^^^^^^
[INFO] [stderr] ...
[INFO] [stderr] 131 |     fn log_info(&mut self, data: Value) {
[INFO] [stderr]     |        ^^^^^^^^
[INFO] [stderr] ...
[INFO] [stderr] 142 |     fn log_warning(&mut self, data: Value) {
[INFO] [stderr]     |        ^^^^^^^^^^^
[INFO] [stderr] ...
[INFO] [stderr] 153 |     fn log_error(&mut self, data: Value) {
[INFO] [stderr]     |        ^^^^^^^^^
[INFO] [stderr] ...
[INFO] [stderr] 164 |     fn log_debug(&mut self, data: Value) {
[INFO] [stderr]     |        ^^^^^^^^^
[INFO] [stderr] ...
[INFO] [stderr] 175 |     fn log_critical(&mut self, data: Value) {
[INFO] [stderr]     |        ^^^^^^^^^^^^
[INFO] [stderr] 
[INFO] [stderr] warning: methods `log_warning`, `log_error`, `log_debug`, and `log_critical` are never used
[INFO] [stderr]    --> src/lib.rs:142:8
[INFO] [stderr]     |
[INFO] [stderr] 38  | impl KibanaLogger {
[INFO] [stderr]     | ----------------- methods in this implementation
[INFO] [stderr] ...
[INFO] [stderr] 142 |     fn log_warning(&mut self, data: Value) {
[INFO] [stderr]     |        ^^^^^^^^^^^
[INFO] [stderr] ...
[INFO] [stderr] 153 |     fn log_error(&mut self, data: Value) {
[INFO] [stderr]     |        ^^^^^^^^^
[INFO] [stderr] ...
[INFO] [stderr] 164 |     fn log_debug(&mut self, data: Value) {
[INFO] [stderr]     |        ^^^^^^^^^
[INFO] [stderr] ...
[INFO] [stderr] 175 |     fn log_critical(&mut self, data: Value) {
[INFO] [stderr]     |        ^^^^^^^^^^^^
[INFO] [stderr]     |
[INFO] [stderr]     = note: `#[warn(dead_code)]` on by default
[INFO] [stderr] 
[INFO] [stderr] warning: `rust-kibana-logger` (lib) generated 3 warnings
[INFO] [stderr] warning: `rust-kibana-logger` (lib test) generated 1 warning
[INFO] [stderr]     Finished test [unoptimized + debuginfo] target(s) in 0.01s
[INFO] [stderr]      Running unittests src/lib.rs (/opt/rustwide/target/debug/deps/rust_kibana_logger-7620ab2c6388f6e3)
[INFO] [stdout] 
[INFO] [stdout] running 1 test
[INFO] [stdout] test tests::test_clone_with_and_log_info ... FAILED
[INFO] [stdout] 
[INFO] [stdout] failures:
[INFO] [stdout] 
[INFO] [stdout] ---- tests::test_clone_with_and_log_info stdout ----
[INFO] [stdout] thread 'tests::test_clone_with_and_log_info' panicked at 'called `Result::unwrap()` on an `Err` value: Os { code: 2, kind: NotFound, message: "No such file or directory" }', src/lib.rs:51:49
[INFO] [stdout] stack backtrace:
[INFO] [stdout]    0:     0x55dbbd3dee0a - std::backtrace_rs::backtrace::libunwind::trace::h2f05d0192276a8f6
[INFO] [stdout]                                at /rustc/1b7dd2252b99671ce5d1cb9664c5f8636329436d/library/std/src/../../backtrace/src/backtrace/libunwind.rs:93:5
[INFO] [stdout]    1:     0x55dbbd3dee0a - std::backtrace_rs::backtrace::trace_unsynchronized::hedc23dff7a1af150
[INFO] [stdout]                                at /rustc/1b7dd2252b99671ce5d1cb9664c5f8636329436d/library/std/src/../../backtrace/src/backtrace/mod.rs:66:5
[INFO] [stdout]    2:     0x55dbbd3dee0a - std::sys_common::backtrace::_print_fmt::h17541ef7592f3ce2
[INFO] [stdout]                                at /rustc/1b7dd2252b99671ce5d1cb9664c5f8636329436d/library/std/src/sys_common/backtrace.rs:65:5
[INFO] [stdout]    3:     0x55dbbd3dee0a - <std::sys_common::backtrace::_print::DisplayBacktrace as core::fmt::Display>::fmt::h20f75df5ab0c0792
[INFO] [stdout]                                at /rustc/1b7dd2252b99671ce5d1cb9664c5f8636329436d/library/std/src/sys_common/backtrace.rs:44:22
[INFO] [stdout]    4:     0x55dbbd402c6f - core::fmt::write::h78109e6f466b3af6
[INFO] [stdout]                                at /rustc/1b7dd2252b99671ce5d1cb9664c5f8636329436d/library/core/src/fmt/mod.rs:1254:17
[INFO] [stdout]    5:     0x55dbbd3dc085 - std::io::Write::write_fmt::hd24bfb68a1b35a25
[INFO] [stdout]                                at /rustc/1b7dd2252b99671ce5d1cb9664c5f8636329436d/library/std/src/io/mod.rs:1698:15
[INFO] [stdout]    6:     0x55dbbd3debd5 - std::sys_common::backtrace::_print::h8dac57a9f8fbf9a5
[INFO] [stdout]                                at /rustc/1b7dd2252b99671ce5d1cb9664c5f8636329436d/library/std/src/sys_common/backtrace.rs:47:5
[INFO] [stdout]    7:     0x55dbbd3debd5 - std::sys_common::backtrace::print::hf9ecbf41d1aa712f
[INFO] [stdout]                                at /rustc/1b7dd2252b99671ce5d1cb9664c5f8636329436d/library/std/src/sys_common/backtrace.rs:34:9
[INFO] [stdout]    8:     0x55dbbd3e088e - std::panicking::default_hook::{{closure}}::h04c07acfc84ca028
[INFO] [stdout]                                at /rustc/1b7dd2252b99671ce5d1cb9664c5f8636329436d/library/std/src/panicking.rs:269:22
[INFO] [stdout]    9:     0x55dbbd3e05c1 - std::panicking::default_hook::h01f6bb23e1eceb2c
[INFO] [stdout]                                at /rustc/1b7dd2252b99671ce5d1cb9664c5f8636329436d/library/std/src/panicking.rs:285:9
[INFO] [stdout]   10:     0x55dbbd391c2b - <alloc::boxed::Box<F,A> as core::ops::function::Fn<Args>>::call::h87fe9f7b2fd49e4c
[INFO] [stdout]                                at /rustc/1b7dd2252b99671ce5d1cb9664c5f8636329436d/library/alloc/src/boxed.rs:1987:9
[INFO] [stdout]   11:     0x55dbbd391c2b - test::test_main::{{closure}}::he94d679243a7531b
[INFO] [stdout]                                at /rustc/1b7dd2252b99671ce5d1cb9664c5f8636329436d/library/test/src/lib.rs:134:21
[INFO] [stdout]   12:     0x55dbbd3e0f74 - <alloc::boxed::Box<F,A> as core::ops::function::Fn<Args>>::call::h3f2d6d8b14c4769f
[INFO] [stdout]                                at /rustc/1b7dd2252b99671ce5d1cb9664c5f8636329436d/library/alloc/src/boxed.rs:1987:9
[INFO] [stdout]   13:     0x55dbbd3e0f74 - std::panicking::rust_panic_with_hook::h2bb3722bbaf2f6df
[INFO] [stdout]                                at /rustc/1b7dd2252b99671ce5d1cb9664c5f8636329436d/library/std/src/panicking.rs:695:13
[INFO] [stdout]   14:     0x55dbbd3e0ce9 - std::panicking::begin_panic_handler::{{closure}}::h91bc7f36a4be011b
[INFO] [stdout]                                at /rustc/1b7dd2252b99671ce5d1cb9664c5f8636329436d/library/std/src/panicking.rs:582:13
[INFO] [stdout]   15:     0x55dbbd3df276 - std::sys_common::backtrace::__rust_end_short_backtrace::h8b3d3717114f9e59
[INFO] [stdout]                                at /rustc/1b7dd2252b99671ce5d1cb9664c5f8636329436d/library/std/src/sys_common/backtrace.rs:150:18
[INFO] [stdout]   16:     0x55dbbd3e0a42 - rust_begin_unwind
[INFO] [stdout]                                at /rustc/1b7dd2252b99671ce5d1cb9664c5f8636329436d/library/std/src/panicking.rs:578:5
[INFO] [stdout]   17:     0x55dbbd351ba3 - core::panicking::panic_fmt::hfd368e3fbdabea26
[INFO] [stdout]                                at /rustc/1b7dd2252b99671ce5d1cb9664c5f8636329436d/library/core/src/panicking.rs:67:14
[INFO] [stdout]   18:     0x55dbbd3520e3 - core::result::unwrap_failed::he54eb4b2f125b26f
[INFO] [stdout]                                at /rustc/1b7dd2252b99671ce5d1cb9664c5f8636329436d/library/core/src/result.rs:1687:5
[INFO] [stdout]   19:     0x55dbbd3b1718 - core::result::Result<T,E>::unwrap::h7e0377c3f551517f
[INFO] [stdout]                                at /rustc/1b7dd2252b99671ce5d1cb9664c5f8636329436d/library/core/src/result.rs:1089:23
[INFO] [stdout]   20:     0x55dbbd3572fe - rust_kibana_logger::KibanaLogger::new::hfd603f5478d1501e
[INFO] [stdout]                                at /opt/rustwide/workdir/src/lib.rs:51:22
[INFO] [stdout]   21:     0x55dbbd3586fa - rust_kibana_logger::tests::test_clone_with_and_log_info::hd16373ee0b7c8c01
[INFO] [stdout]                                at /opt/rustwide/workdir/src/lib.rs:192:26
[INFO] [stdout]   22:     0x55dbbd358537 - rust_kibana_logger::tests::test_clone_with_and_log_info::{{closure}}::h99093ffb58023e6d
[INFO] [stdout]                                at /opt/rustwide/workdir/src/lib.rs:190:39
[INFO] [stdout]   23:     0x55dbbd35d0d5 - core::ops::function::FnOnce::call_once::he6d2ee450e279ca1
[INFO] [stdout]                                at /rustc/1b7dd2252b99671ce5d1cb9664c5f8636329436d/library/core/src/ops/function.rs:250:5
[INFO] [stdout]   24:     0x55dbbd396aff - core::ops::function::FnOnce::call_once::ha6a70e79f7481a7e
[INFO] [stdout]                                at /rustc/1b7dd2252b99671ce5d1cb9664c5f8636329436d/library/core/src/ops/function.rs:250:5
[INFO] [stdout]   25:     0x55dbbd396aff - test::__rust_begin_short_backtrace::hce33033019b61e69
[INFO] [stdout]                                at /rustc/1b7dd2252b99671ce5d1cb9664c5f8636329436d/library/test/src/lib.rs:655:18
[INFO] [stdout]   26:     0x55dbbd3642ec - test::run_test::{{closure}}::h858d3528838ae3e5
[INFO] [stdout]                                at /rustc/1b7dd2252b99671ce5d1cb9664c5f8636329436d/library/test/src/lib.rs:646:30
[INFO] [stdout]   27:     0x55dbbd3642ec - core::ops::function::FnOnce::call_once{{vtable.shim}}::he8ac2b00f01ae79e
[INFO] [stdout]                                at /rustc/1b7dd2252b99671ce5d1cb9664c5f8636329436d/library/core/src/ops/function.rs:250:5
[INFO] [stdout]   28:     0x55dbbd395bd6 - <alloc::boxed::Box<F,A> as core::ops::function::FnOnce<Args>>::call_once::h8093d25b522725ef
[INFO] [stdout]                                at /rustc/1b7dd2252b99671ce5d1cb9664c5f8636329436d/library/alloc/src/boxed.rs:1973:9
[INFO] [stdout]   29:     0x55dbbd395bd6 - <core::panic::unwind_safe::AssertUnwindSafe<F> as core::ops::function::FnOnce<()>>::call_once::h5c334c204e4a3913
[INFO] [stdout]                                at /rustc/1b7dd2252b99671ce5d1cb9664c5f8636329436d/library/core/src/panic/unwind_safe.rs:271:9
[INFO] [stdout]   30:     0x55dbbd395bd6 - std::panicking::try::do_call::ha8b740c7b9478074
[INFO] [stdout]                                at /rustc/1b7dd2252b99671ce5d1cb9664c5f8636329436d/library/std/src/panicking.rs:485:40
[INFO] [stdout]   31:     0x55dbbd395bd6 - std::panicking::try::h5d34f63d0e41b64e
[INFO] [stdout]                                at /rustc/1b7dd2252b99671ce5d1cb9664c5f8636329436d/library/std/src/panicking.rs:449:19
[INFO] [stdout]   32:     0x55dbbd395bd6 - std::panic::catch_unwind::hcfbb511e1aa7fc67
[INFO] [stdout]                                at /rustc/1b7dd2252b99671ce5d1cb9664c5f8636329436d/library/std/src/panic.rs:140:14
[INFO] [stdout]   33:     0x55dbbd395bd6 - test::run_test_in_process::h9abda90f802eaf21
[INFO] [stdout]                                at /rustc/1b7dd2252b99671ce5d1cb9664c5f8636329436d/library/test/src/lib.rs:678:27
[INFO] [stdout]   34:     0x55dbbd395bd6 - test::run_test::run_test_inner::{{closure}}::h0f058de91f6c6edf
[INFO] [stdout]                                at /rustc/1b7dd2252b99671ce5d1cb9664c5f8636329436d/library/test/src/lib.rs:572:39
[INFO] [stdout]   35:     0x55dbbd35eaf5 - test::run_test::run_test_inner::{{closure}}::h5ca48a4c59c6c1fb
[INFO] [stdout]                                at /rustc/1b7dd2252b99671ce5d1cb9664c5f8636329436d/library/test/src/lib.rs:599:37
[INFO] [stdout]   36:     0x55dbbd35eaf5 - std::sys_common::backtrace::__rust_begin_short_backtrace::h32bd51e1495d4a33
[INFO] [stdout]                                at /rustc/1b7dd2252b99671ce5d1cb9664c5f8636329436d/library/std/src/sys_common/backtrace.rs:134:18
[INFO] [stdout]   37:     0x55dbbd364031 - std::thread::Builder::spawn_unchecked_::{{closure}}::{{closure}}::hc086fae9b128b2db
[INFO] [stdout]                                at /rustc/1b7dd2252b99671ce5d1cb9664c5f8636329436d/library/std/src/thread/mod.rs:526:17
[INFO] [stdout]   38:     0x55dbbd364031 - <core::panic::unwind_safe::AssertUnwindSafe<F> as core::ops::function::FnOnce<()>>::call_once::hb66571888d270d43
[INFO] [stdout]                                at /rustc/1b7dd2252b99671ce5d1cb9664c5f8636329436d/library/core/src/panic/unwind_safe.rs:271:9
[INFO] [stdout]   39:     0x55dbbd364031 - std::panicking::try::do_call::h4fa2ef4f6e51fecf
[INFO] [stdout]                                at /rustc/1b7dd2252b99671ce5d1cb9664c5f8636329436d/library/std/src/panicking.rs:485:40
[INFO] [stdout]   40:     0x55dbbd364031 - std::panicking::try::h1e9e22b8584489b5
[INFO] [stdout]                                at /rustc/1b7dd2252b99671ce5d1cb9664c5f8636329436d/library/std/src/panicking.rs:449:19
[INFO] [stdout]   41:     0x55dbbd364031 - std::panic::catch_unwind::h44698a3de0e0769e
[INFO] [stdout]                                at /rustc/1b7dd2252b99671ce5d1cb9664c5f8636329436d/library/std/src/panic.rs:140:14
[INFO] [stdout]   42:     0x55dbbd364031 - std::thread::Builder::spawn_unchecked_::{{closure}}::h50153abde3fe239e
[INFO] [stdout]                                at /rustc/1b7dd2252b99671ce5d1cb9664c5f8636329436d/library/std/src/thread/mod.rs:525:30
[INFO] [stdout]   43:     0x55dbbd364031 - core::ops::function::FnOnce::call_once{{vtable.shim}}::hbe5bbf6f38394364
[INFO] [stdout]                                at /rustc/1b7dd2252b99671ce5d1cb9664c5f8636329436d/library/core/src/ops/function.rs:250:5
[INFO] [stdout]   44:     0x55dbbd3e5455 - <alloc::boxed::Box<F,A> as core::ops::function::FnOnce<Args>>::call_once::h0d83cb2920a49046
[INFO] [stdout]                                at /rustc/1b7dd2252b99671ce5d1cb9664c5f8636329436d/library/alloc/src/boxed.rs:1973:9
[INFO] [stdout]   45:     0x55dbbd3e5455 - <alloc::boxed::Box<F,A> as core::ops::function::FnOnce<Args>>::call_once::hbe0a008aa7d9ef59
[INFO] [stdout]                                at /rustc/1b7dd2252b99671ce5d1cb9664c5f8636329436d/library/alloc/src/boxed.rs:1973:9
[INFO] [stdout]   46:     0x55dbbd3e5455 - std::sys::unix::thread::Thread::new::thread_start::h3a466996bdf6b1f9
[INFO] [stdout]                                at /rustc/1b7dd2252b99671ce5d1cb9664c5f8636329436d/library/std/src/sys/unix/thread.rs:108:17
[INFO] [stdout]   47:     0x7f7884980b43 - <unknown>
[INFO] [stdout]   48:     0x7f7884a11bb4 - __clone
[INFO] [stdout]   49:                0x0 - <unknown>
[INFO] [stdout] 
[INFO] [stdout] 
[INFO] [stdout] failures:
[INFO] [stdout]     tests::test_clone_with_and_log_info
[INFO] [stdout] 
[INFO] [stdout] test result: FAILED. 0 passed; 1 failed; 0 ignored; 0 measured; 0 filtered out; finished in 0.01s
[INFO] [stdout] 
[INFO] [stderr] error: test failed, to rerun pass `--lib`
[INFO] running `Command { std: "docker" "inspect" "ad58df8abd729f292d73dd5e5c707c705ee9d21d17379e78730a2b2d24d6532d", kill_on_drop: false }`
[INFO] running `Command { std: "docker" "rm" "-f" "ad58df8abd729f292d73dd5e5c707c705ee9d21d17379e78730a2b2d24d6532d", kill_on_drop: false }`
[INFO] [stdout] ad58df8abd729f292d73dd5e5c707c705ee9d21d17379e78730a2b2d24d6532d
