[INFO] cloning repository https://github.com/jddf/jddf-rust
[INFO] running `Command { std: "git" "-c" "credential.helper=" "-c" "credential.helper=/workspace/cargo-home/bin/git-credential-null" "clone" "--bare" "https://github.com/jddf/jddf-rust" "/workspace/cache/git-repos/https%3A%2F%2Fgithub.com%2Fjddf%2Fjddf-rust", kill_on_drop: false }`
[INFO] [stderr] Cloning into bare repository '/workspace/cache/git-repos/https%3A%2F%2Fgithub.com%2Fjddf%2Fjddf-rust'...
[INFO] running `Command { std: "git" "rev-parse" "HEAD", kill_on_drop: false }`
[INFO] [stdout] 0e6d596dff32591d92b855bf2279ed84b6bc36c1
[INFO] testing jddf/jddf-rust against 1.69.0 for beta-1.70-1
[INFO] running `Command { std: "git" "clone" "/workspace/cache/git-repos/https%3A%2F%2Fgithub.com%2Fjddf%2Fjddf-rust" "/workspace/builds/worker-6-tc1/source", kill_on_drop: false }`
[INFO] [stderr] Cloning into '/workspace/builds/worker-6-tc1/source'...
[INFO] [stderr] done.
[INFO] validating manifest of git repo https://github.com/jddf/jddf-rust on toolchain 1.69.0
[INFO] running `Command { std: CARGO_HOME="/workspace/cargo-home" RUSTUP_HOME="/workspace/rustup-home" "/workspace/cargo-home/bin/cargo" "+1.69.0" "metadata" "--manifest-path" "Cargo.toml" "--no-deps", kill_on_drop: false }`
[INFO] started tweaking git repo https://github.com/jddf/jddf-rust
[INFO] finished tweaking git repo https://github.com/jddf/jddf-rust
[INFO] tweaked toml for git repo https://github.com/jddf/jddf-rust written to /workspace/builds/worker-6-tc1/source/Cargo.toml
[INFO] crate git repo https://github.com/jddf/jddf-rust already has a lockfile, it will not be regenerated
[INFO] running `Command { std: CARGO_HOME="/workspace/cargo-home" RUSTUP_HOME="/workspace/rustup-home" "/workspace/cargo-home/bin/cargo" "+1.69.0" "fetch" "--manifest-path" "Cargo.toml", kill_on_drop: false }`
[INFO] [stderr]  Downloading crates ...
[INFO] [stderr]   Downloaded ctor v0.1.9
[INFO] running `Command { std: "docker" "create" "-v" "/var/lib/crater-agent-workspace/builds/worker-6-tc1/target:/opt/rustwide/target:rw,Z" "-v" "/var/lib/crater-agent-workspace/builds/worker-6-tc1/source:/opt/rustwide/workdir:ro,Z" "-v" "/var/lib/crater-agent-workspace/cargo-home:/opt/rustwide/cargo-home:ro,Z" "-v" "/var/lib/crater-agent-workspace/rustup-home:/opt/rustwide/rustup-home:ro,Z" "-e" "SOURCE_DIR=/opt/rustwide/workdir" "-e" "CARGO_TARGET_DIR=/opt/rustwide/target" "-e" "CARGO_HOME=/opt/rustwide/cargo-home" "-e" "RUSTUP_HOME=/opt/rustwide/rustup-home" "-w" "/opt/rustwide/workdir" "-m" "1610612736" "--user" "0:0" "--network" "none" "ghcr.io/rust-lang/crates-build-env/linux@sha256:5ff2268d62e97bff2cde7d5815dd6ed5b47097566f13b8d0ca110b04b60e07ed" "/opt/rustwide/cargo-home/bin/cargo" "+1.69.0" "metadata" "--no-deps" "--format-version=1", kill_on_drop: false }`
[INFO] [stdout] 54af4424f8ac94965b02893c5e74dd6b442040bc39bad1e76d152495efcc0fcc
[INFO] running `Command { std: "docker" "start" "-a" "54af4424f8ac94965b02893c5e74dd6b442040bc39bad1e76d152495efcc0fcc", kill_on_drop: false }`
[INFO] running `Command { std: "docker" "inspect" "54af4424f8ac94965b02893c5e74dd6b442040bc39bad1e76d152495efcc0fcc", kill_on_drop: false }`
[INFO] running `Command { std: "docker" "rm" "-f" "54af4424f8ac94965b02893c5e74dd6b442040bc39bad1e76d152495efcc0fcc", kill_on_drop: false }`
[INFO] [stdout] 54af4424f8ac94965b02893c5e74dd6b442040bc39bad1e76d152495efcc0fcc
[INFO] running `Command { std: "docker" "create" "-v" "/var/lib/crater-agent-workspace/builds/worker-6-tc1/target:/opt/rustwide/target:rw,Z" "-v" "/var/lib/crater-agent-workspace/builds/worker-6-tc1/source:/opt/rustwide/workdir:ro,Z" "-v" "/var/lib/crater-agent-workspace/cargo-home:/opt/rustwide/cargo-home:ro,Z" "-v" "/var/lib/crater-agent-workspace/rustup-home:/opt/rustwide/rustup-home:ro,Z" "-e" "SOURCE_DIR=/opt/rustwide/workdir" "-e" "CARGO_TARGET_DIR=/opt/rustwide/target" "-e" "CARGO_INCREMENTAL=0" "-e" "RUST_BACKTRACE=full" "-e" "RUSTFLAGS=--cap-lints=warn" "-e" "RUSTDOCFLAGS=--cap-lints=warn" "-e" "CARGO_HOME=/opt/rustwide/cargo-home" "-e" "RUSTUP_HOME=/opt/rustwide/rustup-home" "-w" "/opt/rustwide/workdir" "-m" "1610612736" "--user" "0:0" "--network" "none" "ghcr.io/rust-lang/crates-build-env/linux@sha256:5ff2268d62e97bff2cde7d5815dd6ed5b47097566f13b8d0ca110b04b60e07ed" "/opt/rustwide/cargo-home/bin/cargo" "+1.69.0" "build" "--frozen" "--message-format=json", kill_on_drop: false }`
[INFO] [stdout] 992e2bcc1cf3a959e4601f2d3a1141a40f4ab6b5fee7258206e360011876697c
[INFO] running `Command { std: "docker" "start" "-a" "992e2bcc1cf3a959e4601f2d3a1141a40f4ab6b5fee7258206e360011876697c", kill_on_drop: false }`
[INFO] [stderr]    Compiling autocfg v0.1.4
[INFO] [stderr]    Compiling proc-macro2 v0.4.27
[INFO] [stderr]    Compiling unicode-xid v0.1.0
[INFO] [stderr]    Compiling syn v0.15.30
[INFO] [stderr]    Compiling libc v0.2.51
[INFO] [stderr]    Compiling cc v1.0.35
[INFO] [stderr]    Compiling ryu v0.2.7
[INFO] [stderr]    Compiling serde v1.0.90
[INFO] [stderr]    Compiling failure_derive v0.1.5
[INFO] [stderr]    Compiling itoa v0.4.3
[INFO] [stderr]    Compiling cfg-if v0.1.7
[INFO] [stderr]    Compiling rustc-demangle v0.1.13
[INFO] [stderr]    Compiling num-traits v0.2.8
[INFO] [stderr]    Compiling num-integer v0.1.41
[INFO] [stderr]    Compiling backtrace v0.3.15
[INFO] [stderr]    Compiling backtrace-sys v0.1.28
[INFO] [stderr]    Compiling time v0.1.42
[INFO] [stderr]    Compiling quote v0.6.12
[INFO] [stderr]    Compiling chrono v0.4.6
[INFO] [stderr]    Compiling synstructure v0.10.1
[INFO] [stderr]    Compiling serde_derive v1.0.90
[INFO] [stderr]    Compiling failure v0.1.5
[INFO] [stderr]    Compiling serde_json v1.0.39
[INFO] [stderr]    Compiling json-pointer v0.3.2
[INFO] [stderr]    Compiling jddf v0.3.3 (/opt/rustwide/workdir)
[INFO] [stderr]     Finished dev [unoptimized + debuginfo] target(s) in 9.74s
[INFO] running `Command { std: "docker" "inspect" "992e2bcc1cf3a959e4601f2d3a1141a40f4ab6b5fee7258206e360011876697c", kill_on_drop: false }`
[INFO] running `Command { std: "docker" "rm" "-f" "992e2bcc1cf3a959e4601f2d3a1141a40f4ab6b5fee7258206e360011876697c", kill_on_drop: false }`
[INFO] [stdout] 992e2bcc1cf3a959e4601f2d3a1141a40f4ab6b5fee7258206e360011876697c
[INFO] running `Command { std: "docker" "create" "-v" "/var/lib/crater-agent-workspace/builds/worker-6-tc1/target:/opt/rustwide/target:rw,Z" "-v" "/var/lib/crater-agent-workspace/builds/worker-6-tc1/source:/opt/rustwide/workdir:ro,Z" "-v" "/var/lib/crater-agent-workspace/cargo-home:/opt/rustwide/cargo-home:ro,Z" "-v" "/var/lib/crater-agent-workspace/rustup-home:/opt/rustwide/rustup-home:ro,Z" "-e" "SOURCE_DIR=/opt/rustwide/workdir" "-e" "CARGO_TARGET_DIR=/opt/rustwide/target" "-e" "CARGO_INCREMENTAL=0" "-e" "RUST_BACKTRACE=full" "-e" "RUSTFLAGS=--cap-lints=warn" "-e" "RUSTDOCFLAGS=--cap-lints=warn" "-e" "CARGO_HOME=/opt/rustwide/cargo-home" "-e" "RUSTUP_HOME=/opt/rustwide/rustup-home" "-w" "/opt/rustwide/workdir" "-m" "1610612736" "--user" "0:0" "--network" "none" "ghcr.io/rust-lang/crates-build-env/linux@sha256:5ff2268d62e97bff2cde7d5815dd6ed5b47097566f13b8d0ca110b04b60e07ed" "/opt/rustwide/cargo-home/bin/cargo" "+1.69.0" "test" "--frozen" "--no-run" "--message-format=json", kill_on_drop: false }`
[INFO] [stdout] 15ddf0b8e060e71531b0c607daa14459388f0087ac739a33b6474aa313df0db4
[INFO] running `Command { std: "docker" "start" "-a" "15ddf0b8e060e71531b0c607daa14459388f0087ac739a33b6474aa313df0db4", kill_on_drop: false }`
[INFO] [stderr]    Compiling ansi_term v0.11.0
[INFO] [stderr]    Compiling difference v2.0.0
[INFO] [stderr]    Compiling pretty_assertions v0.6.1
[INFO] [stderr]    Compiling jddf v0.3.3 (/opt/rustwide/workdir)
[INFO] [stderr]     Finished test [unoptimized + debuginfo] target(s) in 1.11s
[INFO] running `Command { std: "docker" "inspect" "15ddf0b8e060e71531b0c607daa14459388f0087ac739a33b6474aa313df0db4", kill_on_drop: false }`
[INFO] running `Command { std: "docker" "rm" "-f" "15ddf0b8e060e71531b0c607daa14459388f0087ac739a33b6474aa313df0db4", kill_on_drop: false }`
[INFO] [stdout] 15ddf0b8e060e71531b0c607daa14459388f0087ac739a33b6474aa313df0db4
[INFO] running `Command { std: "docker" "create" "-v" "/var/lib/crater-agent-workspace/builds/worker-6-tc1/target:/opt/rustwide/target:rw,Z" "-v" "/var/lib/crater-agent-workspace/builds/worker-6-tc1/source:/opt/rustwide/workdir:ro,Z" "-v" "/var/lib/crater-agent-workspace/cargo-home:/opt/rustwide/cargo-home:ro,Z" "-v" "/var/lib/crater-agent-workspace/rustup-home:/opt/rustwide/rustup-home:ro,Z" "-e" "SOURCE_DIR=/opt/rustwide/workdir" "-e" "CARGO_TARGET_DIR=/opt/rustwide/target" "-e" "CARGO_INCREMENTAL=0" "-e" "RUST_BACKTRACE=full" "-e" "RUSTFLAGS=--cap-lints=warn" "-e" "RUSTDOCFLAGS=--cap-lints=warn" "-e" "CARGO_HOME=/opt/rustwide/cargo-home" "-e" "RUSTUP_HOME=/opt/rustwide/rustup-home" "-w" "/opt/rustwide/workdir" "-m" "1610612736" "--user" "0:0" "--network" "none" "ghcr.io/rust-lang/crates-build-env/linux@sha256:5ff2268d62e97bff2cde7d5815dd6ed5b47097566f13b8d0ca110b04b60e07ed" "/opt/rustwide/cargo-home/bin/cargo" "+1.69.0" "test" "--frozen", kill_on_drop: false }`
[INFO] [stdout] 0dc287632dd26bf00ba81a1b4daec38ed3b65ca893c26d59b67c09820681544a
[INFO] running `Command { std: "docker" "start" "-a" "0dc287632dd26bf00ba81a1b4daec38ed3b65ca893c26d59b67c09820681544a", kill_on_drop: false }`
[INFO] [stderr]     Finished test [unoptimized + debuginfo] target(s) in 0.02s
[INFO] [stderr]      Running unittests src/lib.rs (/opt/rustwide/target/debug/deps/jddf-750b83bac05a130c)
[INFO] [stdout] 
[INFO] [stdout] running 13 tests
[INFO] [stdout] test schema::tests::from_serde_empty ... ok
[INFO] [stdout] test schema::tests::from_serde_elements ... ok
[INFO] [stdout] test schema::tests::from_serde_enum ... ok
[INFO] [stdout] test schema::tests::from_serde_extra ... ok
[INFO] [stdout] test schema::tests::from_serde_discriminator ... ok
[INFO] [stdout] test schema::tests::from_serde_ref ... ok
[INFO] [stdout] test schema::tests::from_serde_properties ... ok
[INFO] [stdout] test schema::tests::from_serde_root ... ok
[INFO] [stdout] test schema::tests::from_serde_type ... ok
[INFO] [stdout] test schema::tests::roundtrip_json ... ok
[INFO] [stdout] test validator::test::infinite_loop ... ok
[INFO] [stdout] test schema::tests::from_serde_values ... ok
[INFO] [stdout] test validator::test::max_errors ... ok
[INFO] [stdout] 
[INFO] [stdout] test result: ok. 13 passed; 0 failed; 0 ignored; 0 measured; 0 filtered out; finished in 0.00s
[INFO] [stdout] 
[INFO] [stderr]      Running tests/spec_test.rs (/opt/rustwide/target/debug/deps/spec_test-e98563233e314694)
[INFO] [stdout] 
[INFO] [stdout] running 2 tests
[INFO] [stdout] test spec_validation ... FAILED
[INFO] [stdout] test spec_invalid_schemas ... FAILED
[INFO] [stdout] 
[INFO] [stdout] failures:
[INFO] [stdout] 
[INFO] [stdout] ---- spec_validation stdout ----
[INFO] [stdout] Error: Os { code: 2, kind: NotFound, message: "No such file or directory" }
[INFO] [stdout] 
[INFO] [stdout] ---- spec_invalid_schemas stdout ----
[INFO] [stdout] Error: Os { code: 2, kind: NotFound, message: "No such file or directory" }
[INFO] [stdout] 
[INFO] [stdout] 
[INFO] [stdout] failures:
[INFO] [stdout]     spec_invalid_schemas
[INFO] [stdout]     spec_validation
[INFO] [stdout] 
[INFO] [stdout] test result: FAILED. 0 passed; 2 failed; 0 ignored; 0 measured; 0 filtered out; finished in 0.00s
[INFO] [stdout] 
[INFO] [stderr] error: test failed, to rerun pass `--test spec_test`
[INFO] running `Command { std: "docker" "inspect" "0dc287632dd26bf00ba81a1b4daec38ed3b65ca893c26d59b67c09820681544a", kill_on_drop: false }`
[INFO] running `Command { std: "docker" "rm" "-f" "0dc287632dd26bf00ba81a1b4daec38ed3b65ca893c26d59b67c09820681544a", kill_on_drop: false }`
[INFO] [stdout] 0dc287632dd26bf00ba81a1b4daec38ed3b65ca893c26d59b67c09820681544a
