[INFO] cloning repository https://github.com/jayjamesjay/http_req
[INFO] running `Command { std: "git" "-c" "credential.helper=" "-c" "credential.helper=/workspace/cargo-home/bin/git-credential-null" "clone" "--bare" "https://github.com/jayjamesjay/http_req" "/workspace/cache/git-repos/https%3A%2F%2Fgithub.com%2Fjayjamesjay%2Fhttp_req", kill_on_drop: false }`
[INFO] [stderr] Cloning into bare repository '/workspace/cache/git-repos/https%3A%2F%2Fgithub.com%2Fjayjamesjay%2Fhttp_req'...
[INFO] running `Command { std: "git" "rev-parse" "HEAD", kill_on_drop: false }`
[INFO] [stdout] a4c6b9e06a3c52f3199e38741f65d3905741afac
[INFO] testing jayjamesjay/http_req against beta-2023-04-20 for beta-1.70-1
[INFO] running `Command { std: "git" "clone" "/workspace/cache/git-repos/https%3A%2F%2Fgithub.com%2Fjayjamesjay%2Fhttp_req" "/workspace/builds/worker-6-tc2/source", kill_on_drop: false }`
[INFO] [stderr] Cloning into '/workspace/builds/worker-6-tc2/source'...
[INFO] [stderr] done.
[INFO] validating manifest of git repo https://github.com/jayjamesjay/http_req on toolchain beta-2023-04-20
[INFO] running `Command { std: CARGO_HOME="/workspace/cargo-home" RUSTUP_HOME="/workspace/rustup-home" "/workspace/cargo-home/bin/cargo" "+beta-2023-04-20" "metadata" "--manifest-path" "Cargo.toml" "--no-deps", kill_on_drop: false }`
[INFO] started tweaking git repo https://github.com/jayjamesjay/http_req
[INFO] finished tweaking git repo https://github.com/jayjamesjay/http_req
[INFO] tweaked toml for git repo https://github.com/jayjamesjay/http_req written to /workspace/builds/worker-6-tc2/source/Cargo.toml
[INFO] crate git repo https://github.com/jayjamesjay/http_req already has a lockfile, it will not be regenerated
[INFO] running `Command { std: CARGO_HOME="/workspace/cargo-home" RUSTUP_HOME="/workspace/rustup-home" "/workspace/cargo-home/bin/cargo" "+beta-2023-04-20" "fetch" "--manifest-path" "Cargo.toml", kill_on_drop: false }`
[INFO] running `Command { std: "docker" "create" "-v" "/var/lib/crater-agent-workspace/builds/worker-6-tc2/target:/opt/rustwide/target:rw,Z" "-v" "/var/lib/crater-agent-workspace/builds/worker-6-tc2/source:/opt/rustwide/workdir:ro,Z" "-v" "/var/lib/crater-agent-workspace/cargo-home:/opt/rustwide/cargo-home:ro,Z" "-v" "/var/lib/crater-agent-workspace/rustup-home:/opt/rustwide/rustup-home:ro,Z" "-e" "SOURCE_DIR=/opt/rustwide/workdir" "-e" "CARGO_TARGET_DIR=/opt/rustwide/target" "-e" "CARGO_HOME=/opt/rustwide/cargo-home" "-e" "RUSTUP_HOME=/opt/rustwide/rustup-home" "-w" "/opt/rustwide/workdir" "-m" "1610612736" "--user" "0:0" "--network" "none" "ghcr.io/rust-lang/crates-build-env/linux@sha256:5ff2268d62e97bff2cde7d5815dd6ed5b47097566f13b8d0ca110b04b60e07ed" "/opt/rustwide/cargo-home/bin/cargo" "+beta-2023-04-20" "metadata" "--no-deps" "--format-version=1", kill_on_drop: false }`
[INFO] [stdout] 4bb6064f1dae8ee32126a1e61572edc01f0a43cc429882f0195657f2819a835f
[INFO] running `Command { std: "docker" "start" "-a" "4bb6064f1dae8ee32126a1e61572edc01f0a43cc429882f0195657f2819a835f", kill_on_drop: false }`
[INFO] running `Command { std: "docker" "inspect" "4bb6064f1dae8ee32126a1e61572edc01f0a43cc429882f0195657f2819a835f", kill_on_drop: false }`
[INFO] running `Command { std: "docker" "rm" "-f" "4bb6064f1dae8ee32126a1e61572edc01f0a43cc429882f0195657f2819a835f", kill_on_drop: false }`
[INFO] [stdout] 4bb6064f1dae8ee32126a1e61572edc01f0a43cc429882f0195657f2819a835f
[INFO] running `Command { std: "docker" "create" "-v" "/var/lib/crater-agent-workspace/builds/worker-6-tc2/target:/opt/rustwide/target:rw,Z" "-v" "/var/lib/crater-agent-workspace/builds/worker-6-tc2/source:/opt/rustwide/workdir:ro,Z" "-v" "/var/lib/crater-agent-workspace/cargo-home:/opt/rustwide/cargo-home:ro,Z" "-v" "/var/lib/crater-agent-workspace/rustup-home:/opt/rustwide/rustup-home:ro,Z" "-e" "SOURCE_DIR=/opt/rustwide/workdir" "-e" "CARGO_TARGET_DIR=/opt/rustwide/target" "-e" "CARGO_INCREMENTAL=0" "-e" "RUST_BACKTRACE=full" "-e" "RUSTFLAGS=--cap-lints=warn" "-e" "RUSTDOCFLAGS=--cap-lints=warn" "-e" "CARGO_HOME=/opt/rustwide/cargo-home" "-e" "RUSTUP_HOME=/opt/rustwide/rustup-home" "-w" "/opt/rustwide/workdir" "-m" "1610612736" "--user" "0:0" "--network" "none" "ghcr.io/rust-lang/crates-build-env/linux@sha256:5ff2268d62e97bff2cde7d5815dd6ed5b47097566f13b8d0ca110b04b60e07ed" "/opt/rustwide/cargo-home/bin/cargo" "+beta-2023-04-20" "build" "--frozen" "--message-format=json", kill_on_drop: false }`
[INFO] [stdout] 7a495062776ba7e8b9ac74bd99edc03bdbea5b6700f98b73e3f4a7bb395961e4
[INFO] running `Command { std: "docker" "start" "-a" "7a495062776ba7e8b9ac74bd99edc03bdbea5b6700f98b73e3f4a7bb395961e4", kill_on_drop: false }`
[INFO] [stderr]    Compiling cc v1.0.79
[INFO] [stderr]    Compiling proc-macro2 v1.0.53
[INFO] [stderr]    Compiling pkg-config v0.3.26
[INFO] [stderr]    Compiling autocfg v1.1.0
[INFO] [stderr]    Compiling quote v1.0.26
[INFO] [stderr]    Compiling unicode-ident v1.0.8
[INFO] [stderr]    Compiling libc v0.2.140
[INFO] [stderr]    Compiling syn v1.0.109
[INFO] [stderr]    Compiling log v0.4.17
[INFO] [stderr]    Compiling openssl v0.10.48
[INFO] [stderr]    Compiling unicase v2.6.0
[INFO] [stderr]    Compiling once_cell v1.17.1
[INFO] [stderr]    Compiling native-tls v0.2.11
[INFO] [stderr]    Compiling openssl-probe v0.1.5
[INFO] [stderr]    Compiling openssl-sys v0.9.83
[INFO] [stderr]    Compiling openssl-macros v0.1.0
[INFO] [stderr]    Compiling http_req v0.9.1 (/opt/rustwide/workdir)
[INFO] [stderr]     Finished dev [unoptimized + debuginfo] target(s) in 6.12s
[INFO] running `Command { std: "docker" "inspect" "7a495062776ba7e8b9ac74bd99edc03bdbea5b6700f98b73e3f4a7bb395961e4", kill_on_drop: false }`
[INFO] running `Command { std: "docker" "rm" "-f" "7a495062776ba7e8b9ac74bd99edc03bdbea5b6700f98b73e3f4a7bb395961e4", kill_on_drop: false }`
[INFO] [stdout] 7a495062776ba7e8b9ac74bd99edc03bdbea5b6700f98b73e3f4a7bb395961e4
[INFO] running `Command { std: "docker" "create" "-v" "/var/lib/crater-agent-workspace/builds/worker-6-tc2/target:/opt/rustwide/target:rw,Z" "-v" "/var/lib/crater-agent-workspace/builds/worker-6-tc2/source:/opt/rustwide/workdir:ro,Z" "-v" "/var/lib/crater-agent-workspace/cargo-home:/opt/rustwide/cargo-home:ro,Z" "-v" "/var/lib/crater-agent-workspace/rustup-home:/opt/rustwide/rustup-home:ro,Z" "-e" "SOURCE_DIR=/opt/rustwide/workdir" "-e" "CARGO_TARGET_DIR=/opt/rustwide/target" "-e" "CARGO_INCREMENTAL=0" "-e" "RUST_BACKTRACE=full" "-e" "RUSTFLAGS=--cap-lints=warn" "-e" "RUSTDOCFLAGS=--cap-lints=warn" "-e" "CARGO_HOME=/opt/rustwide/cargo-home" "-e" "RUSTUP_HOME=/opt/rustwide/rustup-home" "-w" "/opt/rustwide/workdir" "-m" "1610612736" "--user" "0:0" "--network" "none" "ghcr.io/rust-lang/crates-build-env/linux@sha256:5ff2268d62e97bff2cde7d5815dd6ed5b47097566f13b8d0ca110b04b60e07ed" "/opt/rustwide/cargo-home/bin/cargo" "+beta-2023-04-20" "test" "--frozen" "--no-run" "--message-format=json", kill_on_drop: false }`
[INFO] [stdout] 8ab2007c0782d3a78c8668ef8e3362dfb53bfff7357913323d58ec4bf371a838
[INFO] running `Command { std: "docker" "start" "-a" "8ab2007c0782d3a78c8668ef8e3362dfb53bfff7357913323d58ec4bf371a838", kill_on_drop: false }`
[INFO] [stderr]    Compiling http_req v0.9.1 (/opt/rustwide/workdir)
[INFO] [stderr]     Finished test [unoptimized + debuginfo] target(s) in 1.16s
[INFO] running `Command { std: "docker" "inspect" "8ab2007c0782d3a78c8668ef8e3362dfb53bfff7357913323d58ec4bf371a838", kill_on_drop: false }`
[INFO] running `Command { std: "docker" "rm" "-f" "8ab2007c0782d3a78c8668ef8e3362dfb53bfff7357913323d58ec4bf371a838", kill_on_drop: false }`
[INFO] [stdout] 8ab2007c0782d3a78c8668ef8e3362dfb53bfff7357913323d58ec4bf371a838
[INFO] running `Command { std: "docker" "create" "-v" "/var/lib/crater-agent-workspace/builds/worker-6-tc2/target:/opt/rustwide/target:rw,Z" "-v" "/var/lib/crater-agent-workspace/builds/worker-6-tc2/source:/opt/rustwide/workdir:ro,Z" "-v" "/var/lib/crater-agent-workspace/cargo-home:/opt/rustwide/cargo-home:ro,Z" "-v" "/var/lib/crater-agent-workspace/rustup-home:/opt/rustwide/rustup-home:ro,Z" "-e" "SOURCE_DIR=/opt/rustwide/workdir" "-e" "CARGO_TARGET_DIR=/opt/rustwide/target" "-e" "CARGO_INCREMENTAL=0" "-e" "RUST_BACKTRACE=full" "-e" "RUSTFLAGS=--cap-lints=warn" "-e" "RUSTDOCFLAGS=--cap-lints=warn" "-e" "CARGO_HOME=/opt/rustwide/cargo-home" "-e" "RUSTUP_HOME=/opt/rustwide/rustup-home" "-w" "/opt/rustwide/workdir" "-m" "1610612736" "--user" "0:0" "--network" "none" "ghcr.io/rust-lang/crates-build-env/linux@sha256:5ff2268d62e97bff2cde7d5815dd6ed5b47097566f13b8d0ca110b04b60e07ed" "/opt/rustwide/cargo-home/bin/cargo" "+beta-2023-04-20" "test" "--frozen", kill_on_drop: false }`
[INFO] [stdout] afc8314aa2753b03455e20b07541cb2b2c2c459c97cad9acf5fdf000e21fb087
[INFO] running `Command { std: "docker" "start" "-a" "afc8314aa2753b03455e20b07541cb2b2c2c459c97cad9acf5fdf000e21fb087", kill_on_drop: false }`
[INFO] [stderr]     Finished test [unoptimized + debuginfo] target(s) in 0.02s
[INFO] [stderr]      Running unittests src/lib.rs (/opt/rustwide/target/debug/deps/http_req-2b39129ffb391cf8)
[INFO] [stdout] 
[INFO] [stdout] running 85 tests
[INFO] [stdout] test chunked::tests::read ... ok
[INFO] [stdout] test chunked::tests::read_ignore_extensions ... ok
[INFO] [stdout] test chunked::tests::read_multiple ... ok
[INFO] [stdout] test chunked::tests::read_partial ... ok
[INFO] [stdout] test request::tests::copy_data_until ... ok
[INFO] [stdout] test request::tests::counter_new ... ok
[INFO] [stdout] test request::tests::counter_next ... ok
[INFO] [stdout] test request::tests::method_display ... ok
[INFO] [stdout] test request::tests::request_b_body ... ok
[INFO] [stdout] test request::tests::request_b_header ... ok
[INFO] [stdout] test request::tests::request_b_method ... ok
[INFO] [stdout] test request::tests::request_b_headers ... ok
[INFO] [stdout] test request::tests::request_b_new ... ok
[INFO] [stdout] test request::tests::request_b_send ... ignored
[INFO] [stdout] test request::tests::request_b_send_secure ... ignored
[INFO] [stdout] test request::tests::request_b_timeout ... ok
[INFO] [stdout] test request::tests::request_get ... ignored
[INFO] [stdout] test request::tests::request_head ... ignored
[INFO] [stdout] test request::tests::request_b_parse_msg ... ok
[INFO] [stdout] test request::tests::request_body ... ok
[INFO] [stdout] test request::tests::request_headers ... ok
[INFO] [stdout] test request::tests::request_post ... ignored
[INFO] [stdout] test request::tests::request_read_timeout ... ignored
[INFO] [stdout] test request::tests::request_method ... ok
[INFO] [stdout] test request::tests::request_new ... ok
[INFO] [stdout] test request::tests::request_timeout ... ok
[INFO] [stdout] test request::tests::request_write_timeout ... ok
[INFO] [stdout] test response::tests::hash_map_from_headers ... ok
[INFO] [stdout] test response::tests::headers_case_insensitive ... ok
[INFO] [stdout] test request::tests::request_header ... ok
[INFO] [stdout] test response::tests::headers_from_str ... ok
[INFO] [stdout] test response::tests::headers_insert ... ok
[INFO] [stdout] test response::tests::find_slice_e ... ok
[INFO] [stdout] test response::tests::headers_get ... ok
[INFO] [stdout] test response::tests::headers_from ... ok
[INFO] [stdout] test response::tests::res_body ... ok
[INFO] [stdout] test response::tests::headers_new ... ok
[INFO] [stdout] test response::tests::headers_default_http ... ok
[INFO] [stdout] test response::tests::res_content_len ... ok
[INFO] [stdout] test response::tests::res_headers ... ok
[INFO] [stdout] test response::tests::res_from_head ... ok
[INFO] [stdout] test response::tests::res_status_code ... ok
[INFO] [stdout] test response::tests::res_try_from ... ok
[INFO] [stdout] test response::tests::res_version ... ok
[INFO] [stdout] test response::tests::res_reason ... ok
[INFO] [stdout] test response::tests::status_code_from ... ok
[INFO] [stdout] test response::tests::status_code_from_str ... ok
[INFO] [stdout] test response::tests::status_code_is ... ok
[INFO] [stdout] test response::tests::status_code_display ... ok
[INFO] [stdout] test response::tests::status_code_client_err ... ok
[INFO] [stdout] test response::tests::status_code_reason ... ok
[INFO] [stdout] test response::tests::status_code_new ... ok
[INFO] [stdout] test response::tests::status_code_info ... ok
[INFO] [stdout] test response::tests::status_from ... ok
[INFO] [stdout] test response::tests::status_code_redirect ... ok
[INFO] [stdout] test response::tests::status_code_server_err ... ok
[INFO] [stdout] test response::tests::status_code_success ... ok
[INFO] [stdout] test response::tests::u16_from_status_code ... ok
[INFO] [stdout] test uri::tests::authority_display ... ok
[INFO] [stdout] test uri::tests::authority_from_str ... ok
[INFO] [stdout] test response::tests::status_from_str ... ok
[INFO] [stdout] test uri::tests::authority_password ... ok
[INFO] [stdout] test uri::tests::range_c_index ... ok
[INFO] [stdout] test uri::tests::authority_host ... ok
[INFO] [stdout] test uri::tests::authority_username ... ok
[INFO] [stdout] test uri::tests::authority_port ... ok
[INFO] [stdout] test uri::tests::range_c_new ... ok
[INFO] [stdout] test uri::tests::uri_corr_port ... ok
[INFO] [stdout] test uri::tests::range_from_range_c ... ok
[INFO] [stdout] test uri::tests::remove_space ... ok
[INFO] [stdout] test uri::tests::uri_fragment ... ok
[INFO] [stdout] test uri::tests::uri_full_parse ... ok
[INFO] [stdout] test uri::tests::uri_host_header ... ok
[INFO] [stdout] test uri::tests::uri_parse ... ok
[INFO] [stdout] test uri::tests::uri_port ... ok
[INFO] [stdout] test uri::tests::uri_display ... ok
[INFO] [stdout] test uri::tests::uri_query ... ok
[INFO] [stdout] test uri::tests::uri_resource ... ok
[INFO] [stdout] test uri::tests::uri_path ... ok
[INFO] [stdout] test uri::tests::uri_host ... ok
[INFO] [stdout] test uri::tests::uri_uesr_info ... ok
[INFO] [stdout] test uri::tests::uri_scheme ... ok
[INFO] [stdout] test request::tests::request_connect_timeout ... FAILED
[INFO] [stdout] test response::tests::res_from_empty - should panic ... ok
[INFO] [stdout] test request::tests::request_send ... FAILED
[INFO] [stdout] 
[INFO] [stdout] failures:
[INFO] [stdout] 
[INFO] [stdout] ---- request::tests::request_connect_timeout stdout ----
[INFO] [stdout] thread 'request::tests::request_connect_timeout' panicked at 'assertion failed: `(left == right)`
[INFO] [stdout]   left: `Uncategorized`,
[INFO] [stdout]  right: `TimedOut`', src/request.rs:1256:31
[INFO] [stdout] stack backtrace:
[INFO] [stdout]    0:     0x55f9c9eb7aca - std::backtrace_rs::backtrace::libunwind::trace::h2f05d0192276a8f6
[INFO] [stdout]                                at /rustc/1b7dd2252b99671ce5d1cb9664c5f8636329436d/library/std/src/../../backtrace/src/backtrace/libunwind.rs:93:5
[INFO] [stdout]    1:     0x55f9c9eb7aca - std::backtrace_rs::backtrace::trace_unsynchronized::hedc23dff7a1af150
[INFO] [stdout]                                at /rustc/1b7dd2252b99671ce5d1cb9664c5f8636329436d/library/std/src/../../backtrace/src/backtrace/mod.rs:66:5
[INFO] [stdout]    2:     0x55f9c9eb7aca - std::sys_common::backtrace::_print_fmt::h17541ef7592f3ce2
[INFO] [stdout]                                at /rustc/1b7dd2252b99671ce5d1cb9664c5f8636329436d/library/std/src/sys_common/backtrace.rs:65:5
[INFO] [stdout]    3:     0x55f9c9eb7aca - <std::sys_common::backtrace::_print::DisplayBacktrace as core::fmt::Display>::fmt::h20f75df5ab0c0792
[INFO] [stdout]                                at /rustc/1b7dd2252b99671ce5d1cb9664c5f8636329436d/library/std/src/sys_common/backtrace.rs:44:22
[INFO] [stdout]    4:     0x55f9c9edd20f - core::fmt::write::h78109e6f466b3af6
[INFO] [stdout]                                at /rustc/1b7dd2252b99671ce5d1cb9664c5f8636329436d/library/core/src/fmt/mod.rs:1254:17
[INFO] [stdout]    5:     0x55f9c9eb40d5 - std::io::Write::write_fmt::hd24bfb68a1b35a25
[INFO] [stdout]                                at /rustc/1b7dd2252b99671ce5d1cb9664c5f8636329436d/library/std/src/io/mod.rs:1698:15
[INFO] [stdout]    6:     0x55f9c9eb7895 - std::sys_common::backtrace::_print::h8dac57a9f8fbf9a5
[INFO] [stdout]                                at /rustc/1b7dd2252b99671ce5d1cb9664c5f8636329436d/library/std/src/sys_common/backtrace.rs:47:5
[INFO] [stdout]    7:     0x55f9c9eb7895 - std::sys_common::backtrace::print::hf9ecbf41d1aa712f
[INFO] [stdout]                                at /rustc/1b7dd2252b99671ce5d1cb9664c5f8636329436d/library/std/src/sys_common/backtrace.rs:34:9
[INFO] [stdout]    8:     0x55f9c9eb954e - std::panicking::default_hook::{{closure}}::h04c07acfc84ca028
[INFO] [stdout]                                at /rustc/1b7dd2252b99671ce5d1cb9664c5f8636329436d/library/std/src/panicking.rs:269:22
[INFO] [stdout]    9:     0x55f9c9eb9281 - std::panicking::default_hook::h01f6bb23e1eceb2c
[INFO] [stdout]                                at /rustc/1b7dd2252b99671ce5d1cb9664c5f8636329436d/library/std/src/panicking.rs:285:9
[INFO] [stdout]   10:     0x55f9c9e8af1b - <alloc::boxed::Box<F,A> as core::ops::function::Fn<Args>>::call::h87fe9f7b2fd49e4c
[INFO] [stdout]                                at /rustc/1b7dd2252b99671ce5d1cb9664c5f8636329436d/library/alloc/src/boxed.rs:1987:9
[INFO] [stdout]   11:     0x55f9c9e8af1b - test::test_main::{{closure}}::he94d679243a7531b
[INFO] [stdout]                                at /rustc/1b7dd2252b99671ce5d1cb9664c5f8636329436d/library/test/src/lib.rs:134:21
[INFO] [stdout]   12:     0x55f9c9eb9c34 - <alloc::boxed::Box<F,A> as core::ops::function::Fn<Args>>::call::h3f2d6d8b14c4769f
[INFO] [stdout]                                at /rustc/1b7dd2252b99671ce5d1cb9664c5f8636329436d/library/alloc/src/boxed.rs:1987:9
[INFO] [stdout]   13:     0x55f9c9eb9c34 - std::panicking::rust_panic_with_hook::h2bb3722bbaf2f6df
[INFO] [stdout]                                at /rustc/1b7dd2252b99671ce5d1cb9664c5f8636329436d/library/std/src/panicking.rs:695:13
[INFO] [stdout]   14:     0x55f9c9eb99a9 - std::panicking::begin_panic_handler::{{closure}}::h91bc7f36a4be011b
[INFO] [stdout]                                at /rustc/1b7dd2252b99671ce5d1cb9664c5f8636329436d/library/std/src/panicking.rs:582:13
[INFO] [stdout]   15:     0x55f9c9eb7f36 - std::sys_common::backtrace::__rust_end_short_backtrace::h8b3d3717114f9e59
[INFO] [stdout]                                at /rustc/1b7dd2252b99671ce5d1cb9664c5f8636329436d/library/std/src/sys_common/backtrace.rs:150:18
[INFO] [stdout]   16:     0x55f9c9eb9702 - rust_begin_unwind
[INFO] [stdout]                                at /rustc/1b7dd2252b99671ce5d1cb9664c5f8636329436d/library/std/src/panicking.rs:578:5
[INFO] [stdout]   17:     0x55f9c9de0f03 - core::panicking::panic_fmt::hfd368e3fbdabea26
[INFO] [stdout]                                at /rustc/1b7dd2252b99671ce5d1cb9664c5f8636329436d/library/core/src/panicking.rs:67:14
[INFO] [stdout]   18:     0x55f9c9de12cf - core::panicking::assert_failed_inner::haef49168e1798a91
[INFO] [stdout]   19:     0x55f9c9e1f62a - core::panicking::assert_failed::h00f7adbe2e360572
[INFO] [stdout]                                at /rustc/1b7dd2252b99671ce5d1cb9664c5f8636329436d/library/core/src/panicking.rs:228:5
[INFO] [stdout]   20:     0x55f9c9e06bed - http_req::request::tests::request_connect_timeout::h133e0738b2207745
[INFO] [stdout]                                at /opt/rustwide/workdir/src/request.rs:1256:31
[INFO] [stdout]   21:     0x55f9c9e06807 - http_req::request::tests::request_connect_timeout::{{closure}}::ha4ad6fb102d97a90
[INFO] [stdout]                                at /opt/rustwide/workdir/src/request.rs:1247:34
[INFO] [stdout]   22:     0x55f9c9e00f85 - core::ops::function::FnOnce::call_once::h3d2a8fb2782759f8
[INFO] [stdout]                                at /rustc/1b7dd2252b99671ce5d1cb9664c5f8636329436d/library/core/src/ops/function.rs:250:5
[INFO] [stdout]   23:     0x55f9c9e8fdef - core::ops::function::FnOnce::call_once::ha6a70e79f7481a7e
[INFO] [stdout]                                at /rustc/1b7dd2252b99671ce5d1cb9664c5f8636329436d/library/core/src/ops/function.rs:250:5
[INFO] [stdout]   24:     0x55f9c9e8fdef - test::__rust_begin_short_backtrace::hce33033019b61e69
[INFO] [stdout]                                at /rustc/1b7dd2252b99671ce5d1cb9664c5f8636329436d/library/test/src/lib.rs:655:18
[INFO] [stdout]   25:     0x55f9c9e5d5dc - test::run_test::{{closure}}::h858d3528838ae3e5
[INFO] [stdout]                                at /rustc/1b7dd2252b99671ce5d1cb9664c5f8636329436d/library/test/src/lib.rs:646:30
[INFO] [stdout]   26:     0x55f9c9e5d5dc - core::ops::function::FnOnce::call_once{{vtable.shim}}::he8ac2b00f01ae79e
[INFO] [stdout]                                at /rustc/1b7dd2252b99671ce5d1cb9664c5f8636329436d/library/core/src/ops/function.rs:250:5
[INFO] [stdout]   27:     0x55f9c9e8eec6 - <alloc::boxed::Box<F,A> as core::ops::function::FnOnce<Args>>::call_once::h8093d25b522725ef
[INFO] [stdout]                                at /rustc/1b7dd2252b99671ce5d1cb9664c5f8636329436d/library/alloc/src/boxed.rs:1973:9
[INFO] [stdout]   28:     0x55f9c9e8eec6 - <core::panic::unwind_safe::AssertUnwindSafe<F> as core::ops::function::FnOnce<()>>::call_once::h5c334c204e4a3913
[INFO] [stdout]                                at /rustc/1b7dd2252b99671ce5d1cb9664c5f8636329436d/library/core/src/panic/unwind_safe.rs:271:9
[INFO] [stdout]   29:     0x55f9c9e8eec6 - std::panicking::try::do_call::ha8b740c7b9478074
[INFO] [stdout]                                at /rustc/1b7dd2252b99671ce5d1cb9664c5f8636329436d/library/std/src/panicking.rs:485:40
[INFO] [stdout]   30:     0x55f9c9e8eec6 - std::panicking::try::h5d34f63d0e41b64e
[INFO] [stdout]                                at /rustc/1b7dd2252b99671ce5d1cb9664c5f8636329436d/library/std/src/panicking.rs:449:19
[INFO] [stdout]   31:     0x55f9c9e8eec6 - std::panic::catch_unwind::hcfbb511e1aa7fc67
[INFO] [stdout]                                at /rustc/1b7dd2252b99671ce5d1cb9664c5f8636329436d/library/std/src/panic.rs:140:14
[INFO] [stdout]   32:     0x55f9c9e8eec6 - test::run_test_in_process::h9abda90f802eaf21
[INFO] [stdout]                                at /rustc/1b7dd2252b99671ce5d1cb9664c5f8636329436d/library/test/src/lib.rs:678:27
[INFO] [stdout]   33:     0x55f9c9e8eec6 - test::run_test::run_test_inner::{{closure}}::h0f058de91f6c6edf
[INFO] [stdout]                                at /rustc/1b7dd2252b99671ce5d1cb9664c5f8636329436d/library/test/src/lib.rs:572:39
[INFO] [stdout]   34:     0x55f9c9e57de5 - test::run_test::run_test_inner::{{closure}}::h5ca48a4c59c6c1fb
[INFO] [stdout]                                at /rustc/1b7dd2252b99671ce5d1cb9664c5f8636329436d/library/test/src/lib.rs:599:37
[INFO] [stdout]   35:     0x55f9c9e57de5 - std::sys_common::backtrace::__rust_begin_short_backtrace::h32bd51e1495d4a33
[INFO] [stdout]                                at /rustc/1b7dd2252b99671ce5d1cb9664c5f8636329436d/library/std/src/sys_common/backtrace.rs:134:18
[INFO] [stdout]   36:     0x55f9c9e5d321 - std::thread::Builder::spawn_unchecked_::{{closure}}::{{closure}}::hc086fae9b128b2db
[INFO] [stdout]                                at /rustc/1b7dd2252b99671ce5d1cb9664c5f8636329436d/library/std/src/thread/mod.rs:526:17
[INFO] [stdout]   37:     0x55f9c9e5d321 - <core::panic::unwind_safe::AssertUnwindSafe<F> as core::ops::function::FnOnce<()>>::call_once::hb66571888d270d43
[INFO] [stdout]                                at /rustc/1b7dd2252b99671ce5d1cb9664c5f8636329436d/library/core/src/panic/unwind_safe.rs:271:9
[INFO] [stdout]   38:     0x55f9c9e5d321 - std::panicking::try::do_call::h4fa2ef4f6e51fecf
[INFO] [stdout]                                at /rustc/1b7dd2252b99671ce5d1cb9664c5f8636329436d/library/std/src/panicking.rs:485:40
[INFO] [stdout]   39:     0x55f9c9e5d321 - std::panicking::try::h1e9e22b8584489b5
[INFO] [stdout]                                at /rustc/1b7dd2252b99671ce5d1cb9664c5f8636329436d/library/std/src/panicking.rs:449:19
[INFO] [stdout]   40:     0x55f9c9e5d321 - std::panic::catch_unwind::h44698a3de0e0769e
[INFO] [stdout]                                at /rustc/1b7dd2252b99671ce5d1cb9664c5f8636329436d/library/std/src/panic.rs:140:14
[INFO] [stdout]   41:     0x55f9c9e5d321 - std::thread::Builder::spawn_unchecked_::{{closure}}::h50153abde3fe239e
[INFO] [stdout]                                at /rustc/1b7dd2252b99671ce5d1cb9664c5f8636329436d/library/std/src/thread/mod.rs:525:30
[INFO] [stdout]   42:     0x55f9c9e5d321 - core::ops::function::FnOnce::call_once{{vtable.shim}}::hbe5bbf6f38394364
[INFO] [stdout]                                at /rustc/1b7dd2252b99671ce5d1cb9664c5f8636329436d/library/core/src/ops/function.rs:250:5
[INFO] [stdout]   43:     0x55f9c9ebe2d5 - <alloc::boxed::Box<F,A> as core::ops::function::FnOnce<Args>>::call_once::h0d83cb2920a49046
[INFO] [stdout]                                at /rustc/1b7dd2252b99671ce5d1cb9664c5f8636329436d/library/alloc/src/boxed.rs:1973:9
[INFO] [stdout]   44:     0x55f9c9ebe2d5 - <alloc::boxed::Box<F,A> as core::ops::function::FnOnce<Args>>::call_once::hbe0a008aa7d9ef59
[INFO] [stdout]                                at /rustc/1b7dd2252b99671ce5d1cb9664c5f8636329436d/library/alloc/src/boxed.rs:1973:9
[INFO] [stdout]   45:     0x55f9c9ebe2d5 - std::sys::unix::thread::Thread::new::thread_start::h3a466996bdf6b1f9
[INFO] [stdout]                                at /rustc/1b7dd2252b99671ce5d1cb9664c5f8636329436d/library/std/src/sys/unix/thread.rs:108:17
[INFO] [stdout]   46:     0x7f033c7c2b43 - <unknown>
[INFO] [stdout]   47:     0x7f033c853bb4 - __clone
[INFO] [stdout]   48:                0x0 - <unknown>
[INFO] [stdout] 
[INFO] [stdout] ---- request::tests::request_send stdout ----
[INFO] [stdout] thread 'request::tests::request_send' panicked at 'called `Result::unwrap()` on an `Err` value: IO(Custom { kind: Uncategorized, error: "failed to lookup address information: Temporary failure in name resolution" })', src/request.rs:1296:56
[INFO] [stdout] stack backtrace:
[INFO] [stdout]    0:     0x55f9c9eb7aca - std::backtrace_rs::backtrace::libunwind::trace::h2f05d0192276a8f6
[INFO] [stdout]                                at /rustc/1b7dd2252b99671ce5d1cb9664c5f8636329436d/library/std/src/../../backtrace/src/backtrace/libunwind.rs:93:5
[INFO] [stdout]    1:     0x55f9c9eb7aca - std::backtrace_rs::backtrace::trace_unsynchronized::hedc23dff7a1af150
[INFO] [stdout]                                at /rustc/1b7dd2252b99671ce5d1cb9664c5f8636329436d/library/std/src/../../backtrace/src/backtrace/mod.rs:66:5
[INFO] [stdout]    2:     0x55f9c9eb7aca - std::sys_common::backtrace::_print_fmt::h17541ef7592f3ce2
[INFO] [stdout]                                at /rustc/1b7dd2252b99671ce5d1cb9664c5f8636329436d/library/std/src/sys_common/backtrace.rs:65:5
[INFO] [stdout]    3:     0x55f9c9eb7aca - <std::sys_common::backtrace::_print::DisplayBacktrace as core::fmt::Display>::fmt::h20f75df5ab0c0792
[INFO] [stdout]                                at /rustc/1b7dd2252b99671ce5d1cb9664c5f8636329436d/library/std/src/sys_common/backtrace.rs:44:22
[INFO] [stdout]    4:     0x55f9c9edd20f - core::fmt::write::h78109e6f466b3af6
[INFO] [stdout]                                at /rustc/1b7dd2252b99671ce5d1cb9664c5f8636329436d/library/core/src/fmt/mod.rs:1254:17
[INFO] [stdout]    5:     0x55f9c9eb40d5 - std::io::Write::write_fmt::hd24bfb68a1b35a25
[INFO] [stdout]                                at /rustc/1b7dd2252b99671ce5d1cb9664c5f8636329436d/library/std/src/io/mod.rs:1698:15
[INFO] [stdout]    6:     0x55f9c9eb7895 - std::sys_common::backtrace::_print::h8dac57a9f8fbf9a5
[INFO] [stdout]                                at /rustc/1b7dd2252b99671ce5d1cb9664c5f8636329436d/library/std/src/sys_common/backtrace.rs:47:5
[INFO] [stdout]    7:     0x55f9c9eb7895 - std::sys_common::backtrace::print::hf9ecbf41d1aa712f
[INFO] [stdout]                                at /rustc/1b7dd2252b99671ce5d1cb9664c5f8636329436d/library/std/src/sys_common/backtrace.rs:34:9
[INFO] [stdout]    8:     0x55f9c9eb954e - std::panicking::default_hook::{{closure}}::h04c07acfc84ca028
[INFO] [stdout]                                at /rustc/1b7dd2252b99671ce5d1cb9664c5f8636329436d/library/std/src/panicking.rs:269:22
[INFO] [stdout]    9:     0x55f9c9eb9281 - std::panicking::default_hook::h01f6bb23e1eceb2c
[INFO] [stdout]                                at /rustc/1b7dd2252b99671ce5d1cb9664c5f8636329436d/library/std/src/panicking.rs:285:9
[INFO] [stdout]   10:     0x55f9c9e8af1b - <alloc::boxed::Box<F,A> as core::ops::function::Fn<Args>>::call::h87fe9f7b2fd49e4c
[INFO] [stdout]                                at /rustc/1b7dd2252b99671ce5d1cb9664c5f8636329436d/library/alloc/src/boxed.rs:1987:9
[INFO] [stdout]   11:     0x55f9c9e8af1b - test::test_main::{{closure}}::he94d679243a7531b
[INFO] [stdout]                                at /rustc/1b7dd2252b99671ce5d1cb9664c5f8636329436d/library/test/src/lib.rs:134:21
[INFO] [stdout]   12:     0x55f9c9eb9c34 - <alloc::boxed::Box<F,A> as core::ops::function::Fn<Args>>::call::h3f2d6d8b14c4769f
[INFO] [stdout]                                at /rustc/1b7dd2252b99671ce5d1cb9664c5f8636329436d/library/alloc/src/boxed.rs:1987:9
[INFO] [stdout]   13:     0x55f9c9eb9c34 - std::panicking::rust_panic_with_hook::h2bb3722bbaf2f6df
[INFO] [stdout]                                at /rustc/1b7dd2252b99671ce5d1cb9664c5f8636329436d/library/std/src/panicking.rs:695:13
[INFO] [stdout]   14:     0x55f9c9eb99a9 - std::panicking::begin_panic_handler::{{closure}}::h91bc7f36a4be011b
[INFO] [stdout]                                at /rustc/1b7dd2252b99671ce5d1cb9664c5f8636329436d/library/std/src/panicking.rs:582:13
[INFO] [stdout]   15:     0x55f9c9eb7f36 - std::sys_common::backtrace::__rust_end_short_backtrace::h8b3d3717114f9e59
[INFO] [stdout]                                at /rustc/1b7dd2252b99671ce5d1cb9664c5f8636329436d/library/std/src/sys_common/backtrace.rs:150:18
[INFO] [stdout]   16:     0x55f9c9eb9702 - rust_begin_unwind
[INFO] [stdout]                                at /rustc/1b7dd2252b99671ce5d1cb9664c5f8636329436d/library/std/src/panicking.rs:578:5
[INFO] [stdout]   17:     0x55f9c9de0f03 - core::panicking::panic_fmt::hfd368e3fbdabea26
[INFO] [stdout]                                at /rustc/1b7dd2252b99671ce5d1cb9664c5f8636329436d/library/core/src/panicking.rs:67:14
[INFO] [stdout]   18:     0x55f9c9de1443 - core::result::unwrap_failed::he54eb4b2f125b26f
[INFO] [stdout]                                at /rustc/1b7dd2252b99671ce5d1cb9664c5f8636329436d/library/core/src/result.rs:1687:5
[INFO] [stdout]   19:     0x55f9c9e0cea0 - core::result::Result<T,E>::unwrap::h78716ac1dfbe1c62
[INFO] [stdout]                                at /rustc/1b7dd2252b99671ce5d1cb9664c5f8636329436d/library/core/src/result.rs:1089:23
[INFO] [stdout]   20:     0x55f9c9e07368 - http_req::request::tests::request_send::hac5731b41bac044c
[INFO] [stdout]                                at /opt/rustwide/workdir/src/request.rs:1296:19
[INFO] [stdout]   21:     0x55f9c9e07267 - http_req::request::tests::request_send::{{closure}}::hd0dd5df5f171cc2c
[INFO] [stdout]                                at /opt/rustwide/workdir/src/request.rs:1293:23
[INFO] [stdout]   22:     0x55f9c9e01d35 - core::ops::function::FnOnce::call_once::hd615316f9acd071b
[INFO] [stdout]                                at /rustc/1b7dd2252b99671ce5d1cb9664c5f8636329436d/library/core/src/ops/function.rs:250:5
[INFO] [stdout]   23:     0x55f9c9e8fdef - core::ops::function::FnOnce::call_once::ha6a70e79f7481a7e
[INFO] [stdout]                                at /rustc/1b7dd2252b99671ce5d1cb9664c5f8636329436d/library/core/src/ops/function.rs:250:5
[INFO] [stdout]   24:     0x55f9c9e8fdef - test::__rust_begin_short_backtrace::hce33033019b61e69
[INFO] [stdout]                                at /rustc/1b7dd2252b99671ce5d1cb9664c5f8636329436d/library/test/src/lib.rs:655:18
[INFO] [stdout]   25:     0x55f9c9e5d5dc - test::run_test::{{closure}}::h858d3528838ae3e5
[INFO] [stdout]                                at /rustc/1b7dd2252b99671ce5d1cb9664c5f8636329436d/library/test/src/lib.rs:646:30
[INFO] [stdout]   26:     0x55f9c9e5d5dc - core::ops::function::FnOnce::call_once{{vtable.shim}}::he8ac2b00f01ae79e
[INFO] [stdout]                                at /rustc/1b7dd2252b99671ce5d1cb9664c5f8636329436d/library/core/src/ops/function.rs:250:5
[INFO] [stdout]   27:     0x55f9c9e8eec6 - <alloc::boxed::Box<F,A> as core::ops::function::FnOnce<Args>>::call_once::h8093d25b522725ef
[INFO] [stdout]                                at /rustc/1b7dd2252b99671ce5d1cb9664c5f8636329436d/library/alloc/src/boxed.rs:1973:9
[INFO] [stdout]   28:     0x55f9c9e8eec6 - <core::panic::unwind_safe::AssertUnwindSafe<F> as core::ops::function::FnOnce<()>>::call_once::h5c334c204e4a3913
[INFO] [stdout]                                at /rustc/1b7dd2252b99671ce5d1cb9664c5f8636329436d/library/core/src/panic/unwind_safe.rs:271:9
[INFO] [stdout]   29:     0x55f9c9e8eec6 - std::panicking::try::do_call::ha8b740c7b9478074
[INFO] [stdout]                                at /rustc/1b7dd2252b99671ce5d1cb9664c5f8636329436d/library/std/src/panicking.rs:485:40
[INFO] [stdout]   30:     0x55f9c9e8eec6 - std::panicking::try::h5d34f63d0e41b64e
[INFO] [stdout]                                at /rustc/1b7dd2252b99671ce5d1cb9664c5f8636329436d/library/std/src/panicking.rs:449:19
[INFO] [stdout]   31:     0x55f9c9e8eec6 - std::panic::catch_unwind::hcfbb511e1aa7fc67
[INFO] [stdout]                                at /rustc/1b7dd2252b99671ce5d1cb9664c5f8636329436d/library/std/src/panic.rs:140:14
[INFO] [stdout]   32:     0x55f9c9e8eec6 - test::run_test_in_process::h9abda90f802eaf21
[INFO] [stdout]                                at /rustc/1b7dd2252b99671ce5d1cb9664c5f8636329436d/library/test/src/lib.rs:678:27
[INFO] [stdout]   33:     0x55f9c9e8eec6 - test::run_test::run_test_inner::{{closure}}::h0f058de91f6c6edf
[INFO] [stdout]                                at /rustc/1b7dd2252b99671ce5d1cb9664c5f8636329436d/library/test/src/lib.rs:572:39
[INFO] [stdout]   34:     0x55f9c9e57de5 - test::run_test::run_test_inner::{{closure}}::h5ca48a4c59c6c1fb
[INFO] [stdout]                                at /rustc/1b7dd2252b99671ce5d1cb9664c5f8636329436d/library/test/src/lib.rs:599:37
[INFO] [stdout]   35:     0x55f9c9e57de5 - std::sys_common::backtrace::__rust_begin_short_backtrace::h32bd51e1495d4a33
[INFO] [stdout]                                at /rustc/1b7dd2252b99671ce5d1cb9664c5f8636329436d/library/std/src/sys_common/backtrace.rs:134:18
[INFO] [stdout]   36:     0x55f9c9e5d321 - std::thread::Builder::spawn_unchecked_::{{closure}}::{{closure}}::hc086fae9b128b2db
[INFO] [stdout]                                at /rustc/1b7dd2252b99671ce5d1cb9664c5f8636329436d/library/std/src/thread/mod.rs:526:17
[INFO] [stdout]   37:     0x55f9c9e5d321 - <core::panic::unwind_safe::AssertUnwindSafe<F> as core::ops::function::FnOnce<()>>::call_once::hb66571888d270d43
[INFO] [stdout]                                at /rustc/1b7dd2252b99671ce5d1cb9664c5f8636329436d/library/core/src/panic/unwind_safe.rs:271:9
[INFO] [stdout]   38:     0x55f9c9e5d321 - std::panicking::try::do_call::h4fa2ef4f6e51fecf
[INFO] [stdout]                                at /rustc/1b7dd2252b99671ce5d1cb9664c5f8636329436d/library/std/src/panicking.rs:485:40
[INFO] [stdout]   39:     0x55f9c9e5d321 - std::panicking::try::h1e9e22b8584489b5
[INFO] [stdout]                                at /rustc/1b7dd2252b99671ce5d1cb9664c5f8636329436d/library/std/src/panicking.rs:449:19
[INFO] [stdout]   40:     0x55f9c9e5d321 - std::panic::catch_unwind::h44698a3de0e0769e
[INFO] [stdout]                                at /rustc/1b7dd2252b99671ce5d1cb9664c5f8636329436d/library/std/src/panic.rs:140:14
[INFO] [stdout]   41:     0x55f9c9e5d321 - std::thread::Builder::spawn_unchecked_::{{closure}}::h50153abde3fe239e
[INFO] [stdout]                                at /rustc/1b7dd2252b99671ce5d1cb9664c5f8636329436d/library/std/src/thread/mod.rs:525:30
[INFO] [stdout]   42:     0x55f9c9e5d321 - core::ops::function::FnOnce::call_once{{vtable.shim}}::hbe5bbf6f38394364
[INFO] [stdout]                                at /rustc/1b7dd2252b99671ce5d1cb9664c5f8636329436d/library/core/src/ops/function.rs:250:5
[INFO] [stdout]   43:     0x55f9c9ebe2d5 - <alloc::boxed::Box<F,A> as core::ops::function::FnOnce<Args>>::call_once::h0d83cb2920a49046
[INFO] [stdout]                                at /rustc/1b7dd2252b99671ce5d1cb9664c5f8636329436d/library/alloc/src/boxed.rs:1973:9
[INFO] [stdout]   44:     0x55f9c9ebe2d5 - <alloc::boxed::Box<F,A> as core::ops::function::FnOnce<Args>>::call_once::hbe0a008aa7d9ef59
[INFO] [stdout]                                at /rustc/1b7dd2252b99671ce5d1cb9664c5f8636329436d/library/alloc/src/boxed.rs:1973:9
[INFO] [stdout]   45:     0x55f9c9ebe2d5 - std::sys::unix::thread::Thread::new::thread_start::h3a466996bdf6b1f9
[INFO] [stdout]                                at /rustc/1b7dd2252b99671ce5d1cb9664c5f8636329436d/library/std/src/sys/unix/thread.rs:108:17
[INFO] [stdout]   46:     0x7f033c7c2b43 - <unknown>
[INFO] [stdout]   47:     0x7f033c853bb4 - __clone
[INFO] [stdout]   48:                0x0 - <unknown>
[INFO] [stdout] 
[INFO] [stdout] 
[INFO] [stdout] failures:
[INFO] [stdout]     request::tests::request_connect_timeout
[INFO] [stdout]     request::tests::request_send
[INFO] [stdout] 
[INFO] [stdout] test result: FAILED. 77 passed; 2 failed; 6 ignored; 0 measured; 0 filtered out; finished in 0.01s
[INFO] [stdout] 
[INFO] [stderr] error: test failed, to rerun pass `--lib`
[INFO] running `Command { std: "docker" "inspect" "afc8314aa2753b03455e20b07541cb2b2c2c459c97cad9acf5fdf000e21fb087", kill_on_drop: false }`
[INFO] running `Command { std: "docker" "rm" "-f" "afc8314aa2753b03455e20b07541cb2b2c2c459c97cad9acf5fdf000e21fb087", kill_on_drop: false }`
[INFO] [stdout] afc8314aa2753b03455e20b07541cb2b2c2c459c97cad9acf5fdf000e21fb087
