[INFO] cloning repository https://github.com/jay-johnson/restapi
[INFO] running `Command { std: "git" "-c" "credential.helper=" "-c" "credential.helper=/workspace/cargo-home/bin/git-credential-null" "clone" "--bare" "https://github.com/jay-johnson/restapi" "/workspace/cache/git-repos/https%3A%2F%2Fgithub.com%2Fjay-johnson%2Frestapi", kill_on_drop: false }`
[INFO] [stderr] Cloning into bare repository '/workspace/cache/git-repos/https%3A%2F%2Fgithub.com%2Fjay-johnson%2Frestapi'...
[INFO] running `Command { std: "git" "rev-parse" "HEAD", kill_on_drop: false }`
[INFO] [stdout] bce9893bd74a537a55e1ce12c719f5d577e09dcd
[INFO] testing jay-johnson/restapi against 1.69.0 for beta-1.70-1
[INFO] running `Command { std: "git" "clone" "/workspace/cache/git-repos/https%3A%2F%2Fgithub.com%2Fjay-johnson%2Frestapi" "/workspace/builds/worker-2-tc1/source", kill_on_drop: false }`
[INFO] [stderr] Cloning into '/workspace/builds/worker-2-tc1/source'...
[INFO] [stderr] done.
[INFO] validating manifest of git repo https://github.com/jay-johnson/restapi on toolchain 1.69.0
[INFO] running `Command { std: CARGO_HOME="/workspace/cargo-home" RUSTUP_HOME="/workspace/rustup-home" "/workspace/cargo-home/bin/cargo" "+1.69.0" "metadata" "--manifest-path" "Cargo.toml" "--no-deps", kill_on_drop: false }`
[INFO] started tweaking git repo https://github.com/jay-johnson/restapi
[INFO] finished tweaking git repo https://github.com/jay-johnson/restapi
[INFO] tweaked toml for git repo https://github.com/jay-johnson/restapi written to /workspace/builds/worker-2-tc1/source/Cargo.toml
[INFO] crate git repo https://github.com/jay-johnson/restapi already has a lockfile, it will not be regenerated
[INFO] running `Command { std: CARGO_HOME="/workspace/cargo-home" RUSTUP_HOME="/workspace/rustup-home" "/workspace/cargo-home/bin/cargo" "+1.69.0" "fetch" "--manifest-path" "Cargo.toml", kill_on_drop: false }`
[INFO] [stderr]  Downloading crates ...
[INFO] [stderr]   Downloaded geo-types v0.7.2
[INFO] [stderr]   Downloaded postgres v0.19.4
[INFO] [stderr]   Downloaded bb8 v0.8.0
[INFO] [stderr]   Downloaded kafka-threadpool v1.0.12
[INFO] [stderr]   Downloaded bb8-postgres v0.8.1
[INFO] [stderr]   Downloaded rusoto_s3 v0.48.0
[INFO] [stderr]   Downloaded sha2 v0.10.1
[INFO] [stderr]   Downloaded postgres-protocol v0.6.4
[INFO] [stderr]   Downloaded postgres-native-tls v0.5.0
[INFO] [stderr]   Downloaded prometheus v0.13.2
[INFO] [stderr]   Downloaded iana-time-zone v0.1.49
[INFO] [stderr]   Downloaded tokio-postgres v0.7.7
[INFO] [stderr]   Downloaded postgres-types v0.2.4
[INFO] running `Command { std: "docker" "create" "-v" "/var/lib/crater-agent-workspace/builds/worker-2-tc1/target:/opt/rustwide/target:rw,Z" "-v" "/var/lib/crater-agent-workspace/builds/worker-2-tc1/source:/opt/rustwide/workdir:ro,Z" "-v" "/var/lib/crater-agent-workspace/cargo-home:/opt/rustwide/cargo-home:ro,Z" "-v" "/var/lib/crater-agent-workspace/rustup-home:/opt/rustwide/rustup-home:ro,Z" "-e" "SOURCE_DIR=/opt/rustwide/workdir" "-e" "CARGO_TARGET_DIR=/opt/rustwide/target" "-e" "CARGO_HOME=/opt/rustwide/cargo-home" "-e" "RUSTUP_HOME=/opt/rustwide/rustup-home" "-w" "/opt/rustwide/workdir" "-m" "1610612736" "--user" "0:0" "--network" "none" "ghcr.io/rust-lang/crates-build-env/linux@sha256:5ff2268d62e97bff2cde7d5815dd6ed5b47097566f13b8d0ca110b04b60e07ed" "/opt/rustwide/cargo-home/bin/cargo" "+1.69.0" "metadata" "--no-deps" "--format-version=1", kill_on_drop: false }`
[INFO] [stdout] 1f090410f0bce81ef932c51b11f2593ad32045642c7113b2d4e5059ae35301e8
[INFO] running `Command { std: "docker" "start" "-a" "1f090410f0bce81ef932c51b11f2593ad32045642c7113b2d4e5059ae35301e8", kill_on_drop: false }`
[INFO] running `Command { std: "docker" "inspect" "1f090410f0bce81ef932c51b11f2593ad32045642c7113b2d4e5059ae35301e8", kill_on_drop: false }`
[INFO] running `Command { std: "docker" "rm" "-f" "1f090410f0bce81ef932c51b11f2593ad32045642c7113b2d4e5059ae35301e8", kill_on_drop: false }`
[INFO] [stdout] 1f090410f0bce81ef932c51b11f2593ad32045642c7113b2d4e5059ae35301e8
[INFO] running `Command { std: "docker" "create" "-v" "/var/lib/crater-agent-workspace/builds/worker-2-tc1/target:/opt/rustwide/target:rw,Z" "-v" "/var/lib/crater-agent-workspace/builds/worker-2-tc1/source:/opt/rustwide/workdir:ro,Z" "-v" "/var/lib/crater-agent-workspace/cargo-home:/opt/rustwide/cargo-home:ro,Z" "-v" "/var/lib/crater-agent-workspace/rustup-home:/opt/rustwide/rustup-home:ro,Z" "-e" "SOURCE_DIR=/opt/rustwide/workdir" "-e" "CARGO_TARGET_DIR=/opt/rustwide/target" "-e" "CARGO_INCREMENTAL=0" "-e" "RUST_BACKTRACE=full" "-e" "RUSTFLAGS=--cap-lints=warn" "-e" "RUSTDOCFLAGS=--cap-lints=warn" "-e" "CARGO_HOME=/opt/rustwide/cargo-home" "-e" "RUSTUP_HOME=/opt/rustwide/rustup-home" "-w" "/opt/rustwide/workdir" "-m" "1610612736" "--user" "0:0" "--network" "none" "ghcr.io/rust-lang/crates-build-env/linux@sha256:5ff2268d62e97bff2cde7d5815dd6ed5b47097566f13b8d0ca110b04b60e07ed" "/opt/rustwide/cargo-home/bin/cargo" "+1.69.0" "build" "--frozen" "--message-format=json", kill_on_drop: false }`
[INFO] [stdout] a7a44025fb91dab240bfaa49059938a35fa498254df6fec424f5eb0482fec0a9
[INFO] running `Command { std: "docker" "start" "-a" "a7a44025fb91dab240bfaa49059938a35fa498254df6fec424f5eb0482fec0a9", kill_on_drop: false }`
[INFO] [stderr]    Compiling libc v0.2.133
[INFO] [stderr]    Compiling proc-macro2 v1.0.43
[INFO] [stderr]    Compiling unicode-ident v1.0.4
[INFO] [stderr]    Compiling syn v1.0.100
[INFO] [stderr]    Compiling autocfg v1.1.0
[INFO] [stderr]    Compiling memchr v2.4.1
[INFO] [stderr]    Compiling once_cell v1.15.0
[INFO] [stderr]    Compiling cc v1.0.72
[INFO] [stderr]    Compiling log v0.4.17
[INFO] [stderr]    Compiling pin-project-lite v0.2.8
[INFO] [stderr]    Compiling parking_lot_core v0.9.1
[INFO] [stderr]    Compiling futures-core v0.3.24
[INFO] [stderr]    Compiling bytes v1.1.0
[INFO] [stderr]    Compiling smallvec v1.8.0
[INFO] [stderr]    Compiling version_check v0.9.4
[INFO] [stderr]    Compiling typenum v1.15.0
[INFO] [stderr]    Compiling lock_api v0.4.6
[INFO] [stderr]    Compiling futures-sink v0.3.24
[INFO] [stderr]    Compiling pkg-config v0.3.24
[INFO] [stderr]    Compiling itoa v1.0.1
[INFO] [stderr]    Compiling futures-task v0.3.24
[INFO] [stderr]    Compiling futures-channel v0.3.24
[INFO] [stderr]    Compiling serde_derive v1.0.145
[INFO] [stderr]    Compiling generic-array v0.14.5
[INFO] [stderr]    Compiling futures-util v0.3.24
[INFO] [stderr]    Compiling serde v1.0.145
[INFO] [stderr]    Compiling tokio v1.21.1
[INFO] [stderr]    Compiling num-traits v0.2.14
[INFO] [stderr]    Compiling futures-io v0.3.24
[INFO] [stderr]    Compiling pin-utils v0.1.0
[INFO] [stderr]    Compiling slab v0.4.5
[INFO] [stderr]    Compiling openssl-src v111.18.0+1.1.1n
[INFO] [stderr]    Compiling num-integer v0.1.44
[INFO] [stderr]    Compiling subtle v2.4.1
[INFO] [stderr]    Compiling serde_json v1.0.85
[INFO] [stderr]    Compiling tracing-core v0.1.21
[INFO] [stderr]    Compiling ryu v1.0.9
[INFO] [stderr]    Compiling base64 v0.13.0
[INFO] [stderr]    Compiling cpufeatures v0.2.1
[INFO] [stderr]    Compiling async-trait v0.1.52
[INFO] [stderr]    Compiling tinyvec_macros v0.1.0
[INFO] [stderr]    Compiling quote v1.0.15
[INFO] [stderr]    Compiling aho-corasick v0.7.18
[INFO] [stderr]    Compiling tinyvec v1.5.1
[INFO] [stderr]    Compiling fnv v1.0.7
[INFO] [stderr]    Compiling iana-time-zone v0.1.49
[INFO] [stderr]    Compiling regex-syntax v0.6.25
[INFO] [stderr]    Compiling indexmap v1.8.0
[INFO] [stderr]    Compiling num_cpus v1.13.1
[INFO] [stderr]    Compiling mio v0.8.4
[INFO] [stderr]    Compiling signal-hook-registry v1.4.0
[INFO] [stderr]    Compiling socket2 v0.4.4
[INFO] [stderr]    Compiling openssl-sys v0.9.75
[INFO] [stderr]    Compiling tracing v0.1.29
[INFO] [stderr]    Compiling time v0.1.43
[INFO] [stderr]    Compiling getrandom v0.2.4
[INFO] [stderr]    Compiling parking_lot v0.12.0
[INFO] [stderr]    Compiling unicode-bidi v0.3.7
[INFO] [stderr]    Compiling percent-encoding v2.2.0
[INFO] [stderr]    Compiling rand_core v0.6.3
[INFO] [stderr]    Compiling ring v0.16.20
[INFO] [stderr]    Compiling unicode-normalization v0.1.19
[INFO] [stderr]    Compiling http v0.2.6
[INFO] [stderr]    Compiling hashbrown v0.11.2
[INFO] [stderr]    Compiling block-buffer v0.10.0
[INFO] [stderr]    Compiling crypto-common v0.1.1
[INFO] [stderr]    Compiling foreign-types-shared v0.1.1
[INFO] [stderr]    Compiling ppv-lite86 v0.2.16
[INFO] [stderr]    Compiling httparse v1.6.0
[INFO] [stderr]    Compiling time-macros v0.2.3
[INFO] [stderr]    Compiling openssl v0.10.41
[INFO] [stderr]    Compiling digest v0.10.1
[INFO] [stderr]    Compiling num_threads v0.1.3
[INFO] [stderr]    Compiling foreign-types v0.3.2
[INFO] [stderr]    Compiling semver v1.0.6
[INFO] [stderr]    Compiling native-tls v0.2.10
[INFO] [stderr]    Compiling bitflags v1.3.2
[INFO] [stderr]    Compiling try-lock v0.2.3
[INFO] [stderr]    Compiling want v0.3.0
[INFO] [stderr]    Compiling sha2 v0.10.1
[INFO] [stderr]    Compiling hmac v0.12.0
[INFO] [stderr]    Compiling md-5 v0.10.0
[INFO] [stderr]    Compiling digest v0.9.0
[INFO] [stderr]    Compiling rand_chacha v0.3.1
[INFO] [stderr]    Compiling stringprep v0.1.2
[INFO] [stderr]    Compiling libz-sys v1.1.8
[INFO] [stderr]    Compiling untrusted v0.7.1
[INFO] [stderr]    Compiling httpdate v1.0.2
[INFO] [stderr]    Compiling tower-service v0.3.1
[INFO] [stderr]    Compiling fallible-iterator v0.2.0
[INFO] [stderr]    Compiling spin v0.5.2
[INFO] [stderr]    Compiling byteorder v1.4.3
[INFO] [stderr]    Compiling rand v0.8.4
[INFO] [stderr]    Compiling siphasher v0.3.9
[INFO] [stderr]    Compiling regex v1.5.4
[INFO] [stderr]    Compiling rustc-serialize v0.3.24
[INFO] [stderr]    Compiling openssl-probe v0.1.5
[INFO] [stderr]    Compiling phf_shared v0.11.1
[INFO] [stderr]    Compiling block-buffer v0.9.0
[INFO] [stderr]    Compiling geo-types v0.7.2
[INFO] [stderr]    Compiling dirs-sys-next v0.1.2
[INFO] [stderr]    Compiling cmake v0.1.48
[INFO] [stderr]    Compiling uuid v0.8.2
[INFO] [stderr]    Compiling bit-vec v0.6.3
[INFO] [stderr]    Compiling time v0.3.7
[INFO] [stderr]    Compiling array-init v2.0.0
[INFO] [stderr]    Compiling postgres-protocol v0.6.4
[INFO] [stderr]    Compiling http-body v0.4.4
[INFO] [stderr]    Compiling opaque-debug v0.3.0
[INFO] [stderr]    Compiling dirs-next v2.0.0
[INFO] [stderr]    Compiling rustc_version v0.4.0
[INFO] [stderr]    Compiling phf v0.11.1
[INFO] [stderr]    Compiling rdkafka-sys v4.2.0+1.8.2
[INFO] [stderr]    Compiling crypto-mac v0.11.1
[INFO] [stderr]    Compiling num-bigint v0.4.3
[INFO] [stderr]    Compiling crc32fast v1.3.1
[INFO] [stderr]    Compiling quick-error v1.2.3
[INFO] [stderr]    Compiling shlex v1.1.0
[INFO] [stderr]    Compiling zeroize v1.5.2
[INFO] [stderr]    Compiling rusoto_core v0.48.0
[INFO] [stderr]    Compiling humantime v1.3.0
[INFO] [stderr]    Compiling hmac v0.11.0
[INFO] [stderr]    Compiling md-5 v0.9.1
[INFO] [stderr]    Compiling sha2 v0.9.9
[INFO] [stderr]    Compiling atty v0.2.14
[INFO] [stderr]    Compiling termcolor v1.1.2
[INFO] [stderr]    Compiling hex v0.4.3
[INFO] [stderr]    Compiling rustls v0.20.6
[INFO] [stderr]    Compiling crossbeam-utils v0.8.6
[INFO] [stderr]    Compiling protobuf v2.27.1
[INFO] [stderr]    Compiling env_logger v0.7.1
[INFO] [stderr]    Compiling eui48 v1.1.0
[INFO] [stderr]    Compiling xml-rs v0.8.4
[INFO] [stderr]    Compiling arrayref v0.3.6
[INFO] [stderr]    Compiling constant_time_eq v0.1.5
[INFO] [stderr]    Compiling arrayvec v0.7.2
[INFO] [stderr]    Compiling prometheus v0.13.2
[INFO] [stderr]    Compiling pretty_env_logger v0.4.0
[INFO] [stderr]    Compiling idna v0.3.0
[INFO] [stderr]    Compiling blake2b_simd v1.0.0
[INFO] [stderr]    Compiling form_urlencoded v1.1.0
[INFO] [stderr]    Compiling pem v1.1.0
[INFO] [stderr]    Compiling sha1_smol v1.0.0
[INFO] [stderr]    Compiling webpki v0.22.0
[INFO] [stderr]    Compiling toml v0.5.9
[INFO] [stderr]    Compiling sct v0.7.0
[INFO] [stderr]    Compiling url v2.3.1
[INFO] [stderr]    Compiling rustls-pemfile v1.0.1
[INFO] [stderr]    Compiling rust-argon2 v1.0.0
[INFO] [stderr]    Compiling tokio-macros v1.7.0
[INFO] [stderr]    Compiling futures-macro v0.3.24
[INFO] [stderr]    Compiling thiserror-impl v1.0.30
[INFO] [stderr]    Compiling openssl-macros v0.1.0
[INFO] [stderr]    Compiling async-stream-impl v0.3.2
[INFO] [stderr]    Compiling prometheus-static-metric v0.5.1
[INFO] [stderr]    Compiling async-stream v0.3.2
[INFO] [stderr]    Compiling thiserror v1.0.30
[INFO] [stderr]    Compiling proc-macro-crate v1.2.1
[INFO] [stderr]    Compiling simple_asn1 v0.6.2
[INFO] [stderr]    Compiling num_enum_derive v0.5.7
[INFO] [stderr]    Compiling num_enum v0.5.7
[INFO] [stderr]    Compiling futures-executor v0.3.24
[INFO] [stderr]    Compiling futures v0.3.24
[INFO] [stderr]    Compiling tokio-util v0.6.9
[INFO] [stderr]    Compiling tokio-util v0.7.4
[INFO] [stderr]    Compiling bb8 v0.8.0
[INFO] [stderr]    Compiling tokio-stream v0.1.8
[INFO] [stderr]    Compiling tokio-rustls v0.23.4
[INFO] [stderr]    Compiling h2 v0.3.11
[INFO] [stderr]    Compiling tokio-test v0.4.2
[INFO] [stderr]    Compiling chrono v0.4.22
[INFO] [stderr]    Compiling uuid v1.1.2
[INFO] [stderr]    Compiling jsonwebtoken v8.1.1
[INFO] [stderr]    Compiling hyper v0.14.20
[INFO] [stderr]    Compiling postgres-types v0.2.4
[INFO] [stderr]    Compiling tokio-postgres v0.7.7
[INFO] [stderr]    Compiling postgres v0.19.4
[INFO] [stderr]    Compiling rusoto_credential v0.48.0
[INFO] [stderr]    Compiling bb8-postgres v0.8.1
[INFO] [stderr]    Compiling rusoto_signature v0.48.0
[INFO] [stderr]    Compiling tokio-native-tls v0.3.0
[INFO] [stderr]    Compiling hyper-tls v0.5.0
[INFO] [stderr]    Compiling postgres-native-tls v0.5.0
[INFO] [stderr]    Compiling rusoto_s3 v0.48.0
[INFO] [stderr]    Compiling rdkafka v0.28.0
[INFO] [stderr]    Compiling kafka-threadpool v1.0.12
[INFO] [stderr]    Compiling restapi v1.1.14 (/opt/rustwide/workdir)
[INFO] [stderr]     Finished dev [unoptimized + debuginfo] target(s) in 38.74s
[INFO] [stderr] warning: the following packages contain code that will be rejected by a future version of Rust: rustc-serialize v0.3.24
[INFO] [stderr] note: to see what the problems were, use the option `--future-incompat-report`, or run `cargo report future-incompatibilities --id 2`
[INFO] running `Command { std: "docker" "inspect" "a7a44025fb91dab240bfaa49059938a35fa498254df6fec424f5eb0482fec0a9", kill_on_drop: false }`
[INFO] running `Command { std: "docker" "rm" "-f" "a7a44025fb91dab240bfaa49059938a35fa498254df6fec424f5eb0482fec0a9", kill_on_drop: false }`
[INFO] [stdout] a7a44025fb91dab240bfaa49059938a35fa498254df6fec424f5eb0482fec0a9
[INFO] running `Command { std: "docker" "create" "-v" "/var/lib/crater-agent-workspace/builds/worker-2-tc1/target:/opt/rustwide/target:rw,Z" "-v" "/var/lib/crater-agent-workspace/builds/worker-2-tc1/source:/opt/rustwide/workdir:ro,Z" "-v" "/var/lib/crater-agent-workspace/cargo-home:/opt/rustwide/cargo-home:ro,Z" "-v" "/var/lib/crater-agent-workspace/rustup-home:/opt/rustwide/rustup-home:ro,Z" "-e" "SOURCE_DIR=/opt/rustwide/workdir" "-e" "CARGO_TARGET_DIR=/opt/rustwide/target" "-e" "CARGO_INCREMENTAL=0" "-e" "RUST_BACKTRACE=full" "-e" "RUSTFLAGS=--cap-lints=warn" "-e" "RUSTDOCFLAGS=--cap-lints=warn" "-e" "CARGO_HOME=/opt/rustwide/cargo-home" "-e" "RUSTUP_HOME=/opt/rustwide/rustup-home" "-w" "/opt/rustwide/workdir" "-m" "1610612736" "--user" "0:0" "--network" "none" "ghcr.io/rust-lang/crates-build-env/linux@sha256:5ff2268d62e97bff2cde7d5815dd6ed5b47097566f13b8d0ca110b04b60e07ed" "/opt/rustwide/cargo-home/bin/cargo" "+1.69.0" "test" "--frozen" "--no-run" "--message-format=json", kill_on_drop: false }`
[INFO] [stdout] 90407a61990902279ed3796903741653e175f422a41c964e64c677a893b95f14
[INFO] running `Command { std: "docker" "start" "-a" "90407a61990902279ed3796903741653e175f422a41c964e64c677a893b95f14", kill_on_drop: false }`
[INFO] [stderr]    Compiling restapi v1.1.14 (/opt/rustwide/workdir)
[INFO] [stderr]     Finished test [unoptimized + debuginfo] target(s) in 9.14s
[INFO] [stderr] warning: the following packages contain code that will be rejected by a future version of Rust: rustc-serialize v0.3.24
[INFO] [stderr] note: to see what the problems were, use the option `--future-incompat-report`, or run `cargo report future-incompatibilities --id 2`
[INFO] running `Command { std: "docker" "inspect" "90407a61990902279ed3796903741653e175f422a41c964e64c677a893b95f14", kill_on_drop: false }`
[INFO] running `Command { std: "docker" "rm" "-f" "90407a61990902279ed3796903741653e175f422a41c964e64c677a893b95f14", kill_on_drop: false }`
[INFO] [stdout] 90407a61990902279ed3796903741653e175f422a41c964e64c677a893b95f14
[INFO] running `Command { std: "docker" "create" "-v" "/var/lib/crater-agent-workspace/builds/worker-2-tc1/target:/opt/rustwide/target:rw,Z" "-v" "/var/lib/crater-agent-workspace/builds/worker-2-tc1/source:/opt/rustwide/workdir:ro,Z" "-v" "/var/lib/crater-agent-workspace/cargo-home:/opt/rustwide/cargo-home:ro,Z" "-v" "/var/lib/crater-agent-workspace/rustup-home:/opt/rustwide/rustup-home:ro,Z" "-e" "SOURCE_DIR=/opt/rustwide/workdir" "-e" "CARGO_TARGET_DIR=/opt/rustwide/target" "-e" "CARGO_INCREMENTAL=0" "-e" "RUST_BACKTRACE=full" "-e" "RUSTFLAGS=--cap-lints=warn" "-e" "RUSTDOCFLAGS=--cap-lints=warn" "-e" "CARGO_HOME=/opt/rustwide/cargo-home" "-e" "RUSTUP_HOME=/opt/rustwide/rustup-home" "-w" "/opt/rustwide/workdir" "-m" "1610612736" "--user" "0:0" "--network" "none" "ghcr.io/rust-lang/crates-build-env/linux@sha256:5ff2268d62e97bff2cde7d5815dd6ed5b47097566f13b8d0ca110b04b60e07ed" "/opt/rustwide/cargo-home/bin/cargo" "+1.69.0" "test" "--frozen", kill_on_drop: false }`
[INFO] [stdout] 53dc6701362951a8fd68740c5c91244dfe6b8b4eb51749e81315d089c4149d59
[INFO] running `Command { std: "docker" "start" "-a" "53dc6701362951a8fd68740c5c91244dfe6b8b4eb51749e81315d089c4149d59", kill_on_drop: false }`
[INFO] [stderr]     Finished test [unoptimized + debuginfo] target(s) in 0.14s
[INFO] [stderr] warning: the following packages contain code that will be rejected by a future version of Rust: rustc-serialize v0.3.24
[INFO] [stderr] note: to see what the problems were, use the option `--future-incompat-report`, or run `cargo report future-incompatibilities --id 2`
[INFO] [stderr]      Running unittests src/lib.rs (/opt/rustwide/target/debug/deps/restapi-4ba03d8be160bc7b)
[INFO] [stdout] 
[INFO] [stdout] running 0 tests
[INFO] [stdout] 
[INFO] [stdout] test result: ok. 0 passed; 0 failed; 0 ignored; 0 measured; 0 filtered out; finished in 0.00s
[INFO] [stdout] 
[INFO] [stderr]    Doc-tests restapi
[INFO] [stdout] 
[INFO] [stdout] running 14 tests
[INFO] [stdout] test src/utils/get_server_address.rs - utils::get_server_address::get_server_address (line 19) ... FAILED
[INFO] [stdout] test src/monitoring/metrics.rs - monitoring::metrics::record_monitoring_metrics_api_before (line 246) ... FAILED
[INFO] [stdout] test src/monitoring/metrics.rs - monitoring::metrics::handle_showing_metrics (line 208) ... FAILED
[INFO] [stdout] test src/monitoring/metrics.rs - monitoring::metrics::record_monitoring_metrics_api_after (line 370) ... FAILED
[INFO] [stdout] test src/is3/s3_upload_buffer.rs - is3::s3_upload_buffer::s3_upload_buffer (line 61) ... FAILED
[INFO] [stdout] test src/requests/user/is_verification_required.rs - requests::user::is_verification_required::is_verification_required (line 31) ... FAILED
[INFO] [stdout] test src/requests/user/is_verification_enabled.rs - requests::user::is_verification_enabled::is_verification_enabled (line 29) ... FAILED
[INFO] [stdout] test src/utils/path_exists.rs - utils::path_exists::path_exists (line 15) ... FAILED
[INFO] [stdout] test src/utils/get_query_params_from_url.rs - utils::get_query_params_from_url::get_query_params_from_url (line 33) ... FAILED
[INFO] [stdout] test src/utils/get_uuid.rs - utils::get_uuid::get_uuid (line 14) ... FAILED
[INFO] [stdout] test src/utils/file_io/read_file_to_buf.rs - utils::file_io::read_file_to_buf::read_file_to_buf (line 25) ... FAILED
[INFO] [stdout] test src/utils/file_io/write_buf_to_file.rs - utils::file_io::write_buf_to_file::write_buf_to_file (line 25) ... FAILED
[INFO] [stdout] test src/tls/get_tls_config.rs - tls::get_tls_config::get_tls_config (line 43) ... FAILED
[INFO] [stdout] test src/pools/get_db_pool.rs - pools::get_db_pool::get_db_pool (line 30) ... FAILED
[INFO] [stdout] 
[INFO] [stdout] failures:
[INFO] [stdout] 
[INFO] [stdout] ---- src/utils/get_server_address.rs - utils::get_server_address::get_server_address (line 19) stdout ----
[INFO] [stdout] error: mismatched closing delimiter: `}`
[INFO] [stdout]  --> src/utils/get_server_address.rs:21:11
[INFO] [stdout]   |
[INFO] [stdout] 3 | fn main() { #[allow(non_snake_case)] fn _doctest_main_src_utils_get_server_address_rs_19_0() {
[INFO] [stdout]   |                                                                                              - closing delimiter possibly meant for this
[INFO] [stdout] 4 | use restapi::utils::get_server_address::get_server_address;
[INFO] [stdout] 5 | assert_eq!(
[INFO] [stdout]   |           ^ unclosed delimiter
[INFO] [stdout] ...
[INFO] [stdout] 9 | } _doctest_main_src_utils_get_server_address_rs_19_0() }
[INFO] [stdout]   | ^ mismatched closing delimiter
[INFO] [stdout] 
[INFO] [stdout] error: aborting due to previous error
[INFO] [stdout] 
[INFO] [stdout] Couldn't compile the test.
[INFO] [stdout] ---- src/monitoring/metrics.rs - monitoring::metrics::record_monitoring_metrics_api_before (line 246) stdout ----
[INFO] [stdout] error[E0433]: failed to resolve: unresolved import
[INFO] [stdout]  --> src/monitoring/metrics.rs:247:12
[INFO] [stdout]   |
[INFO] [stdout] 3 | use crate::monitoring::metrics::record_monitoring_metrics_api_before;
[INFO] [stdout]   |            ^^^^^^^^^^
[INFO] [stdout]   |            |
[INFO] [stdout]   |            unresolved import
[INFO] [stdout]   |            help: a similar path exists: `restapi::monitoring`
[INFO] [stdout] 
[INFO] [stdout] error: aborting due to previous error
[INFO] [stdout] 
[INFO] [stdout] For more information about this error, try `rustc --explain E0433`.
[INFO] [stdout] Couldn't compile the test.
[INFO] [stdout] ---- src/monitoring/metrics.rs - monitoring::metrics::handle_showing_metrics (line 208) stdout ----
[INFO] [stdout] error[E0433]: failed to resolve: unresolved import
[INFO] [stdout]  --> src/monitoring/metrics.rs:209:12
[INFO] [stdout]   |
[INFO] [stdout] 3 | use crate::monitoring::metrics::handle_showing_metrics;
[INFO] [stdout]   |            ^^^^^^^^^^
[INFO] [stdout]   |            |
[INFO] [stdout]   |            unresolved import
[INFO] [stdout]   |            help: a similar path exists: `restapi::monitoring`
[INFO] [stdout] 
[INFO] [stdout] error: aborting due to previous error
[INFO] [stdout] 
[INFO] [stdout] For more information about this error, try `rustc --explain E0433`.
[INFO] [stdout] Couldn't compile the test.
[INFO] [stdout] ---- src/monitoring/metrics.rs - monitoring::metrics::record_monitoring_metrics_api_after (line 370) stdout ----
[INFO] [stdout] error[E0433]: failed to resolve: unresolved import
[INFO] [stdout]  --> src/monitoring/metrics.rs:373:12
[INFO] [stdout]   |
[INFO] [stdout] 5 | use crate::monitoring::metrics::record_monitoring_metrics_api_after;
[INFO] [stdout]   |            ^^^^^^^^^^
[INFO] [stdout]   |            |
[INFO] [stdout]   |            unresolved import
[INFO] [stdout]   |            help: a similar path exists: `restapi::monitoring`
[INFO] [stdout] 
[INFO] [stdout] error[E0412]: cannot find type `Infallible` in this scope
[INFO] [stdout]  --> src/monitoring/metrics.rs:374:63
[INFO] [stdout]   |
[INFO] [stdout] 6 | let mut processed_result: std::result::Result<Response<Body>, Infallible> = Ok(
[INFO] [stdout]   |                                                               ^^^^^^^^^^ not found in this scope
[INFO] [stdout]   |
[INFO] [stdout] help: consider importing one of these items
[INFO] [stdout]   |
[INFO] [stdout] 2 | use core::convert::Infallible;
[INFO] [stdout]   |
[INFO] [stdout] 2 | use std::convert::Infallible;
[INFO] [stdout]   |
[INFO] [stdout] 
[INFO] [stdout] error: aborting due to 2 previous errors
[INFO] [stdout] 
[INFO] [stdout] Some errors have detailed explanations: E0412, E0433.
[INFO] [stdout] For more information about an error, try `rustc --explain E0412`.
[INFO] [stdout] Couldn't compile the test.
[INFO] [stdout] ---- src/is3/s3_upload_buffer.rs - is3::s3_upload_buffer::s3_upload_buffer (line 61) stdout ----
[INFO] [stdout] error[E0433]: failed to resolve: unresolved import
[INFO] [stdout]  --> src/is3/s3_upload_buffer.rs:62:12
[INFO] [stdout]   |
[INFO] [stdout] 3 | use crate::is3::is3::s3_upload_buffer;
[INFO] [stdout]   |            ^^^
[INFO] [stdout]   |            |
[INFO] [stdout]   |            unresolved import
[INFO] [stdout]   |            help: a similar path exists: `restapi::is3`
[INFO] [stdout] 
[INFO] [stdout] error: cannot find macro `info` in this scope
[INFO] [stdout]   --> src/is3/s3_upload_buffer.rs:72:9
[INFO] [stdout]    |
[INFO] [stdout] 13 |         info!("{good_msg} - done uploading to s3://{s3_bucket}/{s3_key_dst}")
[INFO] [stdout]    |         ^^^^
[INFO] [stdout]    |
[INFO] [stdout]    = help: consider importing this macro:
[INFO] [stdout]            log::info
[INFO] [stdout] 
[INFO] [stdout] error: cannot find macro `info` in this scope
[INFO] [stdout]   --> src/is3/s3_upload_buffer.rs:75:9
[INFO] [stdout]    |
[INFO] [stdout] 16 |         info!("{emsg} - failed uploading to s3://{s3_bucket}/{s3_key_dst}")
[INFO] [stdout]    |         ^^^^
[INFO] [stdout]    |
[INFO] [stdout]    = help: consider importing this macro:
[INFO] [stdout]            log::info
[INFO] [stdout] 
[INFO] [stdout] error[E0728]: `await` is only allowed inside `async` functions and blocks
[INFO] [stdout]   --> src/is3/s3_upload_buffer.rs:70:16
[INFO] [stdout]    |
[INFO] [stdout] 2  | fn main() { #[allow(non_snake_case)] fn _doctest_main_src_is3_s3_upload_buffer_rs_61_0() {
[INFO] [stdout]    |                                         ---------------------------------------------- this is not `async`
[INFO] [stdout] ...
[INFO] [stdout] 11 |         &bytes).await {
[INFO] [stdout]    |                ^^^^^^ only allowed inside `async` functions and blocks
[INFO] [stdout] 
[INFO] [stdout] error: aborting due to 4 previous errors
[INFO] [stdout] 
[INFO] [stdout] Some errors have detailed explanations: E0433, E0728.
[INFO] [stdout] For more information about an error, try `rustc --explain E0433`.
[INFO] [stdout] Couldn't compile the test.
[INFO] [stdout] ---- src/requests/user/is_verification_required.rs - requests::user::is_verification_required::is_verification_required (line 31) stdout ----
[INFO] [stdout] error[E0308]: mismatched types
[INFO] [stdout]  --> src/requests/user/is_verification_required.rs:33:8
[INFO] [stdout]   |
[INFO] [stdout] 3 | fn main() { #[allow(non_snake_case)] fn _doctest_main_src_requests_user_is_verification_required_rs_31_0() {
[INFO] [stdout]   |                                                                                                            - help: try adding a return type: `-> bool`
[INFO] [stdout] 4 | use restapi::requests::user::is_verification_required::is_verification_required;
[INFO] [stdout] 5 | return is_verification_required();
[INFO] [stdout]   |        ^^^^^^^^^^^^^^^^^^^^^^^^^^ expected `()`, found `bool`
[INFO] [stdout] 
[INFO] [stdout] error: aborting due to previous error
[INFO] [stdout] 
[INFO] [stdout] For more information about this error, try `rustc --explain E0308`.
[INFO] [stdout] Couldn't compile the test.
[INFO] [stdout] ---- src/requests/user/is_verification_enabled.rs - requests::user::is_verification_enabled::is_verification_enabled (line 29) stdout ----
[INFO] [stdout] error[E0308]: mismatched types
[INFO] [stdout]  --> src/requests/user/is_verification_enabled.rs:31:8
[INFO] [stdout]   |
[INFO] [stdout] 3 | fn main() { #[allow(non_snake_case)] fn _doctest_main_src_requests_user_is_verification_enabled_rs_29_0() {
[INFO] [stdout]   |                                                                                                           - help: try adding a return type: `-> bool`
[INFO] [stdout] 4 | use restapi::requests::user::is_verification_enabled::is_verification_enabled;
[INFO] [stdout] 5 | return is_verification_enabled();
[INFO] [stdout]   |        ^^^^^^^^^^^^^^^^^^^^^^^^^ expected `()`, found `bool`
[INFO] [stdout] 
[INFO] [stdout] error: aborting due to previous error
[INFO] [stdout] 
[INFO] [stdout] For more information about this error, try `rustc --explain E0308`.
[INFO] [stdout] Couldn't compile the test.
[INFO] [stdout] ---- src/utils/path_exists.rs - utils::path_exists::path_exists (line 15) stdout ----
[INFO] [stdout] error: linking with `cc` failed: exit status: 1
[INFO] [stdout]   |
[INFO] [stdout]   = note: LC_ALL="C" PATH="/opt/rustwide/rustup-home/toolchains/1.69.0-x86_64-unknown-linux-gnu/lib/rustlib/x86_64-unknown-linux-gnu/bin:/opt/rustwide/cargo-home/bin:/usr/local/sbin:/usr/local/bin:/usr/sbin:/usr/bin:/sbin:/bin" VSLANG="1033" "cc" "-m64" "/tmp/rustcaGIaBC/symbols.o" "/tmp/rustdoctestg4L8Y1/rust_out.rust_out.5bfee551-cgu.0.rcgu.o" "/tmp/rustdoctestg4L8Y1/rust_out.j00p4ncf7xg64kg.rcgu.o" "-Wl,--as-needed" "-L" "/opt/rustwide/target/debug/deps" "-L" "/opt/rustwide/target/debug/deps" "-L" "/opt/rustwide/target/debug/build/openssl-sys-11fcd685004e9831/out/openssl-build/install/lib" "-L" "/opt/rustwide/target/debug/build/rdkafka-sys-c686674f4c24f535/out/lib" "-L" "/opt/rustwide/target/debug/build/ring-cb0bcc74302066ec/out" "-L" "/opt/rustwide/rustup-home/toolchains/1.69.0-x86_64-unknown-linux-gnu/lib/rustlib/x86_64-unknown-linux-gnu/lib" "-Wl,-Bstatic" "/opt/rustwide/target/debug/deps/librestapi-3a8e79c2a0d600b9.rlib" "/opt/rustwide/target/debug/deps/librustls_pemfile-c8bcf3c1e4c32a92.rlib" "/opt/rustwide/target/debug/deps/libtokio_rustls-ffa00c9c4f9a4a72.rlib" "/opt/rustwide/target/debug/deps/liburl-c77b38bee168697c.rlib" "/opt/rustwide/target/debug/deps/libidna-a34856eec9fa63e0.rlib" "/opt/rustwide/target/debug/deps/libform_urlencoded-4406ed733a551179.rlib" "/opt/rustwide/target/debug/deps/librustls-cf5ee50f80e9831e.rlib" "/opt/rustwide/target/debug/deps/libsct-b0b14574bdd37260.rlib" "/opt/rustwide/target/debug/deps/libwebpki-cf23bbf3ba167c96.rlib" "/opt/rustwide/target/debug/deps/libargon2-71e8462fcd26f563.rlib" "/opt/rustwide/target/debug/deps/libcrossbeam_utils-ba2f91850dea2b9c.rlib" "/opt/rustwide/target/debug/deps/libblake2b_simd-e5bc1d0bbd6af16a.rlib" "/opt/rustwide/target/debug/deps/libarrayvec-eaab725bd11a1a74.rlib" "/opt/rustwide/target/debug/deps/libarrayref-6f2a7630164a9ee6.rlib" "/opt/rustwide/target/debug/deps/libconstant_time_eq-6fe25b1f97b127b0.rlib" "/opt/rustwide/target/debug/deps/libprometheus-4e1f18511c13d837.rlib" "/opt/rustwide/target/debug/deps/libprotobuf-b10f2572d3e820a7.rlib" "/opt/rustwide/target/debug/deps/libjsonwebtoken-56ff41179d4645c8.rlib" "/opt/rustwide/target/debug/deps/libpem-2d57577b0b548987.rlib" "/opt/rustwide/target/debug/deps/libsimple_asn1-d923d7c14f2e09fd.rlib" "/opt/rustwide/target/debug/deps/libthiserror-e3ac11d25bc51518.rlib" "/opt/rustwide/target/debug/deps/libnum_bigint-369d87458dd97948.rlib" "/opt/rustwide/target/debug/deps/libring-f7b15700a3f778eb.rlib" "/opt/rustwide/target/debug/deps/libspin-ba7f384cfb4b159f.rlib" "/opt/rustwide/target/debug/deps/libuntrusted-ec41ab00ed225515.rlib" "/opt/rustwide/target/debug/deps/librusoto_s3-a8b309867c18cda9.rlib" "/opt/rustwide/target/debug/deps/librusoto_core-f298affb28e50449.rlib" "/opt/rustwide/target/debug/deps/libxml-80ece812513930ba.rlib" "/opt/rustwide/target/debug/deps/libcrc32fast-8179bad755761318.rlib" "/opt/rustwide/target/debug/deps/librusoto_signature-2baf48f9c2a94eb5.rlib" "/opt/rustwide/target/debug/deps/libsha2-7e1725bee20f48f2.rlib" "/opt/rustwide/target/debug/deps/libmd5-0d37b990d90c0a3e.rlib" "/opt/rustwide/target/debug/deps/libopaque_debug-502d41d476583e16.rlib" "/opt/rustwide/target/debug/deps/libblock_buffer-afa92fdfcefc2511.rlib" "/opt/rustwide/target/debug/deps/libhmac-27cf9ecc968e718e.rlib" "/opt/rustwide/target/debug/deps/libcrypto_mac-7c0a33302562a4a9.rlib" "/opt/rustwide/target/debug/deps/libhex-ad79348a67e835f3.rlib" "/opt/rustwide/target/debug/deps/libdigest-af2233304dd2722b.rlib" "/opt/rustwide/target/debug/deps/librusoto_credential-b86c563f7389b209.rlib" "/opt/rustwide/target/debug/deps/libshlex-94afe55f756d8583.rlib" "/opt/rustwide/target/debug/deps/libzeroize-1b71f23f22ff56f4.rlib" "/opt/rustwide/target/debug/deps/libdirs_next-7c251b330279fd7f.rlib" "/opt/rustwide/target/debug/deps/libdirs_sys_next-ea49704b0352d6d4.rlib" "/opt/rustwide/target/debug/deps/libhyper_tls-52e217322c117822.rlib" "/opt/rustwide/target/debug/deps/libkafka_threadpool-dbbc0f0988cc6ad8.rlib" "/opt/rustwide/target/debug/deps/librdkafka-87d6bf7ec900134a.rlib" "/opt/rustwide/target/debug/deps/libfutures-54ca25aa2ef44038.rlib" "/opt/rustwide/target/debug/deps/libfutures_executor-dad7fcd2b9189ab6.rlib" "/opt/rustwide/target/debug/deps/librdkafka_sys-09b8d3adb5a5d7c0.rlib" "/opt/rustwide/target/debug/deps/libnum_enum-1df844f4e6d622a5.rlib" "/opt/rustwide/target/debug/deps/liblibz_sys-47698b894de60d03.rlib" "/opt/rustwide/target/debug/deps/libhyper-63c9998caca343a4.rlib" "/opt/rustwide/target/debug/deps/libwant-39e2e15258c9e251.rlib" "/opt/rustwide/target/debug/deps/libtry_lock-372cab8856e9ce9d.rlib" "/opt/rustwide/target/debug/deps/libhttparse-58c93047b9cae116.rlib" "/opt/rustwide/target/debug/deps/libh2-a6f2bddec3e6d423.rlib" "/opt/rustwide/target/debug/deps/libindexmap-03f53d8fb576efdb.rlib" "/opt/rustwide/target/debug/deps/libhashbrown-9a1f5d949d76c1be.rlib" "/opt/rustwide/target/debug/deps/libtokio_util-bbaca57d32416bfb.rlib" "/opt/rustwide/target/debug/deps/libtower_service-02f10e9ce1ef867f.rlib" "/opt/rustwide/target/debug/deps/libhttp_body-99b5f55a22cd6080.rlib" "/opt/rustwide/target/debug/deps/libhttpdate-fbb447b85a38529c.rlib" "/opt/rustwide/target/debug/deps/libhttp-1c6909ab5f1d2320.rlib" "/opt/rustwide/target/debug/deps/libfnv-41a559218f992797.rlib" "/opt/rustwide/target/debug/deps/libbb8_postgres-00734db77dc79608.rlib" "/opt/rustwide/target/debug/deps/libbb8-79d191334cd1705c.rlib" "/opt/rustwide/target/debug/deps/libpostgres_native_tls-77a34b89d752b020.rlib" "/opt/rustwide/target/debug/deps/libtokio_native_tls-e7b51cca86741880.rlib" "/opt/rustwide/target/debug/deps/libnative_tls-70dd292ea6225ca8.rlib" "/opt/rustwide/target/debug/deps/libopenssl_probe-2d1cd15c290ad1de.rlib" "/opt/rustwide/target/debug/deps/libopenssl-6501cf9d2d77b139.rlib" "/opt/rustwide/target/debug/deps/libbitflags-82cc2d155c6eb112.rlib" "/opt/rustwide/target/debug/deps/libforeign_types-f2b053f84105065c.rlib" "/opt/rustwide/target/debug/deps/libforeign_types_shared-48f8f1f9ea32d068.rlib" "/opt/rustwide/target/debug/deps/libopenssl_sys-9d58d9637a5de55b.rlib" "/opt/rustwide/target/debug/deps/libtokio_postgres-5a106286414d7725.rlib" "/opt/rustwide/target/debug/deps/libphf-93863ceb91669da6.rlib" "/opt/rustwide/target/debug/deps/libphf_shared-9e07f0dd59f3fb65.rlib" "/opt/rustwide/target/debug/deps/libsiphasher-221a4ace0072d176.rlib" "/opt/rustwide/target/debug/deps/libpercent_encoding-5b4f3c280783d946.rlib" "/opt/rustwide/target/debug/deps/libtokio_util-78778b9c7f8c78ae.rlib" "/opt/rustwide/target/debug/deps/libtracing-3768c3f1d818a1cf.rlib" "/opt/rustwide/target/debug/deps/libtracing_core-a51512d011f07753.rlib" "/opt/rustwide/target/debug/deps/liblazy_static-a15e1ed0a3c31761.rlib" "/opt/rustwide/target/debug/deps/libpostgres_types-994b4fdbfe8c3a17.rlib" "/opt/rustwide/target/debug/deps/libarray_init-87527d5442ed7abd.rlib" "/opt/rustwide/target/debug/deps/libuuid-df930b5f60602668.rlib" "/opt/rustwide/target/debug/deps/libtime-e91848fc5b2840c2.rlib" "/opt/rustwide/target/debug/deps/libgeo_types-651a21be4cfb55e2.rlib" "/opt/rustwide/target/debug/deps/libeui48-c5b899df8c41b7ae.rlib" "/opt/rustwide/target/debug/deps/librustc_serialize-d2e9e0a4dbdf7883.rlib" "/opt/rustwide/target/debug/deps/libbit_vec-dba5a0279473a6d4.rlib" "/opt/rustwide/target/debug/deps/libpostgres_protocol-54d134cbed64520a.rlib" "/opt/rustwide/target/debug/deps/libbase64-007e7c1fbda2b30a.rlib" "/opt/rustwide/target/debug/deps/libstringprep-f2d408eb1fec5624.rlib" "/opt/rustwide/target/debug/deps/libunicode_normalization-7f857835ddcdc9d8.rlib" "/opt/rustwide/target/debug/deps/libtinyvec-5ce4c57de87c62bc.rlib" "/opt/rustwide/target/debug/deps/libtinyvec_macros-5ffb2ea8a2d866f2.rlib" "/opt/rustwide/target/debug/deps/libunicode_bidi-6d874a42ec63c633.rlib" "/opt/rustwide/target/debug/deps/libsha2-1c4dc8835371efce.rlib" "/opt/rustwide/target/debug/deps/libcpufeatures-95359a6f6f2254d9.rlib" "/opt/rustwide/target/debug/deps/librand-98aef6895e824094.rlib" "/opt/rustwide/target/debug/deps/librand_chacha-708eb05f2b3db9c8.rlib" "/opt/rustwide/target/debug/deps/libppv_lite86-663deac31cfbfc11.rlib" "/opt/rustwide/target/debug/deps/librand_core-f8cd75b70fd88b55.rlib" "/opt/rustwide/target/debug/deps/libhmac-f03e50002ca24ea2.rlib" "/opt/rustwide/target/debug/deps/libmd5-a034178a52145453.rlib" "/opt/rustwide/target/debug/deps/libdigest-8e11f8dfe8ccad65.rlib" "/opt/rustwide/target/debug/deps/libsubtle-6b55a6c902c8a3c0.rlib" "/opt/rustwide/target/debug/deps/libblock_buffer-0695762f709d4d52.rlib" "/opt/rustwide/target/debug/deps/libcrypto_common-d3c3e3885f285af2.rlib" "/opt/rustwide/target/debug/deps/libgeneric_array-5b39999e3de60341.rlib" "/opt/rustwide/target/debug/deps/libtypenum-9f315a73fa1c732e.rlib" "/opt/rustwide/target/debug/deps/libfallible_iterator-8a31a4e311ff30d4.rlib" "/opt/rustwide/target/debug/deps/libfutures_util-88f2b382a9f216d9.rlib" "/opt/rustwide/target/debug/deps/libfutures_io-56ca8340f3c089b4.rlib" "/opt/rustwide/target/debug/deps/libslab-12e6a36b9d82f440.rlib" "/opt/rustwide/target/debug/deps/libfutures_channel-eee028875b3a6907.rlib" "/opt/rustwide/target/debug/deps/libfutures_sink-4c45777ff312cda4.rlib" "/opt/rustwide/target/debug/deps/libfutures_task-bf8bfa06799588f1.rlib" "/opt/rustwide/target/debug/deps/libpin_utils-0d8eaf4ac0fcb221.rlib" "/opt/rustwide/target/debug/deps/libfutures_core-44381b8c514ccc38.rlib" "/opt/rustwide/target/debug/deps/libbyteorder-50c19e9bd62c942c.rlib" "/opt/rustwide/target/debug/deps/libtokio-fc14f21601b71361.rlib" "/opt/rustwide/target/debug/deps/libsignal_hook_registry-cdaa0c8f2d904d7b.rlib" "/opt/rustwide/target/debug/deps/libnum_cpus-2144fdb7966e485d.rlib" "/opt/rustwide/target/debug/deps/libsocket2-6845bcea61682434.rlib" "/opt/rustwide/target/debug/deps/libonce_cell-385e74d8868073fc.rlib" "/opt/rustwide/target/debug/deps/libbytes-0b539a5c776b0476.rlib" "/opt/rustwide/target/debug/deps/libmio-78197f941c2020e7.rlib" "/opt/rustwide/target/debug/deps/libpin_project_lite-bd79cb6e272ecc3a.rlib" "/opt/rustwide/target/debug/deps/libparking_lot-6be559c6874cf6ee.rlib" "/opt/rustwide/target/debug/deps/libparking_lot_core-30bc924d2a4218c4.rlib" "/opt/rustwide/target/debug/deps/libsmallvec-3007f843720fad13.rlib" "/opt/rustwide/target/debug/deps/liblock_api-f2e09a29edd3ec78.rlib" "/opt/rustwide/target/debug/deps/libscopeguard-f471875f675163b5.rlib" "/opt/rustwide/target/debug/deps/libuuid-085be9b9c1d7f06f.rlib" "/opt/rustwide/target/debug/deps/libgetrandom-8adb33ac9f9be5bd.rlib" "/opt/rustwide/target/debug/deps/libsha1_smol-d9629f989c4aa857.rlib" "/opt/rustwide/target/debug/deps/libserde_json-c5bcdfe3e4c4cf10.rlib" "/opt/rustwide/target/debug/deps/libryu-2a5efb018e77d146.rlib" "/opt/rustwide/target/debug/deps/libitoa-6d400cb71048bb7c.rlib" "/opt/rustwide/target/debug/deps/libchrono-b1726d4a02c23f18.rlib" "/opt/rustwide/target/debug/deps/libiana_time_zone-3ad157af47c929f9.rlib" "/opt/rustwide/target/debug/deps/libnum_integer-f37d4c4a1342b483.rlib" "/opt/rustwide/target/debug/deps/libnum_traits-b0ca4e4cf5b10e41.rlib" "/opt/rustwide/target/debug/deps/libserde-3aac597882588e81.rlib" "/opt/rustwide/target/debug/deps/libtime-4210bf589df85c6c.rlib" "/opt/rustwide/target/debug/deps/libpretty_env_logger-a37c5821007fb4e8.rlib" "/opt/rustwide/target/debug/deps/libenv_logger-44bb7b80a80f1230.rlib" "/opt/rustwide/target/debug/deps/libtermcolor-aa64cf69ca0dddbd.rlib" "/opt/rustwide/target/debug/deps/libatty-f01aefa5413a8a5a.rlib" "/opt/rustwide/target/debug/deps/liblibc-85df020112a214fc.rlib" "/opt/rustwide/target/debug/deps/libhumantime-9b59f1f565657894.rlib" "/opt/rustwide/target/debug/deps/libquick_error-a76b5db56d6ef271.rlib" "/opt/rustwide/target/debug/deps/liblog-e4acea3c8ca43b70.rlib" "/opt/rustwide/target/debug/deps/libcfg_if-e5e118dd7d121aaa.rlib" "/opt/rustwide/target/debug/deps/libregex-ec1a535928100f69.rlib" "/opt/rustwide/target/debug/deps/libaho_corasick-d997a831bf3838c4.rlib" "/opt/rustwide/target/debug/deps/libmemchr-e30a17317ff1667e.rlib" "/opt/rustwide/target/debug/deps/libregex_syntax-26ab266b6768fe31.rlib" "/opt/rustwide/rustup-home/toolchains/1.69.0-x86_64-unknown-linux-gnu/lib/rustlib/x86_64-unknown-linux-gnu/lib/libstd-89bc084783fdc439.rlib" "/opt/rustwide/rustup-home/toolchains/1.69.0-x86_64-unknown-linux-gnu/lib/rustlib/x86_64-unknown-linux-gnu/lib/libpanic_unwind-8bee4b287d4367c1.rlib" "/opt/rustwide/rustup-home/toolchains/1.69.0-x86_64-unknown-linux-gnu/lib/rustlib/x86_64-unknown-linux-gnu/lib/libobject-d61707aed80694c0.rlib" "/opt/rustwide/rustup-home/toolchains/1.69.0-x86_64-unknown-linux-gnu/lib/rustlib/x86_64-unknown-linux-gnu/lib/libmemchr-d85366256f22345b.rlib" "/opt/rustwide/rustup-home/toolchains/1.69.0-x86_64-unknown-linux-gnu/lib/rustlib/x86_64-unknown-linux-gnu/lib/libaddr2line-96069b86b8a8cae9.rlib" "/opt/rustwide/rustup-home/toolchains/1.69.0-x86_64-unknown-linux-gnu/lib/rustlib/x86_64-unknown-linux-gnu/lib/libgimli-d19d53abf68dfa6c.rlib" "/opt/rustwide/rustup-home/toolchains/1.69.0-x86_64-unknown-linux-gnu/lib/rustlib/x86_64-unknown-linux-gnu/lib/librustc_demangle-787cbccd19d64ac6.rlib" "/opt/rustwide/rustup-home/toolchains/1.69.0-x86_64-unknown-linux-gnu/lib/rustlib/x86_64-unknown-linux-gnu/lib/libstd_detect-b3837a36b830e0d0.rlib" "/opt/rustwide/rustup-home/toolchains/1.69.0-x86_64-unknown-linux-gnu/lib/rustlib/x86_64-unknown-linux-gnu/lib/libhashbrown-e3deb0e7e3f04966.rlib" "/opt/rustwide/rustup-home/toolchains/1.69.0-x86_64-unknown-linux-gnu/lib/rustlib/x86_64-unknown-linux-gnu/lib/libminiz_oxide-dabbb79c9815def4.rlib" "/opt/rustwide/rustup-home/toolchains/1.69.0-x86_64-unknown-linux-gnu/lib/rustlib/x86_64-unknown-linux-gnu/lib/libadler-305b01f34c9409f2.rlib" "/opt/rustwide/rustup-home/toolchains/1.69.0-x86_64-unknown-linux-gnu/lib/rustlib/x86_64-unknown-linux-gnu/lib/librustc_std_workspace_alloc-f833521df6074e73.rlib" "/opt/rustwide/rustup-home/toolchains/1.69.0-x86_64-unknown-linux-gnu/lib/rustlib/x86_64-unknown-linux-gnu/lib/libunwind-9ac333113350d171.rlib" "/opt/rustwide/rustup-home/toolchains/1.69.0-x86_64-unknown-linux-gnu/lib/rustlib/x86_64-unknown-linux-gnu/lib/libcfg_if-1c126114322d0eee.rlib" "/opt/rustwide/rustup-home/toolchains/1.69.0-x86_64-unknown-linux-gnu/lib/rustlib/x86_64-unknown-linux-gnu/lib/liblibc-bad9164fdeeecf92.rlib" "/opt/rustwide/rustup-home/toolchains/1.69.0-x86_64-unknown-linux-gnu/lib/rustlib/x86_64-unknown-linux-gnu/lib/liballoc-f9374b1e480fa681.rlib" "/opt/rustwide/rustup-home/toolchains/1.69.0-x86_64-unknown-linux-gnu/lib/rustlib/x86_64-unknown-linux-gnu/lib/librustc_std_workspace_core-207f06e41d9603af.rlib" "/opt/rustwide/rustup-home/toolchains/1.69.0-x86_64-unknown-linux-gnu/lib/rustlib/x86_64-unknown-linux-gnu/lib/libcore-7e2768e66e984e85.rlib" "/opt/rustwide/rustup-home/toolchains/1.69.0-x86_64-unknown-linux-gnu/lib/rustlib/x86_64-unknown-linux-gnu/lib/libcompiler_builtins-957b4aff41f8cd46.rlib" "-Wl,-Bdynamic" "-lz" "-lgcc_s" "-lutil" "-lrt" "-lpthread" "-lm" "-ldl" "-lc" "-Wl,--eh-frame-hdr" "-Wl,-z,noexecstack" "-L" "/opt/rustwide/rustup-home/toolchains/1.69.0-x86_64-unknown-linux-gnu/lib/rustlib/x86_64-unknown-linux-gnu/lib" "-o" "/tmp/rustdoctestg4L8Y1/rust_out" "-Wl,--gc-sections" "-pie" "-Wl,-z,relro,-z,now" "-nodefaultlibs"
[INFO] [stdout]   = note: collect2: fatal error: ld terminated with signal 9 [Killed]
[INFO] [stdout]           compilation terminated.
[INFO] [stdout]           
[INFO] [stdout] 
[INFO] [stdout] error: aborting due to previous error
[INFO] [stdout] 
[INFO] [stdout] Couldn't compile the test.
[INFO] [stdout] ---- src/utils/get_query_params_from_url.rs - utils::get_query_params_from_url::get_query_params_from_url (line 33) stdout ----
[INFO] [stdout] error: linking with `cc` failed: exit status: 1
[INFO] [stdout]   |
[INFO] [stdout]   = note: LC_ALL="C" PATH="/opt/rustwide/rustup-home/toolchains/1.69.0-x86_64-unknown-linux-gnu/lib/rustlib/x86_64-unknown-linux-gnu/bin:/opt/rustwide/cargo-home/bin:/usr/local/sbin:/usr/local/bin:/usr/sbin:/usr/bin:/sbin:/bin" VSLANG="1033" "cc" "-m64" "/tmp/rustcoIKIHC/symbols.o" "/tmp/rustdoctestzaJYBa/rust_out.rust_out.5bfee551-cgu.0.rcgu.o" "/tmp/rustdoctestzaJYBa/rust_out.j00p4ncf7xg64kg.rcgu.o" "-Wl,--as-needed" "-L" "/opt/rustwide/target/debug/deps" "-L" "/opt/rustwide/target/debug/deps" "-L" "/opt/rustwide/target/debug/build/openssl-sys-11fcd685004e9831/out/openssl-build/install/lib" "-L" "/opt/rustwide/target/debug/build/rdkafka-sys-c686674f4c24f535/out/lib" "-L" "/opt/rustwide/target/debug/build/ring-cb0bcc74302066ec/out" "-L" "/opt/rustwide/rustup-home/toolchains/1.69.0-x86_64-unknown-linux-gnu/lib/rustlib/x86_64-unknown-linux-gnu/lib" "-Wl,-Bstatic" "/opt/rustwide/target/debug/deps/libtokio_test-4f81a40338b11dd0.rlib" "/opt/rustwide/target/debug/deps/libtokio_stream-801583b071b860a5.rlib" "/opt/rustwide/target/debug/deps/librestapi-3a8e79c2a0d600b9.rlib" "/opt/rustwide/target/debug/deps/librustls_pemfile-c8bcf3c1e4c32a92.rlib" "/opt/rustwide/target/debug/deps/libtokio_rustls-ffa00c9c4f9a4a72.rlib" "/opt/rustwide/target/debug/deps/liburl-c77b38bee168697c.rlib" "/opt/rustwide/target/debug/deps/libidna-a34856eec9fa63e0.rlib" "/opt/rustwide/target/debug/deps/libform_urlencoded-4406ed733a551179.rlib" "/opt/rustwide/target/debug/deps/librustls-cf5ee50f80e9831e.rlib" "/opt/rustwide/target/debug/deps/libsct-b0b14574bdd37260.rlib" "/opt/rustwide/target/debug/deps/libwebpki-cf23bbf3ba167c96.rlib" "/opt/rustwide/target/debug/deps/libargon2-71e8462fcd26f563.rlib" "/opt/rustwide/target/debug/deps/libcrossbeam_utils-ba2f91850dea2b9c.rlib" "/opt/rustwide/target/debug/deps/libblake2b_simd-e5bc1d0bbd6af16a.rlib" "/opt/rustwide/target/debug/deps/libarrayvec-eaab725bd11a1a74.rlib" "/opt/rustwide/target/debug/deps/libarrayref-6f2a7630164a9ee6.rlib" "/opt/rustwide/target/debug/deps/libconstant_time_eq-6fe25b1f97b127b0.rlib" "/opt/rustwide/target/debug/deps/libprometheus-4e1f18511c13d837.rlib" "/opt/rustwide/target/debug/deps/libprotobuf-b10f2572d3e820a7.rlib" "/opt/rustwide/target/debug/deps/libjsonwebtoken-56ff41179d4645c8.rlib" "/opt/rustwide/target/debug/deps/libpem-2d57577b0b548987.rlib" "/opt/rustwide/target/debug/deps/libsimple_asn1-d923d7c14f2e09fd.rlib" "/opt/rustwide/target/debug/deps/libthiserror-e3ac11d25bc51518.rlib" "/opt/rustwide/target/debug/deps/libnum_bigint-369d87458dd97948.rlib" "/opt/rustwide/target/debug/deps/libring-f7b15700a3f778eb.rlib" "/opt/rustwide/target/debug/deps/libspin-ba7f384cfb4b159f.rlib" "/opt/rustwide/target/debug/deps/libuntrusted-ec41ab00ed225515.rlib" "/opt/rustwide/target/debug/deps/librusoto_s3-a8b309867c18cda9.rlib" "/opt/rustwide/target/debug/deps/librusoto_core-f298affb28e50449.rlib" "/opt/rustwide/target/debug/deps/libxml-80ece812513930ba.rlib" "/opt/rustwide/target/debug/deps/libcrc32fast-8179bad755761318.rlib" "/opt/rustwide/target/debug/deps/librusoto_signature-2baf48f9c2a94eb5.rlib" "/opt/rustwide/target/debug/deps/libsha2-7e1725bee20f48f2.rlib" "/opt/rustwide/target/debug/deps/libmd5-0d37b990d90c0a3e.rlib" "/opt/rustwide/target/debug/deps/libopaque_debug-502d41d476583e16.rlib" "/opt/rustwide/target/debug/deps/libblock_buffer-afa92fdfcefc2511.rlib" "/opt/rustwide/target/debug/deps/libhmac-27cf9ecc968e718e.rlib" "/opt/rustwide/target/debug/deps/libcrypto_mac-7c0a33302562a4a9.rlib" "/opt/rustwide/target/debug/deps/libhex-ad79348a67e835f3.rlib" "/opt/rustwide/target/debug/deps/libdigest-af2233304dd2722b.rlib" "/opt/rustwide/target/debug/deps/librusoto_credential-b86c563f7389b209.rlib" "/opt/rustwide/target/debug/deps/libshlex-94afe55f756d8583.rlib" "/opt/rustwide/target/debug/deps/libzeroize-1b71f23f22ff56f4.rlib" "/opt/rustwide/target/debug/deps/libdirs_next-7c251b330279fd7f.rlib" "/opt/rustwide/target/debug/deps/libdirs_sys_next-ea49704b0352d6d4.rlib" "/opt/rustwide/target/debug/deps/libhyper_tls-52e217322c117822.rlib" "/opt/rustwide/target/debug/deps/libkafka_threadpool-dbbc0f0988cc6ad8.rlib" "/opt/rustwide/target/debug/deps/librdkafka-87d6bf7ec900134a.rlib" "/opt/rustwide/target/debug/deps/libfutures-54ca25aa2ef44038.rlib" "/opt/rustwide/target/debug/deps/libfutures_executor-dad7fcd2b9189ab6.rlib" "/opt/rustwide/target/debug/deps/librdkafka_sys-09b8d3adb5a5d7c0.rlib" "/opt/rustwide/target/debug/deps/libnum_enum-1df844f4e6d622a5.rlib" "/opt/rustwide/target/debug/deps/liblibz_sys-47698b894de60d03.rlib" "/opt/rustwide/target/debug/deps/libhyper-63c9998caca343a4.rlib" "/opt/rustwide/target/debug/deps/libwant-39e2e15258c9e251.rlib" "/opt/rustwide/target/debug/deps/libtry_lock-372cab8856e9ce9d.rlib" "/opt/rustwide/target/debug/deps/libhttparse-58c93047b9cae116.rlib" "/opt/rustwide/target/debug/deps/libh2-a6f2bddec3e6d423.rlib" "/opt/rustwide/target/debug/deps/libindexmap-03f53d8fb576efdb.rlib" "/opt/rustwide/target/debug/deps/libhashbrown-9a1f5d949d76c1be.rlib" "/opt/rustwide/target/debug/deps/libtokio_util-bbaca57d32416bfb.rlib" "/opt/rustwide/target/debug/deps/libtower_service-02f10e9ce1ef867f.rlib" "/opt/rustwide/target/debug/deps/libhttp_body-99b5f55a22cd6080.rlib" "/opt/rustwide/target/debug/deps/libhttpdate-fbb447b85a38529c.rlib" "/opt/rustwide/target/debug/deps/libhttp-1c6909ab5f1d2320.rlib" "/opt/rustwide/target/debug/deps/libfnv-41a559218f992797.rlib" "/opt/rustwide/target/debug/deps/libbb8_postgres-00734db77dc79608.rlib" "/opt/rustwide/target/debug/deps/libbb8-79d191334cd1705c.rlib" "/opt/rustwide/target/debug/deps/libpostgres_native_tls-77a34b89d752b020.rlib" "/opt/rustwide/target/debug/deps/libtokio_native_tls-e7b51cca86741880.rlib" "/opt/rustwide/target/debug/deps/libnative_tls-70dd292ea6225ca8.rlib" "/opt/rustwide/target/debug/deps/libopenssl_probe-2d1cd15c290ad1de.rlib" "/opt/rustwide/target/debug/deps/libopenssl-6501cf9d2d77b139.rlib" "/opt/rustwide/target/debug/deps/libbitflags-82cc2d155c6eb112.rlib" "/opt/rustwide/target/debug/deps/libforeign_types-f2b053f84105065c.rlib" "/opt/rustwide/target/debug/deps/libforeign_types_shared-48f8f1f9ea32d068.rlib" "/opt/rustwide/target/debug/deps/libopenssl_sys-9d58d9637a5de55b.rlib" "/opt/rustwide/target/debug/deps/libtokio_postgres-5a106286414d7725.rlib" "/opt/rustwide/target/debug/deps/libphf-93863ceb91669da6.rlib" "/opt/rustwide/target/debug/deps/libphf_shared-9e07f0dd59f3fb65.rlib" "/opt/rustwide/target/debug/deps/libsiphasher-221a4ace0072d176.rlib" "/opt/rustwide/target/debug/deps/libpercent_encoding-5b4f3c280783d946.rlib" "/opt/rustwide/target/debug/deps/libtokio_util-78778b9c7f8c78ae.rlib" "/opt/rustwide/target/debug/deps/libtracing-3768c3f1d818a1cf.rlib" "/opt/rustwide/target/debug/deps/libtracing_core-a51512d011f07753.rlib" "/opt/rustwide/target/debug/deps/liblazy_static-a15e1ed0a3c31761.rlib" "/opt/rustwide/target/debug/deps/libpostgres_types-994b4fdbfe8c3a17.rlib" "/opt/rustwide/target/debug/deps/libarray_init-87527d5442ed7abd.rlib" "/opt/rustwide/target/debug/deps/libuuid-df930b5f60602668.rlib" "/opt/rustwide/target/debug/deps/libtime-e91848fc5b2840c2.rlib" "/opt/rustwide/target/debug/deps/libgeo_types-651a21be4cfb55e2.rlib" "/opt/rustwide/target/debug/deps/libeui48-c5b899df8c41b7ae.rlib" "/opt/rustwide/target/debug/deps/librustc_serialize-d2e9e0a4dbdf7883.rlib" "/opt/rustwide/target/debug/deps/libbit_vec-dba5a0279473a6d4.rlib" "/opt/rustwide/target/debug/deps/libpostgres_protocol-54d134cbed64520a.rlib" "/opt/rustwide/target/debug/deps/libbase64-007e7c1fbda2b30a.rlib" "/opt/rustwide/target/debug/deps/libstringprep-f2d408eb1fec5624.rlib" "/opt/rustwide/target/debug/deps/libunicode_normalization-7f857835ddcdc9d8.rlib" "/opt/rustwide/target/debug/deps/libtinyvec-5ce4c57de87c62bc.rlib" "/opt/rustwide/target/debug/deps/libtinyvec_macros-5ffb2ea8a2d866f2.rlib" "/opt/rustwide/target/debug/deps/libunicode_bidi-6d874a42ec63c633.rlib" "/opt/rustwide/target/debug/deps/libsha2-1c4dc8835371efce.rlib" "/opt/rustwide/target/debug/deps/libcpufeatures-95359a6f6f2254d9.rlib" "/opt/rustwide/target/debug/deps/librand-98aef6895e824094.rlib" "/opt/rustwide/target/debug/deps/librand_chacha-708eb05f2b3db9c8.rlib" "/opt/rustwide/target/debug/deps/libppv_lite86-663deac31cfbfc11.rlib" "/opt/rustwide/target/debug/deps/librand_core-f8cd75b70fd88b55.rlib" "/opt/rustwide/target/debug/deps/libhmac-f03e50002ca24ea2.rlib" "/opt/rustwide/target/debug/deps/libmd5-a034178a52145453.rlib" "/opt/rustwide/target/debug/deps/libdigest-8e11f8dfe8ccad65.rlib" "/opt/rustwide/target/debug/deps/libsubtle-6b55a6c902c8a3c0.rlib" "/opt/rustwide/target/debug/deps/libblock_buffer-0695762f709d4d52.rlib" "/opt/rustwide/target/debug/deps/libcrypto_common-d3c3e3885f285af2.rlib" "/opt/rustwide/target/debug/deps/libgeneric_array-5b39999e3de60341.rlib" "/opt/rustwide/target/debug/deps/libtypenum-9f315a73fa1c732e.rlib" "/opt/rustwide/target/debug/deps/libfallible_iterator-8a31a4e311ff30d4.rlib" "/opt/rustwide/target/debug/deps/libfutures_util-88f2b382a9f216d9.rlib" "/opt/rustwide/target/debug/deps/libfutures_io-56ca8340f3c089b4.rlib" "/opt/rustwide/target/debug/deps/libslab-12e6a36b9d82f440.rlib" "/opt/rustwide/target/debug/deps/libfutures_channel-eee028875b3a6907.rlib" "/opt/rustwide/target/debug/deps/libfutures_sink-4c45777ff312cda4.rlib" "/opt/rustwide/target/debug/deps/libfutures_task-bf8bfa06799588f1.rlib" "/opt/rustwide/target/debug/deps/libpin_utils-0d8eaf4ac0fcb221.rlib" "/opt/rustwide/target/debug/deps/libfutures_core-44381b8c514ccc38.rlib" "/opt/rustwide/target/debug/deps/libbyteorder-50c19e9bd62c942c.rlib" "/opt/rustwide/target/debug/deps/libtokio-fc14f21601b71361.rlib" "/opt/rustwide/target/debug/deps/libsignal_hook_registry-cdaa0c8f2d904d7b.rlib" "/opt/rustwide/target/debug/deps/libnum_cpus-2144fdb7966e485d.rlib" "/opt/rustwide/target/debug/deps/libsocket2-6845bcea61682434.rlib" "/opt/rustwide/target/debug/deps/libonce_cell-385e74d8868073fc.rlib" "/opt/rustwide/target/debug/deps/libbytes-0b539a5c776b0476.rlib" "/opt/rustwide/target/debug/deps/libmio-78197f941c2020e7.rlib" "/opt/rustwide/target/debug/deps/libpin_project_lite-bd79cb6e272ecc3a.rlib" "/opt/rustwide/target/debug/deps/libparking_lot-6be559c6874cf6ee.rlib" "/opt/rustwide/target/debug/deps/libparking_lot_core-30bc924d2a4218c4.rlib" "/opt/rustwide/target/debug/deps/libsmallvec-3007f843720fad13.rlib" "/opt/rustwide/target/debug/deps/liblock_api-f2e09a29edd3ec78.rlib" "/opt/rustwide/target/debug/deps/libscopeguard-f471875f675163b5.rlib" "/opt/rustwide/target/debug/deps/libuuid-085be9b9c1d7f06f.rlib" "/opt/rustwide/target/debug/deps/libgetrandom-8adb33ac9f9be5bd.rlib" "/opt/rustwide/target/debug/deps/libsha1_smol-d9629f989c4aa857.rlib" "/opt/rustwide/target/debug/deps/libserde_json-c5bcdfe3e4c4cf10.rlib" "/opt/rustwide/target/debug/deps/libryu-2a5efb018e77d146.rlib" "/opt/rustwide/target/debug/deps/libitoa-6d400cb71048bb7c.rlib" "/opt/rustwide/target/debug/deps/libchrono-b1726d4a02c23f18.rlib" "/opt/rustwide/target/debug/deps/libiana_time_zone-3ad157af47c929f9.rlib" "/opt/rustwide/target/debug/deps/libnum_integer-f37d4c4a1342b483.rlib" "/opt/rustwide/target/debug/deps/libnum_traits-b0ca4e4cf5b10e41.rlib" "/opt/rustwide/target/debug/deps/libserde-3aac597882588e81.rlib" "/opt/rustwide/target/debug/deps/libtime-4210bf589df85c6c.rlib" "/opt/rustwide/target/debug/deps/libpretty_env_logger-a37c5821007fb4e8.rlib" "/opt/rustwide/target/debug/deps/libenv_logger-44bb7b80a80f1230.rlib" "/opt/rustwide/target/debug/deps/libtermcolor-aa64cf69ca0dddbd.rlib" "/opt/rustwide/target/debug/deps/libatty-f01aefa5413a8a5a.rlib" "/opt/rustwide/target/debug/deps/liblibc-85df020112a214fc.rlib" "/opt/rustwide/target/debug/deps/libhumantime-9b59f1f565657894.rlib" "/opt/rustwide/target/debug/deps/libquick_error-a76b5db56d6ef271.rlib" "/opt/rustwide/target/debug/deps/liblog-e4acea3c8ca43b70.rlib" "/opt/rustwide/target/debug/deps/libcfg_if-e5e118dd7d121aaa.rlib" "/opt/rustwide/target/debug/deps/libregex-ec1a535928100f69.rlib" "/opt/rustwide/target/debug/deps/libaho_corasick-d997a831bf3838c4.rlib" "/opt/rustwide/target/debug/deps/libmemchr-e30a17317ff1667e.rlib" "/opt/rustwide/target/debug/deps/libregex_syntax-26ab266b6768fe31.rlib" "/opt/rustwide/rustup-home/toolchains/1.69.0-x86_64-unknown-linux-gnu/lib/rustlib/x86_64-unknown-linux-gnu/lib/libstd-89bc084783fdc439.rlib" "/opt/rustwide/rustup-home/toolchains/1.69.0-x86_64-unknown-linux-gnu/lib/rustlib/x86_64-unknown-linux-gnu/lib/libpanic_unwind-8bee4b287d4367c1.rlib" "/opt/rustwide/rustup-home/toolchains/1.69.0-x86_64-unknown-linux-gnu/lib/rustlib/x86_64-unknown-linux-gnu/lib/libobject-d61707aed80694c0.rlib" "/opt/rustwide/rustup-home/toolchains/1.69.0-x86_64-unknown-linux-gnu/lib/rustlib/x86_64-unknown-linux-gnu/lib/libmemchr-d85366256f22345b.rlib" "/opt/rustwide/rustup-home/toolchains/1.69.0-x86_64-unknown-linux-gnu/lib/rustlib/x86_64-unknown-linux-gnu/lib/libaddr2line-96069b86b8a8cae9.rlib" "/opt/rustwide/rustup-home/toolchains/1.69.0-x86_64-unknown-linux-gnu/lib/rustlib/x86_64-unknown-linux-gnu/lib/libgimli-d19d53abf68dfa6c.rlib" "/opt/rustwide/rustup-home/toolchains/1.69.0-x86_64-unknown-linux-gnu/lib/rustlib/x86_64-unknown-linux-gnu/lib/librustc_demangle-787cbccd19d64ac6.rlib" "/opt/rustwide/rustup-home/toolchains/1.69.0-x86_64-unknown-linux-gnu/lib/rustlib/x86_64-unknown-linux-gnu/lib/libstd_detect-b3837a36b830e0d0.rlib" "/opt/rustwide/rustup-home/toolchains/1.69.0-x86_64-unknown-linux-gnu/lib/rustlib/x86_64-unknown-linux-gnu/lib/libhashbrown-e3deb0e7e3f04966.rlib" "/opt/rustwide/rustup-home/toolchains/1.69.0-x86_64-unknown-linux-gnu/lib/rustlib/x86_64-unknown-linux-gnu/lib/libminiz_oxide-dabbb79c9815def4.rlib" "/opt/rustwide/rustup-home/toolchains/1.69.0-x86_64-unknown-linux-gnu/lib/rustlib/x86_64-unknown-linux-gnu/lib/libadler-305b01f34c9409f2.rlib" "/opt/rustwide/rustup-home/toolchains/1.69.0-x86_64-unknown-linux-gnu/lib/rustlib/x86_64-unknown-linux-gnu/lib/librustc_std_workspace_alloc-f833521df6074e73.rlib" "/opt/rustwide/rustup-home/toolchains/1.69.0-x86_64-unknown-linux-gnu/lib/rustlib/x86_64-unknown-linux-gnu/lib/libunwind-9ac333113350d171.rlib" "/opt/rustwide/rustup-home/toolchains/1.69.0-x86_64-unknown-linux-gnu/lib/rustlib/x86_64-unknown-linux-gnu/lib/libcfg_if-1c126114322d0eee.rlib" "/opt/rustwide/rustup-home/toolchains/1.69.0-x86_64-unknown-linux-gnu/lib/rustlib/x86_64-unknown-linux-gnu/lib/liblibc-bad9164fdeeecf92.rlib" "/opt/rustwide/rustup-home/toolchains/1.69.0-x86_64-unknown-linux-gnu/lib/rustlib/x86_64-unknown-linux-gnu/lib/liballoc-f9374b1e480fa681.rlib" "/opt/rustwide/rustup-home/toolchains/1.69.0-x86_64-unknown-linux-gnu/lib/rustlib/x86_64-unknown-linux-gnu/lib/librustc_std_workspace_core-207f06e41d9603af.rlib" "/opt/rustwide/rustup-home/toolchains/1.69.0-x86_64-unknown-linux-gnu/lib/rustlib/x86_64-unknown-linux-gnu/lib/libcore-7e2768e66e984e85.rlib" "/opt/rustwide/rustup-home/toolchains/1.69.0-x86_64-unknown-linux-gnu/lib/rustlib/x86_64-unknown-linux-gnu/lib/libcompiler_builtins-957b4aff41f8cd46.rlib" "-Wl,-Bdynamic" "-lz" "-lgcc_s" "-lutil" "-lrt" "-lpthread" "-lm" "-ldl" "-lc" "-Wl,--eh-frame-hdr" "-Wl,-z,noexecstack" "-L" "/opt/rustwide/rustup-home/toolchains/1.69.0-x86_64-unknown-linux-gnu/lib/rustlib/x86_64-unknown-linux-gnu/lib" "-o" "/tmp/rustdoctestzaJYBa/rust_out" "-Wl,--gc-sections" "-pie" "-Wl,-z,relro,-z,now" "-nodefaultlibs"
[INFO] [stdout]   = note: collect2: fatal error: ld terminated with signal 9 [Killed]
[INFO] [stdout]           compilation terminated.
[INFO] [stdout]           
[INFO] [stdout] 
[INFO] [stdout] error: aborting due to previous error
[INFO] [stdout] 
[INFO] [stdout] Couldn't compile the test.
[INFO] [stdout] ---- src/utils/get_uuid.rs - utils::get_uuid::get_uuid (line 14) stdout ----
[INFO] [stdout] error: linking with `cc` failed: exit status: 1
[INFO] [stdout]   |
[INFO] [stdout]   = note: LC_ALL="C" PATH="/opt/rustwide/rustup-home/toolchains/1.69.0-x86_64-unknown-linux-gnu/lib/rustlib/x86_64-unknown-linux-gnu/bin:/opt/rustwide/cargo-home/bin:/usr/local/sbin:/usr/local/bin:/usr/sbin:/usr/bin:/sbin:/bin" VSLANG="1033" "cc" "-m64" "/tmp/rustcAHX3cF/symbols.o" "/tmp/rustdoctestH7Al87/rust_out.rust_out.5bfee551-cgu.0.rcgu.o" "/tmp/rustdoctestH7Al87/rust_out.j00p4ncf7xg64kg.rcgu.o" "-Wl,--as-needed" "-L" "/opt/rustwide/target/debug/deps" "-L" "/opt/rustwide/target/debug/deps" "-L" "/opt/rustwide/target/debug/build/openssl-sys-11fcd685004e9831/out/openssl-build/install/lib" "-L" "/opt/rustwide/target/debug/build/rdkafka-sys-c686674f4c24f535/out/lib" "-L" "/opt/rustwide/target/debug/build/ring-cb0bcc74302066ec/out" "-L" "/opt/rustwide/rustup-home/toolchains/1.69.0-x86_64-unknown-linux-gnu/lib/rustlib/x86_64-unknown-linux-gnu/lib" "-Wl,-Bstatic" "/opt/rustwide/target/debug/deps/librestapi-3a8e79c2a0d600b9.rlib" "/opt/rustwide/target/debug/deps/librustls_pemfile-c8bcf3c1e4c32a92.rlib" "/opt/rustwide/target/debug/deps/libtokio_rustls-ffa00c9c4f9a4a72.rlib" "/opt/rustwide/target/debug/deps/liburl-c77b38bee168697c.rlib" "/opt/rustwide/target/debug/deps/libidna-a34856eec9fa63e0.rlib" "/opt/rustwide/target/debug/deps/libform_urlencoded-4406ed733a551179.rlib" "/opt/rustwide/target/debug/deps/librustls-cf5ee50f80e9831e.rlib" "/opt/rustwide/target/debug/deps/libsct-b0b14574bdd37260.rlib" "/opt/rustwide/target/debug/deps/libwebpki-cf23bbf3ba167c96.rlib" "/opt/rustwide/target/debug/deps/libargon2-71e8462fcd26f563.rlib" "/opt/rustwide/target/debug/deps/libcrossbeam_utils-ba2f91850dea2b9c.rlib" "/opt/rustwide/target/debug/deps/libblake2b_simd-e5bc1d0bbd6af16a.rlib" "/opt/rustwide/target/debug/deps/libarrayvec-eaab725bd11a1a74.rlib" "/opt/rustwide/target/debug/deps/libarrayref-6f2a7630164a9ee6.rlib" "/opt/rustwide/target/debug/deps/libconstant_time_eq-6fe25b1f97b127b0.rlib" "/opt/rustwide/target/debug/deps/libprometheus-4e1f18511c13d837.rlib" "/opt/rustwide/target/debug/deps/libprotobuf-b10f2572d3e820a7.rlib" "/opt/rustwide/target/debug/deps/libjsonwebtoken-56ff41179d4645c8.rlib" "/opt/rustwide/target/debug/deps/libpem-2d57577b0b548987.rlib" "/opt/rustwide/target/debug/deps/libsimple_asn1-d923d7c14f2e09fd.rlib" "/opt/rustwide/target/debug/deps/libthiserror-e3ac11d25bc51518.rlib" "/opt/rustwide/target/debug/deps/libnum_bigint-369d87458dd97948.rlib" "/opt/rustwide/target/debug/deps/libring-f7b15700a3f778eb.rlib" "/opt/rustwide/target/debug/deps/libspin-ba7f384cfb4b159f.rlib" "/opt/rustwide/target/debug/deps/libuntrusted-ec41ab00ed225515.rlib" "/opt/rustwide/target/debug/deps/librusoto_s3-a8b309867c18cda9.rlib" "/opt/rustwide/target/debug/deps/librusoto_core-f298affb28e50449.rlib" "/opt/rustwide/target/debug/deps/libxml-80ece812513930ba.rlib" "/opt/rustwide/target/debug/deps/libcrc32fast-8179bad755761318.rlib" "/opt/rustwide/target/debug/deps/librusoto_signature-2baf48f9c2a94eb5.rlib" "/opt/rustwide/target/debug/deps/libsha2-7e1725bee20f48f2.rlib" "/opt/rustwide/target/debug/deps/libmd5-0d37b990d90c0a3e.rlib" "/opt/rustwide/target/debug/deps/libopaque_debug-502d41d476583e16.rlib" "/opt/rustwide/target/debug/deps/libblock_buffer-afa92fdfcefc2511.rlib" "/opt/rustwide/target/debug/deps/libhmac-27cf9ecc968e718e.rlib" "/opt/rustwide/target/debug/deps/libcrypto_mac-7c0a33302562a4a9.rlib" "/opt/rustwide/target/debug/deps/libhex-ad79348a67e835f3.rlib" "/opt/rustwide/target/debug/deps/libdigest-af2233304dd2722b.rlib" "/opt/rustwide/target/debug/deps/librusoto_credential-b86c563f7389b209.rlib" "/opt/rustwide/target/debug/deps/libshlex-94afe55f756d8583.rlib" "/opt/rustwide/target/debug/deps/libzeroize-1b71f23f22ff56f4.rlib" "/opt/rustwide/target/debug/deps/libdirs_next-7c251b330279fd7f.rlib" "/opt/rustwide/target/debug/deps/libdirs_sys_next-ea49704b0352d6d4.rlib" "/opt/rustwide/target/debug/deps/libhyper_tls-52e217322c117822.rlib" "/opt/rustwide/target/debug/deps/libkafka_threadpool-dbbc0f0988cc6ad8.rlib" "/opt/rustwide/target/debug/deps/librdkafka-87d6bf7ec900134a.rlib" "/opt/rustwide/target/debug/deps/libfutures-54ca25aa2ef44038.rlib" "/opt/rustwide/target/debug/deps/libfutures_executor-dad7fcd2b9189ab6.rlib" "/opt/rustwide/target/debug/deps/librdkafka_sys-09b8d3adb5a5d7c0.rlib" "/opt/rustwide/target/debug/deps/libnum_enum-1df844f4e6d622a5.rlib" "/opt/rustwide/target/debug/deps/liblibz_sys-47698b894de60d03.rlib" "/opt/rustwide/target/debug/deps/libhyper-63c9998caca343a4.rlib" "/opt/rustwide/target/debug/deps/libwant-39e2e15258c9e251.rlib" "/opt/rustwide/target/debug/deps/libtry_lock-372cab8856e9ce9d.rlib" "/opt/rustwide/target/debug/deps/libhttparse-58c93047b9cae116.rlib" "/opt/rustwide/target/debug/deps/libh2-a6f2bddec3e6d423.rlib" "/opt/rustwide/target/debug/deps/libindexmap-03f53d8fb576efdb.rlib" "/opt/rustwide/target/debug/deps/libhashbrown-9a1f5d949d76c1be.rlib" "/opt/rustwide/target/debug/deps/libtokio_util-bbaca57d32416bfb.rlib" "/opt/rustwide/target/debug/deps/libtower_service-02f10e9ce1ef867f.rlib" "/opt/rustwide/target/debug/deps/libhttp_body-99b5f55a22cd6080.rlib" "/opt/rustwide/target/debug/deps/libhttpdate-fbb447b85a38529c.rlib" "/opt/rustwide/target/debug/deps/libhttp-1c6909ab5f1d2320.rlib" "/opt/rustwide/target/debug/deps/libfnv-41a559218f992797.rlib" "/opt/rustwide/target/debug/deps/libbb8_postgres-00734db77dc79608.rlib" "/opt/rustwide/target/debug/deps/libbb8-79d191334cd1705c.rlib" "/opt/rustwide/target/debug/deps/libpostgres_native_tls-77a34b89d752b020.rlib" "/opt/rustwide/target/debug/deps/libtokio_native_tls-e7b51cca86741880.rlib" "/opt/rustwide/target/debug/deps/libnative_tls-70dd292ea6225ca8.rlib" "/opt/rustwide/target/debug/deps/libopenssl_probe-2d1cd15c290ad1de.rlib" "/opt/rustwide/target/debug/deps/libopenssl-6501cf9d2d77b139.rlib" "/opt/rustwide/target/debug/deps/libbitflags-82cc2d155c6eb112.rlib" "/opt/rustwide/target/debug/deps/libforeign_types-f2b053f84105065c.rlib" "/opt/rustwide/target/debug/deps/libforeign_types_shared-48f8f1f9ea32d068.rlib" "/opt/rustwide/target/debug/deps/libopenssl_sys-9d58d9637a5de55b.rlib" "/opt/rustwide/target/debug/deps/libtokio_postgres-5a106286414d7725.rlib" "/opt/rustwide/target/debug/deps/libphf-93863ceb91669da6.rlib" "/opt/rustwide/target/debug/deps/libphf_shared-9e07f0dd59f3fb65.rlib" "/opt/rustwide/target/debug/deps/libsiphasher-221a4ace0072d176.rlib" "/opt/rustwide/target/debug/deps/libpercent_encoding-5b4f3c280783d946.rlib" "/opt/rustwide/target/debug/deps/libtokio_util-78778b9c7f8c78ae.rlib" "/opt/rustwide/target/debug/deps/libtracing-3768c3f1d818a1cf.rlib" "/opt/rustwide/target/debug/deps/libtracing_core-a51512d011f07753.rlib" "/opt/rustwide/target/debug/deps/liblazy_static-a15e1ed0a3c31761.rlib" "/opt/rustwide/target/debug/deps/libpostgres_types-994b4fdbfe8c3a17.rlib" "/opt/rustwide/target/debug/deps/libarray_init-87527d5442ed7abd.rlib" "/opt/rustwide/target/debug/deps/libuuid-df930b5f60602668.rlib" "/opt/rustwide/target/debug/deps/libtime-e91848fc5b2840c2.rlib" "/opt/rustwide/target/debug/deps/libgeo_types-651a21be4cfb55e2.rlib" "/opt/rustwide/target/debug/deps/libeui48-c5b899df8c41b7ae.rlib" "/opt/rustwide/target/debug/deps/librustc_serialize-d2e9e0a4dbdf7883.rlib" "/opt/rustwide/target/debug/deps/libbit_vec-dba5a0279473a6d4.rlib" "/opt/rustwide/target/debug/deps/libpostgres_protocol-54d134cbed64520a.rlib" "/opt/rustwide/target/debug/deps/libbase64-007e7c1fbda2b30a.rlib" "/opt/rustwide/target/debug/deps/libstringprep-f2d408eb1fec5624.rlib" "/opt/rustwide/target/debug/deps/libunicode_normalization-7f857835ddcdc9d8.rlib" "/opt/rustwide/target/debug/deps/libtinyvec-5ce4c57de87c62bc.rlib" "/opt/rustwide/target/debug/deps/libtinyvec_macros-5ffb2ea8a2d866f2.rlib" "/opt/rustwide/target/debug/deps/libunicode_bidi-6d874a42ec63c633.rlib" "/opt/rustwide/target/debug/deps/libsha2-1c4dc8835371efce.rlib" "/opt/rustwide/target/debug/deps/libcpufeatures-95359a6f6f2254d9.rlib" "/opt/rustwide/target/debug/deps/librand-98aef6895e824094.rlib" "/opt/rustwide/target/debug/deps/librand_chacha-708eb05f2b3db9c8.rlib" "/opt/rustwide/target/debug/deps/libppv_lite86-663deac31cfbfc11.rlib" "/opt/rustwide/target/debug/deps/librand_core-f8cd75b70fd88b55.rlib" "/opt/rustwide/target/debug/deps/libhmac-f03e50002ca24ea2.rlib" "/opt/rustwide/target/debug/deps/libmd5-a034178a52145453.rlib" "/opt/rustwide/target/debug/deps/libdigest-8e11f8dfe8ccad65.rlib" "/opt/rustwide/target/debug/deps/libsubtle-6b55a6c902c8a3c0.rlib" "/opt/rustwide/target/debug/deps/libblock_buffer-0695762f709d4d52.rlib" "/opt/rustwide/target/debug/deps/libcrypto_common-d3c3e3885f285af2.rlib" "/opt/rustwide/target/debug/deps/libgeneric_array-5b39999e3de60341.rlib" "/opt/rustwide/target/debug/deps/libtypenum-9f315a73fa1c732e.rlib" "/opt/rustwide/target/debug/deps/libfallible_iterator-8a31a4e311ff30d4.rlib" "/opt/rustwide/target/debug/deps/libfutures_util-88f2b382a9f216d9.rlib" "/opt/rustwide/target/debug/deps/libfutures_io-56ca8340f3c089b4.rlib" "/opt/rustwide/target/debug/deps/libslab-12e6a36b9d82f440.rlib" "/opt/rustwide/target/debug/deps/libfutures_channel-eee028875b3a6907.rlib" "/opt/rustwide/target/debug/deps/libfutures_sink-4c45777ff312cda4.rlib" "/opt/rustwide/target/debug/deps/libfutures_task-bf8bfa06799588f1.rlib" "/opt/rustwide/target/debug/deps/libpin_utils-0d8eaf4ac0fcb221.rlib" "/opt/rustwide/target/debug/deps/libfutures_core-44381b8c514ccc38.rlib" "/opt/rustwide/target/debug/deps/libbyteorder-50c19e9bd62c942c.rlib" "/opt/rustwide/target/debug/deps/libtokio-fc14f21601b71361.rlib" "/opt/rustwide/target/debug/deps/libsignal_hook_registry-cdaa0c8f2d904d7b.rlib" "/opt/rustwide/target/debug/deps/libnum_cpus-2144fdb7966e485d.rlib" "/opt/rustwide/target/debug/deps/libsocket2-6845bcea61682434.rlib" "/opt/rustwide/target/debug/deps/libonce_cell-385e74d8868073fc.rlib" "/opt/rustwide/target/debug/deps/libbytes-0b539a5c776b0476.rlib" "/opt/rustwide/target/debug/deps/libmio-78197f941c2020e7.rlib" "/opt/rustwide/target/debug/deps/libpin_project_lite-bd79cb6e272ecc3a.rlib" "/opt/rustwide/target/debug/deps/libparking_lot-6be559c6874cf6ee.rlib" "/opt/rustwide/target/debug/deps/libparking_lot_core-30bc924d2a4218c4.rlib" "/opt/rustwide/target/debug/deps/libsmallvec-3007f843720fad13.rlib" "/opt/rustwide/target/debug/deps/liblock_api-f2e09a29edd3ec78.rlib" "/opt/rustwide/target/debug/deps/libscopeguard-f471875f675163b5.rlib" "/opt/rustwide/target/debug/deps/libuuid-085be9b9c1d7f06f.rlib" "/opt/rustwide/target/debug/deps/libgetrandom-8adb33ac9f9be5bd.rlib" "/opt/rustwide/target/debug/deps/libsha1_smol-d9629f989c4aa857.rlib" "/opt/rustwide/target/debug/deps/libserde_json-c5bcdfe3e4c4cf10.rlib" "/opt/rustwide/target/debug/deps/libryu-2a5efb018e77d146.rlib" "/opt/rustwide/target/debug/deps/libitoa-6d400cb71048bb7c.rlib" "/opt/rustwide/target/debug/deps/libchrono-b1726d4a02c23f18.rlib" "/opt/rustwide/target/debug/deps/libiana_time_zone-3ad157af47c929f9.rlib" "/opt/rustwide/target/debug/deps/libnum_integer-f37d4c4a1342b483.rlib" "/opt/rustwide/target/debug/deps/libnum_traits-b0ca4e4cf5b10e41.rlib" "/opt/rustwide/target/debug/deps/libserde-3aac597882588e81.rlib" "/opt/rustwide/target/debug/deps/libtime-4210bf589df85c6c.rlib" "/opt/rustwide/target/debug/deps/libpretty_env_logger-a37c5821007fb4e8.rlib" "/opt/rustwide/target/debug/deps/libenv_logger-44bb7b80a80f1230.rlib" "/opt/rustwide/target/debug/deps/libtermcolor-aa64cf69ca0dddbd.rlib" "/opt/rustwide/target/debug/deps/libatty-f01aefa5413a8a5a.rlib" "/opt/rustwide/target/debug/deps/liblibc-85df020112a214fc.rlib" "/opt/rustwide/target/debug/deps/libhumantime-9b59f1f565657894.rlib" "/opt/rustwide/target/debug/deps/libquick_error-a76b5db56d6ef271.rlib" "/opt/rustwide/target/debug/deps/liblog-e4acea3c8ca43b70.rlib" "/opt/rustwide/target/debug/deps/libcfg_if-e5e118dd7d121aaa.rlib" "/opt/rustwide/target/debug/deps/libregex-ec1a535928100f69.rlib" "/opt/rustwide/target/debug/deps/libaho_corasick-d997a831bf3838c4.rlib" "/opt/rustwide/target/debug/deps/libmemchr-e30a17317ff1667e.rlib" "/opt/rustwide/target/debug/deps/libregex_syntax-26ab266b6768fe31.rlib" "/opt/rustwide/rustup-home/toolchains/1.69.0-x86_64-unknown-linux-gnu/lib/rustlib/x86_64-unknown-linux-gnu/lib/libstd-89bc084783fdc439.rlib" "/opt/rustwide/rustup-home/toolchains/1.69.0-x86_64-unknown-linux-gnu/lib/rustlib/x86_64-unknown-linux-gnu/lib/libpanic_unwind-8bee4b287d4367c1.rlib" "/opt/rustwide/rustup-home/toolchains/1.69.0-x86_64-unknown-linux-gnu/lib/rustlib/x86_64-unknown-linux-gnu/lib/libobject-d61707aed80694c0.rlib" "/opt/rustwide/rustup-home/toolchains/1.69.0-x86_64-unknown-linux-gnu/lib/rustlib/x86_64-unknown-linux-gnu/lib/libmemchr-d85366256f22345b.rlib" "/opt/rustwide/rustup-home/toolchains/1.69.0-x86_64-unknown-linux-gnu/lib/rustlib/x86_64-unknown-linux-gnu/lib/libaddr2line-96069b86b8a8cae9.rlib" "/opt/rustwide/rustup-home/toolchains/1.69.0-x86_64-unknown-linux-gnu/lib/rustlib/x86_64-unknown-linux-gnu/lib/libgimli-d19d53abf68dfa6c.rlib" "/opt/rustwide/rustup-home/toolchains/1.69.0-x86_64-unknown-linux-gnu/lib/rustlib/x86_64-unknown-linux-gnu/lib/librustc_demangle-787cbccd19d64ac6.rlib" "/opt/rustwide/rustup-home/toolchains/1.69.0-x86_64-unknown-linux-gnu/lib/rustlib/x86_64-unknown-linux-gnu/lib/libstd_detect-b3837a36b830e0d0.rlib" "/opt/rustwide/rustup-home/toolchains/1.69.0-x86_64-unknown-linux-gnu/lib/rustlib/x86_64-unknown-linux-gnu/lib/libhashbrown-e3deb0e7e3f04966.rlib" "/opt/rustwide/rustup-home/toolchains/1.69.0-x86_64-unknown-linux-gnu/lib/rustlib/x86_64-unknown-linux-gnu/lib/libminiz_oxide-dabbb79c9815def4.rlib" "/opt/rustwide/rustup-home/toolchains/1.69.0-x86_64-unknown-linux-gnu/lib/rustlib/x86_64-unknown-linux-gnu/lib/libadler-305b01f34c9409f2.rlib" "/opt/rustwide/rustup-home/toolchains/1.69.0-x86_64-unknown-linux-gnu/lib/rustlib/x86_64-unknown-linux-gnu/lib/librustc_std_workspace_alloc-f833521df6074e73.rlib" "/opt/rustwide/rustup-home/toolchains/1.69.0-x86_64-unknown-linux-gnu/lib/rustlib/x86_64-unknown-linux-gnu/lib/libunwind-9ac333113350d171.rlib" "/opt/rustwide/rustup-home/toolchains/1.69.0-x86_64-unknown-linux-gnu/lib/rustlib/x86_64-unknown-linux-gnu/lib/libcfg_if-1c126114322d0eee.rlib" "/opt/rustwide/rustup-home/toolchains/1.69.0-x86_64-unknown-linux-gnu/lib/rustlib/x86_64-unknown-linux-gnu/lib/liblibc-bad9164fdeeecf92.rlib" "/opt/rustwide/rustup-home/toolchains/1.69.0-x86_64-unknown-linux-gnu/lib/rustlib/x86_64-unknown-linux-gnu/lib/liballoc-f9374b1e480fa681.rlib" "/opt/rustwide/rustup-home/toolchains/1.69.0-x86_64-unknown-linux-gnu/lib/rustlib/x86_64-unknown-linux-gnu/lib/librustc_std_workspace_core-207f06e41d9603af.rlib" "/opt/rustwide/rustup-home/toolchains/1.69.0-x86_64-unknown-linux-gnu/lib/rustlib/x86_64-unknown-linux-gnu/lib/libcore-7e2768e66e984e85.rlib" "/opt/rustwide/rustup-home/toolchains/1.69.0-x86_64-unknown-linux-gnu/lib/rustlib/x86_64-unknown-linux-gnu/lib/libcompiler_builtins-957b4aff41f8cd46.rlib" "-Wl,-Bdynamic" "-lz" "-lgcc_s" "-lutil" "-lrt" "-lpthread" "-lm" "-ldl" "-lc" "-Wl,--eh-frame-hdr" "-Wl,-z,noexecstack" "-L" "/opt/rustwide/rustup-home/toolchains/1.69.0-x86_64-unknown-linux-gnu/lib/rustlib/x86_64-unknown-linux-gnu/lib" "-o" "/tmp/rustdoctestH7Al87/rust_out" "-Wl,--gc-sections" "-pie" "-Wl,-z,relro,-z,now" "-nodefaultlibs"
[INFO] [stdout]   = note: collect2: fatal error: ld terminated with signal 9 [Killed]
[INFO] [stdout]           compilation terminated.
[INFO] [stdout]           
[INFO] [stdout] 
[INFO] [stdout] error: aborting due to previous error
[INFO] [stdout] 
[INFO] [stdout] Couldn't compile the test.
[INFO] [stdout] ---- src/utils/file_io/read_file_to_buf.rs - utils::file_io::read_file_to_buf::read_file_to_buf (line 25) stdout ----
[INFO] [stdout] error: linking with `cc` failed: exit status: 1
[INFO] [stdout]   |
[INFO] [stdout]   = note: LC_ALL="C" PATH="/opt/rustwide/rustup-home/toolchains/1.69.0-x86_64-unknown-linux-gnu/lib/rustlib/x86_64-unknown-linux-gnu/bin:/opt/rustwide/cargo-home/bin:/usr/local/sbin:/usr/local/bin:/usr/sbin:/usr/bin:/sbin:/bin" VSLANG="1033" "cc" "-m64" "/tmp/rustcaQW5dI/symbols.o" "/tmp/rustdoctestcw0XgS/rust_out.rust_out.5bfee551-cgu.0.rcgu.o" "/tmp/rustdoctestcw0XgS/rust_out.j00p4ncf7xg64kg.rcgu.o" "-Wl,--as-needed" "-L" "/opt/rustwide/target/debug/deps" "-L" "/opt/rustwide/target/debug/deps" "-L" "/opt/rustwide/target/debug/build/openssl-sys-11fcd685004e9831/out/openssl-build/install/lib" "-L" "/opt/rustwide/target/debug/build/rdkafka-sys-c686674f4c24f535/out/lib" "-L" "/opt/rustwide/target/debug/build/ring-cb0bcc74302066ec/out" "-L" "/opt/rustwide/rustup-home/toolchains/1.69.0-x86_64-unknown-linux-gnu/lib/rustlib/x86_64-unknown-linux-gnu/lib" "-Wl,-Bstatic" "/opt/rustwide/target/debug/deps/libtokio_test-4f81a40338b11dd0.rlib" "/opt/rustwide/target/debug/deps/libtokio_stream-801583b071b860a5.rlib" "/opt/rustwide/target/debug/deps/librestapi-3a8e79c2a0d600b9.rlib" "/opt/rustwide/target/debug/deps/librustls_pemfile-c8bcf3c1e4c32a92.rlib" "/opt/rustwide/target/debug/deps/libtokio_rustls-ffa00c9c4f9a4a72.rlib" "/opt/rustwide/target/debug/deps/liburl-c77b38bee168697c.rlib" "/opt/rustwide/target/debug/deps/libidna-a34856eec9fa63e0.rlib" "/opt/rustwide/target/debug/deps/libform_urlencoded-4406ed733a551179.rlib" "/opt/rustwide/target/debug/deps/librustls-cf5ee50f80e9831e.rlib" "/opt/rustwide/target/debug/deps/libsct-b0b14574bdd37260.rlib" "/opt/rustwide/target/debug/deps/libwebpki-cf23bbf3ba167c96.rlib" "/opt/rustwide/target/debug/deps/libargon2-71e8462fcd26f563.rlib" "/opt/rustwide/target/debug/deps/libcrossbeam_utils-ba2f91850dea2b9c.rlib" "/opt/rustwide/target/debug/deps/libblake2b_simd-e5bc1d0bbd6af16a.rlib" "/opt/rustwide/target/debug/deps/libarrayvec-eaab725bd11a1a74.rlib" "/opt/rustwide/target/debug/deps/libarrayref-6f2a7630164a9ee6.rlib" "/opt/rustwide/target/debug/deps/libconstant_time_eq-6fe25b1f97b127b0.rlib" "/opt/rustwide/target/debug/deps/libprometheus-4e1f18511c13d837.rlib" "/opt/rustwide/target/debug/deps/libprotobuf-b10f2572d3e820a7.rlib" "/opt/rustwide/target/debug/deps/libjsonwebtoken-56ff41179d4645c8.rlib" "/opt/rustwide/target/debug/deps/libpem-2d57577b0b548987.rlib" "/opt/rustwide/target/debug/deps/libsimple_asn1-d923d7c14f2e09fd.rlib" "/opt/rustwide/target/debug/deps/libthiserror-e3ac11d25bc51518.rlib" "/opt/rustwide/target/debug/deps/libnum_bigint-369d87458dd97948.rlib" "/opt/rustwide/target/debug/deps/libring-f7b15700a3f778eb.rlib" "/opt/rustwide/target/debug/deps/libspin-ba7f384cfb4b159f.rlib" "/opt/rustwide/target/debug/deps/libuntrusted-ec41ab00ed225515.rlib" "/opt/rustwide/target/debug/deps/librusoto_s3-a8b309867c18cda9.rlib" "/opt/rustwide/target/debug/deps/librusoto_core-f298affb28e50449.rlib" "/opt/rustwide/target/debug/deps/libxml-80ece812513930ba.rlib" "/opt/rustwide/target/debug/deps/libcrc32fast-8179bad755761318.rlib" "/opt/rustwide/target/debug/deps/librusoto_signature-2baf48f9c2a94eb5.rlib" "/opt/rustwide/target/debug/deps/libsha2-7e1725bee20f48f2.rlib" "/opt/rustwide/target/debug/deps/libmd5-0d37b990d90c0a3e.rlib" "/opt/rustwide/target/debug/deps/libopaque_debug-502d41d476583e16.rlib" "/opt/rustwide/target/debug/deps/libblock_buffer-afa92fdfcefc2511.rlib" "/opt/rustwide/target/debug/deps/libhmac-27cf9ecc968e718e.rlib" "/opt/rustwide/target/debug/deps/libcrypto_mac-7c0a33302562a4a9.rlib" "/opt/rustwide/target/debug/deps/libhex-ad79348a67e835f3.rlib" "/opt/rustwide/target/debug/deps/libdigest-af2233304dd2722b.rlib" "/opt/rustwide/target/debug/deps/librusoto_credential-b86c563f7389b209.rlib" "/opt/rustwide/target/debug/deps/libshlex-94afe55f756d8583.rlib" "/opt/rustwide/target/debug/deps/libzeroize-1b71f23f22ff56f4.rlib" "/opt/rustwide/target/debug/deps/libdirs_next-7c251b330279fd7f.rlib" "/opt/rustwide/target/debug/deps/libdirs_sys_next-ea49704b0352d6d4.rlib" "/opt/rustwide/target/debug/deps/libhyper_tls-52e217322c117822.rlib" "/opt/rustwide/target/debug/deps/libkafka_threadpool-dbbc0f0988cc6ad8.rlib" "/opt/rustwide/target/debug/deps/librdkafka-87d6bf7ec900134a.rlib" "/opt/rustwide/target/debug/deps/libfutures-54ca25aa2ef44038.rlib" "/opt/rustwide/target/debug/deps/libfutures_executor-dad7fcd2b9189ab6.rlib" "/opt/rustwide/target/debug/deps/librdkafka_sys-09b8d3adb5a5d7c0.rlib" "/opt/rustwide/target/debug/deps/libnum_enum-1df844f4e6d622a5.rlib" "/opt/rustwide/target/debug/deps/liblibz_sys-47698b894de60d03.rlib" "/opt/rustwide/target/debug/deps/libhyper-63c9998caca343a4.rlib" "/opt/rustwide/target/debug/deps/libwant-39e2e15258c9e251.rlib" "/opt/rustwide/target/debug/deps/libtry_lock-372cab8856e9ce9d.rlib" "/opt/rustwide/target/debug/deps/libhttparse-58c93047b9cae116.rlib" "/opt/rustwide/target/debug/deps/libh2-a6f2bddec3e6d423.rlib" "/opt/rustwide/target/debug/deps/libindexmap-03f53d8fb576efdb.rlib" "/opt/rustwide/target/debug/deps/libhashbrown-9a1f5d949d76c1be.rlib" "/opt/rustwide/target/debug/deps/libtokio_util-bbaca57d32416bfb.rlib" "/opt/rustwide/target/debug/deps/libtower_service-02f10e9ce1ef867f.rlib" "/opt/rustwide/target/debug/deps/libhttp_body-99b5f55a22cd6080.rlib" "/opt/rustwide/target/debug/deps/libhttpdate-fbb447b85a38529c.rlib" "/opt/rustwide/target/debug/deps/libhttp-1c6909ab5f1d2320.rlib" "/opt/rustwide/target/debug/deps/libfnv-41a559218f992797.rlib" "/opt/rustwide/target/debug/deps/libbb8_postgres-00734db77dc79608.rlib" "/opt/rustwide/target/debug/deps/libbb8-79d191334cd1705c.rlib" "/opt/rustwide/target/debug/deps/libpostgres_native_tls-77a34b89d752b020.rlib" "/opt/rustwide/target/debug/deps/libtokio_native_tls-e7b51cca86741880.rlib" "/opt/rustwide/target/debug/deps/libnative_tls-70dd292ea6225ca8.rlib" "/opt/rustwide/target/debug/deps/libopenssl_probe-2d1cd15c290ad1de.rlib" "/opt/rustwide/target/debug/deps/libopenssl-6501cf9d2d77b139.rlib" "/opt/rustwide/target/debug/deps/libbitflags-82cc2d155c6eb112.rlib" "/opt/rustwide/target/debug/deps/libforeign_types-f2b053f84105065c.rlib" "/opt/rustwide/target/debug/deps/libforeign_types_shared-48f8f1f9ea32d068.rlib" "/opt/rustwide/target/debug/deps/libopenssl_sys-9d58d9637a5de55b.rlib" "/opt/rustwide/target/debug/deps/libtokio_postgres-5a106286414d7725.rlib" "/opt/rustwide/target/debug/deps/libphf-93863ceb91669da6.rlib" "/opt/rustwide/target/debug/deps/libphf_shared-9e07f0dd59f3fb65.rlib" "/opt/rustwide/target/debug/deps/libsiphasher-221a4ace0072d176.rlib" "/opt/rustwide/target/debug/deps/libpercent_encoding-5b4f3c280783d946.rlib" "/opt/rustwide/target/debug/deps/libtokio_util-78778b9c7f8c78ae.rlib" "/opt/rustwide/target/debug/deps/libtracing-3768c3f1d818a1cf.rlib" "/opt/rustwide/target/debug/deps/libtracing_core-a51512d011f07753.rlib" "/opt/rustwide/target/debug/deps/liblazy_static-a15e1ed0a3c31761.rlib" "/opt/rustwide/target/debug/deps/libpostgres_types-994b4fdbfe8c3a17.rlib" "/opt/rustwide/target/debug/deps/libarray_init-87527d5442ed7abd.rlib" "/opt/rustwide/target/debug/deps/libuuid-df930b5f60602668.rlib" "/opt/rustwide/target/debug/deps/libtime-e91848fc5b2840c2.rlib" "/opt/rustwide/target/debug/deps/libgeo_types-651a21be4cfb55e2.rlib" "/opt/rustwide/target/debug/deps/libeui48-c5b899df8c41b7ae.rlib" "/opt/rustwide/target/debug/deps/librustc_serialize-d2e9e0a4dbdf7883.rlib" "/opt/rustwide/target/debug/deps/libbit_vec-dba5a0279473a6d4.rlib" "/opt/rustwide/target/debug/deps/libpostgres_protocol-54d134cbed64520a.rlib" "/opt/rustwide/target/debug/deps/libbase64-007e7c1fbda2b30a.rlib" "/opt/rustwide/target/debug/deps/libstringprep-f2d408eb1fec5624.rlib" "/opt/rustwide/target/debug/deps/libunicode_normalization-7f857835ddcdc9d8.rlib" "/opt/rustwide/target/debug/deps/libtinyvec-5ce4c57de87c62bc.rlib" "/opt/rustwide/target/debug/deps/libtinyvec_macros-5ffb2ea8a2d866f2.rlib" "/opt/rustwide/target/debug/deps/libunicode_bidi-6d874a42ec63c633.rlib" "/opt/rustwide/target/debug/deps/libsha2-1c4dc8835371efce.rlib" "/opt/rustwide/target/debug/deps/libcpufeatures-95359a6f6f2254d9.rlib" "/opt/rustwide/target/debug/deps/librand-98aef6895e824094.rlib" "/opt/rustwide/target/debug/deps/librand_chacha-708eb05f2b3db9c8.rlib" "/opt/rustwide/target/debug/deps/libppv_lite86-663deac31cfbfc11.rlib" "/opt/rustwide/target/debug/deps/librand_core-f8cd75b70fd88b55.rlib" "/opt/rustwide/target/debug/deps/libhmac-f03e50002ca24ea2.rlib" "/opt/rustwide/target/debug/deps/libmd5-a034178a52145453.rlib" "/opt/rustwide/target/debug/deps/libdigest-8e11f8dfe8ccad65.rlib" "/opt/rustwide/target/debug/deps/libsubtle-6b55a6c902c8a3c0.rlib" "/opt/rustwide/target/debug/deps/libblock_buffer-0695762f709d4d52.rlib" "/opt/rustwide/target/debug/deps/libcrypto_common-d3c3e3885f285af2.rlib" "/opt/rustwide/target/debug/deps/libgeneric_array-5b39999e3de60341.rlib" "/opt/rustwide/target/debug/deps/libtypenum-9f315a73fa1c732e.rlib" "/opt/rustwide/target/debug/deps/libfallible_iterator-8a31a4e311ff30d4.rlib" "/opt/rustwide/target/debug/deps/libfutures_util-88f2b382a9f216d9.rlib" "/opt/rustwide/target/debug/deps/libfutures_io-56ca8340f3c089b4.rlib" "/opt/rustwide/target/debug/deps/libslab-12e6a36b9d82f440.rlib" "/opt/rustwide/target/debug/deps/libfutures_channel-eee028875b3a6907.rlib" "/opt/rustwide/target/debug/deps/libfutures_sink-4c45777ff312cda4.rlib" "/opt/rustwide/target/debug/deps/libfutures_task-bf8bfa06799588f1.rlib" "/opt/rustwide/target/debug/deps/libpin_utils-0d8eaf4ac0fcb221.rlib" "/opt/rustwide/target/debug/deps/libfutures_core-44381b8c514ccc38.rlib" "/opt/rustwide/target/debug/deps/libbyteorder-50c19e9bd62c942c.rlib" "/opt/rustwide/target/debug/deps/libtokio-fc14f21601b71361.rlib" "/opt/rustwide/target/debug/deps/libsignal_hook_registry-cdaa0c8f2d904d7b.rlib" "/opt/rustwide/target/debug/deps/libnum_cpus-2144fdb7966e485d.rlib" "/opt/rustwide/target/debug/deps/libsocket2-6845bcea61682434.rlib" "/opt/rustwide/target/debug/deps/libonce_cell-385e74d8868073fc.rlib" "/opt/rustwide/target/debug/deps/libbytes-0b539a5c776b0476.rlib" "/opt/rustwide/target/debug/deps/libmio-78197f941c2020e7.rlib" "/opt/rustwide/target/debug/deps/libpin_project_lite-bd79cb6e272ecc3a.rlib" "/opt/rustwide/target/debug/deps/libparking_lot-6be559c6874cf6ee.rlib" "/opt/rustwide/target/debug/deps/libparking_lot_core-30bc924d2a4218c4.rlib" "/opt/rustwide/target/debug/deps/libsmallvec-3007f843720fad13.rlib" "/opt/rustwide/target/debug/deps/liblock_api-f2e09a29edd3ec78.rlib" "/opt/rustwide/target/debug/deps/libscopeguard-f471875f675163b5.rlib" "/opt/rustwide/target/debug/deps/libuuid-085be9b9c1d7f06f.rlib" "/opt/rustwide/target/debug/deps/libgetrandom-8adb33ac9f9be5bd.rlib" "/opt/rustwide/target/debug/deps/libsha1_smol-d9629f989c4aa857.rlib" "/opt/rustwide/target/debug/deps/libserde_json-c5bcdfe3e4c4cf10.rlib" "/opt/rustwide/target/debug/deps/libryu-2a5efb018e77d146.rlib" "/opt/rustwide/target/debug/deps/libitoa-6d400cb71048bb7c.rlib" "/opt/rustwide/target/debug/deps/libchrono-b1726d4a02c23f18.rlib" "/opt/rustwide/target/debug/deps/libiana_time_zone-3ad157af47c929f9.rlib" "/opt/rustwide/target/debug/deps/libnum_integer-f37d4c4a1342b483.rlib" "/opt/rustwide/target/debug/deps/libnum_traits-b0ca4e4cf5b10e41.rlib" "/opt/rustwide/target/debug/deps/libserde-3aac597882588e81.rlib" "/opt/rustwide/target/debug/deps/libtime-4210bf589df85c6c.rlib" "/opt/rustwide/target/debug/deps/libpretty_env_logger-a37c5821007fb4e8.rlib" "/opt/rustwide/target/debug/deps/libenv_logger-44bb7b80a80f1230.rlib" "/opt/rustwide/target/debug/deps/libtermcolor-aa64cf69ca0dddbd.rlib" "/opt/rustwide/target/debug/deps/libatty-f01aefa5413a8a5a.rlib" "/opt/rustwide/target/debug/deps/liblibc-85df020112a214fc.rlib" "/opt/rustwide/target/debug/deps/libhumantime-9b59f1f565657894.rlib" "/opt/rustwide/target/debug/deps/libquick_error-a76b5db56d6ef271.rlib" "/opt/rustwide/target/debug/deps/liblog-e4acea3c8ca43b70.rlib" "/opt/rustwide/target/debug/deps/libcfg_if-e5e118dd7d121aaa.rlib" "/opt/rustwide/target/debug/deps/libregex-ec1a535928100f69.rlib" "/opt/rustwide/target/debug/deps/libaho_corasick-d997a831bf3838c4.rlib" "/opt/rustwide/target/debug/deps/libmemchr-e30a17317ff1667e.rlib" "/opt/rustwide/target/debug/deps/libregex_syntax-26ab266b6768fe31.rlib" "/opt/rustwide/rustup-home/toolchains/1.69.0-x86_64-unknown-linux-gnu/lib/rustlib/x86_64-unknown-linux-gnu/lib/libstd-89bc084783fdc439.rlib" "/opt/rustwide/rustup-home/toolchains/1.69.0-x86_64-unknown-linux-gnu/lib/rustlib/x86_64-unknown-linux-gnu/lib/libpanic_unwind-8bee4b287d4367c1.rlib" "/opt/rustwide/rustup-home/toolchains/1.69.0-x86_64-unknown-linux-gnu/lib/rustlib/x86_64-unknown-linux-gnu/lib/libobject-d61707aed80694c0.rlib" "/opt/rustwide/rustup-home/toolchains/1.69.0-x86_64-unknown-linux-gnu/lib/rustlib/x86_64-unknown-linux-gnu/lib/libmemchr-d85366256f22345b.rlib" "/opt/rustwide/rustup-home/toolchains/1.69.0-x86_64-unknown-linux-gnu/lib/rustlib/x86_64-unknown-linux-gnu/lib/libaddr2line-96069b86b8a8cae9.rlib" "/opt/rustwide/rustup-home/toolchains/1.69.0-x86_64-unknown-linux-gnu/lib/rustlib/x86_64-unknown-linux-gnu/lib/libgimli-d19d53abf68dfa6c.rlib" "/opt/rustwide/rustup-home/toolchains/1.69.0-x86_64-unknown-linux-gnu/lib/rustlib/x86_64-unknown-linux-gnu/lib/librustc_demangle-787cbccd19d64ac6.rlib" "/opt/rustwide/rustup-home/toolchains/1.69.0-x86_64-unknown-linux-gnu/lib/rustlib/x86_64-unknown-linux-gnu/lib/libstd_detect-b3837a36b830e0d0.rlib" "/opt/rustwide/rustup-home/toolchains/1.69.0-x86_64-unknown-linux-gnu/lib/rustlib/x86_64-unknown-linux-gnu/lib/libhashbrown-e3deb0e7e3f04966.rlib" "/opt/rustwide/rustup-home/toolchains/1.69.0-x86_64-unknown-linux-gnu/lib/rustlib/x86_64-unknown-linux-gnu/lib/libminiz_oxide-dabbb79c9815def4.rlib" "/opt/rustwide/rustup-home/toolchains/1.69.0-x86_64-unknown-linux-gnu/lib/rustlib/x86_64-unknown-linux-gnu/lib/libadler-305b01f34c9409f2.rlib" "/opt/rustwide/rustup-home/toolchains/1.69.0-x86_64-unknown-linux-gnu/lib/rustlib/x86_64-unknown-linux-gnu/lib/librustc_std_workspace_alloc-f833521df6074e73.rlib" "/opt/rustwide/rustup-home/toolchains/1.69.0-x86_64-unknown-linux-gnu/lib/rustlib/x86_64-unknown-linux-gnu/lib/libunwind-9ac333113350d171.rlib" "/opt/rustwide/rustup-home/toolchains/1.69.0-x86_64-unknown-linux-gnu/lib/rustlib/x86_64-unknown-linux-gnu/lib/libcfg_if-1c126114322d0eee.rlib" "/opt/rustwide/rustup-home/toolchains/1.69.0-x86_64-unknown-linux-gnu/lib/rustlib/x86_64-unknown-linux-gnu/lib/liblibc-bad9164fdeeecf92.rlib" "/opt/rustwide/rustup-home/toolchains/1.69.0-x86_64-unknown-linux-gnu/lib/rustlib/x86_64-unknown-linux-gnu/lib/liballoc-f9374b1e480fa681.rlib" "/opt/rustwide/rustup-home/toolchains/1.69.0-x86_64-unknown-linux-gnu/lib/rustlib/x86_64-unknown-linux-gnu/lib/librustc_std_workspace_core-207f06e41d9603af.rlib" "/opt/rustwide/rustup-home/toolchains/1.69.0-x86_64-unknown-linux-gnu/lib/rustlib/x86_64-unknown-linux-gnu/lib/libcore-7e2768e66e984e85.rlib" "/opt/rustwide/rustup-home/toolchains/1.69.0-x86_64-unknown-linux-gnu/lib/rustlib/x86_64-unknown-linux-gnu/lib/libcompiler_builtins-957b4aff41f8cd46.rlib" "-Wl,-Bdynamic" "-lz" "-lgcc_s" "-lutil" "-lrt" "-lpthread" "-lm" "-ldl" "-lc" "-Wl,--eh-frame-hdr" "-Wl,-z,noexecstack" "-L" "/opt/rustwide/rustup-home/toolchains/1.69.0-x86_64-unknown-linux-gnu/lib/rustlib/x86_64-unknown-linux-gnu/lib" "-o" "/tmp/rustdoctestcw0XgS/rust_out" "-Wl,--gc-sections" "-pie" "-Wl,-z,relro,-z,now" "-nodefaultlibs"
[INFO] [stdout]   = note: collect2: fatal error: ld terminated with signal 9 [Killed]
[INFO] [stdout]           compilation terminated.
[INFO] [stdout]           
[INFO] [stdout] 
[INFO] [stdout] error: aborting due to previous error
[INFO] [stdout] 
[INFO] [stdout] Couldn't compile the test.
[INFO] [stdout] ---- src/utils/file_io/write_buf_to_file.rs - utils::file_io::write_buf_to_file::write_buf_to_file (line 25) stdout ----
[INFO] [stdout] error: linking with `cc` failed: exit status: 1
[INFO] [stdout]   |
[INFO] [stdout]   = note: LC_ALL="C" PATH="/opt/rustwide/rustup-home/toolchains/1.69.0-x86_64-unknown-linux-gnu/lib/rustlib/x86_64-unknown-linux-gnu/bin:/opt/rustwide/cargo-home/bin:/usr/local/sbin:/usr/local/bin:/usr/sbin:/usr/bin:/sbin:/bin" VSLANG="1033" "cc" "-m64" "/tmp/rustcNHCCAI/symbols.o" "/tmp/rustdoctestrYdyBw/rust_out.rust_out.5bfee551-cgu.0.rcgu.o" "/tmp/rustdoctestrYdyBw/rust_out.j00p4ncf7xg64kg.rcgu.o" "-Wl,--as-needed" "-L" "/opt/rustwide/target/debug/deps" "-L" "/opt/rustwide/target/debug/deps" "-L" "/opt/rustwide/target/debug/build/openssl-sys-11fcd685004e9831/out/openssl-build/install/lib" "-L" "/opt/rustwide/target/debug/build/rdkafka-sys-c686674f4c24f535/out/lib" "-L" "/opt/rustwide/target/debug/build/ring-cb0bcc74302066ec/out" "-L" "/opt/rustwide/rustup-home/toolchains/1.69.0-x86_64-unknown-linux-gnu/lib/rustlib/x86_64-unknown-linux-gnu/lib" "-Wl,-Bstatic" "/opt/rustwide/target/debug/deps/libtokio_test-4f81a40338b11dd0.rlib" "/opt/rustwide/target/debug/deps/libtokio_stream-801583b071b860a5.rlib" "/opt/rustwide/target/debug/deps/librestapi-3a8e79c2a0d600b9.rlib" "/opt/rustwide/target/debug/deps/librustls_pemfile-c8bcf3c1e4c32a92.rlib" "/opt/rustwide/target/debug/deps/libtokio_rustls-ffa00c9c4f9a4a72.rlib" "/opt/rustwide/target/debug/deps/liburl-c77b38bee168697c.rlib" "/opt/rustwide/target/debug/deps/libidna-a34856eec9fa63e0.rlib" "/opt/rustwide/target/debug/deps/libform_urlencoded-4406ed733a551179.rlib" "/opt/rustwide/target/debug/deps/librustls-cf5ee50f80e9831e.rlib" "/opt/rustwide/target/debug/deps/libsct-b0b14574bdd37260.rlib" "/opt/rustwide/target/debug/deps/libwebpki-cf23bbf3ba167c96.rlib" "/opt/rustwide/target/debug/deps/libargon2-71e8462fcd26f563.rlib" "/opt/rustwide/target/debug/deps/libcrossbeam_utils-ba2f91850dea2b9c.rlib" "/opt/rustwide/target/debug/deps/libblake2b_simd-e5bc1d0bbd6af16a.rlib" "/opt/rustwide/target/debug/deps/libarrayvec-eaab725bd11a1a74.rlib" "/opt/rustwide/target/debug/deps/libarrayref-6f2a7630164a9ee6.rlib" "/opt/rustwide/target/debug/deps/libconstant_time_eq-6fe25b1f97b127b0.rlib" "/opt/rustwide/target/debug/deps/libprometheus-4e1f18511c13d837.rlib" "/opt/rustwide/target/debug/deps/libprotobuf-b10f2572d3e820a7.rlib" "/opt/rustwide/target/debug/deps/libjsonwebtoken-56ff41179d4645c8.rlib" "/opt/rustwide/target/debug/deps/libpem-2d57577b0b548987.rlib" "/opt/rustwide/target/debug/deps/libsimple_asn1-d923d7c14f2e09fd.rlib" "/opt/rustwide/target/debug/deps/libthiserror-e3ac11d25bc51518.rlib" "/opt/rustwide/target/debug/deps/libnum_bigint-369d87458dd97948.rlib" "/opt/rustwide/target/debug/deps/libring-f7b15700a3f778eb.rlib" "/opt/rustwide/target/debug/deps/libspin-ba7f384cfb4b159f.rlib" "/opt/rustwide/target/debug/deps/libuntrusted-ec41ab00ed225515.rlib" "/opt/rustwide/target/debug/deps/librusoto_s3-a8b309867c18cda9.rlib" "/opt/rustwide/target/debug/deps/librusoto_core-f298affb28e50449.rlib" "/opt/rustwide/target/debug/deps/libxml-80ece812513930ba.rlib" "/opt/rustwide/target/debug/deps/libcrc32fast-8179bad755761318.rlib" "/opt/rustwide/target/debug/deps/librusoto_signature-2baf48f9c2a94eb5.rlib" "/opt/rustwide/target/debug/deps/libsha2-7e1725bee20f48f2.rlib" "/opt/rustwide/target/debug/deps/libmd5-0d37b990d90c0a3e.rlib" "/opt/rustwide/target/debug/deps/libopaque_debug-502d41d476583e16.rlib" "/opt/rustwide/target/debug/deps/libblock_buffer-afa92fdfcefc2511.rlib" "/opt/rustwide/target/debug/deps/libhmac-27cf9ecc968e718e.rlib" "/opt/rustwide/target/debug/deps/libcrypto_mac-7c0a33302562a4a9.rlib" "/opt/rustwide/target/debug/deps/libhex-ad79348a67e835f3.rlib" "/opt/rustwide/target/debug/deps/libdigest-af2233304dd2722b.rlib" "/opt/rustwide/target/debug/deps/librusoto_credential-b86c563f7389b209.rlib" "/opt/rustwide/target/debug/deps/libshlex-94afe55f756d8583.rlib" "/opt/rustwide/target/debug/deps/libzeroize-1b71f23f22ff56f4.rlib" "/opt/rustwide/target/debug/deps/libdirs_next-7c251b330279fd7f.rlib" "/opt/rustwide/target/debug/deps/libdirs_sys_next-ea49704b0352d6d4.rlib" "/opt/rustwide/target/debug/deps/libhyper_tls-52e217322c117822.rlib" "/opt/rustwide/target/debug/deps/libkafka_threadpool-dbbc0f0988cc6ad8.rlib" "/opt/rustwide/target/debug/deps/librdkafka-87d6bf7ec900134a.rlib" "/opt/rustwide/target/debug/deps/libfutures-54ca25aa2ef44038.rlib" "/opt/rustwide/target/debug/deps/libfutures_executor-dad7fcd2b9189ab6.rlib" "/opt/rustwide/target/debug/deps/librdkafka_sys-09b8d3adb5a5d7c0.rlib" "/opt/rustwide/target/debug/deps/libnum_enum-1df844f4e6d622a5.rlib" "/opt/rustwide/target/debug/deps/liblibz_sys-47698b894de60d03.rlib" "/opt/rustwide/target/debug/deps/libhyper-63c9998caca343a4.rlib" "/opt/rustwide/target/debug/deps/libwant-39e2e15258c9e251.rlib" "/opt/rustwide/target/debug/deps/libtry_lock-372cab8856e9ce9d.rlib" "/opt/rustwide/target/debug/deps/libhttparse-58c93047b9cae116.rlib" "/opt/rustwide/target/debug/deps/libh2-a6f2bddec3e6d423.rlib" "/opt/rustwide/target/debug/deps/libindexmap-03f53d8fb576efdb.rlib" "/opt/rustwide/target/debug/deps/libhashbrown-9a1f5d949d76c1be.rlib" "/opt/rustwide/target/debug/deps/libtokio_util-bbaca57d32416bfb.rlib" "/opt/rustwide/target/debug/deps/libtower_service-02f10e9ce1ef867f.rlib" "/opt/rustwide/target/debug/deps/libhttp_body-99b5f55a22cd6080.rlib" "/opt/rustwide/target/debug/deps/libhttpdate-fbb447b85a38529c.rlib" "/opt/rustwide/target/debug/deps/libhttp-1c6909ab5f1d2320.rlib" "/opt/rustwide/target/debug/deps/libfnv-41a559218f992797.rlib" "/opt/rustwide/target/debug/deps/libbb8_postgres-00734db77dc79608.rlib" "/opt/rustwide/target/debug/deps/libbb8-79d191334cd1705c.rlib" "/opt/rustwide/target/debug/deps/libpostgres_native_tls-77a34b89d752b020.rlib" "/opt/rustwide/target/debug/deps/libtokio_native_tls-e7b51cca86741880.rlib" "/opt/rustwide/target/debug/deps/libnative_tls-70dd292ea6225ca8.rlib" "/opt/rustwide/target/debug/deps/libopenssl_probe-2d1cd15c290ad1de.rlib" "/opt/rustwide/target/debug/deps/libopenssl-6501cf9d2d77b139.rlib" "/opt/rustwide/target/debug/deps/libbitflags-82cc2d155c6eb112.rlib" "/opt/rustwide/target/debug/deps/libforeign_types-f2b053f84105065c.rlib" "/opt/rustwide/target/debug/deps/libforeign_types_shared-48f8f1f9ea32d068.rlib" "/opt/rustwide/target/debug/deps/libopenssl_sys-9d58d9637a5de55b.rlib" "/opt/rustwide/target/debug/deps/libtokio_postgres-5a106286414d7725.rlib" "/opt/rustwide/target/debug/deps/libphf-93863ceb91669da6.rlib" "/opt/rustwide/target/debug/deps/libphf_shared-9e07f0dd59f3fb65.rlib" "/opt/rustwide/target/debug/deps/libsiphasher-221a4ace0072d176.rlib" "/opt/rustwide/target/debug/deps/libpercent_encoding-5b4f3c280783d946.rlib" "/opt/rustwide/target/debug/deps/libtokio_util-78778b9c7f8c78ae.rlib" "/opt/rustwide/target/debug/deps/libtracing-3768c3f1d818a1cf.rlib" "/opt/rustwide/target/debug/deps/libtracing_core-a51512d011f07753.rlib" "/opt/rustwide/target/debug/deps/liblazy_static-a15e1ed0a3c31761.rlib" "/opt/rustwide/target/debug/deps/libpostgres_types-994b4fdbfe8c3a17.rlib" "/opt/rustwide/target/debug/deps/libarray_init-87527d5442ed7abd.rlib" "/opt/rustwide/target/debug/deps/libuuid-df930b5f60602668.rlib" "/opt/rustwide/target/debug/deps/libtime-e91848fc5b2840c2.rlib" "/opt/rustwide/target/debug/deps/libgeo_types-651a21be4cfb55e2.rlib" "/opt/rustwide/target/debug/deps/libeui48-c5b899df8c41b7ae.rlib" "/opt/rustwide/target/debug/deps/librustc_serialize-d2e9e0a4dbdf7883.rlib" "/opt/rustwide/target/debug/deps/libbit_vec-dba5a0279473a6d4.rlib" "/opt/rustwide/target/debug/deps/libpostgres_protocol-54d134cbed64520a.rlib" "/opt/rustwide/target/debug/deps/libbase64-007e7c1fbda2b30a.rlib" "/opt/rustwide/target/debug/deps/libstringprep-f2d408eb1fec5624.rlib" "/opt/rustwide/target/debug/deps/libunicode_normalization-7f857835ddcdc9d8.rlib" "/opt/rustwide/target/debug/deps/libtinyvec-5ce4c57de87c62bc.rlib" "/opt/rustwide/target/debug/deps/libtinyvec_macros-5ffb2ea8a2d866f2.rlib" "/opt/rustwide/target/debug/deps/libunicode_bidi-6d874a42ec63c633.rlib" "/opt/rustwide/target/debug/deps/libsha2-1c4dc8835371efce.rlib" "/opt/rustwide/target/debug/deps/libcpufeatures-95359a6f6f2254d9.rlib" "/opt/rustwide/target/debug/deps/librand-98aef6895e824094.rlib" "/opt/rustwide/target/debug/deps/librand_chacha-708eb05f2b3db9c8.rlib" "/opt/rustwide/target/debug/deps/libppv_lite86-663deac31cfbfc11.rlib" "/opt/rustwide/target/debug/deps/librand_core-f8cd75b70fd88b55.rlib" "/opt/rustwide/target/debug/deps/libhmac-f03e50002ca24ea2.rlib" "/opt/rustwide/target/debug/deps/libmd5-a034178a52145453.rlib" "/opt/rustwide/target/debug/deps/libdigest-8e11f8dfe8ccad65.rlib" "/opt/rustwide/target/debug/deps/libsubtle-6b55a6c902c8a3c0.rlib" "/opt/rustwide/target/debug/deps/libblock_buffer-0695762f709d4d52.rlib" "/opt/rustwide/target/debug/deps/libcrypto_common-d3c3e3885f285af2.rlib" "/opt/rustwide/target/debug/deps/libgeneric_array-5b39999e3de60341.rlib" "/opt/rustwide/target/debug/deps/libtypenum-9f315a73fa1c732e.rlib" "/opt/rustwide/target/debug/deps/libfallible_iterator-8a31a4e311ff30d4.rlib" "/opt/rustwide/target/debug/deps/libfutures_util-88f2b382a9f216d9.rlib" "/opt/rustwide/target/debug/deps/libfutures_io-56ca8340f3c089b4.rlib" "/opt/rustwide/target/debug/deps/libslab-12e6a36b9d82f440.rlib" "/opt/rustwide/target/debug/deps/libfutures_channel-eee028875b3a6907.rlib" "/opt/rustwide/target/debug/deps/libfutures_sink-4c45777ff312cda4.rlib" "/opt/rustwide/target/debug/deps/libfutures_task-bf8bfa06799588f1.rlib" "/opt/rustwide/target/debug/deps/libpin_utils-0d8eaf4ac0fcb221.rlib" "/opt/rustwide/target/debug/deps/libfutures_core-44381b8c514ccc38.rlib" "/opt/rustwide/target/debug/deps/libbyteorder-50c19e9bd62c942c.rlib" "/opt/rustwide/target/debug/deps/libtokio-fc14f21601b71361.rlib" "/opt/rustwide/target/debug/deps/libsignal_hook_registry-cdaa0c8f2d904d7b.rlib" "/opt/rustwide/target/debug/deps/libnum_cpus-2144fdb7966e485d.rlib" "/opt/rustwide/target/debug/deps/libsocket2-6845bcea61682434.rlib" "/opt/rustwide/target/debug/deps/libonce_cell-385e74d8868073fc.rlib" "/opt/rustwide/target/debug/deps/libbytes-0b539a5c776b0476.rlib" "/opt/rustwide/target/debug/deps/libmio-78197f941c2020e7.rlib" "/opt/rustwide/target/debug/deps/libpin_project_lite-bd79cb6e272ecc3a.rlib" "/opt/rustwide/target/debug/deps/libparking_lot-6be559c6874cf6ee.rlib" "/opt/rustwide/target/debug/deps/libparking_lot_core-30bc924d2a4218c4.rlib" "/opt/rustwide/target/debug/deps/libsmallvec-3007f843720fad13.rlib" "/opt/rustwide/target/debug/deps/liblock_api-f2e09a29edd3ec78.rlib" "/opt/rustwide/target/debug/deps/libscopeguard-f471875f675163b5.rlib" "/opt/rustwide/target/debug/deps/libuuid-085be9b9c1d7f06f.rlib" "/opt/rustwide/target/debug/deps/libgetrandom-8adb33ac9f9be5bd.rlib" "/opt/rustwide/target/debug/deps/libsha1_smol-d9629f989c4aa857.rlib" "/opt/rustwide/target/debug/deps/libserde_json-c5bcdfe3e4c4cf10.rlib" "/opt/rustwide/target/debug/deps/libryu-2a5efb018e77d146.rlib" "/opt/rustwide/target/debug/deps/libitoa-6d400cb71048bb7c.rlib" "/opt/rustwide/target/debug/deps/libchrono-b1726d4a02c23f18.rlib" "/opt/rustwide/target/debug/deps/libiana_time_zone-3ad157af47c929f9.rlib" "/opt/rustwide/target/debug/deps/libnum_integer-f37d4c4a1342b483.rlib" "/opt/rustwide/target/debug/deps/libnum_traits-b0ca4e4cf5b10e41.rlib" "/opt/rustwide/target/debug/deps/libserde-3aac597882588e81.rlib" "/opt/rustwide/target/debug/deps/libtime-4210bf589df85c6c.rlib" "/opt/rustwide/target/debug/deps/libpretty_env_logger-a37c5821007fb4e8.rlib" "/opt/rustwide/target/debug/deps/libenv_logger-44bb7b80a80f1230.rlib" "/opt/rustwide/target/debug/deps/libtermcolor-aa64cf69ca0dddbd.rlib" "/opt/rustwide/target/debug/deps/libatty-f01aefa5413a8a5a.rlib" "/opt/rustwide/target/debug/deps/liblibc-85df020112a214fc.rlib" "/opt/rustwide/target/debug/deps/libhumantime-9b59f1f565657894.rlib" "/opt/rustwide/target/debug/deps/libquick_error-a76b5db56d6ef271.rlib" "/opt/rustwide/target/debug/deps/liblog-e4acea3c8ca43b70.rlib" "/opt/rustwide/target/debug/deps/libcfg_if-e5e118dd7d121aaa.rlib" "/opt/rustwide/target/debug/deps/libregex-ec1a535928100f69.rlib" "/opt/rustwide/target/debug/deps/libaho_corasick-d997a831bf3838c4.rlib" "/opt/rustwide/target/debug/deps/libmemchr-e30a17317ff1667e.rlib" "/opt/rustwide/target/debug/deps/libregex_syntax-26ab266b6768fe31.rlib" "/opt/rustwide/rustup-home/toolchains/1.69.0-x86_64-unknown-linux-gnu/lib/rustlib/x86_64-unknown-linux-gnu/lib/libstd-89bc084783fdc439.rlib" "/opt/rustwide/rustup-home/toolchains/1.69.0-x86_64-unknown-linux-gnu/lib/rustlib/x86_64-unknown-linux-gnu/lib/libpanic_unwind-8bee4b287d4367c1.rlib" "/opt/rustwide/rustup-home/toolchains/1.69.0-x86_64-unknown-linux-gnu/lib/rustlib/x86_64-unknown-linux-gnu/lib/libobject-d61707aed80694c0.rlib" "/opt/rustwide/rustup-home/toolchains/1.69.0-x86_64-unknown-linux-gnu/lib/rustlib/x86_64-unknown-linux-gnu/lib/libmemchr-d85366256f22345b.rlib" "/opt/rustwide/rustup-home/toolchains/1.69.0-x86_64-unknown-linux-gnu/lib/rustlib/x86_64-unknown-linux-gnu/lib/libaddr2line-96069b86b8a8cae9.rlib" "/opt/rustwide/rustup-home/toolchains/1.69.0-x86_64-unknown-linux-gnu/lib/rustlib/x86_64-unknown-linux-gnu/lib/libgimli-d19d53abf68dfa6c.rlib" "/opt/rustwide/rustup-home/toolchains/1.69.0-x86_64-unknown-linux-gnu/lib/rustlib/x86_64-unknown-linux-gnu/lib/librustc_demangle-787cbccd19d64ac6.rlib" "/opt/rustwide/rustup-home/toolchains/1.69.0-x86_64-unknown-linux-gnu/lib/rustlib/x86_64-unknown-linux-gnu/lib/libstd_detect-b3837a36b830e0d0.rlib" "/opt/rustwide/rustup-home/toolchains/1.69.0-x86_64-unknown-linux-gnu/lib/rustlib/x86_64-unknown-linux-gnu/lib/libhashbrown-e3deb0e7e3f04966.rlib" "/opt/rustwide/rustup-home/toolchains/1.69.0-x86_64-unknown-linux-gnu/lib/rustlib/x86_64-unknown-linux-gnu/lib/libminiz_oxide-dabbb79c9815def4.rlib" "/opt/rustwide/rustup-home/toolchains/1.69.0-x86_64-unknown-linux-gnu/lib/rustlib/x86_64-unknown-linux-gnu/lib/libadler-305b01f34c9409f2.rlib" "/opt/rustwide/rustup-home/toolchains/1.69.0-x86_64-unknown-linux-gnu/lib/rustlib/x86_64-unknown-linux-gnu/lib/librustc_std_workspace_alloc-f833521df6074e73.rlib" "/opt/rustwide/rustup-home/toolchains/1.69.0-x86_64-unknown-linux-gnu/lib/rustlib/x86_64-unknown-linux-gnu/lib/libunwind-9ac333113350d171.rlib" "/opt/rustwide/rustup-home/toolchains/1.69.0-x86_64-unknown-linux-gnu/lib/rustlib/x86_64-unknown-linux-gnu/lib/libcfg_if-1c126114322d0eee.rlib" "/opt/rustwide/rustup-home/toolchains/1.69.0-x86_64-unknown-linux-gnu/lib/rustlib/x86_64-unknown-linux-gnu/lib/liblibc-bad9164fdeeecf92.rlib" "/opt/rustwide/rustup-home/toolchains/1.69.0-x86_64-unknown-linux-gnu/lib/rustlib/x86_64-unknown-linux-gnu/lib/liballoc-f9374b1e480fa681.rlib" "/opt/rustwide/rustup-home/toolchains/1.69.0-x86_64-unknown-linux-gnu/lib/rustlib/x86_64-unknown-linux-gnu/lib/librustc_std_workspace_core-207f06e41d9603af.rlib" "/opt/rustwide/rustup-home/toolchains/1.69.0-x86_64-unknown-linux-gnu/lib/rustlib/x86_64-unknown-linux-gnu/lib/libcore-7e2768e66e984e85.rlib" "/opt/rustwide/rustup-home/toolchains/1.69.0-x86_64-unknown-linux-gnu/lib/rustlib/x86_64-unknown-linux-gnu/lib/libcompiler_builtins-957b4aff41f8cd46.rlib" "-Wl,-Bdynamic" "-lz" "-lgcc_s" "-lutil" "-lrt" "-lpthread" "-lm" "-ldl" "-lc" "-Wl,--eh-frame-hdr" "-Wl,-z,noexecstack" "-L" "/opt/rustwide/rustup-home/toolchains/1.69.0-x86_64-unknown-linux-gnu/lib/rustlib/x86_64-unknown-linux-gnu/lib" "-o" "/tmp/rustdoctestrYdyBw/rust_out" "-Wl,--gc-sections" "-pie" "-Wl,-z,relro,-z,now" "-nodefaultlibs"
[INFO] [stdout]   = note: collect2: fatal error: ld terminated with signal 9 [Killed]
[INFO] [stdout]           compilation terminated.
[INFO] [stdout]           
[INFO] [stdout] 
[INFO] [stdout] error: aborting due to previous error
[INFO] [stdout] 
[INFO] [stdout] Couldn't compile the test.
[INFO] [stdout] ---- src/tls/get_tls_config.rs - tls::get_tls_config::get_tls_config (line 43) stdout ----
[INFO] [stdout] Test executable failed (exit status: 101).
[INFO] [stdout] 
[INFO] [stdout] stderr:
[INFO] [stdout] thread 'main' panicked at 'called `Result::unwrap()` on an `Err` value: Os { code: 2, kind: NotFound, message: "No such file or directory" }', /opt/rustwide/workdir/src/tls/get_tls_config.rs:139:46
[INFO] [stdout] stack backtrace:
[INFO] [stdout]    0:     0x5596baa3457a - std::backtrace_rs::backtrace::libunwind::trace::ha9053a9a07ca49cb
[INFO] [stdout]                                at /rustc/84c898d65adf2f39a5a98507f1fe0ce10a2b8dbc/library/std/src/../../backtrace/src/backtrace/libunwind.rs:93:5
[INFO] [stdout]    1:     0x5596baa3457a - std::backtrace_rs::backtrace::trace_unsynchronized::h9c2852a457ad564e
[INFO] [stdout]                                at /rustc/84c898d65adf2f39a5a98507f1fe0ce10a2b8dbc/library/std/src/../../backtrace/src/backtrace/mod.rs:66:5
[INFO] [stdout]    2:     0x5596baa3457a - std::sys_common::backtrace::_print_fmt::h457936fbfaa0070f
[INFO] [stdout]                                at /rustc/84c898d65adf2f39a5a98507f1fe0ce10a2b8dbc/library/std/src/sys_common/backtrace.rs:65:5
[INFO] [stdout]    3:     0x5596baa3457a - <std::sys_common::backtrace::_print::DisplayBacktrace as core::fmt::Display>::fmt::h5779d7bf7f70cb0c
[INFO] [stdout]                                at /rustc/84c898d65adf2f39a5a98507f1fe0ce10a2b8dbc/library/std/src/sys_common/backtrace.rs:44:22
[INFO] [stdout]    4:     0x5596baa5145e - core::fmt::write::h5a4baaff1bcd3eb5
[INFO] [stdout]                                at /rustc/84c898d65adf2f39a5a98507f1fe0ce10a2b8dbc/library/core/src/fmt/mod.rs:1232:17
[INFO] [stdout]    5:     0x5596baa32165 - std::io::Write::write_fmt::h4bc1f301cb9e9cce
[INFO] [stdout]                                at /rustc/84c898d65adf2f39a5a98507f1fe0ce10a2b8dbc/library/std/src/io/mod.rs:1684:15
[INFO] [stdout]    6:     0x5596baa34345 - std::sys_common::backtrace::_print::h5fcdc36060f177e8
[INFO] [stdout]                                at /rustc/84c898d65adf2f39a5a98507f1fe0ce10a2b8dbc/library/std/src/sys_common/backtrace.rs:47:5
[INFO] [stdout]    7:     0x5596baa34345 - std::sys_common::backtrace::print::h54ca9458b876c8bf
[INFO] [stdout]                                at /rustc/84c898d65adf2f39a5a98507f1fe0ce10a2b8dbc/library/std/src/sys_common/backtrace.rs:34:9
[INFO] [stdout]    8:     0x5596baa35aff - std::panicking::default_hook::{{closure}}::hbe471161c7664ed6
[INFO] [stdout]                                at /rustc/84c898d65adf2f39a5a98507f1fe0ce10a2b8dbc/library/std/src/panicking.rs:271:22
[INFO] [stdout]    9:     0x5596baa3583b - std::panicking::default_hook::ha3500da57aa4ac4f
[INFO] [stdout]                                at /rustc/84c898d65adf2f39a5a98507f1fe0ce10a2b8dbc/library/std/src/panicking.rs:290:9
[INFO] [stdout]   10:     0x5596baa360a8 - std::panicking::rust_panic_with_hook::h50c09d000dc561d2
[INFO] [stdout]                                at /rustc/84c898d65adf2f39a5a98507f1fe0ce10a2b8dbc/library/std/src/panicking.rs:692:13
[INFO] [stdout]   11:     0x5596baa35fa9 - std::panicking::begin_panic_handler::{{closure}}::h9e2b2176e00e0d9c
[INFO] [stdout]                                at /rustc/84c898d65adf2f39a5a98507f1fe0ce10a2b8dbc/library/std/src/panicking.rs:583:13
[INFO] [stdout]   12:     0x5596baa349e6 - std::sys_common::backtrace::__rust_end_short_backtrace::h5739b8e512c09d02
[INFO] [stdout]                                at /rustc/84c898d65adf2f39a5a98507f1fe0ce10a2b8dbc/library/std/src/sys_common/backtrace.rs:150:18
[INFO] [stdout]   13:     0x5596baa35cb2 - rust_begin_unwind
[INFO] [stdout]                                at /rustc/84c898d65adf2f39a5a98507f1fe0ce10a2b8dbc/library/std/src/panicking.rs:579:5
[INFO] [stdout]   14:     0x5596ba891133 - core::panicking::panic_fmt::hf33a1475b4dc5c3e
[INFO] [stdout]                                at /rustc/84c898d65adf2f39a5a98507f1fe0ce10a2b8dbc/library/core/src/panicking.rs:64:14
[INFO] [stdout]   15:     0x5596ba891523 - core::result::unwrap_failed::hdff5465d74574b44
[INFO] [stdout]                                at /rustc/84c898d65adf2f39a5a98507f1fe0ce10a2b8dbc/library/core/src/result.rs:1750:5
[INFO] [stdout]   16:     0x5596ba895f4c - core::result::Result<T,E>::unwrap::hbf4bf649b2128649
[INFO] [stdout]   17:     0x5596ba89c76c - restapi::tls::get_tls_config::get_tls_config::{{closure}}::h4f044867aa601dd9
[INFO] [stdout]   18:     0x5596ba89e941 - rust_out::main::_doctest_main_src_tls_get_tls_config_rs_43_0::{{closure}}::hcf70e2afa7d607bf
[INFO] [stdout]   19:     0x5596ba89acd9 - <core::pin::Pin<P> as core::future::future::Future>::poll::hebd0d72a1e1d0a5a
[INFO] [stdout]   20:     0x5596ba89a979 - tokio::runtime::scheduler::current_thread::CoreGuard::block_on::{{closure}}::{{closure}}::{{closure}}::hac4e292133e23e0a
[INFO] [stdout]   21:     0x5596ba897c62 - tokio::coop::with_budget::{{closure}}::hb5c7f983a72640c3
[INFO] [stdout]   22:     0x5596ba893b6e - std::thread::local::LocalKey<T>::try_with::h7bb8086c86b6cf31
[INFO] [stdout]   23:     0x5596ba8936ba - std::thread::local::LocalKey<T>::with::hc19a19a29165a56c
[INFO] [stdout]   24:     0x5596ba89a917 - tokio::runtime::scheduler::current_thread::CoreGuard::block_on::{{closure}}::{{closure}}::h90a04242a9ad157e
[INFO] [stdout]   25:     0x5596ba89978c - tokio::runtime::scheduler::current_thread::Context::enter::h9fca1e8eba153d32
[INFO] [stdout]   26:     0x5596ba89a1d3 - tokio::runtime::scheduler::current_thread::CoreGuard::block_on::{{closure}}::hadccf8782e8a8d9a
[INFO] [stdout]   27:     0x5596ba899ec2 - tokio::runtime::scheduler::current_thread::CoreGuard::enter::{{closure}}::h08bc867756db6590
[INFO] [stdout]   28:     0x5596ba8987fc - tokio::macros::scoped_tls::ScopedKey<T>::set::h89b48eb05f8fdce8
[INFO] [stdout]   29:     0x5596ba899c65 - tokio::runtime::scheduler::current_thread::CoreGuard::enter::h1bcd048c59e37fb0
[INFO] [stdout]   30:     0x5596ba899eff - tokio::runtime::scheduler::current_thread::CoreGuard::block_on::hf22cf365f9882138
[INFO] [stdout]   31:     0x5596ba898df9 - tokio::runtime::scheduler::current_thread::CurrentThread::block_on::hbba4fa2662c65986
[INFO] [stdout]   32:     0x5596ba898ae3 - tokio::runtime::Runtime::block_on::hb5d8305e26d6dc31
[INFO] [stdout]   33:     0x5596ba891ab0 - tokio_test::block_on::h908cee80d710f8b0
[INFO] [stdout]   34:     0x5596ba89e388 - rust_out::main::_doctest_main_src_tls_get_tls_config_rs_43_0::hdece5ea8bc50f4e6
[INFO] [stdout]   35:     0x5596ba89e326 - rust_out::main::h045d0fd74ed7290e
[INFO] [stdout]   36:     0x5596ba8941f3 - core::ops::function::FnOnce::call_once::h5b89dea722ea21ad
[INFO] [stdout]   37:     0x5596ba891ee9 - std::sys_common::backtrace::__rust_begin_short_backtrace::hc178e4cfacf1803d
[INFO] [stdout]   38:     0x5596ba893629 - std::rt::lang_start::{{closure}}::he8c5d60628d06093
[INFO] [stdout]   39:     0x5596baa2f28c - core::ops::function::impls::<impl core::ops::function::FnOnce<A> for &F>::call_once::hd6efcd3bec896f2c
[INFO] [stdout]                                at /rustc/84c898d65adf2f39a5a98507f1fe0ce10a2b8dbc/library/core/src/ops/function.rs:287:13
[INFO] [stdout]   40:     0x5596baa2f28c - std::panicking::try::do_call::hce04e543bb1f4cbb
[INFO] [stdout]                                at /rustc/84c898d65adf2f39a5a98507f1fe0ce10a2b8dbc/library/std/src/panicking.rs:487:40
[INFO] [stdout]   41:     0x5596baa2f28c - std::panicking::try::h3342dd4e1f680968
[INFO] [stdout]                                at /rustc/84c898d65adf2f39a5a98507f1fe0ce10a2b8dbc/library/std/src/panicking.rs:451:19
[INFO] [stdout]   42:     0x5596baa2f28c - std::panic::catch_unwind::h148ce1e59ac0cee7
[INFO] [stdout]                                at /rustc/84c898d65adf2f39a5a98507f1fe0ce10a2b8dbc/library/std/src/panic.rs:140:14
[INFO] [stdout]   43:     0x5596baa2f28c - std::rt::lang_start_internal::{{closure}}::h25f9dda2057a67fe
[INFO] [stdout]                                at /rustc/84c898d65adf2f39a5a98507f1fe0ce10a2b8dbc/library/std/src/rt.rs:148:48
[INFO] [stdout]   44:     0x5596baa2f28c - std::panicking::try::do_call::h7caaaeaf9401650b
[INFO] [stdout]                                at /rustc/84c898d65adf2f39a5a98507f1fe0ce10a2b8dbc/library/std/src/panicking.rs:487:40
[INFO] [stdout]   45:     0x5596baa2f28c - std::panicking::try::he7d15285746cbbc2
[INFO] [stdout]                                at /rustc/84c898d65adf2f39a5a98507f1fe0ce10a2b8dbc/library/std/src/panicking.rs:451:19
[INFO] [stdout]   46:     0x5596baa2f28c - std::panic::catch_unwind::h89fb4f50c0301fe0
[INFO] [stdout]                                at /rustc/84c898d65adf2f39a5a98507f1fe0ce10a2b8dbc/library/std/src/panic.rs:140:14
[INFO] [stdout]   47:     0x5596baa2f28c - std::rt::lang_start_internal::h078acd489417d3c1
[INFO] [stdout]                                at /rustc/84c898d65adf2f39a5a98507f1fe0ce10a2b8dbc/library/std/src/rt.rs:148:20
[INFO] [stdout]   48:     0x5596ba893607 - std::rt::lang_start::h335d6166ecad8ac7
[INFO] [stdout]   49:     0x5596ba89ece5 - main
[INFO] [stdout]   50:     0x7f1a20f6bd90 - <unknown>
[INFO] [stdout]   51:     0x7f1a20f6be40 - __libc_start_main
[INFO] [stdout]   52:     0x5596ba891705 - _start
[INFO] [stdout]   53:                0x0 - <unknown>
[INFO] [stdout] 
[INFO] [stdout] 
[INFO] [stdout] ---- src/pools/get_db_pool.rs - pools::get_db_pool::get_db_pool (line 30) stdout ----
[INFO] [stdout] Test executable failed (exit status: 101).
[INFO] [stdout] 
[INFO] [stdout] stderr:
[INFO] [stdout] thread 'main' panicked at 'called `Result::unwrap()` on an `Err` value: Os { code: 2, kind: NotFound, message: "No such file or directory" }', /opt/rustwide/workdir/src/core/core_config.rs:180:14
[INFO] [stdout] stack backtrace:
[INFO] [stdout]    0:     0x5567495f0fca - std::backtrace_rs::backtrace::libunwind::trace::ha9053a9a07ca49cb
[INFO] [stdout]                                at /rustc/84c898d65adf2f39a5a98507f1fe0ce10a2b8dbc/library/std/src/../../backtrace/src/backtrace/libunwind.rs:93:5
[INFO] [stdout]    1:     0x5567495f0fca - std::backtrace_rs::backtrace::trace_unsynchronized::h9c2852a457ad564e
[INFO] [stdout]                                at /rustc/84c898d65adf2f39a5a98507f1fe0ce10a2b8dbc/library/std/src/../../backtrace/src/backtrace/mod.rs:66:5
[INFO] [stdout]    2:     0x5567495f0fca - std::sys_common::backtrace::_print_fmt::h457936fbfaa0070f
[INFO] [stdout]                                at /rustc/84c898d65adf2f39a5a98507f1fe0ce10a2b8dbc/library/std/src/sys_common/backtrace.rs:65:5
[INFO] [stdout]    3:     0x5567495f0fca - <std::sys_common::backtrace::_print::DisplayBacktrace as core::fmt::Display>::fmt::h5779d7bf7f70cb0c
[INFO] [stdout]                                at /rustc/84c898d65adf2f39a5a98507f1fe0ce10a2b8dbc/library/std/src/sys_common/backtrace.rs:44:22
[INFO] [stdout]    4:     0x55674960edbe - core::fmt::write::h5a4baaff1bcd3eb5
[INFO] [stdout]                                at /rustc/84c898d65adf2f39a5a98507f1fe0ce10a2b8dbc/library/core/src/fmt/mod.rs:1232:17
[INFO] [stdout]    5:     0x5567495ee485 - std::io::Write::write_fmt::h4bc1f301cb9e9cce
[INFO] [stdout]                                at /rustc/84c898d65adf2f39a5a98507f1fe0ce10a2b8dbc/library/std/src/io/mod.rs:1684:15
[INFO] [stdout]    6:     0x5567495f0d95 - std::sys_common::backtrace::_print::h5fcdc36060f177e8
[INFO] [stdout]                                at /rustc/84c898d65adf2f39a5a98507f1fe0ce10a2b8dbc/library/std/src/sys_common/backtrace.rs:47:5
[INFO] [stdout]    7:     0x5567495f0d95 - std::sys_common::backtrace::print::h54ca9458b876c8bf
[INFO] [stdout]                                at /rustc/84c898d65adf2f39a5a98507f1fe0ce10a2b8dbc/library/std/src/sys_common/backtrace.rs:34:9
[INFO] [stdout]    8:     0x5567495f254f - std::panicking::default_hook::{{closure}}::hbe471161c7664ed6
[INFO] [stdout]                                at /rustc/84c898d65adf2f39a5a98507f1fe0ce10a2b8dbc/library/std/src/panicking.rs:271:22
[INFO] [stdout]    9:     0x5567495f228b - std::panicking::default_hook::ha3500da57aa4ac4f
[INFO] [stdout]                                at /rustc/84c898d65adf2f39a5a98507f1fe0ce10a2b8dbc/library/std/src/panicking.rs:290:9
[INFO] [stdout]   10:     0x5567495f2af8 - std::panicking::rust_panic_with_hook::h50c09d000dc561d2
[INFO] [stdout]                                at /rustc/84c898d65adf2f39a5a98507f1fe0ce10a2b8dbc/library/std/src/panicking.rs:692:13
[INFO] [stdout]   11:     0x5567495f29f9 - std::panicking::begin_panic_handler::{{closure}}::h9e2b2176e00e0d9c
[INFO] [stdout]                                at /rustc/84c898d65adf2f39a5a98507f1fe0ce10a2b8dbc/library/std/src/panicking.rs:583:13
[INFO] [stdout]   12:     0x5567495f1436 - std::sys_common::backtrace::__rust_end_short_backtrace::h5739b8e512c09d02
[INFO] [stdout]                                at /rustc/84c898d65adf2f39a5a98507f1fe0ce10a2b8dbc/library/std/src/sys_common/backtrace.rs:150:18
[INFO] [stdout]   13:     0x5567495f2702 - rust_begin_unwind
[INFO] [stdout]                                at /rustc/84c898d65adf2f39a5a98507f1fe0ce10a2b8dbc/library/std/src/panicking.rs:579:5
[INFO] [stdout]   14:     0x5567491549e3 - core::panicking::panic_fmt::hf33a1475b4dc5c3e
[INFO] [stdout]                                at /rustc/84c898d65adf2f39a5a98507f1fe0ce10a2b8dbc/library/core/src/panicking.rs:64:14
[INFO] [stdout]   15:     0x556749154e33 - core::result::unwrap_failed::hdff5465d74574b44
[INFO] [stdout]                                at /rustc/84c898d65adf2f39a5a98507f1fe0ce10a2b8dbc/library/core/src/result.rs:1750:5
[INFO] [stdout]   16:     0x55674915f70c - core::result::Result<T,E>::unwrap::h5ad7a7401f2a4da5
[INFO] [stdout]   17:     0x5567491759c2 - restapi::core::core_config::build_core_config::{{closure}}::h48c4527874f9d8a1
[INFO] [stdout]   18:     0x556749171399 - <core::pin::Pin<P> as core::future::future::Future>::poll::h66f12351a906cfd3
[INFO] [stdout]   19:     0x556749170d99 - tokio::runtime::scheduler::current_thread::CoreGuard::block_on::{{closure}}::{{closure}}::{{closure}}::h7136386e6754e91a
[INFO] [stdout]   20:     0x556749162ab2 - tokio::coop::with_budget::{{closure}}::hdc7809c9aa037e46
[INFO] [stdout]   21:     0x55674915998e - std::thread::local::LocalKey<T>::try_with::h848975309ef25629
[INFO] [stdout]   22:     0x55674915905a - std::thread::local::LocalKey<T>::with::ha240ad1d02c608a9
[INFO] [stdout]   23:     0x556749170bf7 - tokio::runtime::scheduler::current_thread::CoreGuard::block_on::{{closure}}::{{closure}}::hd2298d50ce54ffbd
[INFO] [stdout]   24:     0x55674916e67c - tokio::runtime::scheduler::current_thread::Context::enter::hf2c8e23c1d0744aa
[INFO] [stdout]   25:     0x556749170499 - tokio::runtime::scheduler::current_thread::CoreGuard::block_on::{{closure}}::hf669897e63317465
[INFO] [stdout]   26:     0x55674916f892 - tokio::runtime::scheduler::current_thread::CoreGuard::enter::{{closure}}::ha29b9c8f1ce9fd02
[INFO] [stdout]   27:     0x556749164e9c - tokio::macros::scoped_tls::ScopedKey<T>::set::h362952b2ddf7078c
[INFO] [stdout]   28:     0x55674916f635 - tokio::runtime::scheduler::current_thread::CoreGuard::enter::ha429a676182e46db
[INFO] [stdout]   29:     0x55674916f95f - tokio::runtime::scheduler::current_thread::CoreGuard::block_on::hbbc37d881d35a66f
[INFO] [stdout]   30:     0x55674916d12f - tokio::runtime::scheduler::current_thread::CurrentThread::block_on::hcf6bc165c7116e12
[INFO] [stdout]   31:     0x55674916c573 - tokio::runtime::Runtime::block_on::hf82a4a15612cbfdd
[INFO] [stdout]   32:     0x55674915554e - tokio_test::block_on::h818dad9c76c06942
[INFO] [stdout]   33:     0x5567491791c0 - rust_out::main::_doctest_main_src_pools_get_db_pool_rs_30_0::h1ec16eb3f1dae652
[INFO] [stdout]   34:     0x556749179176 - rust_out::main::h045d0fd74ed7290e
[INFO] [stdout]   35:     0x55674915b883 - core::ops::function::FnOnce::call_once::h5b89dea722ea21ad
[INFO] [stdout]   36:     0x5567491575f9 - std::sys_common::backtrace::__rust_begin_short_backtrace::hc178e4cfacf1803d
[INFO] [stdout]   37:     0x556749158e19 - std::rt::lang_start::{{closure}}::he8c5d60628d06093
[INFO] [stdout]   38:     0x5567495eaedc - core::ops::function::impls::<impl core::ops::function::FnOnce<A> for &F>::call_once::hd6efcd3bec896f2c
[INFO] [stdout]                                at /rustc/84c898d65adf2f39a5a98507f1fe0ce10a2b8dbc/library/core/src/ops/function.rs:287:13
[INFO] [stdout]   39:     0x5567495eaedc - std::panicking::try::do_call::hce04e543bb1f4cbb
[INFO] [stdout]                                at /rustc/84c898d65adf2f39a5a98507f1fe0ce10a2b8dbc/library/std/src/panicking.rs:487:40
[INFO] [stdout]   40:     0x5567495eaedc - std::panicking::try::h3342dd4e1f680968
[INFO] [stdout]                                at /rustc/84c898d65adf2f39a5a98507f1fe0ce10a2b8dbc/library/std/src/panicking.rs:451:19
[INFO] [stdout]   41:     0x5567495eaedc - std::panic::catch_unwind::h148ce1e59ac0cee7
[INFO] [stdout]                                at /rustc/84c898d65adf2f39a5a98507f1fe0ce10a2b8dbc/library/std/src/panic.rs:140:14
[INFO] [stdout]   42:     0x5567495eaedc - std::rt::lang_start_internal::{{closure}}::h25f9dda2057a67fe
[INFO] [stdout]                                at /rustc/84c898d65adf2f39a5a98507f1fe0ce10a2b8dbc/library/std/src/rt.rs:148:48
[INFO] [stdout]   43:     0x5567495eaedc - std::panicking::try::do_call::h7caaaeaf9401650b
[INFO] [stdout]                                at /rustc/84c898d65adf2f39a5a98507f1fe0ce10a2b8dbc/library/std/src/panicking.rs:487:40
[INFO] [stdout]   44:     0x5567495eaedc - std::panicking::try::he7d15285746cbbc2
[INFO] [stdout]                                at /rustc/84c898d65adf2f39a5a98507f1fe0ce10a2b8dbc/library/std/src/panicking.rs:451:19
[INFO] [stdout]   45:     0x5567495eaedc - std::panic::catch_unwind::h89fb4f50c0301fe0
[INFO] [stdout]                                at /rustc/84c898d65adf2f39a5a98507f1fe0ce10a2b8dbc/library/std/src/panic.rs:140:14
[INFO] [stdout]   46:     0x5567495eaedc - std::rt::lang_start_internal::h078acd489417d3c1
[INFO] [stdout]                                at /rustc/84c898d65adf2f39a5a98507f1fe0ce10a2b8dbc/library/std/src/rt.rs:148:20
[INFO] [stdout]   47:     0x556749158df7 - std::rt::lang_start::h335d6166ecad8ac7
[INFO] [stdout]   48:     0x5567491792d5 - main
[INFO] [stdout]   49:     0x7f79e241cd90 - <unknown>
[INFO] [stdout]   50:     0x7f79e241ce40 - __libc_start_main
[INFO] [stdout]   51:     0x556749155015 - _start
[INFO] [stdout]   52:                0x0 - <unknown>
[INFO] [stdout] 
[INFO] [stdout] 
[INFO] [stdout] 
[INFO] [stdout] failures:
[INFO] [stdout]     src/is3/s3_upload_buffer.rs - is3::s3_upload_buffer::s3_upload_buffer (line 61)
[INFO] [stdout]     src/monitoring/metrics.rs - monitoring::metrics::handle_showing_metrics (line 208)
[INFO] [stdout]     src/monitoring/metrics.rs - monitoring::metrics::record_monitoring_metrics_api_after (line 370)
[INFO] [stdout]     src/monitoring/metrics.rs - monitoring::metrics::record_monitoring_metrics_api_before (line 246)
[INFO] [stdout]     src/pools/get_db_pool.rs - pools::get_db_pool::get_db_pool (line 30)
[INFO] [stdout]     src/requests/user/is_verification_enabled.rs - requests::user::is_verification_enabled::is_verification_enabled (line 29)
[INFO] [stdout]     src/requests/user/is_verification_required.rs - requests::user::is_verification_required::is_verification_required (line 31)
[INFO] [stdout]     src/tls/get_tls_config.rs - tls::get_tls_config::get_tls_config (line 43)
[INFO] [stdout]     src/utils/file_io/read_file_to_buf.rs - utils::file_io::read_file_to_buf::read_file_to_buf (line 25)
[INFO] [stdout]     src/utils/file_io/write_buf_to_file.rs - utils::file_io::write_buf_to_file::write_buf_to_file (line 25)
[INFO] [stdout]     src/utils/get_query_params_from_url.rs - utils::get_query_params_from_url::get_query_params_from_url (line 33)
[INFO] [stdout]     src/utils/get_server_address.rs - utils::get_server_address::get_server_address (line 19)
[INFO] [stdout]     src/utils/get_uuid.rs - utils::get_uuid::get_uuid (line 14)
[INFO] [stdout]     src/utils/path_exists.rs - utils::path_exists::path_exists (line 15)
[INFO] [stdout] 
[INFO] [stdout] test result: FAILED. 0 passed; 14 failed; 0 ignored; 0 measured; 0 filtered out; finished in 8.27s
[INFO] [stdout] 
[INFO] [stderr] error: doctest failed, to rerun pass `--doc`
[INFO] running `Command { std: "docker" "inspect" "53dc6701362951a8fd68740c5c91244dfe6b8b4eb51749e81315d089c4149d59", kill_on_drop: false }`
[INFO] running `Command { std: "docker" "rm" "-f" "53dc6701362951a8fd68740c5c91244dfe6b8b4eb51749e81315d089c4149d59", kill_on_drop: false }`
[INFO] [stdout] 53dc6701362951a8fd68740c5c91244dfe6b8b4eb51749e81315d089c4149d59
