[INFO] cloning repository https://github.com/janisbent/TorCrypto
[INFO] running `Command { std: "git" "-c" "credential.helper=" "-c" "credential.helper=/workspace/cargo-home/bin/git-credential-null" "clone" "--bare" "https://github.com/janisbent/TorCrypto" "/workspace/cache/git-repos/https%3A%2F%2Fgithub.com%2Fjanisbent%2FTorCrypto", kill_on_drop: false }`
[INFO] [stderr] Cloning into bare repository '/workspace/cache/git-repos/https%3A%2F%2Fgithub.com%2Fjanisbent%2FTorCrypto'...
[INFO] running `Command { std: "git" "rev-parse" "HEAD", kill_on_drop: false }`
[INFO] [stdout] bcbe48eb13159b4bd505443b22f1e456fdaa3ab0
[INFO] testing janisbent/TorCrypto against 1.69.0 for beta-1.70-1
[INFO] running `Command { std: "git" "clone" "/workspace/cache/git-repos/https%3A%2F%2Fgithub.com%2Fjanisbent%2FTorCrypto" "/workspace/builds/worker-3-tc1/source", kill_on_drop: false }`
[INFO] [stderr] Cloning into '/workspace/builds/worker-3-tc1/source'...
[INFO] [stderr] done.
[INFO] validating manifest of git repo https://github.com/janisbent/TorCrypto on toolchain 1.69.0
[INFO] running `Command { std: CARGO_HOME="/workspace/cargo-home" RUSTUP_HOME="/workspace/rustup-home" "/workspace/cargo-home/bin/cargo" "+1.69.0" "metadata" "--manifest-path" "Cargo.toml" "--no-deps", kill_on_drop: false }`
[INFO] started tweaking git repo https://github.com/janisbent/TorCrypto
[INFO] finished tweaking git repo https://github.com/janisbent/TorCrypto
[INFO] tweaked toml for git repo https://github.com/janisbent/TorCrypto written to /workspace/builds/worker-3-tc1/source/Cargo.toml
[INFO] crate git repo https://github.com/janisbent/TorCrypto already has a lockfile, it will not be regenerated
[INFO] running `Command { std: CARGO_HOME="/workspace/cargo-home" RUSTUP_HOME="/workspace/rustup-home" "/workspace/cargo-home/bin/cargo" "+1.69.0" "fetch" "--manifest-path" "Cargo.toml", kill_on_drop: false }`
[INFO] running `Command { std: "docker" "create" "-v" "/var/lib/crater-agent-workspace/builds/worker-3-tc1/target:/opt/rustwide/target:rw,Z" "-v" "/var/lib/crater-agent-workspace/builds/worker-3-tc1/source:/opt/rustwide/workdir:ro,Z" "-v" "/var/lib/crater-agent-workspace/cargo-home:/opt/rustwide/cargo-home:ro,Z" "-v" "/var/lib/crater-agent-workspace/rustup-home:/opt/rustwide/rustup-home:ro,Z" "-e" "SOURCE_DIR=/opt/rustwide/workdir" "-e" "CARGO_TARGET_DIR=/opt/rustwide/target" "-e" "CARGO_HOME=/opt/rustwide/cargo-home" "-e" "RUSTUP_HOME=/opt/rustwide/rustup-home" "-w" "/opt/rustwide/workdir" "-m" "1610612736" "--user" "0:0" "--network" "none" "ghcr.io/rust-lang/crates-build-env/linux@sha256:5ff2268d62e97bff2cde7d5815dd6ed5b47097566f13b8d0ca110b04b60e07ed" "/opt/rustwide/cargo-home/bin/cargo" "+1.69.0" "metadata" "--no-deps" "--format-version=1", kill_on_drop: false }`
[INFO] [stdout] 20774f24005bbb057ac6fbe84fc9829d0492ef15c7f924d21045b741db1c5846
[INFO] running `Command { std: "docker" "start" "-a" "20774f24005bbb057ac6fbe84fc9829d0492ef15c7f924d21045b741db1c5846", kill_on_drop: false }`
[INFO] running `Command { std: "docker" "inspect" "20774f24005bbb057ac6fbe84fc9829d0492ef15c7f924d21045b741db1c5846", kill_on_drop: false }`
[INFO] running `Command { std: "docker" "rm" "-f" "20774f24005bbb057ac6fbe84fc9829d0492ef15c7f924d21045b741db1c5846", kill_on_drop: false }`
[INFO] [stdout] 20774f24005bbb057ac6fbe84fc9829d0492ef15c7f924d21045b741db1c5846
[INFO] running `Command { std: "docker" "create" "-v" "/var/lib/crater-agent-workspace/builds/worker-3-tc1/target:/opt/rustwide/target:rw,Z" "-v" "/var/lib/crater-agent-workspace/builds/worker-3-tc1/source:/opt/rustwide/workdir:ro,Z" "-v" "/var/lib/crater-agent-workspace/cargo-home:/opt/rustwide/cargo-home:ro,Z" "-v" "/var/lib/crater-agent-workspace/rustup-home:/opt/rustwide/rustup-home:ro,Z" "-e" "SOURCE_DIR=/opt/rustwide/workdir" "-e" "CARGO_TARGET_DIR=/opt/rustwide/target" "-e" "CARGO_INCREMENTAL=0" "-e" "RUST_BACKTRACE=full" "-e" "RUSTFLAGS=--cap-lints=warn" "-e" "RUSTDOCFLAGS=--cap-lints=warn" "-e" "CARGO_HOME=/opt/rustwide/cargo-home" "-e" "RUSTUP_HOME=/opt/rustwide/rustup-home" "-w" "/opt/rustwide/workdir" "-m" "1610612736" "--user" "0:0" "--network" "none" "ghcr.io/rust-lang/crates-build-env/linux@sha256:5ff2268d62e97bff2cde7d5815dd6ed5b47097566f13b8d0ca110b04b60e07ed" "/opt/rustwide/cargo-home/bin/cargo" "+1.69.0" "build" "--frozen" "--message-format=json", kill_on_drop: false }`
[INFO] [stdout] c8a0382575ba51c807956e67daf02274a954c6f20e2d5e5e440cdd21a1d70815
[INFO] running `Command { std: "docker" "start" "-a" "c8a0382575ba51c807956e67daf02274a954c6f20e2d5e5e440cdd21a1d70815", kill_on_drop: false }`
[INFO] [stderr]    Compiling libc v0.2.43
[INFO] [stderr]    Compiling gcc v0.3.54
[INFO] [stderr]    Compiling rand_core v0.3.0
[INFO] [stderr]    Compiling rustc-serialize v0.3.24
[INFO] [stderr]    Compiling rand_core v0.2.2
[INFO] [stderr]    Compiling rand v0.4.3
[INFO] [stderr]    Compiling time v0.1.40
[INFO] [stderr]    Compiling rand v0.5.5
[INFO] [stderr]    Compiling rust-crypto v0.2.36
[INFO] [stderr]    Compiling rand v0.3.22
[INFO] [stderr]    Compiling tor_crypto v0.1.0 (/opt/rustwide/workdir)
[INFO] [stdout] warning: use of deprecated method `std::error::Error::description`: use the Display impl or to_string()
[INFO] [stdout]   --> src/lib.rs:56:13
[INFO] [stdout]    |
[INFO] [stdout] 56 | ...                   why.description()),
[INFO] [stdout]    |                           ^^^^^^^^^^^
[INFO] [stdout]    |
[INFO] [stdout]    = note: `#[warn(deprecated)]` on by default
[INFO] [stdout] 
[INFO] [stdout] 
[INFO] [stdout] warning: use of deprecated method `std::error::Error::description`: use the Display impl or to_string()
[INFO] [stdout]   --> src/lib.rs:62:36
[INFO] [stdout]    |
[INFO] [stdout] 62 | ...                   why.description()),
[INFO] [stdout]    |                           ^^^^^^^^^^^
[INFO] [stdout] 
[INFO] [stdout] 
[INFO] [stdout] warning: use of deprecated method `std::error::Error::description`: use the Display impl or to_string()
[INFO] [stdout]   --> src/lib.rs:85:13
[INFO] [stdout]    |
[INFO] [stdout] 85 | ...                   why.description()),
[INFO] [stdout]    |                           ^^^^^^^^^^^
[INFO] [stdout] 
[INFO] [stdout] 
[INFO] [stdout] warning: use of deprecated method `std::error::Error::description`: use the Display impl or to_string()
[INFO] [stdout]   --> src/lib.rs:90:36
[INFO] [stdout]    |
[INFO] [stdout] 90 | ...                   why.description()),
[INFO] [stdout]    |                           ^^^^^^^^^^^
[INFO] [stdout] 
[INFO] [stdout] 
[INFO] [stdout] warning: use of deprecated method `std::error::Error::description`: use the Display impl or to_string()
[INFO] [stdout]    --> src/lib.rs:110:13
[INFO] [stdout]     |
[INFO] [stdout] 110 | ...                   why.description()),
[INFO] [stdout]     |                           ^^^^^^^^^^^
[INFO] [stdout] 
[INFO] [stdout] 
[INFO] [stdout] warning: use of deprecated method `std::error::Error::description`: use the Display impl or to_string()
[INFO] [stdout]    --> src/lib.rs:115:36
[INFO] [stdout]     |
[INFO] [stdout] 115 | ...                   why.description()),
[INFO] [stdout]     |                           ^^^^^^^^^^^
[INFO] [stdout] 
[INFO] [stdout] 
[INFO] [stdout] warning: 6 warnings emitted
[INFO] [stdout] 
[INFO] [stdout] 
[INFO] [stderr]     Finished dev [unoptimized + debuginfo] target(s) in 7.06s
[INFO] [stderr] warning: the following packages contain code that will be rejected by a future version of Rust: rustc-serialize v0.3.24
[INFO] [stderr] note: to see what the problems were, use the option `--future-incompat-report`, or run `cargo report future-incompatibilities --id 1`
[INFO] running `Command { std: "docker" "inspect" "c8a0382575ba51c807956e67daf02274a954c6f20e2d5e5e440cdd21a1d70815", kill_on_drop: false }`
[INFO] running `Command { std: "docker" "rm" "-f" "c8a0382575ba51c807956e67daf02274a954c6f20e2d5e5e440cdd21a1d70815", kill_on_drop: false }`
[INFO] [stdout] c8a0382575ba51c807956e67daf02274a954c6f20e2d5e5e440cdd21a1d70815
[INFO] running `Command { std: "docker" "create" "-v" "/var/lib/crater-agent-workspace/builds/worker-3-tc1/target:/opt/rustwide/target:rw,Z" "-v" "/var/lib/crater-agent-workspace/builds/worker-3-tc1/source:/opt/rustwide/workdir:ro,Z" "-v" "/var/lib/crater-agent-workspace/cargo-home:/opt/rustwide/cargo-home:ro,Z" "-v" "/var/lib/crater-agent-workspace/rustup-home:/opt/rustwide/rustup-home:ro,Z" "-e" "SOURCE_DIR=/opt/rustwide/workdir" "-e" "CARGO_TARGET_DIR=/opt/rustwide/target" "-e" "CARGO_INCREMENTAL=0" "-e" "RUST_BACKTRACE=full" "-e" "RUSTFLAGS=--cap-lints=warn" "-e" "RUSTDOCFLAGS=--cap-lints=warn" "-e" "CARGO_HOME=/opt/rustwide/cargo-home" "-e" "RUSTUP_HOME=/opt/rustwide/rustup-home" "-w" "/opt/rustwide/workdir" "-m" "1610612736" "--user" "0:0" "--network" "none" "ghcr.io/rust-lang/crates-build-env/linux@sha256:5ff2268d62e97bff2cde7d5815dd6ed5b47097566f13b8d0ca110b04b60e07ed" "/opt/rustwide/cargo-home/bin/cargo" "+1.69.0" "test" "--frozen" "--no-run" "--message-format=json", kill_on_drop: false }`
[INFO] [stdout] 5affdfe7de9c23aab9d0df9331ddbc5ebc79898aeefe829f1dc2c0bc90ae461a
[INFO] running `Command { std: "docker" "start" "-a" "5affdfe7de9c23aab9d0df9331ddbc5ebc79898aeefe829f1dc2c0bc90ae461a", kill_on_drop: false }`
[INFO] [stderr]    Compiling tor_crypto v0.1.0 (/opt/rustwide/workdir)
[INFO] [stdout] warning: use of deprecated method `std::error::Error::description`: use the Display impl or to_string()
[INFO] [stdout]   --> src/lib.rs:56:13
[INFO] [stdout]    |
[INFO] [stdout] 56 | ...                   why.description()),
[INFO] [stdout]    |                           ^^^^^^^^^^^
[INFO] [stdout]    |
[INFO] [stdout]    = note: `#[warn(deprecated)]` on by default
[INFO] [stdout] 
[INFO] [stdout] 
[INFO] [stdout] warning: use of deprecated method `std::error::Error::description`: use the Display impl or to_string()
[INFO] [stdout]   --> src/lib.rs:62:36
[INFO] [stdout]    |
[INFO] [stdout] 62 | ...                   why.description()),
[INFO] [stdout]    |                           ^^^^^^^^^^^
[INFO] [stdout] 
[INFO] [stdout] 
[INFO] [stdout] warning: use of deprecated method `std::error::Error::description`: use the Display impl or to_string()
[INFO] [stdout]   --> src/lib.rs:85:13
[INFO] [stdout]    |
[INFO] [stdout] 85 | ...                   why.description()),
[INFO] [stdout]    |                           ^^^^^^^^^^^
[INFO] [stdout] 
[INFO] [stdout] 
[INFO] [stdout] warning: use of deprecated method `std::error::Error::description`: use the Display impl or to_string()
[INFO] [stdout]   --> src/lib.rs:90:36
[INFO] [stdout]    |
[INFO] [stdout] 90 | ...                   why.description()),
[INFO] [stdout]    |                           ^^^^^^^^^^^
[INFO] [stdout] 
[INFO] [stdout] 
[INFO] [stdout] warning: use of deprecated method `std::error::Error::description`: use the Display impl or to_string()
[INFO] [stdout]    --> src/lib.rs:110:13
[INFO] [stdout]     |
[INFO] [stdout] 110 | ...                   why.description()),
[INFO] [stdout]     |                           ^^^^^^^^^^^
[INFO] [stdout] 
[INFO] [stdout] 
[INFO] [stdout] warning: use of deprecated method `std::error::Error::description`: use the Display impl or to_string()
[INFO] [stdout]    --> src/lib.rs:115:36
[INFO] [stdout]     |
[INFO] [stdout] 115 | ...                   why.description()),
[INFO] [stdout]     |                           ^^^^^^^^^^^
[INFO] [stdout] 
[INFO] [stdout] 
[INFO] [stdout] warning: 6 warnings emitted
[INFO] [stdout] 
[INFO] [stdout] 
[INFO] [stdout] warning: use of deprecated method `std::error::Error::description`: use the Display impl or to_string()
[INFO] [stdout]   --> src/lib.rs:56:13
[INFO] [stdout]    |
[INFO] [stdout] 56 | ...                   why.description()),
[INFO] [stdout]    |                           ^^^^^^^^^^^
[INFO] [stdout]    |
[INFO] [stdout]    = note: `#[warn(deprecated)]` on by default
[INFO] [stdout] 
[INFO] [stdout] 
[INFO] [stdout] warning: use of deprecated method `std::error::Error::description`: use the Display impl or to_string()
[INFO] [stdout]   --> src/lib.rs:62:36
[INFO] [stdout]    |
[INFO] [stdout] 62 | ...                   why.description()),
[INFO] [stdout]    |                           ^^^^^^^^^^^
[INFO] [stdout] 
[INFO] [stdout] 
[INFO] [stdout] warning: use of deprecated method `std::error::Error::description`: use the Display impl or to_string()
[INFO] [stdout]   --> src/lib.rs:85:13
[INFO] [stdout]    |
[INFO] [stdout] 85 | ...                   why.description()),
[INFO] [stdout]    |                           ^^^^^^^^^^^
[INFO] [stdout] 
[INFO] [stdout] 
[INFO] [stdout] warning: use of deprecated method `std::error::Error::description`: use the Display impl or to_string()
[INFO] [stdout]   --> src/lib.rs:90:36
[INFO] [stdout]    |
[INFO] [stdout] 90 | ...                   why.description()),
[INFO] [stdout]    |                           ^^^^^^^^^^^
[INFO] [stdout] 
[INFO] [stdout] 
[INFO] [stdout] warning: use of deprecated method `std::error::Error::description`: use the Display impl or to_string()
[INFO] [stdout]    --> src/lib.rs:110:13
[INFO] [stdout]     |
[INFO] [stdout] 110 | ...                   why.description()),
[INFO] [stdout]     |                           ^^^^^^^^^^^
[INFO] [stdout] 
[INFO] [stdout] 
[INFO] [stdout] warning: use of deprecated method `std::error::Error::description`: use the Display impl or to_string()
[INFO] [stdout]    --> src/lib.rs:115:36
[INFO] [stdout]     |
[INFO] [stdout] 115 | ...                   why.description()),
[INFO] [stdout]     |                           ^^^^^^^^^^^
[INFO] [stdout] 
[INFO] [stdout] 
[INFO] [stdout] warning: 6 warnings emitted
[INFO] [stdout] 
[INFO] [stdout] 
[INFO] [stderr]     Finished test [unoptimized + debuginfo] target(s) in 0.41s
[INFO] [stderr] warning: the following packages contain code that will be rejected by a future version of Rust: rustc-serialize v0.3.24
[INFO] [stderr] note: to see what the problems were, use the option `--future-incompat-report`, or run `cargo report future-incompatibilities --id 1`
[INFO] running `Command { std: "docker" "inspect" "5affdfe7de9c23aab9d0df9331ddbc5ebc79898aeefe829f1dc2c0bc90ae461a", kill_on_drop: false }`
[INFO] running `Command { std: "docker" "rm" "-f" "5affdfe7de9c23aab9d0df9331ddbc5ebc79898aeefe829f1dc2c0bc90ae461a", kill_on_drop: false }`
[INFO] [stdout] 5affdfe7de9c23aab9d0df9331ddbc5ebc79898aeefe829f1dc2c0bc90ae461a
[INFO] running `Command { std: "docker" "create" "-v" "/var/lib/crater-agent-workspace/builds/worker-3-tc1/target:/opt/rustwide/target:rw,Z" "-v" "/var/lib/crater-agent-workspace/builds/worker-3-tc1/source:/opt/rustwide/workdir:ro,Z" "-v" "/var/lib/crater-agent-workspace/cargo-home:/opt/rustwide/cargo-home:ro,Z" "-v" "/var/lib/crater-agent-workspace/rustup-home:/opt/rustwide/rustup-home:ro,Z" "-e" "SOURCE_DIR=/opt/rustwide/workdir" "-e" "CARGO_TARGET_DIR=/opt/rustwide/target" "-e" "CARGO_INCREMENTAL=0" "-e" "RUST_BACKTRACE=full" "-e" "RUSTFLAGS=--cap-lints=warn" "-e" "RUSTDOCFLAGS=--cap-lints=warn" "-e" "CARGO_HOME=/opt/rustwide/cargo-home" "-e" "RUSTUP_HOME=/opt/rustwide/rustup-home" "-w" "/opt/rustwide/workdir" "-m" "1610612736" "--user" "0:0" "--network" "none" "ghcr.io/rust-lang/crates-build-env/linux@sha256:5ff2268d62e97bff2cde7d5815dd6ed5b47097566f13b8d0ca110b04b60e07ed" "/opt/rustwide/cargo-home/bin/cargo" "+1.69.0" "test" "--frozen", kill_on_drop: false }`
[INFO] [stdout] 18803e176c627a3844c9684546a12750174f34e31ee3494182173508f0e0afa2
[INFO] running `Command { std: "docker" "start" "-a" "18803e176c627a3844c9684546a12750174f34e31ee3494182173508f0e0afa2", kill_on_drop: false }`
[INFO] [stderr] warning: use of deprecated method `std::error::Error::description`: use the Display impl or to_string()
[INFO] [stderr]   --> src/lib.rs:56:13
[INFO] [stderr]    |
[INFO] [stderr] 56 | ...                   why.description()),
[INFO] [stderr]    |                           ^^^^^^^^^^^
[INFO] [stderr]    |
[INFO] [stderr]    = note: `#[warn(deprecated)]` on by default
[INFO] [stderr] 
[INFO] [stderr] warning: use of deprecated method `std::error::Error::description`: use the Display impl or to_string()
[INFO] [stderr]   --> src/lib.rs:62:36
[INFO] [stderr]    |
[INFO] [stderr] 62 | ...                   why.description()),
[INFO] [stderr]    |                           ^^^^^^^^^^^
[INFO] [stderr] 
[INFO] [stderr] warning: use of deprecated method `std::error::Error::description`: use the Display impl or to_string()
[INFO] [stderr]   --> src/lib.rs:85:13
[INFO] [stderr]    |
[INFO] [stderr] 85 | ...                   why.description()),
[INFO] [stderr]    |                           ^^^^^^^^^^^
[INFO] [stderr] 
[INFO] [stderr] warning: use of deprecated method `std::error::Error::description`: use the Display impl or to_string()
[INFO] [stderr]   --> src/lib.rs:90:36
[INFO] [stderr]    |
[INFO] [stderr] 90 | ...                   why.description()),
[INFO] [stderr]    |                           ^^^^^^^^^^^
[INFO] [stderr] 
[INFO] [stderr] warning: use of deprecated method `std::error::Error::description`: use the Display impl or to_string()
[INFO] [stderr]    --> src/lib.rs:110:13
[INFO] [stderr]     |
[INFO] [stderr] 110 | ...                   why.description()),
[INFO] [stderr]     |                           ^^^^^^^^^^^
[INFO] [stderr] 
[INFO] [stderr] warning: use of deprecated method `std::error::Error::description`: use the Display impl or to_string()
[INFO] [stderr]    --> src/lib.rs:115:36
[INFO] [stderr]     |
[INFO] [stderr] 115 | ...                   why.description()),
[INFO] [stderr]     |                           ^^^^^^^^^^^
[INFO] [stderr] 
[INFO] [stderr] warning: `tor_crypto` (lib) generated 6 warnings
[INFO] [stderr] warning: `tor_crypto` (lib test) generated 6 warnings (6 duplicates)
[INFO] [stderr]     Finished test [unoptimized + debuginfo] target(s) in 0.02s
[INFO] [stderr] warning: the following packages contain code that will be rejected by a future version of Rust: rustc-serialize v0.3.24
[INFO] [stderr] note: to see what the problems were, use the option `--future-incompat-report`, or run `cargo report future-incompatibilities --id 1`
[INFO] [stdout] 
[INFO] [stderr]      Running unittests src/lib.rs (/opt/rustwide/target/debug/deps/tor_crypto-b618f3ab271aba17)
[INFO] [stdout] running 0 tests
[INFO] [stderr]    Doc-tests tor_crypto
[INFO] [stdout] 
[INFO] [stdout] test result: ok. 0 passed; 0 failed; 0 ignored; 0 measured; 0 filtered out; finished in 0.00s
[INFO] [stdout] 
[INFO] [stdout] 
[INFO] [stdout] running 7 tests
[INFO] [stdout] test src/lib.rs - Crypt::encrypt (line 145) ... FAILED
[INFO] [stdout] test src/lib.rs - Crypt::export_pri (line 74) ... FAILED
[INFO] [stdout] test src/lib.rs - Crypt::ecdh (line 128) ... FAILED
[INFO] [stdout] test src/lib.rs - Crypt::export_pub (line 99) ... FAILED
[INFO] [stdout] test src/lib.rs - Crypt::new (line 28) ... FAILED
[INFO] [stdout] test src/lib.rs - Crypt::decrypt (line 167) ... FAILED
[INFO] [stdout] test src/lib.rs - Crypt::from_file (line 45) ... FAILED
[INFO] [stdout] 
[INFO] [stdout] failures:
[INFO] [stdout] 
[INFO] [stdout] ---- src/lib.rs - Crypt::encrypt (line 145) stdout ----
[INFO] [stdout] error[E0425]: cannot find value `pubkey` in this scope
[INFO] [stdout]  --> src/lib.rs:149:13
[INFO] [stdout]   |
[INFO] [stdout] 5 |     c.ecdh(&pubkey);
[INFO] [stdout]   |             ^^^^^^ help: a local variable with a similar name exists: `pubkeyb`
[INFO] [stdout] 
[INFO] [stdout] error[E0433]: failed to resolve: use of undeclared type `Crypt`
[INFO] [stdout]  --> src/lib.rs:147:17
[INFO] [stdout]   |
[INFO] [stdout] 3 |     let mut c = Crypt::new();
[INFO] [stdout]   |                 ^^^^^ use of undeclared type `Crypt`
[INFO] [stdout] 
[INFO] [stdout] error: aborting due to 2 previous errors
[INFO] [stdout] 
[INFO] [stdout] Some errors have detailed explanations: E0425, E0433.
[INFO] [stdout] For more information about an error, try `rustc --explain E0425`.
[INFO] [stdout] Couldn't compile the test.
[INFO] [stdout] ---- src/lib.rs - Crypt::export_pri (line 74) stdout ----
[INFO] [stdout] error[E0433]: failed to resolve: use of undeclared type `Crypt`
[INFO] [stdout]  --> src/lib.rs:76:17
[INFO] [stdout]   |
[INFO] [stdout] 3 |     let mut c = Crypt::new();
[INFO] [stdout]   |                 ^^^^^ use of undeclared type `Crypt`
[INFO] [stdout] 
[INFO] [stdout] error: aborting due to previous error
[INFO] [stdout] 
[INFO] [stdout] For more information about this error, try `rustc --explain E0433`.
[INFO] [stdout] Couldn't compile the test.
[INFO] [stdout] ---- src/lib.rs - Crypt::ecdh (line 128) stdout ----
[INFO] [stdout] error[E0433]: failed to resolve: use of undeclared type `Crypt`
[INFO] [stdout]  --> src/lib.rs:130:17
[INFO] [stdout]   |
[INFO] [stdout] 3 |     let mut c = Crypt::new();
[INFO] [stdout]   |                 ^^^^^ use of undeclared type `Crypt`
[INFO] [stdout] 
[INFO] [stdout] error: aborting due to previous error
[INFO] [stdout] 
[INFO] [stdout] For more information about this error, try `rustc --explain E0433`.
[INFO] [stdout] Couldn't compile the test.
[INFO] [stdout] ---- src/lib.rs - Crypt::export_pub (line 99) stdout ----
[INFO] [stdout] error[E0433]: failed to resolve: use of undeclared type `Crypt`
[INFO] [stdout]  --> src/lib.rs:101:17
[INFO] [stdout]   |
[INFO] [stdout] 3 |     let mut c = Crypt::new();
[INFO] [stdout]   |                 ^^^^^ use of undeclared type `Crypt`
[INFO] [stdout] 
[INFO] [stdout] error: aborting due to previous error
[INFO] [stdout] 
[INFO] [stdout] For more information about this error, try `rustc --explain E0433`.
[INFO] [stdout] Couldn't compile the test.
[INFO] [stdout] ---- src/lib.rs - Crypt::new (line 28) stdout ----
[INFO] [stdout] error[E0433]: failed to resolve: use of undeclared type `Crypt`
[INFO] [stdout]  --> src/lib.rs:30:17
[INFO] [stdout]   |
[INFO] [stdout] 3 |     let mut c = Crypt::new();
[INFO] [stdout]   |                 ^^^^^ use of undeclared type `Crypt`
[INFO] [stdout] 
[INFO] [stdout] error: aborting due to previous error
[INFO] [stdout] 
[INFO] [stdout] For more information about this error, try `rustc --explain E0433`.
[INFO] [stdout] Couldn't compile the test.
[INFO] [stdout] ---- src/lib.rs - Crypt::decrypt (line 167) stdout ----
[INFO] [stdout] error[E0425]: cannot find value `pubkey` in this scope
[INFO] [stdout]  --> src/lib.rs:171:13
[INFO] [stdout]   |
[INFO] [stdout] 5 |     c.ecdh(&pubkey);
[INFO] [stdout]   |             ^^^^^^ help: a local variable with a similar name exists: `pubkeyb`
[INFO] [stdout] 
[INFO] [stdout] error[E0433]: failed to resolve: use of undeclared type `Crypt`
[INFO] [stdout]  --> src/lib.rs:169:17
[INFO] [stdout]   |
[INFO] [stdout] 3 |     let mut c = Crypt::new();
[INFO] [stdout]   |                 ^^^^^ use of undeclared type `Crypt`
[INFO] [stdout] 
[INFO] [stdout] error[E0308]: mismatched types
[INFO] [stdout]   --> src/lib.rs:179:13
[INFO] [stdout]    |
[INFO] [stdout] 13 |     assert!(pt.to_vec() = pt2.to_vec());
[INFO] [stdout]    |             ^^^^^^^^^^^^^^^^^^^^^^^^^^ expected `bool`, found `()`
[INFO] [stdout]    |
[INFO] [stdout] help: you might have meant to compare for equality
[INFO] [stdout]    |
[INFO] [stdout] 13 |     assert!(pt.to_vec() == pt2.to_vec());
[INFO] [stdout]    |                          +
[INFO] [stdout] 
[INFO] [stdout] error: aborting due to 3 previous errors
[INFO] [stdout] 
[INFO] [stdout] Some errors have detailed explanations: E0308, E0425, E0433.
[INFO] [stdout] For more information about an error, try `rustc --explain E0308`.
[INFO] [stdout] Couldn't compile the test.
[INFO] [stdout] ---- src/lib.rs - Crypt::from_file (line 45) stdout ----
[INFO] [stdout] error[E0433]: failed to resolve: use of undeclared type `Crypt`
[INFO] [stdout]  --> src/lib.rs:47:17
[INFO] [stdout]   |
[INFO] [stdout] 3 |     let mut c = Crypt::from_file("privkey");
[INFO] [stdout]   |                 ^^^^^ use of undeclared type `Crypt`
[INFO] [stdout] 
[INFO] [stdout] error: aborting due to previous error
[INFO] [stdout] 
[INFO] [stdout] For more information about this error, try `rustc --explain E0433`.
[INFO] [stdout] Couldn't compile the test.
[INFO] [stdout] 
[INFO] [stdout] failures:
[INFO] [stdout]     src/lib.rs - Crypt::decrypt (line 167)
[INFO] [stdout]     src/lib.rs - Crypt::ecdh (line 128)
[INFO] [stdout]     src/lib.rs - Crypt::encrypt (line 145)
[INFO] [stdout]     src/lib.rs - Crypt::export_pri (line 74)
[INFO] [stdout]     src/lib.rs - Crypt::export_pub (line 99)
[INFO] [stdout]     src/lib.rs - Crypt::from_file (line 45)
[INFO] [stdout]     src/lib.rs - Crypt::new (line 28)
[INFO] [stdout] 
[INFO] [stdout] test result: FAILED. 0 passed; 7 failed; 0 ignored; 0 measured; 0 filtered out; finished in 0.14s
[INFO] [stdout] 
[INFO] [stderr] error: doctest failed, to rerun pass `--doc`
[INFO] running `Command { std: "docker" "inspect" "18803e176c627a3844c9684546a12750174f34e31ee3494182173508f0e0afa2", kill_on_drop: false }`
[INFO] running `Command { std: "docker" "rm" "-f" "18803e176c627a3844c9684546a12750174f34e31ee3494182173508f0e0afa2", kill_on_drop: false }`
[INFO] [stdout] 18803e176c627a3844c9684546a12750174f34e31ee3494182173508f0e0afa2
