[INFO] cloning repository https://github.com/jDomantas/tic
[INFO] running `Command { std: "git" "-c" "credential.helper=" "-c" "credential.helper=/workspace/cargo-home/bin/git-credential-null" "clone" "--bare" "https://github.com/jDomantas/tic" "/workspace/cache/git-repos/https%3A%2F%2Fgithub.com%2FjDomantas%2Ftic", kill_on_drop: false }`
[INFO] [stderr] Cloning into bare repository '/workspace/cache/git-repos/https%3A%2F%2Fgithub.com%2FjDomantas%2Ftic'...
[INFO] running `Command { std: "git" "rev-parse" "HEAD", kill_on_drop: false }`
[INFO] [stdout] 0b8b1ccc1bc53a2ef81892f64afbbc29788e7740
[INFO] testing jDomantas/tic against beta-2023-04-20 for beta-1.70-1
[INFO] running `Command { std: "git" "clone" "/workspace/cache/git-repos/https%3A%2F%2Fgithub.com%2FjDomantas%2Ftic" "/workspace/builds/worker-6-tc2/source", kill_on_drop: false }`
[INFO] [stderr] Cloning into '/workspace/builds/worker-6-tc2/source'...
[INFO] [stderr] done.
[INFO] validating manifest of git repo https://github.com/jDomantas/tic on toolchain beta-2023-04-20
[INFO] running `Command { std: CARGO_HOME="/workspace/cargo-home" RUSTUP_HOME="/workspace/rustup-home" "/workspace/cargo-home/bin/cargo" "+beta-2023-04-20" "metadata" "--manifest-path" "Cargo.toml" "--no-deps", kill_on_drop: false }`
[INFO] started tweaking git repo https://github.com/jDomantas/tic
[INFO] finished tweaking git repo https://github.com/jDomantas/tic
[INFO] tweaked toml for git repo https://github.com/jDomantas/tic written to /workspace/builds/worker-6-tc2/source/Cargo.toml
[INFO] crate git repo https://github.com/jDomantas/tic already has a lockfile, it will not be regenerated
[INFO] running `Command { std: CARGO_HOME="/workspace/cargo-home" RUSTUP_HOME="/workspace/rustup-home" "/workspace/cargo-home/bin/cargo" "+beta-2023-04-20" "fetch" "--manifest-path" "Cargo.toml", kill_on_drop: false }`
[INFO] [stderr]     Updating crates.io index
[INFO] [stderr]  Downloading crates ...
[INFO] [stderr]   Downloaded lsp-types v0.89.1
[INFO] [stderr]   Downloaded lsp-server v0.5.1
[INFO] [stderr]   Downloaded internal-iterator v0.1.1
[INFO] running `Command { std: "docker" "create" "-v" "/var/lib/crater-agent-workspace/builds/worker-6-tc2/target:/opt/rustwide/target:rw,Z" "-v" "/var/lib/crater-agent-workspace/builds/worker-6-tc2/source:/opt/rustwide/workdir:ro,Z" "-v" "/var/lib/crater-agent-workspace/cargo-home:/opt/rustwide/cargo-home:ro,Z" "-v" "/var/lib/crater-agent-workspace/rustup-home:/opt/rustwide/rustup-home:ro,Z" "-e" "SOURCE_DIR=/opt/rustwide/workdir" "-e" "CARGO_TARGET_DIR=/opt/rustwide/target" "-e" "CARGO_HOME=/opt/rustwide/cargo-home" "-e" "RUSTUP_HOME=/opt/rustwide/rustup-home" "-w" "/opt/rustwide/workdir" "-m" "1610612736" "--user" "0:0" "--network" "none" "ghcr.io/rust-lang/crates-build-env/linux@sha256:5ff2268d62e97bff2cde7d5815dd6ed5b47097566f13b8d0ca110b04b60e07ed" "/opt/rustwide/cargo-home/bin/cargo" "+beta-2023-04-20" "metadata" "--no-deps" "--format-version=1", kill_on_drop: false }`
[INFO] [stdout] cfe8ae0e244dd6630bb3d2410e5e215dbd728757d1b96b35cb06719af0d8fba1
[INFO] running `Command { std: "docker" "start" "-a" "cfe8ae0e244dd6630bb3d2410e5e215dbd728757d1b96b35cb06719af0d8fba1", kill_on_drop: false }`
[INFO] running `Command { std: "docker" "inspect" "cfe8ae0e244dd6630bb3d2410e5e215dbd728757d1b96b35cb06719af0d8fba1", kill_on_drop: false }`
[INFO] running `Command { std: "docker" "rm" "-f" "cfe8ae0e244dd6630bb3d2410e5e215dbd728757d1b96b35cb06719af0d8fba1", kill_on_drop: false }`
[INFO] [stdout] cfe8ae0e244dd6630bb3d2410e5e215dbd728757d1b96b35cb06719af0d8fba1
[INFO] running `Command { std: "docker" "create" "-v" "/var/lib/crater-agent-workspace/builds/worker-6-tc2/target:/opt/rustwide/target:rw,Z" "-v" "/var/lib/crater-agent-workspace/builds/worker-6-tc2/source:/opt/rustwide/workdir:ro,Z" "-v" "/var/lib/crater-agent-workspace/cargo-home:/opt/rustwide/cargo-home:ro,Z" "-v" "/var/lib/crater-agent-workspace/rustup-home:/opt/rustwide/rustup-home:ro,Z" "-e" "SOURCE_DIR=/opt/rustwide/workdir" "-e" "CARGO_TARGET_DIR=/opt/rustwide/target" "-e" "CARGO_INCREMENTAL=0" "-e" "RUST_BACKTRACE=full" "-e" "RUSTFLAGS=--cap-lints=warn" "-e" "RUSTDOCFLAGS=--cap-lints=warn" "-e" "CARGO_HOME=/opt/rustwide/cargo-home" "-e" "RUSTUP_HOME=/opt/rustwide/rustup-home" "-w" "/opt/rustwide/workdir" "-m" "1610612736" "--user" "0:0" "--network" "none" "ghcr.io/rust-lang/crates-build-env/linux@sha256:5ff2268d62e97bff2cde7d5815dd6ed5b47097566f13b8d0ca110b04b60e07ed" "/opt/rustwide/cargo-home/bin/cargo" "+beta-2023-04-20" "build" "--frozen" "--message-format=json", kill_on_drop: false }`
[INFO] [stdout] 676b6703fb9ab7641c3b93848a58aed150c70e339e7005621b431cd13ea52e47
[INFO] running `Command { std: "docker" "start" "-a" "676b6703fb9ab7641c3b93848a58aed150c70e339e7005621b431cd13ea52e47", kill_on_drop: false }`
[INFO] [stderr]    Compiling proc-macro2 v1.0.24
[INFO] [stderr]    Compiling unicode-xid v0.2.1
[INFO] [stderr]    Compiling syn v1.0.67
[INFO] [stderr]    Compiling version_check v0.9.2
[INFO] [stderr]    Compiling bitflags v1.2.1
[INFO] [stderr]    Compiling libc v0.2.87
[INFO] [stderr]    Compiling unicode-width v0.1.8
[INFO] [stderr]    Compiling lazy_static v1.4.0
[INFO] [stderr]    Compiling serde_derive v1.0.126
[INFO] [stderr]    Compiling unicode-segmentation v1.7.1
[INFO] [stderr]    Compiling utf8-ranges v1.0.4
[INFO] [stderr]    Compiling regex-syntax v0.6.21
[INFO] [stderr]    Compiling vec_map v0.8.2
[INFO] [stderr]    Compiling formatter v0.1.0 (/opt/rustwide/workdir/formatter)
[INFO] [stderr]    Compiling fnv v1.0.7
[INFO] [stderr]    Compiling beef v0.5.0
[INFO] [stderr]    Compiling textwrap v0.11.0
[INFO] [stderr]    Compiling serde v1.0.126
[INFO] [stderr]    Compiling termcolor v1.1.2
[INFO] [stderr]    Compiling internal-iterator v0.1.1
[INFO] [stderr]    Compiling ticc-core v0.1.0 (/opt/rustwide/workdir/ticc-core)
[INFO] [stderr]    Compiling ryu v1.0.5
[INFO] [stderr]    Compiling tinyvec_macros v0.1.0
[INFO] [stderr]    Compiling autocfg v1.0.1
[INFO] [stderr]    Compiling matches v0.1.8
[INFO] [stderr]    Compiling tinyvec v1.1.0
[INFO] [stderr]    Compiling proc-macro-error-attr v1.0.4
[INFO] [stderr]    Compiling proc-macro-error v1.0.4
[INFO] [stderr]    Compiling heck v0.3.2
[INFO] [stderr]    Compiling codespan-reporting v0.11.1
[INFO] [stderr]    Compiling ticc-eval v0.1.0 (/opt/rustwide/workdir/ticc-eval)
[INFO] [stderr]    Compiling ticc-syntax v0.1.0 (/opt/rustwide/workdir/ticc-syntax)
[INFO] [stderr]    Compiling serde_json v1.0.64
[INFO] [stderr]    Compiling unicode-bidi v0.3.4
[INFO] [stderr]    Compiling log v0.4.11
[INFO] [stderr]    Compiling itoa v0.4.6
[INFO] [stderr]    Compiling percent-encoding v2.1.0
[INFO] [stderr]    Compiling crossbeam-utils v0.8.1
[INFO] [stderr]    Compiling cfg-if v1.0.0
[INFO] [stderr]    Compiling cfg-if v0.1.10
[INFO] [stderr]    Compiling form_urlencoded v1.0.0
[INFO] [stderr]    Compiling quote v1.0.7
[INFO] [stderr]    Compiling atty v0.2.14
[INFO] [stderr]    Compiling clap v2.33.3
[INFO] [stderr]    Compiling unicode-normalization v0.1.16
[INFO] [stderr]    Compiling crossbeam-channel v0.5.1
[INFO] [stderr]    Compiling idna v0.2.0
[INFO] [stderr]    Compiling logos-derive v0.12.0
[INFO] [stderr]    Compiling structopt-derive v0.4.14
[INFO] [stderr]    Compiling serde_repr v0.1.6
[INFO] [stderr]    Compiling structopt v0.3.21
[INFO] [stderr]    Compiling logos v0.12.0
[INFO] [stderr]    Compiling ticc v0.1.0 (/opt/rustwide/workdir/ticc)
[INFO] [stdout] warning: field `module` is never read
[INFO] [stdout]   --> ticc/src/compiler/ir.rs:69:16
[INFO] [stdout]    |
[INFO] [stdout] 68 | pub(crate) struct Def {
[INFO] [stdout]    |                   --- field in this struct
[INFO] [stdout] 69 |     pub(crate) module: ModuleKey,
[INFO] [stdout]    |                ^^^^^^
[INFO] [stdout]    |
[INFO] [stdout]    = note: `Def` has derived impls for the traits `Clone` and `Debug`, but these are intentionally ignored during dead code analysis
[INFO] [stdout]    = note: `#[warn(dead_code)]` on by default
[INFO] [stdout] 
[INFO] [stdout] 
[INFO] [stderr]    Compiling ticc-tests v0.1.0 (/opt/rustwide/workdir/ticc-tests)
[INFO] [stdout] warning: 1 warning emitted
[INFO] [stdout] 
[INFO] [stdout] 
[INFO] [stderr]    Compiling url v2.2.0
[INFO] [stderr]    Compiling lsp-types v0.89.1
[INFO] [stderr]    Compiling lsp-server v0.5.1
[INFO] [stderr]    Compiling ticc-lsp v0.1.0 (/opt/rustwide/workdir/ticc-lsp)
[INFO] [stderr]     Finished dev [unoptimized + debuginfo] target(s) in 17.01s
[INFO] running `Command { std: "docker" "inspect" "676b6703fb9ab7641c3b93848a58aed150c70e339e7005621b431cd13ea52e47", kill_on_drop: false }`
[INFO] running `Command { std: "docker" "rm" "-f" "676b6703fb9ab7641c3b93848a58aed150c70e339e7005621b431cd13ea52e47", kill_on_drop: false }`
[INFO] [stdout] 676b6703fb9ab7641c3b93848a58aed150c70e339e7005621b431cd13ea52e47
[INFO] running `Command { std: "docker" "create" "-v" "/var/lib/crater-agent-workspace/builds/worker-6-tc2/target:/opt/rustwide/target:rw,Z" "-v" "/var/lib/crater-agent-workspace/builds/worker-6-tc2/source:/opt/rustwide/workdir:ro,Z" "-v" "/var/lib/crater-agent-workspace/cargo-home:/opt/rustwide/cargo-home:ro,Z" "-v" "/var/lib/crater-agent-workspace/rustup-home:/opt/rustwide/rustup-home:ro,Z" "-e" "SOURCE_DIR=/opt/rustwide/workdir" "-e" "CARGO_TARGET_DIR=/opt/rustwide/target" "-e" "CARGO_INCREMENTAL=0" "-e" "RUST_BACKTRACE=full" "-e" "RUSTFLAGS=--cap-lints=warn" "-e" "RUSTDOCFLAGS=--cap-lints=warn" "-e" "CARGO_HOME=/opt/rustwide/cargo-home" "-e" "RUSTUP_HOME=/opt/rustwide/rustup-home" "-w" "/opt/rustwide/workdir" "-m" "1610612736" "--user" "0:0" "--network" "none" "ghcr.io/rust-lang/crates-build-env/linux@sha256:5ff2268d62e97bff2cde7d5815dd6ed5b47097566f13b8d0ca110b04b60e07ed" "/opt/rustwide/cargo-home/bin/cargo" "+beta-2023-04-20" "test" "--frozen" "--no-run" "--message-format=json", kill_on_drop: false }`
[INFO] [stdout] 113ace0af44b6601a5eea599054ad78e3a050010b64b5d51b3f443c4c7ea9f26
[INFO] running `Command { std: "docker" "start" "-a" "113ace0af44b6601a5eea599054ad78e3a050010b64b5d51b3f443c4c7ea9f26", kill_on_drop: false }`
[INFO] [stderr]    Compiling ticc-eval v0.1.0 (/opt/rustwide/workdir/ticc-eval)
[INFO] [stderr]    Compiling ticc-core v0.1.0 (/opt/rustwide/workdir/ticc-core)
[INFO] [stderr]    Compiling ticc-syntax v0.1.0 (/opt/rustwide/workdir/ticc-syntax)
[INFO] [stderr]    Compiling formatter v0.1.0 (/opt/rustwide/workdir/formatter)
[INFO] [stdout] warning: field `module` is never read
[INFO] [stdout]   --> ticc/src/compiler/ir.rs:69:16
[INFO] [stdout]    |
[INFO] [stdout] 68 | pub(crate) struct Def {
[INFO] [stdout]    |                   --- field in this struct
[INFO] [stdout] 69 |     pub(crate) module: ModuleKey,
[INFO] [stdout]    |                ^^^^^^
[INFO] [stdout]    |
[INFO] [stdout]    = note: `Def` has derived impls for the traits `Clone` and `Debug`, but these are intentionally ignored during dead code analysis
[INFO] [stdout]    = note: `#[warn(dead_code)]` on by default
[INFO] [stdout] 
[INFO] [stdout] 
[INFO] [stderr]    Compiling ticc v0.1.0 (/opt/rustwide/workdir/ticc)
[INFO] [stdout] warning: 1 warning emitted
[INFO] [stdout] 
[INFO] [stdout] 
[INFO] [stderr]    Compiling ticc-tests v0.1.0 (/opt/rustwide/workdir/ticc-tests)
[INFO] [stderr]    Compiling ticc-lsp v0.1.0 (/opt/rustwide/workdir/ticc-lsp)
[INFO] [stdout] warning: field `module` is never read
[INFO] [stdout]   --> ticc/src/compiler/ir.rs:69:16
[INFO] [stdout]    |
[INFO] [stdout] 68 | pub(crate) struct Def {
[INFO] [stdout]    |                   --- field in this struct
[INFO] [stdout] 69 |     pub(crate) module: ModuleKey,
[INFO] [stdout]    |                ^^^^^^
[INFO] [stdout]    |
[INFO] [stdout]    = note: `Def` has derived impls for the traits `Clone` and `Debug`, but these are intentionally ignored during dead code analysis
[INFO] [stdout]    = note: `#[warn(dead_code)]` on by default
[INFO] [stdout] 
[INFO] [stdout] 
[INFO] [stdout] warning: 1 warning emitted
[INFO] [stdout] 
[INFO] [stdout] 
[INFO] [stderr]     Finished test [unoptimized + debuginfo] target(s) in 1.27s
[INFO] running `Command { std: "docker" "inspect" "113ace0af44b6601a5eea599054ad78e3a050010b64b5d51b3f443c4c7ea9f26", kill_on_drop: false }`
[INFO] running `Command { std: "docker" "rm" "-f" "113ace0af44b6601a5eea599054ad78e3a050010b64b5d51b3f443c4c7ea9f26", kill_on_drop: false }`
[INFO] [stdout] 113ace0af44b6601a5eea599054ad78e3a050010b64b5d51b3f443c4c7ea9f26
[INFO] running `Command { std: "docker" "create" "-v" "/var/lib/crater-agent-workspace/builds/worker-6-tc2/target:/opt/rustwide/target:rw,Z" "-v" "/var/lib/crater-agent-workspace/builds/worker-6-tc2/source:/opt/rustwide/workdir:ro,Z" "-v" "/var/lib/crater-agent-workspace/cargo-home:/opt/rustwide/cargo-home:ro,Z" "-v" "/var/lib/crater-agent-workspace/rustup-home:/opt/rustwide/rustup-home:ro,Z" "-e" "SOURCE_DIR=/opt/rustwide/workdir" "-e" "CARGO_TARGET_DIR=/opt/rustwide/target" "-e" "CARGO_INCREMENTAL=0" "-e" "RUST_BACKTRACE=full" "-e" "RUSTFLAGS=--cap-lints=warn" "-e" "RUSTDOCFLAGS=--cap-lints=warn" "-e" "CARGO_HOME=/opt/rustwide/cargo-home" "-e" "RUSTUP_HOME=/opt/rustwide/rustup-home" "-w" "/opt/rustwide/workdir" "-m" "1610612736" "--user" "0:0" "--network" "none" "ghcr.io/rust-lang/crates-build-env/linux@sha256:5ff2268d62e97bff2cde7d5815dd6ed5b47097566f13b8d0ca110b04b60e07ed" "/opt/rustwide/cargo-home/bin/cargo" "+beta-2023-04-20" "test" "--frozen", kill_on_drop: false }`
[INFO] [stdout] 13de6848ea3c33c637f260206a3d62f36a34f4ae17a94395d8789f454063c30d
[INFO] running `Command { std: "docker" "start" "-a" "13de6848ea3c33c637f260206a3d62f36a34f4ae17a94395d8789f454063c30d", kill_on_drop: false }`
[INFO] [stderr]     Blocking waiting for file lock on package cache
[INFO] [stderr] warning: field `module` is never read
[INFO] [stderr]   --> ticc/src/compiler/ir.rs:69:16
[INFO] [stderr]    |
[INFO] [stderr] 68 | pub(crate) struct Def {
[INFO] [stderr]    |                   --- field in this struct
[INFO] [stderr] 69 |     pub(crate) module: ModuleKey,
[INFO] [stderr]    |                ^^^^^^
[INFO] [stderr]    |
[INFO] [stderr]    = note: `Def` has derived impls for the traits `Clone` and `Debug`, but these are intentionally ignored during dead code analysis
[INFO] [stderr]    = note: `#[warn(dead_code)]` on by default
[INFO] [stderr] 
[INFO] [stderr] warning: `ticc` (lib) generated 1 warning
[INFO] [stderr] warning: `ticc` (lib test) generated 1 warning (1 duplicate)
[INFO] [stderr]     Finished test [unoptimized + debuginfo] target(s) in 0.22s
[INFO] [stderr]      Running unittests src/lib.rs (/opt/rustwide/target/debug/deps/formatter-15784d53acd8ab8e)
[INFO] [stdout] 
[INFO] [stdout] running 0 tests
[INFO] [stdout] 
[INFO] [stdout] test result: ok. 0 passed; 0 failed; 0 ignored; 0 measured; 0 filtered out; finished in 0.00s
[INFO] [stdout] 
[INFO] [stderr]      Running unittests src/lib.rs (/opt/rustwide/target/debug/deps/ticc-21af6076de394371)
[INFO] [stdout] 
[INFO] [stdout] running 5 tests
[INFO] [stdout] test compiler::parser::tests::parses_one_item ... ok
[INFO] [stdout] test compiler::parser::tests::parses_last_until_end ... ok
[INFO] [stdout] test compiler::parser::tests::parses_up_to_newline_item ... ok
[INFO] [stdout] test compiler::parser::tests::roundtrip ... ok
[INFO] [stdout] test compiler::parser::tests::roundtrip_large ... ok
[INFO] [stdout] 
[INFO] [stdout] test result: ok. 5 passed; 0 failed; 0 ignored; 0 measured; 0 filtered out; finished in 0.02s
[INFO] [stdout] 
[INFO] [stderr]      Running unittests src/main.rs (/opt/rustwide/target/debug/deps/ticc-b5544b851ae0f004)
[INFO] [stdout] 
[INFO] [stdout] running 0 tests
[INFO] [stdout] 
[INFO] [stdout] test result: ok. 0 passed; 0 failed; 0 ignored; 0 measured; 0 filtered out; finished in 0.00s
[INFO] [stdout] 
[INFO] [stderr]      Running tests/integration/main.rs (/opt/rustwide/target/debug/deps/integration-adc1d9ffa98903c8)
[INFO] [stdout] 
[INFO] [stdout] running 7 tests
[INFO] [stdout] test completions::no_completions ... ok
[INFO] [stdout] test find_references::no_references ... ok
[INFO] [stdout] test diagnostics::no_errors ... ok
[INFO] [stdout] test go_to_definition::find_definition ... ok
[INFO] [stdout] test go_to_definition::no_definition ... ok
[INFO] [stdout] test find_references::find_references ... ok
[INFO] [stdout] test completions::completions ... ok
[INFO] [stdout] 
[INFO] [stdout] test result: ok. 7 passed; 0 failed; 0 ignored; 0 measured; 0 filtered out; finished in 0.00s
[INFO] [stdout] 
[INFO] [stderr]      Running unittests src/lib.rs (/opt/rustwide/target/debug/deps/ticc_core-6432d8dd3b4b7f1b)
[INFO] [stdout] 
[INFO] [stdout] running 0 tests
[INFO] [stdout] 
[INFO] [stdout] test result: ok. 0 passed; 0 failed; 0 ignored; 0 measured; 0 filtered out; finished in 0.00s
[INFO] [stdout] 
[INFO] [stderr]      Running unittests src/lib.rs (/opt/rustwide/target/debug/deps/ticc_eval-1f4d8e5e80180107)
[INFO] [stdout] 
[INFO] [stdout] running 0 tests
[INFO] [stdout] 
[INFO] [stdout] test result: ok. 0 passed; 0 failed; 0 ignored; 0 measured; 0 filtered out; finished in 0.00s
[INFO] [stdout] 
[INFO] [stderr]      Running unittests src/main.rs (/opt/rustwide/target/debug/deps/ticc_lsp-7007972eace365f6)
[INFO] [stdout] 
[INFO] [stdout] running 4 tests
[INFO] [stdout] test utils::tests::translate_to_lsp ... ok
[INFO] [stdout] test utils::tests::translate_to_ticc ... ok
[INFO] [stdout] test diagnostics::tests::at_start ... ok
[INFO] [stdout] test diagnostics::tests::not_at_start ... ok
[INFO] [stdout] 
[INFO] [stdout] test result: ok. 4 passed; 0 failed; 0 ignored; 0 measured; 0 filtered out; finished in 0.00s
[INFO] [stdout] 
[INFO] [stderr]      Running unittests src/lib.rs (/opt/rustwide/target/debug/deps/ticc_syntax-9d851d4add1057f2)
[INFO] [stdout] 
[INFO] [stdout] running 0 tests
[INFO] [stdout] 
[INFO] [stdout] test result: ok. 0 passed; 0 failed; 0 ignored; 0 measured; 0 filtered out; finished in 0.00s
[INFO] [stdout] 
[INFO] [stderr]      Running unittests src/lib.rs (/opt/rustwide/target/debug/deps/ticc_tests-2718459aa97639d0)
[INFO] [stdout] 
[INFO] [stdout] running 3 tests
[INFO] [stdout] test compile_pass_tests ... ok
[INFO] [stdout] test compile_fail_tests ... ok
[INFO] [stdout] test run_pass_tests ... FAILED
[INFO] [stdout] 
[INFO] [stdout] failures:
[INFO] [stdout] 
[INFO] [stdout] ---- run_pass_tests stdout ----
[INFO] [stdout] thread '<unnamed>' panicked at 'node exited with an error', ticc-tests/src/lib.rs:497:17
[INFO] [stdout] stack backtrace:
[INFO] [stdout]    0:     0x55b451a7e4fa - std::backtrace_rs::backtrace::libunwind::trace::h2f05d0192276a8f6
[INFO] [stdout]                                at /rustc/1b7dd2252b99671ce5d1cb9664c5f8636329436d/library/std/src/../../backtrace/src/backtrace/libunwind.rs:93:5
[INFO] [stdout]    1:     0x55b451a7e4fa - std::backtrace_rs::backtrace::trace_unsynchronized::hedc23dff7a1af150
[INFO] [stdout]                                at /rustc/1b7dd2252b99671ce5d1cb9664c5f8636329436d/library/std/src/../../backtrace/src/backtrace/mod.rs:66:5
[INFO] [stdout]    2:     0x55b451a7e4fa - std::sys_common::backtrace::_print_fmt::h17541ef7592f3ce2
[INFO] [stdout]                                at /rustc/1b7dd2252b99671ce5d1cb9664c5f8636329436d/library/std/src/sys_common/backtrace.rs:65:5
[INFO] [stdout]    3:     0x55b451a7e4fa - <std::sys_common::backtrace::_print::DisplayBacktrace as core::fmt::Display>::fmt::h20f75df5ab0c0792
[INFO] [stdout]                                at /rustc/1b7dd2252b99671ce5d1cb9664c5f8636329436d/library/std/src/sys_common/backtrace.rs:44:22
[INFO] [stdout]    4:     0x55b451aa298f - core::fmt::write::h78109e6f466b3af6
[INFO] [stdout]                                at /rustc/1b7dd2252b99671ce5d1cb9664c5f8636329436d/library/core/src/fmt/mod.rs:1254:17
[INFO] [stdout]    5:     0x55b451a7b3b5 - std::io::Write::write_fmt::hd24bfb68a1b35a25
[INFO] [stdout]                                at /rustc/1b7dd2252b99671ce5d1cb9664c5f8636329436d/library/std/src/io/mod.rs:1698:15
[INFO] [stdout]    6:     0x55b451a7e2c5 - std::sys_common::backtrace::_print::h8dac57a9f8fbf9a5
[INFO] [stdout]                                at /rustc/1b7dd2252b99671ce5d1cb9664c5f8636329436d/library/std/src/sys_common/backtrace.rs:47:5
[INFO] [stdout]    7:     0x55b451a7e2c5 - std::sys_common::backtrace::print::hf9ecbf41d1aa712f
[INFO] [stdout]                                at /rustc/1b7dd2252b99671ce5d1cb9664c5f8636329436d/library/std/src/sys_common/backtrace.rs:34:9
[INFO] [stdout]    8:     0x55b451a7ff7e - std::panicking::default_hook::{{closure}}::h04c07acfc84ca028
[INFO] [stdout]                                at /rustc/1b7dd2252b99671ce5d1cb9664c5f8636329436d/library/std/src/panicking.rs:269:22
[INFO] [stdout]    9:     0x55b451a7fcb1 - std::panicking::default_hook::h01f6bb23e1eceb2c
[INFO] [stdout]                                at /rustc/1b7dd2252b99671ce5d1cb9664c5f8636329436d/library/std/src/panicking.rs:285:9
[INFO] [stdout]   10:     0x55b451902d7b - <alloc::boxed::Box<F,A> as core::ops::function::Fn<Args>>::call::h87fe9f7b2fd49e4c
[INFO] [stdout]                                at /rustc/1b7dd2252b99671ce5d1cb9664c5f8636329436d/library/alloc/src/boxed.rs:1987:9
[INFO] [stdout]   11:     0x55b451902d7b - test::test_main::{{closure}}::he94d679243a7531b
[INFO] [stdout]                                at /rustc/1b7dd2252b99671ce5d1cb9664c5f8636329436d/library/test/src/lib.rs:134:21
[INFO] [stdout]   12:     0x55b451a80664 - <alloc::boxed::Box<F,A> as core::ops::function::Fn<Args>>::call::h3f2d6d8b14c4769f
[INFO] [stdout]                                at /rustc/1b7dd2252b99671ce5d1cb9664c5f8636329436d/library/alloc/src/boxed.rs:1987:9
[INFO] [stdout]   13:     0x55b451a80664 - std::panicking::rust_panic_with_hook::h2bb3722bbaf2f6df
[INFO] [stdout]                                at /rustc/1b7dd2252b99671ce5d1cb9664c5f8636329436d/library/std/src/panicking.rs:695:13
[INFO] [stdout]   14:     0x55b451a3fbba - std::panicking::begin_panic::{{closure}}::h112ac47669df3fba
[INFO] [stdout]                                at /rustc/1b7dd2252b99671ce5d1cb9664c5f8636329436d/library/std/src/panicking.rs:611:9
[INFO] [stdout]   15:     0x55b451a40b1d - std::sys_common::backtrace::__rust_end_short_backtrace::hae761d5fce1a790b
[INFO] [stdout]                                at /rustc/1b7dd2252b99671ce5d1cb9664c5f8636329436d/library/std/src/sys_common/backtrace.rs:150:18
[INFO] [stdout]   16:     0x55b451a3faf7 - std::panicking::begin_panic::hff686ef8968ab4e7
[INFO] [stdout]                                at /rustc/1b7dd2252b99671ce5d1cb9664c5f8636329436d/library/std/src/panicking.rs:610:12
[INFO] [stdout]   17:     0x55b4518cbb6c - ticc_tests::run_node::{{closure}}::{{closure}}::h6681a0063d35de8d
[INFO] [stdout]                                at /opt/rustwide/workdir/ticc-tests/src/lib.rs:497:17
[INFO] [stdout]   18:     0x55b4518a857e - std::sys_common::backtrace::__rust_begin_short_backtrace::hbc08e31725985778
[INFO] [stdout]                                at /rustc/1b7dd2252b99671ce5d1cb9664c5f8636329436d/library/std/src/sys_common/backtrace.rs:134:18
[INFO] [stdout]   19:     0x55b4518a7c7a - std::thread::Builder::spawn_unchecked_::{{closure}}::{{closure}}::hfe00fdc6e7620a2e
[INFO] [stdout]                                at /rustc/1b7dd2252b99671ce5d1cb9664c5f8636329436d/library/std/src/thread/mod.rs:526:17
[INFO] [stdout]   20:     0x55b4518cd88e - <core::panic::unwind_safe::AssertUnwindSafe<F> as core::ops::function::FnOnce<()>>::call_once::h6e8776abf39cdfe6
[INFO] [stdout]                                at /rustc/1b7dd2252b99671ce5d1cb9664c5f8636329436d/library/core/src/panic/unwind_safe.rs:271:9
[INFO] [stdout]   21:     0x55b4518ce5d9 - std::panicking::try::do_call::h17269b6e77799407
[INFO] [stdout]                                at /rustc/1b7dd2252b99671ce5d1cb9664c5f8636329436d/library/std/src/panicking.rs:485:40
[INFO] [stdout]   22:     0x55b4518cf8bb - __rust_try
[INFO] [stdout]   23:     0x55b4518ce56a - std::panicking::try::hd1ad34c00b69bf1b
[INFO] [stdout]                                at /rustc/1b7dd2252b99671ce5d1cb9664c5f8636329436d/library/std/src/panicking.rs:449:19
[INFO] [stdout]   24:     0x55b4518a8bca - std::panic::catch_unwind::hfc5ae0cb96b4f837
[INFO] [stdout]                                at /rustc/1b7dd2252b99671ce5d1cb9664c5f8636329436d/library/std/src/panic.rs:140:14
[INFO] [stdout]   25:     0x55b4518a79f1 - std::thread::Builder::spawn_unchecked_::{{closure}}::hc3ac60fbfd35ec13
[INFO] [stdout]                                at /rustc/1b7dd2252b99671ce5d1cb9664c5f8636329436d/library/std/src/thread/mod.rs:525:30
[INFO] [stdout]   26:     0x55b4518a8f1e - core::ops::function::FnOnce::call_once{{vtable.shim}}::h89ee94da6d696021
[INFO] [stdout]                                at /rustc/1b7dd2252b99671ce5d1cb9664c5f8636329436d/library/core/src/ops/function.rs:250:5
[INFO] [stdout]   27:     0x55b451a85235 - <alloc::boxed::Box<F,A> as core::ops::function::FnOnce<Args>>::call_once::h0d83cb2920a49046
[INFO] [stdout]                                at /rustc/1b7dd2252b99671ce5d1cb9664c5f8636329436d/library/alloc/src/boxed.rs:1973:9
[INFO] [stdout]   28:     0x55b451a85235 - <alloc::boxed::Box<F,A> as core::ops::function::FnOnce<Args>>::call_once::hbe0a008aa7d9ef59
[INFO] [stdout]                                at /rustc/1b7dd2252b99671ce5d1cb9664c5f8636329436d/library/alloc/src/boxed.rs:1973:9
[INFO] [stdout]   29:     0x55b451a85235 - std::sys::unix::thread::Thread::new::thread_start::h3a466996bdf6b1f9
[INFO] [stdout]                                at /rustc/1b7dd2252b99671ce5d1cb9664c5f8636329436d/library/std/src/sys/unix/thread.rs:108:17
[INFO] [stdout]   30:     0x7fef93b75b43 - <unknown>
[INFO] [stdout]   31:     0x7fef93c06bb4 - __clone
[INFO] [stdout]   32:                0x0 - <unknown>
[INFO] [stdout] thread 'run_pass_tests' panicked at 'a scoped thread panicked', ticc-tests/src/lib.rs:488:18
[INFO] [stdout] stack backtrace:
[INFO] [stdout]    0:     0x55b451a7e4fa - std::backtrace_rs::backtrace::libunwind::trace::h2f05d0192276a8f6
[INFO] [stdout]                                at /rustc/1b7dd2252b99671ce5d1cb9664c5f8636329436d/library/std/src/../../backtrace/src/backtrace/libunwind.rs:93:5
[INFO] [stdout]    1:     0x55b451a7e4fa - std::backtrace_rs::backtrace::trace_unsynchronized::hedc23dff7a1af150
[INFO] [stdout]                                at /rustc/1b7dd2252b99671ce5d1cb9664c5f8636329436d/library/std/src/../../backtrace/src/backtrace/mod.rs:66:5
[INFO] [stdout]    2:     0x55b451a7e4fa - std::sys_common::backtrace::_print_fmt::h17541ef7592f3ce2
[INFO] [stdout]                                at /rustc/1b7dd2252b99671ce5d1cb9664c5f8636329436d/library/std/src/sys_common/backtrace.rs:65:5
[INFO] [stdout]    3:     0x55b451a7e4fa - <std::sys_common::backtrace::_print::DisplayBacktrace as core::fmt::Display>::fmt::h20f75df5ab0c0792
[INFO] [stdout]                                at /rustc/1b7dd2252b99671ce5d1cb9664c5f8636329436d/library/std/src/sys_common/backtrace.rs:44:22
[INFO] [stdout]    4:     0x55b451aa298f - core::fmt::write::h78109e6f466b3af6
[INFO] [stdout]                                at /rustc/1b7dd2252b99671ce5d1cb9664c5f8636329436d/library/core/src/fmt/mod.rs:1254:17
[INFO] [stdout]    5:     0x55b451a7b3b5 - std::io::Write::write_fmt::hd24bfb68a1b35a25
[INFO] [stdout]                                at /rustc/1b7dd2252b99671ce5d1cb9664c5f8636329436d/library/std/src/io/mod.rs:1698:15
[INFO] [stdout]    6:     0x55b451a7e2c5 - std::sys_common::backtrace::_print::h8dac57a9f8fbf9a5
[INFO] [stdout]                                at /rustc/1b7dd2252b99671ce5d1cb9664c5f8636329436d/library/std/src/sys_common/backtrace.rs:47:5
[INFO] [stdout]    7:     0x55b451a7e2c5 - std::sys_common::backtrace::print::hf9ecbf41d1aa712f
[INFO] [stdout]                                at /rustc/1b7dd2252b99671ce5d1cb9664c5f8636329436d/library/std/src/sys_common/backtrace.rs:34:9
[INFO] [stdout]    8:     0x55b451a7ff7e - std::panicking::default_hook::{{closure}}::h04c07acfc84ca028
[INFO] [stdout]                                at /rustc/1b7dd2252b99671ce5d1cb9664c5f8636329436d/library/std/src/panicking.rs:269:22
[INFO] [stdout]    9:     0x55b451a7fcb1 - std::panicking::default_hook::h01f6bb23e1eceb2c
[INFO] [stdout]                                at /rustc/1b7dd2252b99671ce5d1cb9664c5f8636329436d/library/std/src/panicking.rs:285:9
[INFO] [stdout]   10:     0x55b451902d7b - <alloc::boxed::Box<F,A> as core::ops::function::Fn<Args>>::call::h87fe9f7b2fd49e4c
[INFO] [stdout]                                at /rustc/1b7dd2252b99671ce5d1cb9664c5f8636329436d/library/alloc/src/boxed.rs:1987:9
[INFO] [stdout]   11:     0x55b451902d7b - test::test_main::{{closure}}::he94d679243a7531b
[INFO] [stdout]                                at /rustc/1b7dd2252b99671ce5d1cb9664c5f8636329436d/library/test/src/lib.rs:134:21
[INFO] [stdout]   12:     0x55b451a80664 - <alloc::boxed::Box<F,A> as core::ops::function::Fn<Args>>::call::h3f2d6d8b14c4769f
[INFO] [stdout]                                at /rustc/1b7dd2252b99671ce5d1cb9664c5f8636329436d/library/alloc/src/boxed.rs:1987:9
[INFO] [stdout]   13:     0x55b451a80664 - std::panicking::rust_panic_with_hook::h2bb3722bbaf2f6df
[INFO] [stdout]                                at /rustc/1b7dd2252b99671ce5d1cb9664c5f8636329436d/library/std/src/panicking.rs:695:13
[INFO] [stdout]   14:     0x55b451a80392 - std::panicking::begin_panic_handler::{{closure}}::h91bc7f36a4be011b
[INFO] [stdout]                                at /rustc/1b7dd2252b99671ce5d1cb9664c5f8636329436d/library/std/src/panicking.rs:580:13
[INFO] [stdout]   15:     0x55b451a7e966 - std::sys_common::backtrace::__rust_end_short_backtrace::h8b3d3717114f9e59
[INFO] [stdout]                                at /rustc/1b7dd2252b99671ce5d1cb9664c5f8636329436d/library/std/src/sys_common/backtrace.rs:150:18
[INFO] [stdout]   16:     0x55b451a80132 - rust_begin_unwind
[INFO] [stdout]                                at /rustc/1b7dd2252b99671ce5d1cb9664c5f8636329436d/library/std/src/panicking.rs:578:5
[INFO] [stdout]   17:     0x55b45189ccd3 - core::panicking::panic_fmt::hfd368e3fbdabea26
[INFO] [stdout]                                at /rustc/1b7dd2252b99671ce5d1cb9664c5f8636329436d/library/core/src/panicking.rs:67:14
[INFO] [stdout]   18:     0x55b4518ce041 - std::thread::scoped::scope::h1756d1b70e352d75
[INFO] [stdout]                                at /rustc/1b7dd2252b99671ce5d1cb9664c5f8636329436d/library/std/src/thread/scoped.rs:157:13
[INFO] [stdout]   19:     0x55b4518cb842 - ticc_tests::run_node::h5bf59e1ea73732de
[INFO] [stdout]                                at /opt/rustwide/workdir/ticc-tests/src/lib.rs:488:18
[INFO] [stdout]   20:     0x55b4518cb227 - ticc_tests::run_program::h98b0c04695f4b7ef
[INFO] [stdout]                                at /opt/rustwide/workdir/ticc-tests/src/lib.rs:472:26
[INFO] [stdout]   21:     0x55b4518ca3f2 - ticc_tests::Test::run::h42d91b16a9388e06
[INFO] [stdout]                                at /opt/rustwide/workdir/ticc-tests/src/lib.rs:365:30
[INFO] [stdout]   22:     0x55b4518cc7f6 - ticc_tests::run_tests::h508473240ad1d391
[INFO] [stdout]                                at /opt/rustwide/workdir/ticc-tests/src/lib.rs:669:23
[INFO] [stdout]   23:     0x55b4518cd7d5 - ticc_tests::run_pass_tests::h9c6b407252cdcce4
[INFO] [stdout]                                at /opt/rustwide/workdir/ticc-tests/src/lib.rs:692:5
[INFO] [stdout]   24:     0x55b4518cd797 - ticc_tests::run_pass_tests::{{closure}}::h7e7e4c9196c79405
[INFO] [stdout]                                at /opt/rustwide/workdir/ticc-tests/src/lib.rs:690:21
[INFO] [stdout]   25:     0x55b4518a9165 - core::ops::function::FnOnce::call_once::h93c5c95d3d3cc57f
[INFO] [stdout]                                at /rustc/1b7dd2252b99671ce5d1cb9664c5f8636329436d/library/core/src/ops/function.rs:250:5
[INFO] [stdout]   26:     0x55b451907c4f - core::ops::function::FnOnce::call_once::ha6a70e79f7481a7e
[INFO] [stdout]                                at /rustc/1b7dd2252b99671ce5d1cb9664c5f8636329436d/library/core/src/ops/function.rs:250:5
[INFO] [stdout]   27:     0x55b451907c4f - test::__rust_begin_short_backtrace::hce33033019b61e69
[INFO] [stdout]                                at /rustc/1b7dd2252b99671ce5d1cb9664c5f8636329436d/library/test/src/lib.rs:655:18
[INFO] [stdout]   28:     0x55b4518d543c - test::run_test::{{closure}}::h858d3528838ae3e5
[INFO] [stdout]                                at /rustc/1b7dd2252b99671ce5d1cb9664c5f8636329436d/library/test/src/lib.rs:646:30
[INFO] [stdout]   29:     0x55b4518d543c - core::ops::function::FnOnce::call_once{{vtable.shim}}::he8ac2b00f01ae79e
[INFO] [stdout]                                at /rustc/1b7dd2252b99671ce5d1cb9664c5f8636329436d/library/core/src/ops/function.rs:250:5
[INFO] [stdout]   30:     0x55b451906d26 - <alloc::boxed::Box<F,A> as core::ops::function::FnOnce<Args>>::call_once::h8093d25b522725ef
[INFO] [stdout]                                at /rustc/1b7dd2252b99671ce5d1cb9664c5f8636329436d/library/alloc/src/boxed.rs:1973:9
[INFO] [stdout]   31:     0x55b451906d26 - <core::panic::unwind_safe::AssertUnwindSafe<F> as core::ops::function::FnOnce<()>>::call_once::h5c334c204e4a3913
[INFO] [stdout]                                at /rustc/1b7dd2252b99671ce5d1cb9664c5f8636329436d/library/core/src/panic/unwind_safe.rs:271:9
[INFO] [stdout]   32:     0x55b451906d26 - std::panicking::try::do_call::ha8b740c7b9478074
[INFO] [stdout]                                at /rustc/1b7dd2252b99671ce5d1cb9664c5f8636329436d/library/std/src/panicking.rs:485:40
[INFO] [stdout]   33:     0x55b451906d26 - std::panicking::try::h5d34f63d0e41b64e
[INFO] [stdout]                                at /rustc/1b7dd2252b99671ce5d1cb9664c5f8636329436d/library/std/src/panicking.rs:449:19
[INFO] [stdout]   34:     0x55b451906d26 - std::panic::catch_unwind::hcfbb511e1aa7fc67
[INFO] [stdout]                                at /rustc/1b7dd2252b99671ce5d1cb9664c5f8636329436d/library/std/src/panic.rs:140:14
[INFO] [stdout]   35:     0x55b451906d26 - test::run_test_in_process::h9abda90f802eaf21
[INFO] [stdout]                                at /rustc/1b7dd2252b99671ce5d1cb9664c5f8636329436d/library/test/src/lib.rs:678:27
[INFO] [stdout]   36:     0x55b451906d26 - test::run_test::run_test_inner::{{closure}}::h0f058de91f6c6edf
[INFO] [stdout]                                at /rustc/1b7dd2252b99671ce5d1cb9664c5f8636329436d/library/test/src/lib.rs:572:39
[INFO] [stdout]   37:     0x55b4518cfc45 - test::run_test::run_test_inner::{{closure}}::h5ca48a4c59c6c1fb
[INFO] [stdout]                                at /rustc/1b7dd2252b99671ce5d1cb9664c5f8636329436d/library/test/src/lib.rs:599:37
[INFO] [stdout]   38:     0x55b4518cfc45 - std::sys_common::backtrace::__rust_begin_short_backtrace::h32bd51e1495d4a33
[INFO] [stdout]                                at /rustc/1b7dd2252b99671ce5d1cb9664c5f8636329436d/library/std/src/sys_common/backtrace.rs:134:18
[INFO] [stdout]   39:     0x55b4518d5181 - std::thread::Builder::spawn_unchecked_::{{closure}}::{{closure}}::hc086fae9b128b2db
[INFO] [stdout]                                at /rustc/1b7dd2252b99671ce5d1cb9664c5f8636329436d/library/std/src/thread/mod.rs:526:17
[INFO] [stdout]   40:     0x55b4518d5181 - <core::panic::unwind_safe::AssertUnwindSafe<F> as core::ops::function::FnOnce<()>>::call_once::hb66571888d270d43
[INFO] [stdout]                                at /rustc/1b7dd2252b99671ce5d1cb9664c5f8636329436d/library/core/src/panic/unwind_safe.rs:271:9
[INFO] [stdout]   41:     0x55b4518d5181 - std::panicking::try::do_call::h4fa2ef4f6e51fecf
[INFO] [stdout]                                at /rustc/1b7dd2252b99671ce5d1cb9664c5f8636329436d/library/std/src/panicking.rs:485:40
[INFO] [stdout]   42:     0x55b4518d5181 - std::panicking::try::h1e9e22b8584489b5
[INFO] [stdout]                                at /rustc/1b7dd2252b99671ce5d1cb9664c5f8636329436d/library/std/src/panicking.rs:449:19
[INFO] [stdout]   43:     0x55b4518d5181 - std::panic::catch_unwind::h44698a3de0e0769e
[INFO] [stdout]                                at /rustc/1b7dd2252b99671ce5d1cb9664c5f8636329436d/library/std/src/panic.rs:140:14
[INFO] [stdout]   44:     0x55b4518d5181 - std::thread::Builder::spawn_unchecked_::{{closure}}::h50153abde3fe239e
[INFO] [stdout]                                at /rustc/1b7dd2252b99671ce5d1cb9664c5f8636329436d/library/std/src/thread/mod.rs:525:30
[INFO] [stdout]   45:     0x55b4518d5181 - core::ops::function::FnOnce::call_once{{vtable.shim}}::hbe5bbf6f38394364
[INFO] [stdout]                                at /rustc/1b7dd2252b99671ce5d1cb9664c5f8636329436d/library/core/src/ops/function.rs:250:5
[INFO] [stdout]   46:     0x55b451a85235 - <alloc::boxed::Box<F,A> as core::ops::function::FnOnce<Args>>::call_once::h0d83cb2920a49046
[INFO] [stdout]                                at /rustc/1b7dd2252b99671ce5d1cb9664c5f8636329436d/library/alloc/src/boxed.rs:1973:9
[INFO] [stdout]   47:     0x55b451a85235 - <alloc::boxed::Box<F,A> as core::ops::function::FnOnce<Args>>::call_once::hbe0a008aa7d9ef59
[INFO] [stdout]                                at /rustc/1b7dd2252b99671ce5d1cb9664c5f8636329436d/library/alloc/src/boxed.rs:1973:9
[INFO] [stdout]   48:     0x55b451a85235 - std::sys::unix::thread::Thread::new::thread_start::h3a466996bdf6b1f9
[INFO] [stdout]                                at /rustc/1b7dd2252b99671ce5d1cb9664c5f8636329436d/library/std/src/sys/unix/thread.rs:108:17
[INFO] [stdout]   49:     0x7fef93b75b43 - <unknown>
[INFO] [stdout]   50:     0x7fef93c06bb4 - __clone
[INFO] [stdout]   51:                0x0 - <unknown>
[INFO] [stdout] 
[INFO] [stdout] 
[INFO] [stdout] failures:
[INFO] [stdout]     run_pass_tests
[INFO] [stdout] 
[INFO] [stdout] test result: FAILED. 2 passed; 1 failed; 0 ignored; 0 measured; 0 filtered out; finished in 1.58s
[INFO] [stdout] 
[INFO] [stderr] error: test failed, to rerun pass `-p ticc-tests --lib`
[INFO] running `Command { std: "docker" "inspect" "13de6848ea3c33c637f260206a3d62f36a34f4ae17a94395d8789f454063c30d", kill_on_drop: false }`
[INFO] running `Command { std: "docker" "rm" "-f" "13de6848ea3c33c637f260206a3d62f36a34f4ae17a94395d8789f454063c30d", kill_on_drop: false }`
[INFO] [stdout] 13de6848ea3c33c637f260206a3d62f36a34f4ae17a94395d8789f454063c30d
