[INFO] cloning repository https://github.com/ivan95603/bmp180-nostd
[INFO] running `Command { std: "git" "-c" "credential.helper=" "-c" "credential.helper=/workspace/cargo-home/bin/git-credential-null" "clone" "--bare" "https://github.com/ivan95603/bmp180-nostd" "/workspace/cache/git-repos/https%3A%2F%2Fgithub.com%2Fivan95603%2Fbmp180-nostd", kill_on_drop: false }`
[INFO] [stderr] Cloning into bare repository '/workspace/cache/git-repos/https%3A%2F%2Fgithub.com%2Fivan95603%2Fbmp180-nostd'...
[INFO] running `Command { std: "git" "rev-parse" "HEAD", kill_on_drop: false }`
[INFO] [stdout] 3378f5de6ecea5f1b0979e970fcbb6898a008023
[INFO] testing ivan95603/bmp180-nostd against 1.69.0 for beta-1.70-1
[INFO] running `Command { std: "git" "clone" "/workspace/cache/git-repos/https%3A%2F%2Fgithub.com%2Fivan95603%2Fbmp180-nostd" "/workspace/builds/worker-3-tc1/source", kill_on_drop: false }`
[INFO] [stderr] Cloning into '/workspace/builds/worker-3-tc1/source'...
[INFO] [stderr] done.
[INFO] validating manifest of git repo https://github.com/ivan95603/bmp180-nostd on toolchain 1.69.0
[INFO] running `Command { std: CARGO_HOME="/workspace/cargo-home" RUSTUP_HOME="/workspace/rustup-home" "/workspace/cargo-home/bin/cargo" "+1.69.0" "metadata" "--manifest-path" "Cargo.toml" "--no-deps", kill_on_drop: false }`
[INFO] started tweaking git repo https://github.com/ivan95603/bmp180-nostd
[INFO] finished tweaking git repo https://github.com/ivan95603/bmp180-nostd
[INFO] tweaked toml for git repo https://github.com/ivan95603/bmp180-nostd written to /workspace/builds/worker-3-tc1/source/Cargo.toml
[INFO] crate git repo https://github.com/ivan95603/bmp180-nostd already has a lockfile, it will not be regenerated
[INFO] running `Command { std: CARGO_HOME="/workspace/cargo-home" RUSTUP_HOME="/workspace/rustup-home" "/workspace/cargo-home/bin/cargo" "+1.69.0" "fetch" "--manifest-path" "Cargo.toml", kill_on_drop: false }`
[INFO] running `Command { std: "docker" "create" "-v" "/var/lib/crater-agent-workspace/builds/worker-3-tc1/target:/opt/rustwide/target:rw,Z" "-v" "/var/lib/crater-agent-workspace/builds/worker-3-tc1/source:/opt/rustwide/workdir:ro,Z" "-v" "/var/lib/crater-agent-workspace/cargo-home:/opt/rustwide/cargo-home:ro,Z" "-v" "/var/lib/crater-agent-workspace/rustup-home:/opt/rustwide/rustup-home:ro,Z" "-e" "SOURCE_DIR=/opt/rustwide/workdir" "-e" "CARGO_TARGET_DIR=/opt/rustwide/target" "-e" "CARGO_HOME=/opt/rustwide/cargo-home" "-e" "RUSTUP_HOME=/opt/rustwide/rustup-home" "-w" "/opt/rustwide/workdir" "-m" "1610612736" "--user" "0:0" "--network" "none" "ghcr.io/rust-lang/crates-build-env/linux@sha256:5ff2268d62e97bff2cde7d5815dd6ed5b47097566f13b8d0ca110b04b60e07ed" "/opt/rustwide/cargo-home/bin/cargo" "+1.69.0" "metadata" "--no-deps" "--format-version=1", kill_on_drop: false }`
[INFO] [stdout] 7fc314ee8f03ff30a3807f0f8d33b87bb0819122beb06e1315e92fc4f86c3be5
[INFO] running `Command { std: "docker" "start" "-a" "7fc314ee8f03ff30a3807f0f8d33b87bb0819122beb06e1315e92fc4f86c3be5", kill_on_drop: false }`
[INFO] running `Command { std: "docker" "inspect" "7fc314ee8f03ff30a3807f0f8d33b87bb0819122beb06e1315e92fc4f86c3be5", kill_on_drop: false }`
[INFO] running `Command { std: "docker" "rm" "-f" "7fc314ee8f03ff30a3807f0f8d33b87bb0819122beb06e1315e92fc4f86c3be5", kill_on_drop: false }`
[INFO] [stdout] 7fc314ee8f03ff30a3807f0f8d33b87bb0819122beb06e1315e92fc4f86c3be5
[INFO] running `Command { std: "docker" "create" "-v" "/var/lib/crater-agent-workspace/builds/worker-3-tc1/target:/opt/rustwide/target:rw,Z" "-v" "/var/lib/crater-agent-workspace/builds/worker-3-tc1/source:/opt/rustwide/workdir:ro,Z" "-v" "/var/lib/crater-agent-workspace/cargo-home:/opt/rustwide/cargo-home:ro,Z" "-v" "/var/lib/crater-agent-workspace/rustup-home:/opt/rustwide/rustup-home:ro,Z" "-e" "SOURCE_DIR=/opt/rustwide/workdir" "-e" "CARGO_TARGET_DIR=/opt/rustwide/target" "-e" "CARGO_INCREMENTAL=0" "-e" "RUST_BACKTRACE=full" "-e" "RUSTFLAGS=--cap-lints=warn" "-e" "RUSTDOCFLAGS=--cap-lints=warn" "-e" "CARGO_HOME=/opt/rustwide/cargo-home" "-e" "RUSTUP_HOME=/opt/rustwide/rustup-home" "-w" "/opt/rustwide/workdir" "-m" "1610612736" "--user" "0:0" "--network" "none" "ghcr.io/rust-lang/crates-build-env/linux@sha256:5ff2268d62e97bff2cde7d5815dd6ed5b47097566f13b8d0ca110b04b60e07ed" "/opt/rustwide/cargo-home/bin/cargo" "+1.69.0" "build" "--frozen" "--message-format=json", kill_on_drop: false }`
[INFO] [stdout] ac5d7dfd8de49eb04c33196895ab1a59939b1f672387ef73a1247400fcfeb4ae
[INFO] running `Command { std: "docker" "start" "-a" "ac5d7dfd8de49eb04c33196895ab1a59939b1f672387ef73a1247400fcfeb4ae", kill_on_drop: false }`
[INFO] [stderr]    Compiling nb v1.0.0
[INFO] [stderr]    Compiling byteorder v1.4.3
[INFO] [stderr]    Compiling nb v0.1.3
[INFO] [stderr]    Compiling embedded-hal v0.2.7
[INFO] [stderr]    Compiling bmp180-nostd v0.1.0 (/opt/rustwide/workdir)
[INFO] [stderr]     Finished dev [unoptimized + debuginfo] target(s) in 0.31s
[INFO] running `Command { std: "docker" "inspect" "ac5d7dfd8de49eb04c33196895ab1a59939b1f672387ef73a1247400fcfeb4ae", kill_on_drop: false }`
[INFO] running `Command { std: "docker" "rm" "-f" "ac5d7dfd8de49eb04c33196895ab1a59939b1f672387ef73a1247400fcfeb4ae", kill_on_drop: false }`
[INFO] [stdout] ac5d7dfd8de49eb04c33196895ab1a59939b1f672387ef73a1247400fcfeb4ae
[INFO] running `Command { std: "docker" "create" "-v" "/var/lib/crater-agent-workspace/builds/worker-3-tc1/target:/opt/rustwide/target:rw,Z" "-v" "/var/lib/crater-agent-workspace/builds/worker-3-tc1/source:/opt/rustwide/workdir:ro,Z" "-v" "/var/lib/crater-agent-workspace/cargo-home:/opt/rustwide/cargo-home:ro,Z" "-v" "/var/lib/crater-agent-workspace/rustup-home:/opt/rustwide/rustup-home:ro,Z" "-e" "SOURCE_DIR=/opt/rustwide/workdir" "-e" "CARGO_TARGET_DIR=/opt/rustwide/target" "-e" "CARGO_INCREMENTAL=0" "-e" "RUST_BACKTRACE=full" "-e" "RUSTFLAGS=--cap-lints=warn" "-e" "RUSTDOCFLAGS=--cap-lints=warn" "-e" "CARGO_HOME=/opt/rustwide/cargo-home" "-e" "RUSTUP_HOME=/opt/rustwide/rustup-home" "-w" "/opt/rustwide/workdir" "-m" "1610612736" "--user" "0:0" "--network" "none" "ghcr.io/rust-lang/crates-build-env/linux@sha256:5ff2268d62e97bff2cde7d5815dd6ed5b47097566f13b8d0ca110b04b60e07ed" "/opt/rustwide/cargo-home/bin/cargo" "+1.69.0" "test" "--frozen" "--no-run" "--message-format=json", kill_on_drop: false }`
[INFO] [stdout] d0d61da7971e531180fb239a83cdceba3c5ee5a367922191f4d1715b723f90d5
[INFO] running `Command { std: "docker" "start" "-a" "d0d61da7971e531180fb239a83cdceba3c5ee5a367922191f4d1715b723f90d5", kill_on_drop: false }`
[INFO] [stderr]    Compiling bmp180-nostd v0.1.0 (/opt/rustwide/workdir)
[INFO] [stderr]     Finished test [unoptimized + debuginfo] target(s) in 0.22s
[INFO] running `Command { std: "docker" "inspect" "d0d61da7971e531180fb239a83cdceba3c5ee5a367922191f4d1715b723f90d5", kill_on_drop: false }`
[INFO] running `Command { std: "docker" "rm" "-f" "d0d61da7971e531180fb239a83cdceba3c5ee5a367922191f4d1715b723f90d5", kill_on_drop: false }`
[INFO] [stdout] d0d61da7971e531180fb239a83cdceba3c5ee5a367922191f4d1715b723f90d5
[INFO] running `Command { std: "docker" "create" "-v" "/var/lib/crater-agent-workspace/builds/worker-3-tc1/target:/opt/rustwide/target:rw,Z" "-v" "/var/lib/crater-agent-workspace/builds/worker-3-tc1/source:/opt/rustwide/workdir:ro,Z" "-v" "/var/lib/crater-agent-workspace/cargo-home:/opt/rustwide/cargo-home:ro,Z" "-v" "/var/lib/crater-agent-workspace/rustup-home:/opt/rustwide/rustup-home:ro,Z" "-e" "SOURCE_DIR=/opt/rustwide/workdir" "-e" "CARGO_TARGET_DIR=/opt/rustwide/target" "-e" "CARGO_INCREMENTAL=0" "-e" "RUST_BACKTRACE=full" "-e" "RUSTFLAGS=--cap-lints=warn" "-e" "RUSTDOCFLAGS=--cap-lints=warn" "-e" "CARGO_HOME=/opt/rustwide/cargo-home" "-e" "RUSTUP_HOME=/opt/rustwide/rustup-home" "-w" "/opt/rustwide/workdir" "-m" "1610612736" "--user" "0:0" "--network" "none" "ghcr.io/rust-lang/crates-build-env/linux@sha256:5ff2268d62e97bff2cde7d5815dd6ed5b47097566f13b8d0ca110b04b60e07ed" "/opt/rustwide/cargo-home/bin/cargo" "+1.69.0" "test" "--frozen", kill_on_drop: false }`
[INFO] [stdout] 5b068c3938b5e717195dcd9ef5d5e00bd66913a089dbf25ec57173bb63a21f39
[INFO] running `Command { std: "docker" "start" "-a" "5b068c3938b5e717195dcd9ef5d5e00bd66913a089dbf25ec57173bb63a21f39", kill_on_drop: false }`
[INFO] [stderr]     Finished test [unoptimized + debuginfo] target(s) in 0.00s
[INFO] [stderr]      Running unittests src/lib.rs (/opt/rustwide/target/debug/deps/bmp180_nostd-b38889f02db534aa)
[INFO] [stdout] 
[INFO] [stdout] running 0 tests
[INFO] [stdout] 
[INFO] [stdout] test result: ok. 0 passed; 0 failed; 0 ignored; 0 measured; 0 filtered out; finished in 0.00s
[INFO] [stdout] 
[INFO] [stderr]    Doc-tests bmp180-nostd
[INFO] [stdout] 
[INFO] [stdout] running 1 test
[INFO] [stdout] test src/lib.rs - (line 17) ... FAILED
[INFO] [stdout] 
[INFO] [stdout] failures:
[INFO] [stdout] 
[INFO] [stdout] ---- src/lib.rs - (line 17) stdout ----
[INFO] [stdout] error[E0433]: failed to resolve: use of undeclared crate or module `cortex_m`
[INFO] [stdout]  --> src/lib.rs:24:5
[INFO] [stdout]   |
[INFO] [stdout] 9 | use cortex_m::{asm, delay::Delay};
[INFO] [stdout]   |     ^^^^^^^^ use of undeclared crate or module `cortex_m`
[INFO] [stdout] 
[INFO] [stdout] error[E0432]: unresolved imports `cortex_m`, `cortex_m::delay::Delay`
[INFO] [stdout]  --> src/lib.rs:24:5
[INFO] [stdout]   |
[INFO] [stdout] 9 | use cortex_m::{asm, delay::Delay};
[INFO] [stdout]   |     ^^^^^^^^        ^^^^^^^^^^^^
[INFO] [stdout]   |     |
[INFO] [stdout]   |     use of undeclared crate or module `cortex_m`
[INFO] [stdout] 
[INFO] [stdout] error[E0432]: unresolved import `cortex_m_rt`
[INFO] [stdout]   --> src/lib.rs:25:5
[INFO] [stdout]    |
[INFO] [stdout] 10 | use cortex_m_rt::{exception, entry, ExceptionFrame};
[INFO] [stdout]    |     ^^^^^^^^^^^ use of undeclared crate or module `cortex_m_rt`
[INFO] [stdout] 
[INFO] [stdout] error[E0433]: failed to resolve: use of undeclared crate or module `stm32f4`
[INFO] [stdout]   --> src/lib.rs:28:5
[INFO] [stdout]    |
[INFO] [stdout] 13 | use stm32f4::stm32f411::I2C1;
[INFO] [stdout]    |     ^^^^^^^ use of undeclared crate or module `stm32f4`
[INFO] [stdout] 
[INFO] [stdout] error[E0432]: unresolved imports `cortex_m`, `stm32f4::stm32f411::I2C1`
[INFO] [stdout]   --> src/lib.rs:27:5
[INFO] [stdout]    |
[INFO] [stdout] 12 | use cortex_m;
[INFO] [stdout]    |     ^^^^^^^^ no external crate `cortex_m`
[INFO] [stdout] 13 | use stm32f4::stm32f411::I2C1;
[INFO] [stdout]    |     ^^^^^^^^^^^^^^^^^^^^^^^^
[INFO] [stdout] 
[INFO] [stdout] error[E0432]: unresolved imports `stm32f4xx_hal`, `crate::hal::pac`, `crate::hal::pac::Peripherals`, `crate::hal::i2c::I2c`, `crate::hal::block`, `crate::hal::prelude::*`, `crate::hal::serial::config::Config`, `crate::hal::serial::Serial`, `crate::hal::serial::*`, `crate::hal::gpio`, `crate::hal::gpio::Alternate`, `crate::hal::gpio::gpiob`
[INFO] [stdout]   --> src/lib.rs:29:5
[INFO] [stdout]    |
[INFO] [stdout] 14 | use stm32f4xx_hal as hal;
[INFO] [stdout]    |     ^^^^^^^^^^^^^^^^^^^^ no external crate `stm32f4xx_hal`
[INFO] [stdout] ...
[INFO] [stdout] 17 |    pac, 
[INFO] [stdout]    |    ^^^
[INFO] [stdout] 18 |    pac::{Peripherals},
[INFO] [stdout]    |          ^^^^^^^^^^^
[INFO] [stdout] 19 |    i2c::I2c,
[INFO] [stdout]    |    ^^^^^^^^
[INFO] [stdout] 20 |    block, 
[INFO] [stdout]    |    ^^^^^
[INFO] [stdout] 21 |    prelude::*, 
[INFO] [stdout]    |    ^^^^^^^^^^
[INFO] [stdout] 22 |    serial::config::Config, 
[INFO] [stdout]    |    ^^^^^^^^^^^^^^^^^^^^^^
[INFO] [stdout] 23 |    serial::Serial, serial::*,
[INFO] [stdout]    |    ^^^^^^^^^^^^^^  ^^^^^^^^^
[INFO] [stdout] 24 |    gpio,
[INFO] [stdout]    |    ^^^^
[INFO] [stdout] 25 |    gpio::{
[INFO] [stdout] 26 |        Alternate,
[INFO] [stdout]    |        ^^^^^^^^^
[INFO] [stdout] 27 |        gpiob,
[INFO] [stdout]    |        ^^^^^
[INFO] [stdout] 
[INFO] [stdout] error: cannot determine resolution for the attribute macro `entry`
[INFO] [stdout]   --> src/lib.rs:49:3
[INFO] [stdout]    |
[INFO] [stdout] 34 | #[entry]
[INFO] [stdout]    |   ^^^^^
[INFO] [stdout]    |
[INFO] [stdout]    = note: import resolution is stuck, try simplifying macro imports
[INFO] [stdout] 
[INFO] [stdout] error[E0433]: failed to resolve: use of undeclared crate or module `stm32f4xx_hal`
[INFO] [stdout]   --> src/lib.rs:48:27
[INFO] [stdout]    |
[INFO] [stdout] 33 | type I2C1Bus = I2c<I2C1, (stm32f4xx_hal::gpio::Pin<Alternate<OpenDrain, 4_u8>, 'B', 8_u8>, stm32f4xx_hal::gpio::Pin<Alternate<OpenDrain, ...
[INFO] [stdout]    |                           ^^^^^^^^^^^^^ use of undeclared crate or module `stm32f4xx_hal`
[INFO] [stdout] 
[INFO] [stdout] error[E0433]: failed to resolve: use of undeclared crate or module `stm32f4xx_hal`
[INFO] [stdout]   --> src/lib.rs:48:92
[INFO] [stdout]    |
[INFO] [stdout] 33 | ...nate<OpenDrain, 4_u8>, 'B', 8_u8>, stm32f4xx_hal::gpio::Pin<Alternate<OpenDrain, 4_u8>, 'B', 9_u8>)>;
[INFO] [stdout]    |                                       ^^^^^^^^^^^^^ use of undeclared crate or module `stm32f4xx_hal`
[INFO] [stdout] 
[INFO] [stdout] error[E0412]: cannot find type `OpenDrain` in this scope
[INFO] [stdout]   --> src/lib.rs:48:62
[INFO] [stdout]    |
[INFO] [stdout] 33 | type I2C1Bus = I2c<I2C1, (stm32f4xx_hal::gpio::Pin<Alternate<OpenDrain, 4_u8>, 'B', 8_u8>, stm32f4xx_hal::gpio::Pin<Alternate<OpenDrain, ...
[INFO] [stdout]    |                                                              ^^^^^^^^^ not found in this scope
[INFO] [stdout]    |
[INFO] [stdout] help: you might be missing a type parameter
[INFO] [stdout]    |
[INFO] [stdout] 33 | type I2C1Bus<OpenDrain> = I2c<I2C1, (stm32f4xx_hal::gpio::Pin<Alternate<OpenDrain, 4_u8>, 'B', 8_u8>, stm32f4xx_hal::gpio::Pin<Alternate<OpenDrain, 4_u8>, 'B', 9_u8>)>;
[INFO] [stdout]    |             +++++++++++
[INFO] [stdout] 
[INFO] [stdout] error[E0412]: cannot find type `OpenDrain` in this scope
[INFO] [stdout]   --> src/lib.rs:48:127
[INFO] [stdout]    |
[INFO] [stdout] 33 | ...>, 'B', 8_u8>, stm32f4xx_hal::gpio::Pin<Alternate<OpenDrain, 4_u8>, 'B', 9_u8>)>;
[INFO] [stdout]    |                                                      ^^^^^^^^^ not found in this scope
[INFO] [stdout]    |
[INFO] [stdout] help: you might be missing a type parameter
[INFO] [stdout]    |
[INFO] [stdout] 33 | type I2C1Bus<OpenDrain> = I2c<I2C1, (stm32f4xx_hal::gpio::Pin<Alternate<OpenDrain, 4_u8>, 'B', 8_u8>, stm32f4xx_hal::gpio::Pin<Alternate<OpenDrain, 4_u8>, 'B', 9_u8>)>;
[INFO] [stdout]    |             +++++++++++
[INFO] [stdout] 
[INFO] [stdout] error: no global memory allocator found but one is required; link to std or add `#[global_allocator]` to a static item that implements the GlobalAlloc trait
[INFO] [stdout] 
[INFO] [stdout] error[E0554]: `#![feature]` may not be used on the stable release channel
[INFO] [stdout]  --> src/lib.rs:20:1
[INFO] [stdout]   |
[INFO] [stdout] 5 | #![feature(lang_items)]
[INFO] [stdout]   | ^^^^^^^^^^^^^^^^^^^^^^^
[INFO] [stdout] 
[INFO] [stdout] error[E0554]: `#![feature]` may not be used on the stable release channel
[INFO] [stdout]  --> src/lib.rs:21:1
[INFO] [stdout]   |
[INFO] [stdout] 6 | #![feature(alloc_error_handler)]
[INFO] [stdout]   | ^^^^^^^^^^^^^^^^^^^^^^^^^^^^^^^^
[INFO] [stdout] 
[INFO] [stdout] error: `#[panic_handler]` function required, but not found
[INFO] [stdout] 
[INFO] [stdout] error: language item required, but not found: `eh_personality`
[INFO] [stdout]   |
[INFO] [stdout]   = note: this can occur when a binary crate with `#![no_std]` is compiled for a target where `eh_personality` is defined in the standard library
[INFO] [stdout]   = help: you may be able to compile for a target that doesn't need `eh_personality`, specify a target with `--target` or in `.cargo/config`
[INFO] [stdout] 
[INFO] [stdout] error: aborting due to 16 previous errors
[INFO] [stdout] 
[INFO] [stdout] Some errors have detailed explanations: E0412, E0432, E0433, E0554.
[INFO] [stdout] For more information about an error, try `rustc --explain E0412`.
[INFO] [stdout] Couldn't compile the test.
[INFO] [stdout] 
[INFO] [stdout] failures:
[INFO] [stdout]     src/lib.rs - (line 17)
[INFO] [stdout] 
[INFO] [stdout] test result: FAILED. 0 passed; 1 failed; 0 ignored; 0 measured; 0 filtered out; finished in 0.03s
[INFO] [stdout] 
[INFO] [stderr] error: doctest failed, to rerun pass `--doc`
[INFO] running `Command { std: "docker" "inspect" "5b068c3938b5e717195dcd9ef5d5e00bd66913a089dbf25ec57173bb63a21f39", kill_on_drop: false }`
[INFO] running `Command { std: "docker" "rm" "-f" "5b068c3938b5e717195dcd9ef5d5e00bd66913a089dbf25ec57173bb63a21f39", kill_on_drop: false }`
[INFO] [stdout] 5b068c3938b5e717195dcd9ef5d5e00bd66913a089dbf25ec57173bb63a21f39
