[INFO] cloning repository https://github.com/insertish/rauth
[INFO] running `Command { std: "git" "-c" "credential.helper=" "-c" "credential.helper=/workspace/cargo-home/bin/git-credential-null" "clone" "--bare" "https://github.com/insertish/rauth" "/workspace/cache/git-repos/https%3A%2F%2Fgithub.com%2Finsertish%2Frauth", kill_on_drop: false }`
[INFO] [stderr] Cloning into bare repository '/workspace/cache/git-repos/https%3A%2F%2Fgithub.com%2Finsertish%2Frauth'...
[INFO] running `Command { std: "git" "rev-parse" "HEAD", kill_on_drop: false }`
[INFO] [stdout] c4ef35567295dde241f74d27625261e718dd2cac
[INFO] testing insertish/rauth against beta-2023-04-20 for beta-1.70-1
[INFO] running `Command { std: "git" "clone" "/workspace/cache/git-repos/https%3A%2F%2Fgithub.com%2Finsertish%2Frauth" "/workspace/builds/worker-2-tc2/source", kill_on_drop: false }`
[INFO] [stderr] Cloning into '/workspace/builds/worker-2-tc2/source'...
[INFO] [stderr] done.
[INFO] validating manifest of git repo https://github.com/insertish/rauth on toolchain beta-2023-04-20
[INFO] running `Command { std: CARGO_HOME="/workspace/cargo-home" RUSTUP_HOME="/workspace/rustup-home" "/workspace/cargo-home/bin/cargo" "+beta-2023-04-20" "metadata" "--manifest-path" "Cargo.toml" "--no-deps", kill_on_drop: false }`
[INFO] started tweaking git repo https://github.com/insertish/rauth
[INFO] finished tweaking git repo https://github.com/insertish/rauth
[INFO] tweaked toml for git repo https://github.com/insertish/rauth written to /workspace/builds/worker-2-tc2/source/Cargo.toml
[INFO] crate git repo https://github.com/insertish/rauth already has a lockfile, it will not be regenerated
[INFO] running `Command { std: CARGO_HOME="/workspace/cargo-home" RUSTUP_HOME="/workspace/rustup-home" "/workspace/cargo-home/bin/cargo" "+beta-2023-04-20" "fetch" "--manifest-path" "Cargo.toml", kill_on_drop: false }`
[INFO] [stderr]     Updating crates.io index
[INFO] [stderr]  Downloading crates ...
[INFO] [stderr]   Downloaded quoted_printable v0.4.5
[INFO] [stderr]   Downloaded os_info v3.4.0
[INFO] [stderr]   Downloaded validator v0.15.0
[INFO] [stderr]   Downloaded revolt_rocket_okapi_codegen v0.9.1
[INFO] [stderr]   Downloaded revolt_okapi v0.9.1
[INFO] [stderr]   Downloaded lettre v0.10.0-rc.6
[INFO] [stderr]   Downloaded totp-lite v2.0.0
[INFO] [stderr]   Downloaded mongodb v2.2.1
[INFO] [stderr]   Downloaded email-encoding v0.1.0
[INFO] [stderr]   Downloaded handlebars v4.3.0
[INFO] [stderr]   Downloaded revolt_rocket_okapi v0.9.1
[INFO] [stderr]   Downloaded rocket_empty v0.1.1
[INFO] [stderr]   Downloaded blake2b_simd v1.0.0
[INFO] [stderr]   Downloaded ulid v0.5.0
[INFO] [stderr]   Downloaded async-global-executor v2.1.0
[INFO] [stderr]   Downloaded bson v2.2.0
[INFO] [stderr]   Downloaded iso8601-timestamp v0.1.10
[INFO] running `Command { std: "docker" "create" "-v" "/var/lib/crater-agent-workspace/builds/worker-2-tc2/target:/opt/rustwide/target:rw,Z" "-v" "/var/lib/crater-agent-workspace/builds/worker-2-tc2/source:/opt/rustwide/workdir:ro,Z" "-v" "/var/lib/crater-agent-workspace/cargo-home:/opt/rustwide/cargo-home:ro,Z" "-v" "/var/lib/crater-agent-workspace/rustup-home:/opt/rustwide/rustup-home:ro,Z" "-e" "SOURCE_DIR=/opt/rustwide/workdir" "-e" "CARGO_TARGET_DIR=/opt/rustwide/target" "-e" "CARGO_HOME=/opt/rustwide/cargo-home" "-e" "RUSTUP_HOME=/opt/rustwide/rustup-home" "-w" "/opt/rustwide/workdir" "-m" "1610612736" "--user" "0:0" "--network" "none" "ghcr.io/rust-lang/crates-build-env/linux@sha256:5ff2268d62e97bff2cde7d5815dd6ed5b47097566f13b8d0ca110b04b60e07ed" "/opt/rustwide/cargo-home/bin/cargo" "+beta-2023-04-20" "metadata" "--no-deps" "--format-version=1", kill_on_drop: false }`
[INFO] [stdout] 5f1f7e8d4825329affab09ea67e477139b058af7c3a0af034fa78af6ac4b694f
[INFO] running `Command { std: "docker" "start" "-a" "5f1f7e8d4825329affab09ea67e477139b058af7c3a0af034fa78af6ac4b694f", kill_on_drop: false }`
[INFO] running `Command { std: "docker" "inspect" "5f1f7e8d4825329affab09ea67e477139b058af7c3a0af034fa78af6ac4b694f", kill_on_drop: false }`
[INFO] running `Command { std: "docker" "rm" "-f" "5f1f7e8d4825329affab09ea67e477139b058af7c3a0af034fa78af6ac4b694f", kill_on_drop: false }`
[INFO] [stdout] 5f1f7e8d4825329affab09ea67e477139b058af7c3a0af034fa78af6ac4b694f
[INFO] running `Command { std: "docker" "create" "-v" "/var/lib/crater-agent-workspace/builds/worker-2-tc2/target:/opt/rustwide/target:rw,Z" "-v" "/var/lib/crater-agent-workspace/builds/worker-2-tc2/source:/opt/rustwide/workdir:ro,Z" "-v" "/var/lib/crater-agent-workspace/cargo-home:/opt/rustwide/cargo-home:ro,Z" "-v" "/var/lib/crater-agent-workspace/rustup-home:/opt/rustwide/rustup-home:ro,Z" "-e" "SOURCE_DIR=/opt/rustwide/workdir" "-e" "CARGO_TARGET_DIR=/opt/rustwide/target" "-e" "CARGO_INCREMENTAL=0" "-e" "RUST_BACKTRACE=full" "-e" "RUSTFLAGS=--cap-lints=warn" "-e" "RUSTDOCFLAGS=--cap-lints=warn" "-e" "CARGO_HOME=/opt/rustwide/cargo-home" "-e" "RUSTUP_HOME=/opt/rustwide/rustup-home" "-w" "/opt/rustwide/workdir" "-m" "1610612736" "--user" "0:0" "--network" "none" "ghcr.io/rust-lang/crates-build-env/linux@sha256:5ff2268d62e97bff2cde7d5815dd6ed5b47097566f13b8d0ca110b04b60e07ed" "/opt/rustwide/cargo-home/bin/cargo" "+beta-2023-04-20" "build" "--frozen" "--message-format=json", kill_on_drop: false }`
[INFO] [stdout] 5e1940f36d5e8b5a20b55fe4e1828459e6f57080e99041e460e677a17605d4af
[INFO] running `Command { std: "docker" "start" "-a" "5e1940f36d5e8b5a20b55fe4e1828459e6f57080e99041e460e677a17605d4af", kill_on_drop: false }`
[INFO] [stderr]    Compiling proc-macro2 v1.0.39
[INFO] [stderr]    Compiling unicode-ident v1.0.0
[INFO] [stderr]    Compiling syn v1.0.96
[INFO] [stderr]    Compiling version_check v0.9.4
[INFO] [stderr]    Compiling libc v0.2.126
[INFO] [stderr]    Compiling autocfg v1.1.0
[INFO] [stderr]    Compiling memchr v2.5.0
[INFO] [stderr]    Compiling log v0.4.17
[INFO] [stderr]    Compiling once_cell v1.12.0
[INFO] [stderr]    Compiling futures-core v0.3.21
[INFO] [stderr]    Compiling pin-project-lite v0.2.9
[INFO] [stderr]    Compiling serde_derive v1.0.137
[INFO] [stderr]    Compiling typenum v1.15.0
[INFO] [stderr]    Compiling serde v1.0.137
[INFO] [stderr]    Compiling futures-io v0.3.21
[INFO] [stderr]    Compiling slab v0.4.6
[INFO] [stderr]    Compiling bytes v1.1.0
[INFO] [stderr]    Compiling itoa v1.0.2
[INFO] [stderr]    Compiling futures-sink v0.3.21
[INFO] [stderr]    Compiling futures-task v0.3.21
[INFO] [stderr]    Compiling cc v1.0.73
[INFO] [stderr]    Compiling futures-channel v0.3.21
[INFO] [stderr]    Compiling pin-utils v0.1.0
[INFO] [stderr]    Compiling subtle v2.4.1
[INFO] [stderr]    Compiling futures-util v0.3.21
[INFO] [stderr]    Compiling fnv v1.0.7
[INFO] [stderr]    Compiling value-bag v1.0.0-alpha.9
[INFO] [stderr]    Compiling generic-array v0.14.5
[INFO] [stderr]    Compiling hashbrown v0.11.2
[INFO] [stderr]    Compiling indexmap v1.8.2
[INFO] [stderr]    Compiling percent-encoding v2.1.0
[INFO] [stderr]    Compiling ppv-lite86 v0.2.16
[INFO] [stderr]    Compiling cpufeatures v0.2.2
[INFO] [stderr]    Compiling proc-macro2-diagnostics v0.9.1
[INFO] [stderr]    Compiling base64 v0.13.0
[INFO] [stderr]    Compiling fastrand v1.7.0
[INFO] [stderr]    Compiling bitflags v1.3.2
[INFO] [stderr]    Compiling tracing-core v0.1.26
[INFO] [stderr]    Compiling yansi v0.5.1
[INFO] [stderr]    Compiling http v0.2.7
[INFO] [stderr]    Compiling smallvec v1.8.0
[INFO] [stderr]    Compiling ryu v1.0.10
[INFO] [stderr]    Compiling serde_json v1.0.81
[INFO] [stderr]    Compiling tinyvec_macros v0.1.0
[INFO] [stderr]    Compiling quote v1.0.18
[INFO] [stderr]    Compiling signal-hook-registry v1.4.0
[INFO] [stderr]    Compiling socket2 v0.4.4
[INFO] [stderr]    Compiling num_cpus v1.13.1
[INFO] [stderr]    Compiling getrandom v0.2.6
[INFO] [stderr]    Compiling httparse v1.7.1
[INFO] [stderr]    Compiling tinyvec v1.6.0
[INFO] [stderr]    Compiling matches v0.1.9
[INFO] [stderr]    Compiling opaque-debug v0.3.0
[INFO] [stderr]    Compiling rand_core v0.6.3
[INFO] [stderr]    Compiling pkg-config v0.3.25
[INFO] [stderr]    Compiling cache-padded v1.2.0
[INFO] [stderr]    Compiling try-lock v0.2.3
[INFO] [stderr]    Compiling httpdate v1.0.2
[INFO] [stderr]    Compiling unicode-bidi v0.3.8
[INFO] [stderr]    Compiling concurrent-queue v1.2.2
[INFO] [stderr]    Compiling ring v0.16.20
[INFO] [stderr]    Compiling rand_chacha v0.3.1
[INFO] [stderr]    Compiling lock_api v0.4.7
[INFO] [stderr]    Compiling uncased v0.9.7
[INFO] [stderr]    Compiling parking v2.0.0
[INFO] [stderr]    Compiling ident_case v1.0.1
[INFO] [stderr]    Compiling tower-service v0.3.1
[INFO] [stderr]    Compiling async-trait v0.1.56
[INFO] [stderr]    Compiling http-body v0.4.5
[INFO] [stderr]    Compiling rand v0.8.5
[INFO] [stderr]    Compiling time-macros v0.2.4
[INFO] [stderr]    Compiling parking_lot_core v0.9.3
[INFO] [stderr]    Compiling strsim v0.10.0
[INFO] [stderr]    Compiling openssl-sys v0.9.73
[INFO] [stderr]    Compiling waker-fn v1.1.0
[INFO] [stderr]    Compiling num_threads v0.1.6
[INFO] [stderr]    Compiling unicode-normalization v0.1.19
[INFO] [stderr]    Compiling futures-lite v1.12.0
[INFO] [stderr]    Compiling block-buffer v0.10.2
[INFO] [stderr]    Compiling crypto-common v0.1.3
[INFO] [stderr]    Compiling cipher v0.3.0
[INFO] [stderr]    Compiling universal-hash v0.4.1
[INFO] [stderr]    Compiling aead v0.4.3
[INFO] [stderr]    Compiling digest v0.10.3
[INFO] [stderr]    Compiling form_urlencoded v1.0.1
[INFO] [stderr]    Compiling polyval v0.5.3
[INFO] [stderr]    Compiling cookie v0.16.0
[INFO] [stderr]    Compiling ref-cast v1.0.7
[INFO] [stderr]    Compiling aes v0.7.5
[INFO] [stderr]    Compiling ctr v0.8.0
[INFO] [stderr]    Compiling hmac v0.12.1
[INFO] [stderr]    Compiling sha2 v0.10.2
[INFO] [stderr]    Compiling ghash v0.4.4
[INFO] [stderr]    Compiling inlinable_string v0.1.15
[INFO] [stderr]    Compiling scopeguard v1.1.0
[INFO] [stderr]    Compiling event-listener v2.5.2
[INFO] [stderr]    Compiling hkdf v0.12.3
[INFO] [stderr]    Compiling num-traits v0.2.15
[INFO] [stderr]    Compiling encoding_rs v0.8.31
[INFO] [stderr]    Compiling openssl v0.10.40
[INFO] [stderr]    Compiling untrusted v0.7.1
[INFO] [stderr]    Compiling idna v0.2.3
[INFO] [stderr]    Compiling aes-gcm v0.9.4
[INFO] [stderr]    Compiling spin v0.5.2
[INFO] [stderr]    Compiling foreign-types-shared v0.1.1
[INFO] [stderr]    Compiling parking_lot v0.12.1
[INFO] [stderr]    Compiling foreign-types v0.3.2
[INFO] [stderr]    Compiling stable-pattern v0.1.0
[INFO] [stderr]    Compiling num-integer v0.1.45
[INFO] [stderr]    Compiling native-tls v0.2.10
[INFO] [stderr]    Compiling match_cfg v0.1.0
[INFO] [stderr]    Compiling signal-hook v0.3.14
[INFO] [stderr]    Compiling mime v0.3.16
[INFO] [stderr]    Compiling state v0.5.3
[INFO] [stderr]    Compiling semver-parser v0.7.0
[INFO] [stderr]    Compiling either v1.6.1
[INFO] [stderr]    Compiling async-task v4.2.0
[INFO] [stderr]    Compiling crossbeam-utils v0.8.8
[INFO] [stderr]    Compiling url v2.2.2
[INFO] [stderr]    Compiling semver v0.9.0
[INFO] [stderr]    Compiling hostname v0.3.1
[INFO] [stderr]    Compiling async-channel v1.6.1
[INFO] [stderr]    Compiling atomic v0.5.1
[INFO] [stderr]    Compiling time v0.3.9
[INFO] [stderr]    Compiling multer v2.0.2
[INFO] [stderr]    Compiling figment v0.10.6
[INFO] [stderr]    Compiling pin-project-lite v0.1.12
[INFO] [stderr]    Compiling openssl-probe v0.1.5
[INFO] [stderr]    Compiling atomic-waker v1.0.0
[INFO] [stderr]    Compiling schemars v0.8.10
[INFO] [stderr]    Compiling ucd-trie v0.1.3
[INFO] [stderr]    Compiling heck v0.4.0
[INFO] [stderr]    Compiling bytes v0.5.6
[INFO] [stderr]    Compiling ipnet v2.5.0
[INFO] [stderr]    Compiling pest v2.1.3
[INFO] [stderr]    Compiling blocking v1.2.0
[INFO] [stderr]    Compiling rustc_version v0.2.3
[INFO] [stderr]    Compiling async-executor v1.4.1
[INFO] [stderr]    Compiling tokio v0.2.25
[INFO] [stderr]    Compiling async-lock v2.5.0
[INFO] [stderr]    Compiling time v0.1.43
[INFO] [stderr]    Compiling rocket v0.5.0-rc.2
[INFO] [stderr]    Compiling ahash v0.7.6
[INFO] [stderr]    Compiling dyn-clone v1.0.5
[INFO] [stderr]    Compiling linked-hash-map v0.5.4
[INFO] [stderr]    Compiling quick-error v1.2.3
[INFO] [stderr]    Compiling glob v0.3.0
[INFO] [stderr]    Compiling remove_dir_all v0.5.3
[INFO] [stderr]    Compiling rustls v0.20.6
[INFO] [stderr]    Compiling spin v0.9.3
[INFO] [stderr]    Compiling maplit v1.0.2
[INFO] [stderr]    Compiling data-encoding v2.3.2
[INFO] [stderr]    Compiling unicode-xid v0.2.3
[INFO] [stderr]    Compiling pest_meta v2.1.3
[INFO] [stderr]    Compiling lru-cache v0.1.2
[INFO] [stderr]    Compiling chrono v0.4.19
[INFO] [stderr]    Compiling tempfile v3.3.0
[INFO] [stderr]    Compiling resolv-conf v0.7.0
[INFO] [stderr]    Compiling rustc_version_runtime v0.2.1
[INFO] [stderr]    Compiling atty v0.2.14
[INFO] [stderr]    Compiling aho-corasick v0.7.18
[INFO] [stderr]    Compiling regex-syntax v0.6.26
[INFO] [stderr]    Compiling darling_core v0.13.4
[INFO] [stderr]    Compiling devise_core v0.3.1
[INFO] [stderr]    Compiling serde_derive_internals v0.26.0
[INFO] [stderr]    Compiling webpki v0.22.0
[INFO] [stderr]    Compiling sct v0.7.0
[INFO] [stderr]    Compiling binascii v0.1.4
[INFO] [stderr]    Compiling pest_generator v2.1.3
[INFO] [stderr]    Compiling sha-1 v0.10.0
[INFO] [stderr]    Compiling arrayref v0.3.6
[INFO] [stderr]    Compiling hex v0.4.3
[INFO] [stderr]    Compiling arrayvec v0.7.2
[INFO] [stderr]    Compiling minimal-lexical v0.2.1
[INFO] [stderr]    Compiling constant_time_eq v0.1.5
[INFO] [stderr]    Compiling webpki-roots v0.22.3
[INFO] [stderr]    Compiling stringprep v0.1.2
[INFO] [stderr]    Compiling blake2b_simd v1.0.0
[INFO] [stderr]    Compiling md-5 v0.10.1
[INFO] [stderr]    Compiling pbkdf2 v0.10.1
[INFO] [stderr]    Compiling rustls-pemfile v0.3.0
[INFO] [stderr]    Compiling email-encoding v0.1.0
[INFO] [stderr]    Compiling nom v7.1.1
[INFO] [stderr]    Compiling quoted_printable v0.4.5
[INFO] [stderr]    Compiling take_mut v0.2.2
[INFO] [stderr]    Compiling totp-lite v2.0.0
[INFO] [stderr]    Compiling ulid v0.5.0
[INFO] [stderr]    Compiling nanoid v0.4.0
[INFO] [stderr]    Compiling base32 v0.4.0
[INFO] [stderr]    Compiling rust-argon2 v1.0.0
[INFO] [stderr]    Compiling regex v1.5.6
[INFO] [stderr]    Compiling ctor v0.1.22
[INFO] [stderr]    Compiling tokio-macros v1.7.0
[INFO] [stderr]    Compiling futures-macro v0.3.21
[INFO] [stderr]    Compiling tracing-attributes v0.1.21
[INFO] [stderr]    Compiling pear_codegen v0.2.3
[INFO] [stderr]    Compiling darling_macro v0.13.4
[INFO] [stderr]    Compiling ref-cast-impl v1.0.7
[INFO] [stderr]    Compiling openssl-macros v0.1.0
[INFO] [stderr]    Compiling thiserror-impl v1.0.31
[INFO] [stderr]    Compiling devise_codegen v0.3.1
[INFO] [stderr]    Compiling schemars_derive v0.8.10
[INFO] [stderr]    Compiling enum-as-inner v0.4.0
[INFO] [stderr]    Compiling async-stream-impl v0.3.3
[INFO] [stderr]    Compiling darling v0.13.4
[INFO] [stderr]    Compiling async-attributes v1.1.2
[INFO] [stderr]    Compiling pear v0.2.3
[INFO] [stderr]    Compiling serde_with_macros v1.5.2
[INFO] [stderr]    Compiling devise v0.3.1
[INFO] [stderr]    Compiling pest_derive v2.1.0
[INFO] [stderr]    Compiling derivative v2.2.0
[INFO] [stderr]    Compiling mio v0.8.3
[INFO] [stderr]    Compiling want v0.3.0
[INFO] [stderr]    Compiling polling v2.2.0
[INFO] [stderr]    Compiling kv-log-macro v1.0.7
[INFO] [stderr]    Compiling async-io v1.7.0
[INFO] [stderr]    Compiling async-stream v0.3.3
[INFO] [stderr]    Compiling tokio v1.18.2
[INFO] [stderr]    Compiling tracing v0.1.34
[INFO] [stderr]    Compiling thiserror v1.0.31
[INFO] [stderr]    Compiling os_info v3.4.0
[INFO] [stderr]    Compiling typed-builder v0.10.0
[INFO] [stderr]    Compiling async-process v1.4.0
[INFO] [stderr]    Compiling futures-executor v0.3.21
[INFO] [stderr]    Compiling lettre v0.10.0-rc.6
[INFO] [stderr]    Compiling futures v0.3.21
[INFO] [stderr]    Compiling tokio-util v0.7.2
[INFO] [stderr]    Compiling tokio-util v0.6.10
[INFO] [stderr]    Compiling async-global-executor v2.1.0
[INFO] [stderr]    Compiling tokio-stream v0.1.8
[INFO] [stderr]    Compiling trust-dns-proto v0.21.2
[INFO] [stderr]    Compiling tokio-native-tls v0.3.0
[INFO] [stderr]    Compiling tokio-rustls v0.23.4
[INFO] [stderr]    Compiling async-std v1.11.0
[INFO] [stderr]    Compiling toml v0.5.9
[INFO] [stderr]    Compiling ubyte v0.10.2
[INFO] [stderr]    Compiling uuid v0.8.2
[INFO] [stderr]    Compiling serde_bytes v0.11.6
[INFO] [stderr]    Compiling serde_urlencoded v0.7.1
[INFO] [stderr]    Compiling serde_with v1.14.0
[INFO] [stderr]    Compiling iso8601-timestamp v0.1.10
[INFO] [stderr]    Compiling h2 v0.3.13
[INFO] [stderr]    Compiling trust-dns-resolver v0.21.2
[INFO] [stderr]    Compiling bson v2.2.0
[INFO] [stderr]    Compiling handlebars v4.3.0
[INFO] [stderr]    Compiling validator v0.15.0
[INFO] [stderr]    Compiling async-std-resolver v0.21.2
[INFO] [stderr]    Compiling revolt_okapi v0.9.1
[INFO] [stderr]    Compiling hyper v0.14.19
[INFO] [stderr]    Compiling mongodb v2.2.1
[INFO] [stderr]    Compiling rocket_http v0.5.0-rc.2
[INFO] [stderr]    Compiling hyper-tls v0.5.0
[INFO] [stderr]    Compiling reqwest v0.11.10
[INFO] [stderr]    Compiling rocket_codegen v0.5.0-rc.2
[INFO] [stderr]    Compiling revolt_rocket_okapi_codegen v0.9.1
[INFO] [stderr]    Compiling revolt_rocket_okapi v0.9.1
[INFO] [stderr]    Compiling rocket_empty v0.1.1
[INFO] [stderr]    Compiling authifier v1.0.7 (/opt/rustwide/workdir/crates/authifier)
[INFO] [stderr]    Compiling rocket_authifier v1.0.7 (/opt/rustwide/workdir/crates/rocket_authifier)
[INFO] [stderr]     Finished dev [unoptimized + debuginfo] target(s) in 41.86s
[INFO] running `Command { std: "docker" "inspect" "5e1940f36d5e8b5a20b55fe4e1828459e6f57080e99041e460e677a17605d4af", kill_on_drop: false }`
[INFO] running `Command { std: "docker" "rm" "-f" "5e1940f36d5e8b5a20b55fe4e1828459e6f57080e99041e460e677a17605d4af", kill_on_drop: false }`
[INFO] [stdout] 5e1940f36d5e8b5a20b55fe4e1828459e6f57080e99041e460e677a17605d4af
[INFO] running `Command { std: "docker" "create" "-v" "/var/lib/crater-agent-workspace/builds/worker-2-tc2/target:/opt/rustwide/target:rw,Z" "-v" "/var/lib/crater-agent-workspace/builds/worker-2-tc2/source:/opt/rustwide/workdir:ro,Z" "-v" "/var/lib/crater-agent-workspace/cargo-home:/opt/rustwide/cargo-home:ro,Z" "-v" "/var/lib/crater-agent-workspace/rustup-home:/opt/rustwide/rustup-home:ro,Z" "-e" "SOURCE_DIR=/opt/rustwide/workdir" "-e" "CARGO_TARGET_DIR=/opt/rustwide/target" "-e" "CARGO_INCREMENTAL=0" "-e" "RUST_BACKTRACE=full" "-e" "RUSTFLAGS=--cap-lints=warn" "-e" "RUSTDOCFLAGS=--cap-lints=warn" "-e" "CARGO_HOME=/opt/rustwide/cargo-home" "-e" "RUSTUP_HOME=/opt/rustwide/rustup-home" "-w" "/opt/rustwide/workdir" "-m" "1610612736" "--user" "0:0" "--network" "none" "ghcr.io/rust-lang/crates-build-env/linux@sha256:5ff2268d62e97bff2cde7d5815dd6ed5b47097566f13b8d0ca110b04b60e07ed" "/opt/rustwide/cargo-home/bin/cargo" "+beta-2023-04-20" "test" "--frozen" "--no-run" "--message-format=json", kill_on_drop: false }`
[INFO] [stdout] 061bc3fde8ff262308540ef649e13b90db3beaa8dcb604a3d7b749e299629c41
[INFO] running `Command { std: "docker" "start" "-a" "061bc3fde8ff262308540ef649e13b90db3beaa8dcb604a3d7b749e299629c41", kill_on_drop: false }`
[INFO] [stderr]    Compiling authifier v1.0.7 (/opt/rustwide/workdir/crates/authifier)
[INFO] [stderr]    Compiling rocket_authifier v1.0.7 (/opt/rustwide/workdir/crates/rocket_authifier)
[INFO] [stdout] warning: unused `#[macro_use]` import
[INFO] [stdout]  --> crates/rocket_authifier/examples/rocket_mongodb_no_okapi.rs:3:1
[INFO] [stdout]   |
[INFO] [stdout] 3 | #[macro_use]
[INFO] [stdout]   | ^^^^^^^^^^^^
[INFO] [stdout]   |
[INFO] [stdout]   = note: `#[warn(unused_imports)]` on by default
[INFO] [stdout] 
[INFO] [stdout] 
[INFO] [stdout] warning: unused `#[macro_use]` import
[INFO] [stdout]  --> crates/rocket_authifier/examples/rocket_mongodb.rs:5:1
[INFO] [stdout]   |
[INFO] [stdout] 5 | #[macro_use]
[INFO] [stdout]   | ^^^^^^^^^^^^
[INFO] [stdout]   |
[INFO] [stdout]   = note: `#[warn(unused_imports)]` on by default
[INFO] [stdout] 
[INFO] [stdout] 
[INFO] [stdout] warning: function `custom_openapi_spec` is never used
[INFO] [stdout]   --> crates/rocket_authifier/examples/rocket_mongodb.rs:59:4
[INFO] [stdout]    |
[INFO] [stdout] 59 | fn custom_openapi_spec() -> OpenApi {
[INFO] [stdout]    |    ^^^^^^^^^^^^^^^^^^^
[INFO] [stdout]    |
[INFO] [stdout]    = note: `#[warn(dead_code)]` on by default
[INFO] [stdout] 
[INFO] [stdout] 
[INFO] [stdout] warning: 2 warnings emitted
[INFO] [stdout] 
[INFO] [stdout] 
[INFO] [stdout] warning: 1 warning emitted
[INFO] [stdout] 
[INFO] [stdout] 
[INFO] [stderr]     Finished test [unoptimized + debuginfo] target(s) in 12.39s
[INFO] running `Command { std: "docker" "inspect" "061bc3fde8ff262308540ef649e13b90db3beaa8dcb604a3d7b749e299629c41", kill_on_drop: false }`
[INFO] running `Command { std: "docker" "rm" "-f" "061bc3fde8ff262308540ef649e13b90db3beaa8dcb604a3d7b749e299629c41", kill_on_drop: false }`
[INFO] [stdout] 061bc3fde8ff262308540ef649e13b90db3beaa8dcb604a3d7b749e299629c41
[INFO] running `Command { std: "docker" "create" "-v" "/var/lib/crater-agent-workspace/builds/worker-2-tc2/target:/opt/rustwide/target:rw,Z" "-v" "/var/lib/crater-agent-workspace/builds/worker-2-tc2/source:/opt/rustwide/workdir:ro,Z" "-v" "/var/lib/crater-agent-workspace/cargo-home:/opt/rustwide/cargo-home:ro,Z" "-v" "/var/lib/crater-agent-workspace/rustup-home:/opt/rustwide/rustup-home:ro,Z" "-e" "SOURCE_DIR=/opt/rustwide/workdir" "-e" "CARGO_TARGET_DIR=/opt/rustwide/target" "-e" "CARGO_INCREMENTAL=0" "-e" "RUST_BACKTRACE=full" "-e" "RUSTFLAGS=--cap-lints=warn" "-e" "RUSTDOCFLAGS=--cap-lints=warn" "-e" "CARGO_HOME=/opt/rustwide/cargo-home" "-e" "RUSTUP_HOME=/opt/rustwide/rustup-home" "-w" "/opt/rustwide/workdir" "-m" "1610612736" "--user" "0:0" "--network" "none" "ghcr.io/rust-lang/crates-build-env/linux@sha256:5ff2268d62e97bff2cde7d5815dd6ed5b47097566f13b8d0ca110b04b60e07ed" "/opt/rustwide/cargo-home/bin/cargo" "+beta-2023-04-20" "test" "--frozen", kill_on_drop: false }`
[INFO] [stdout] f8ac0414acc7998f169d37f8c17e878f13e34906b787d16e928386684143b4cf
[INFO] running `Command { std: "docker" "start" "-a" "f8ac0414acc7998f169d37f8c17e878f13e34906b787d16e928386684143b4cf", kill_on_drop: false }`
[INFO] [stderr] warning: unused `#[macro_use]` import
[INFO] [stderr]  --> crates/rocket_authifier/examples/rocket_mongodb.rs:5:1
[INFO] [stderr]   |
[INFO] [stderr] 5 | #[macro_use]
[INFO] [stderr]   | ^^^^^^^^^^^^
[INFO] [stderr]   |
[INFO] [stderr]   = note: `#[warn(unused_imports)]` on by default
[INFO] [stderr] 
[INFO] [stderr] warning: function `custom_openapi_spec` is never used
[INFO] [stderr]   --> crates/rocket_authifier/examples/rocket_mongodb.rs:59:4
[INFO] [stderr]    |
[INFO] [stderr] 59 | fn custom_openapi_spec() -> OpenApi {
[INFO] [stderr]    |    ^^^^^^^^^^^^^^^^^^^
[INFO] [stderr]    |
[INFO] [stderr]    = note: `#[warn(dead_code)]` on by default
[INFO] [stderr] 
[INFO] [stderr] warning: unused `#[macro_use]` import
[INFO] [stderr]  --> crates/rocket_authifier/examples/rocket_mongodb_no_okapi.rs:3:1
[INFO] [stderr]   |
[INFO] [stderr] 3 | #[macro_use]
[INFO] [stderr]   | ^^^^^^^^^^^^
[INFO] [stderr]   |
[INFO] [stderr]   = note: `#[warn(unused_imports)]` on by default
[INFO] [stderr] 
[INFO] [stderr] warning: `rocket_authifier` (example "rocket_mongodb") generated 2 warnings
[INFO] [stderr] warning: `rocket_authifier` (example "rocket_mongodb_no_okapi") generated 1 warning
[INFO] [stderr]     Finished test [unoptimized + debuginfo] target(s) in 0.35s
[INFO] [stderr]      Running unittests src/lib.rs (/opt/rustwide/target/debug/deps/authifier-1ba8a0f08aaf4b15)
[INFO] [stdout] 
[INFO] [stdout] running 11 tests
[INFO] [stdout] test config::blocklists::tests::it_rejects_invalid_emails ... ok
[INFO] [stdout] test config::passwords::tests::it_accepts_some_passwords ... ok
[INFO] [stdout] test config::passwords::tests::it_accepts_any_passwords ... ok
[INFO] [stdout] test config::captcha::tests::it_rejects_if_no_token ... ok
[INFO] [stdout] test config::shield::tests::it_accepts_if_no_shield_service ... ok
[INFO] [stdout] test config::passwords::tests::it_rejects_some_passwords ... ok
[INFO] [stdout] test config::captcha::tests::it_accepts_if_no_captcha_service ... ok
[INFO] [stdout] test config::blocklists::tests::it_accepts_valid_emails ... ok
[INFO] [stdout] test config::blocklists::tests::it_rejects_blocked_emails ... ok
[INFO] [stdout] test config::captcha::tests::it_rejects_if_hcaptcha_response_is_invalid ... ok
[INFO] [stdout] test config::captcha::tests::it_accepts_if_hcaptcha ... FAILED
[INFO] [stdout] 
[INFO] [stdout] failures:
[INFO] [stdout] 
[INFO] [stdout] ---- config::captcha::tests::it_accepts_if_hcaptcha stdout ----
[INFO] [stdout] thread 'config::captcha::tests::it_accepts_if_hcaptcha' panicked at 'assertion failed: `(left == right)`
[INFO] [stdout]   left: `Err(CaptchaFailed)`,
[INFO] [stdout]  right: `Ok(())`', crates/authifier/src/config/captcha.rs:80:9
[INFO] [stdout] stack backtrace:
[INFO] [stdout]    0:     0x55a0d80a650a - std::backtrace_rs::backtrace::libunwind::trace::h2f05d0192276a8f6
[INFO] [stdout]                                at /rustc/1b7dd2252b99671ce5d1cb9664c5f8636329436d/library/std/src/../../backtrace/src/backtrace/libunwind.rs:93:5
[INFO] [stdout]    1:     0x55a0d80a650a - std::backtrace_rs::backtrace::trace_unsynchronized::hedc23dff7a1af150
[INFO] [stdout]                                at /rustc/1b7dd2252b99671ce5d1cb9664c5f8636329436d/library/std/src/../../backtrace/src/backtrace/mod.rs:66:5
[INFO] [stdout]    2:     0x55a0d80a650a - std::sys_common::backtrace::_print_fmt::h17541ef7592f3ce2
[INFO] [stdout]                                at /rustc/1b7dd2252b99671ce5d1cb9664c5f8636329436d/library/std/src/sys_common/backtrace.rs:65:5
[INFO] [stdout]    3:     0x55a0d80a650a - <std::sys_common::backtrace::_print::DisplayBacktrace as core::fmt::Display>::fmt::h20f75df5ab0c0792
[INFO] [stdout]                                at /rustc/1b7dd2252b99671ce5d1cb9664c5f8636329436d/library/std/src/sys_common/backtrace.rs:44:22
[INFO] [stdout]    4:     0x55a0d80cd17f - core::fmt::write::h78109e6f466b3af6
[INFO] [stdout]                                at /rustc/1b7dd2252b99671ce5d1cb9664c5f8636329436d/library/core/src/fmt/mod.rs:1254:17
[INFO] [stdout]    5:     0x55a0d80a2d45 - std::io::Write::write_fmt::hd24bfb68a1b35a25
[INFO] [stdout]                                at /rustc/1b7dd2252b99671ce5d1cb9664c5f8636329436d/library/std/src/io/mod.rs:1698:15
[INFO] [stdout]    6:     0x55a0d80a62d5 - std::sys_common::backtrace::_print::h8dac57a9f8fbf9a5
[INFO] [stdout]                                at /rustc/1b7dd2252b99671ce5d1cb9664c5f8636329436d/library/std/src/sys_common/backtrace.rs:47:5
[INFO] [stdout]    7:     0x55a0d80a62d5 - std::sys_common::backtrace::print::hf9ecbf41d1aa712f
[INFO] [stdout]                                at /rustc/1b7dd2252b99671ce5d1cb9664c5f8636329436d/library/std/src/sys_common/backtrace.rs:34:9
[INFO] [stdout]    8:     0x55a0d80a7f8e - std::panicking::default_hook::{{closure}}::h04c07acfc84ca028
[INFO] [stdout]                                at /rustc/1b7dd2252b99671ce5d1cb9664c5f8636329436d/library/std/src/panicking.rs:269:22
[INFO] [stdout]    9:     0x55a0d80a7cc1 - std::panicking::default_hook::h01f6bb23e1eceb2c
[INFO] [stdout]                                at /rustc/1b7dd2252b99671ce5d1cb9664c5f8636329436d/library/std/src/panicking.rs:285:9
[INFO] [stdout]   10:     0x55a0d7bf6b4b - <alloc::boxed::Box<F,A> as core::ops::function::Fn<Args>>::call::h87fe9f7b2fd49e4c
[INFO] [stdout]                                at /rustc/1b7dd2252b99671ce5d1cb9664c5f8636329436d/library/alloc/src/boxed.rs:1987:9
[INFO] [stdout]   11:     0x55a0d7bf6b4b - test::test_main::{{closure}}::he94d679243a7531b
[INFO] [stdout]                                at /rustc/1b7dd2252b99671ce5d1cb9664c5f8636329436d/library/test/src/lib.rs:134:21
[INFO] [stdout]   12:     0x55a0d80a8674 - <alloc::boxed::Box<F,A> as core::ops::function::Fn<Args>>::call::h3f2d6d8b14c4769f
[INFO] [stdout]                                at /rustc/1b7dd2252b99671ce5d1cb9664c5f8636329436d/library/alloc/src/boxed.rs:1987:9
[INFO] [stdout]   13:     0x55a0d80a8674 - std::panicking::rust_panic_with_hook::h2bb3722bbaf2f6df
[INFO] [stdout]                                at /rustc/1b7dd2252b99671ce5d1cb9664c5f8636329436d/library/std/src/panicking.rs:695:13
[INFO] [stdout]   14:     0x55a0d80a83e9 - std::panicking::begin_panic_handler::{{closure}}::h91bc7f36a4be011b
[INFO] [stdout]                                at /rustc/1b7dd2252b99671ce5d1cb9664c5f8636329436d/library/std/src/panicking.rs:582:13
[INFO] [stdout]   15:     0x55a0d80a6976 - std::sys_common::backtrace::__rust_end_short_backtrace::h8b3d3717114f9e59
[INFO] [stdout]                                at /rustc/1b7dd2252b99671ce5d1cb9664c5f8636329436d/library/std/src/sys_common/backtrace.rs:150:18
[INFO] [stdout]   16:     0x55a0d80a8142 - rust_begin_unwind
[INFO] [stdout]                                at /rustc/1b7dd2252b99671ce5d1cb9664c5f8636329436d/library/std/src/panicking.rs:578:5
[INFO] [stdout]   17:     0x55a0d79ec4c3 - core::panicking::panic_fmt::hfd368e3fbdabea26
[INFO] [stdout]                                at /rustc/1b7dd2252b99671ce5d1cb9664c5f8636329436d/library/core/src/panicking.rs:67:14
[INFO] [stdout]   18:     0x55a0d79ec8ef - core::panicking::assert_failed_inner::haef49168e1798a91
[INFO] [stdout]   19:     0x55a0d7a3423a - core::panicking::assert_failed::h5b1b20e7e340b210
[INFO] [stdout]                                at /rustc/1b7dd2252b99671ce5d1cb9664c5f8636329436d/library/core/src/panicking.rs:228:5
[INFO] [stdout]   20:     0x55a0d7a02f7a - authifier::config::captcha::tests::it_accepts_if_hcaptcha::{{closure}}::hec3ee4b6e86adb83
[INFO] [stdout]                                at /opt/rustwide/workdir/crates/authifier/src/config/captcha.rs:80:9
[INFO] [stdout]   21:     0x55a0d7a03b02 - <async_std::task::builder::SupportTaskLocals<F> as core::future::future::Future>::poll::{{closure}}::h70f9eaa79ab0e82a
[INFO] [stdout]                                at /opt/rustwide/cargo-home/registry/src/index.crates.io-6f17d22bba15001f/async-std-1.11.0/src/task/builder.rs:199:17
[INFO] [stdout]   22:     0x55a0d7a291a0 - async_std::task::task_locals_wrapper::TaskLocalsWrapper::set_current::{{closure}}::ha0a1ca785a09e8c9
[INFO] [stdout]                                at /opt/rustwide/cargo-home/registry/src/index.crates.io-6f17d22bba15001f/async-std-1.11.0/src/task/task_locals_wrapper.rs:60:13
[INFO] [stdout]   23:     0x55a0d79f39e9 - std::thread::local::LocalKey<T>::try_with::hba7fa299c304c8e6
[INFO] [stdout]                                at /rustc/1b7dd2252b99671ce5d1cb9664c5f8636329436d/library/std/src/thread/local.rs:252:16
[INFO] [stdout]   24:     0x55a0d79edd6a - std::thread::local::LocalKey<T>::with::h6ff40da4b6a1db81
[INFO] [stdout]                                at /rustc/1b7dd2252b99671ce5d1cb9664c5f8636329436d/library/std/src/thread/local.rs:228:9
[INFO] [stdout]   25:     0x55a0d7a283c8 - async_std::task::task_locals_wrapper::TaskLocalsWrapper::set_current::hbec8e7b293c1d4e2
[INFO] [stdout]                                at /opt/rustwide/cargo-home/registry/src/index.crates.io-6f17d22bba15001f/async-std-1.11.0/src/task/task_locals_wrapper.rs:55:9
[INFO] [stdout]   26:     0x55a0d7a03a05 - <async_std::task::builder::SupportTaskLocals<F> as core::future::future::Future>::poll::hf332e63e487f975e
[INFO] [stdout]                                at /opt/rustwide/cargo-home/registry/src/index.crates.io-6f17d22bba15001f/async-std-1.11.0/src/task/builder.rs:197:13
[INFO] [stdout]   27:     0x55a0d7a34e52 - <futures_lite::future::Or<F1,F2> as core::future::future::Future>::poll::hec35784ef83c5543
[INFO] [stdout]                                at /opt/rustwide/cargo-home/registry/src/index.crates.io-6f17d22bba15001f/futures-lite-1.12.0/src/future.rs:526:33
[INFO] [stdout]   28:     0x55a0d7a2cef8 - async_executor::Executor::run::{{closure}}::h802cb3436656a180
[INFO] [stdout]                                at /opt/rustwide/cargo-home/registry/src/index.crates.io-6f17d22bba15001f/async-executor-1.4.1/src/lib.rs:242:31
[INFO] [stdout]   29:     0x55a0d7a2b1e1 - async_executor::LocalExecutor::run::{{closure}}::h6cb02c49cae6a9cc
[INFO] [stdout]                                at /opt/rustwide/cargo-home/registry/src/index.crates.io-6f17d22bba15001f/async-executor-1.4.1/src/lib.rs:447:33
[INFO] [stdout]   30:     0x55a0d7a180c9 - async_io::driver::block_on::he701995ba67f7986
[INFO] [stdout]                                at /opt/rustwide/cargo-home/registry/src/index.crates.io-6f17d22bba15001f/async-io-1.7.0/src/driver.rs:142:33
[INFO] [stdout]   31:     0x55a0d79fd13f - async_global_executor::reactor::block_on::{{closure}}::h295af16f39774a04
[INFO] [stdout]                                at /opt/rustwide/cargo-home/registry/src/index.crates.io-6f17d22bba15001f/async-global-executor-2.1.0/src/reactor.rs:3:18
[INFO] [stdout]   32:     0x55a0d7a0b232 - tokio::runtime::context::enter::hcc1e73df38c125c1
[INFO] [stdout]                                at /opt/rustwide/cargo-home/registry/src/index.crates.io-6f17d22bba15001f/tokio-0.2.25/src/runtime/context.rs:72:5
[INFO] [stdout]   33:     0x55a0d7a36636 - tokio::runtime::handle::Handle::enter::h0e063f45525827eb
[INFO] [stdout]                                at /opt/rustwide/cargo-home/registry/src/index.crates.io-6f17d22bba15001f/tokio-0.2.25/src/runtime/handle.rs:76:9
[INFO] [stdout]   34:     0x55a0d7a33737 - async_global_executor::tokio02::enter::h49c576e3bd5f7d35
[INFO] [stdout]                                at /opt/rustwide/cargo-home/registry/src/index.crates.io-6f17d22bba15001f/async-global-executor-2.1.0/src/tokio02.rs:5:5
[INFO] [stdout]   35:     0x55a0d79fd25f - async_global_executor::reactor::block_on::{{closure}}::hb2ba248a542f8efd
[INFO] [stdout]                                at /opt/rustwide/cargo-home/registry/src/index.crates.io-6f17d22bba15001f/async-global-executor-2.1.0/src/reactor.rs:9:18
[INFO] [stdout]   36:     0x55a0d79fcc66 - async_global_executor::reactor::block_on::ha4573c346bda6d0f
[INFO] [stdout]                                at /opt/rustwide/cargo-home/registry/src/index.crates.io-6f17d22bba15001f/async-global-executor-2.1.0/src/reactor.rs:12:5
[INFO] [stdout]   37:     0x55a0d79ff8f9 - async_global_executor::executor::block_on::{{closure}}::h19e037074c08e301
[INFO] [stdout]                                at /opt/rustwide/cargo-home/registry/src/index.crates.io-6f17d22bba15001f/async-global-executor-2.1.0/src/executor.rs:26:36
[INFO] [stdout]   38:     0x55a0d79f01e5 - std::thread::local::LocalKey<T>::try_with::h441aa9dcb4cac5ef
[INFO] [stdout]                                at /rustc/1b7dd2252b99671ce5d1cb9664c5f8636329436d/library/std/src/thread/local.rs:252:16
[INFO] [stdout]   39:     0x55a0d79ee48a - std::thread::local::LocalKey<T>::with::hd752945c459eed90
[INFO] [stdout]                                at /rustc/1b7dd2252b99671ce5d1cb9664c5f8636329436d/library/std/src/thread/local.rs:228:9
[INFO] [stdout]   40:     0x55a0d79ff6d6 - async_global_executor::executor::block_on::h1a59aac564c446a3
[INFO] [stdout]                                at /opt/rustwide/cargo-home/registry/src/index.crates.io-6f17d22bba15001f/async-global-executor-2.1.0/src/executor.rs:26:5
[INFO] [stdout]   41:     0x55a0d7a07680 - async_std::task::builder::Builder::blocking::{{closure}}::{{closure}}::he4642ada1daf3125
[INFO] [stdout]                                at /opt/rustwide/cargo-home/registry/src/index.crates.io-6f17d22bba15001f/async-std-1.11.0/src/task/builder.rs:171:25
[INFO] [stdout]   42:     0x55a0d7a28a6c - async_std::task::task_locals_wrapper::TaskLocalsWrapper::set_current::{{closure}}::h4449b716d38b37cd
[INFO] [stdout]                                at /opt/rustwide/cargo-home/registry/src/index.crates.io-6f17d22bba15001f/async-std-1.11.0/src/task/task_locals_wrapper.rs:60:13
[INFO] [stdout]   43:     0x55a0d79f2057 - std::thread::local::LocalKey<T>::try_with::h7a6e5c0d3a2b8c8e
[INFO] [stdout]                                at /rustc/1b7dd2252b99671ce5d1cb9664c5f8636329436d/library/std/src/thread/local.rs:252:16
[INFO] [stdout]   44:     0x55a0d79ee61a - std::thread::local::LocalKey<T>::with::he6c95b986c221794
[INFO] [stdout]                                at /rustc/1b7dd2252b99671ce5d1cb9664c5f8636329436d/library/std/src/thread/local.rs:228:9
[INFO] [stdout]   45:     0x55a0d7a28107 - async_std::task::task_locals_wrapper::TaskLocalsWrapper::set_current::h0eee4cfd40bc482e
[INFO] [stdout]                                at /opt/rustwide/cargo-home/registry/src/index.crates.io-6f17d22bba15001f/async-std-1.11.0/src/task/task_locals_wrapper.rs:55:9
[INFO] [stdout]   46:     0x55a0d7a06a4a - async_std::task::builder::Builder::blocking::{{closure}}::h68b064967452a995
[INFO] [stdout]                                at /opt/rustwide/cargo-home/registry/src/index.crates.io-6f17d22bba15001f/async-std-1.11.0/src/task/builder.rs:168:17
[INFO] [stdout]   47:     0x55a0d79f1785 - std::thread::local::LocalKey<T>::try_with::h6577756234976023
[INFO] [stdout]                                at /rustc/1b7dd2252b99671ce5d1cb9664c5f8636329436d/library/std/src/thread/local.rs:252:16
[INFO] [stdout]   48:     0x55a0d79edcda - std::thread::local::LocalKey<T>::with::h6929c06395b75da8
[INFO] [stdout]                                at /rustc/1b7dd2252b99671ce5d1cb9664c5f8636329436d/library/std/src/thread/local.rs:228:9
[INFO] [stdout]   49:     0x55a0d7a05adc - async_std::task::builder::Builder::blocking::ha74d34fbb6cbe89d
[INFO] [stdout]                                at /opt/rustwide/cargo-home/registry/src/index.crates.io-6f17d22bba15001f/async-std-1.11.0/src/task/builder.rs:161:9
[INFO] [stdout]   50:     0x55a0d79ff38e - async_std::task::block_on::block_on::hacfd444fcaf1be81
[INFO] [stdout]                                at /opt/rustwide/cargo-home/registry/src/index.crates.io-6f17d22bba15001f/async-std-1.11.0/src/task/block_on.rs:33:5
[INFO] [stdout]   51:     0x55a0d7a02bd9 - authifier::config::captcha::tests::it_accepts_if_hcaptcha::hfd8508084725cde2
[INFO] [stdout]                                at /opt/rustwide/workdir/crates/authifier/src/config/captcha.rs:74:5
[INFO] [stdout]   52:     0x55a0d7a02ba7 - authifier::config::captcha::tests::it_accepts_if_hcaptcha::{{closure}}::h5b8065344cbe2e3a
[INFO] [stdout]                                at /opt/rustwide/workdir/crates/authifier/src/config/captcha.rs:74:5
[INFO] [stdout]   53:     0x55a0d7a1a265 - core::ops::function::FnOnce::call_once::h8c8c88126efe2152
[INFO] [stdout]                                at /rustc/1b7dd2252b99671ce5d1cb9664c5f8636329436d/library/core/src/ops/function.rs:250:5
[INFO] [stdout]   54:     0x55a0d7bfba1f - core::ops::function::FnOnce::call_once::ha6a70e79f7481a7e
[INFO] [stdout]                                at /rustc/1b7dd2252b99671ce5d1cb9664c5f8636329436d/library/core/src/ops/function.rs:250:5
[INFO] [stdout]   55:     0x55a0d7bfba1f - test::__rust_begin_short_backtrace::hce33033019b61e69
[INFO] [stdout]                                at /rustc/1b7dd2252b99671ce5d1cb9664c5f8636329436d/library/test/src/lib.rs:655:18
[INFO] [stdout]   56:     0x55a0d7bc920c - test::run_test::{{closure}}::h858d3528838ae3e5
[INFO] [stdout]                                at /rustc/1b7dd2252b99671ce5d1cb9664c5f8636329436d/library/test/src/lib.rs:646:30
[INFO] [stdout]   57:     0x55a0d7bc920c - core::ops::function::FnOnce::call_once{{vtable.shim}}::he8ac2b00f01ae79e
[INFO] [stdout]                                at /rustc/1b7dd2252b99671ce5d1cb9664c5f8636329436d/library/core/src/ops/function.rs:250:5
[INFO] [stdout]   58:     0x55a0d7bfaaf6 - <alloc::boxed::Box<F,A> as core::ops::function::FnOnce<Args>>::call_once::h8093d25b522725ef
[INFO] [stdout]                                at /rustc/1b7dd2252b99671ce5d1cb9664c5f8636329436d/library/alloc/src/boxed.rs:1973:9
[INFO] [stdout]   59:     0x55a0d7bfaaf6 - <core::panic::unwind_safe::AssertUnwindSafe<F> as core::ops::function::FnOnce<()>>::call_once::h5c334c204e4a3913
[INFO] [stdout]                                at /rustc/1b7dd2252b99671ce5d1cb9664c5f8636329436d/library/core/src/panic/unwind_safe.rs:271:9
[INFO] [stdout]   60:     0x55a0d7bfaaf6 - std::panicking::try::do_call::ha8b740c7b9478074
[INFO] [stdout]                                at /rustc/1b7dd2252b99671ce5d1cb9664c5f8636329436d/library/std/src/panicking.rs:485:40
[INFO] [stdout]   61:     0x55a0d7bfaaf6 - std::panicking::try::h5d34f63d0e41b64e
[INFO] [stdout]                                at /rustc/1b7dd2252b99671ce5d1cb9664c5f8636329436d/library/std/src/panicking.rs:449:19
[INFO] [stdout]   62:     0x55a0d7bfaaf6 - std::panic::catch_unwind::hcfbb511e1aa7fc67
[INFO] [stdout]                                at /rustc/1b7dd2252b99671ce5d1cb9664c5f8636329436d/library/std/src/panic.rs:140:14
[INFO] [stdout]   63:     0x55a0d7bfaaf6 - test::run_test_in_process::h9abda90f802eaf21
[INFO] [stdout]                                at /rustc/1b7dd2252b99671ce5d1cb9664c5f8636329436d/library/test/src/lib.rs:678:27
[INFO] [stdout]   64:     0x55a0d7bfaaf6 - test::run_test::run_test_inner::{{closure}}::h0f058de91f6c6edf
[INFO] [stdout]                                at /rustc/1b7dd2252b99671ce5d1cb9664c5f8636329436d/library/test/src/lib.rs:572:39
[INFO] [stdout]   65:     0x55a0d7bc3a15 - test::run_test::run_test_inner::{{closure}}::h5ca48a4c59c6c1fb
[INFO] [stdout]                                at /rustc/1b7dd2252b99671ce5d1cb9664c5f8636329436d/library/test/src/lib.rs:599:37
[INFO] [stdout]   66:     0x55a0d7bc3a15 - std::sys_common::backtrace::__rust_begin_short_backtrace::h32bd51e1495d4a33
[INFO] [stdout]                                at /rustc/1b7dd2252b99671ce5d1cb9664c5f8636329436d/library/std/src/sys_common/backtrace.rs:134:18
[INFO] [stdout]   67:     0x55a0d7bc8f51 - std::thread::Builder::spawn_unchecked_::{{closure}}::{{closure}}::hc086fae9b128b2db
[INFO] [stdout]                                at /rustc/1b7dd2252b99671ce5d1cb9664c5f8636329436d/library/std/src/thread/mod.rs:526:17
[INFO] [stdout]   68:     0x55a0d7bc8f51 - <core::panic::unwind_safe::AssertUnwindSafe<F> as core::ops::function::FnOnce<()>>::call_once::hb66571888d270d43
[INFO] [stdout]                                at /rustc/1b7dd2252b99671ce5d1cb9664c5f8636329436d/library/core/src/panic/unwind_safe.rs:271:9
[INFO] [stdout]   69:     0x55a0d7bc8f51 - std::panicking::try::do_call::h4fa2ef4f6e51fecf
[INFO] [stdout]                                at /rustc/1b7dd2252b99671ce5d1cb9664c5f8636329436d/library/std/src/panicking.rs:485:40
[INFO] [stdout]   70:     0x55a0d7bc8f51 - std::panicking::try::h1e9e22b8584489b5
[INFO] [stdout]                                at /rustc/1b7dd2252b99671ce5d1cb9664c5f8636329436d/library/std/src/panicking.rs:449:19
[INFO] [stdout]   71:     0x55a0d7bc8f51 - std::panic::catch_unwind::h44698a3de0e0769e
[INFO] [stdout]                                at /rustc/1b7dd2252b99671ce5d1cb9664c5f8636329436d/library/std/src/panic.rs:140:14
[INFO] [stdout]   72:     0x55a0d7bc8f51 - std::thread::Builder::spawn_unchecked_::{{closure}}::h50153abde3fe239e
[INFO] [stdout]                                at /rustc/1b7dd2252b99671ce5d1cb9664c5f8636329436d/library/std/src/thread/mod.rs:525:30
[INFO] [stdout]   73:     0x55a0d7bc8f51 - core::ops::function::FnOnce::call_once{{vtable.shim}}::hbe5bbf6f38394364
[INFO] [stdout]                                at /rustc/1b7dd2252b99671ce5d1cb9664c5f8636329436d/library/core/src/ops/function.rs:250:5
[INFO] [stdout]   74:     0x55a0d80acd65 - <alloc::boxed::Box<F,A> as core::ops::function::FnOnce<Args>>::call_once::h0d83cb2920a49046
[INFO] [stdout]                                at /rustc/1b7dd2252b99671ce5d1cb9664c5f8636329436d/library/alloc/src/boxed.rs:1973:9
[INFO] [stdout]   75:     0x55a0d80acd65 - <alloc::boxed::Box<F,A> as core::ops::function::FnOnce<Args>>::call_once::hbe0a008aa7d9ef59
[INFO] [stdout]                                at /rustc/1b7dd2252b99671ce5d1cb9664c5f8636329436d/library/alloc/src/boxed.rs:1973:9
[INFO] [stdout]   76:     0x55a0d80acd65 - std::sys::unix::thread::Thread::new::thread_start::h3a466996bdf6b1f9
[INFO] [stdout]                                at /rustc/1b7dd2252b99671ce5d1cb9664c5f8636329436d/library/std/src/sys/unix/thread.rs:108:17
[INFO] [stdout]   77:     0x7f1a0948eb43 - <unknown>
[INFO] [stdout]   78:     0x7f1a0951fbb4 - __clone
[INFO] [stdout]   79:                0x0 - <unknown>
[INFO] [stdout] 
[INFO] [stdout] 
[INFO] [stdout] failures:
[INFO] [stdout]     config::captcha::tests::it_accepts_if_hcaptcha
[INFO] [stdout] 
[INFO] [stdout] test result: FAILED. 10 passed; 1 failed; 0 ignored; 0 measured; 0 filtered out; finished in 0.17s
[INFO] [stdout] 
[INFO] [stderr] error: test failed, to rerun pass `-p authifier --lib`
[INFO] running `Command { std: "docker" "inspect" "f8ac0414acc7998f169d37f8c17e878f13e34906b787d16e928386684143b4cf", kill_on_drop: false }`
[INFO] running `Command { std: "docker" "rm" "-f" "f8ac0414acc7998f169d37f8c17e878f13e34906b787d16e928386684143b4cf", kill_on_drop: false }`
[INFO] [stdout] f8ac0414acc7998f169d37f8c17e878f13e34906b787d16e928386684143b4cf
