[INFO] cloning repository https://github.com/inmemlab/memson
[INFO] running `Command { std: "git" "-c" "credential.helper=" "-c" "credential.helper=/workspace/cargo-home/bin/git-credential-null" "clone" "--bare" "https://github.com/inmemlab/memson" "/workspace/cache/git-repos/https%3A%2F%2Fgithub.com%2Finmemlab%2Fmemson", kill_on_drop: false }`
[INFO] [stderr] Cloning into bare repository '/workspace/cache/git-repos/https%3A%2F%2Fgithub.com%2Finmemlab%2Fmemson'...
[INFO] running `Command { std: "git" "rev-parse" "HEAD", kill_on_drop: false }`
[INFO] [stdout] 9b0051304b33d151b2c0e036602d12161c9ee932
[INFO] testing inmemlab/memson against 1.69.0 for beta-1.70-1
[INFO] running `Command { std: "git" "clone" "/workspace/cache/git-repos/https%3A%2F%2Fgithub.com%2Finmemlab%2Fmemson" "/workspace/builds/worker-1-tc1/source", kill_on_drop: false }`
[INFO] [stderr] Cloning into '/workspace/builds/worker-1-tc1/source'...
[INFO] [stderr] done.
[INFO] validating manifest of git repo https://github.com/inmemlab/memson on toolchain 1.69.0
[INFO] running `Command { std: CARGO_HOME="/workspace/cargo-home" RUSTUP_HOME="/workspace/rustup-home" "/workspace/cargo-home/bin/cargo" "+1.69.0" "metadata" "--manifest-path" "Cargo.toml" "--no-deps", kill_on_drop: false }`
[INFO] started tweaking git repo https://github.com/inmemlab/memson
[INFO] finished tweaking git repo https://github.com/inmemlab/memson
[INFO] tweaked toml for git repo https://github.com/inmemlab/memson written to /workspace/builds/worker-1-tc1/source/Cargo.toml
[INFO] crate git repo https://github.com/inmemlab/memson already has a lockfile, it will not be regenerated
[INFO] running `Command { std: CARGO_HOME="/workspace/cargo-home" RUSTUP_HOME="/workspace/rustup-home" "/workspace/cargo-home/bin/cargo" "+1.69.0" "fetch" "--manifest-path" "Cargo.toml", kill_on_drop: false }`
[INFO] running `Command { std: "docker" "create" "-v" "/var/lib/crater-agent-workspace/builds/worker-1-tc1/target:/opt/rustwide/target:rw,Z" "-v" "/var/lib/crater-agent-workspace/builds/worker-1-tc1/source:/opt/rustwide/workdir:ro,Z" "-v" "/var/lib/crater-agent-workspace/cargo-home:/opt/rustwide/cargo-home:ro,Z" "-v" "/var/lib/crater-agent-workspace/rustup-home:/opt/rustwide/rustup-home:ro,Z" "-e" "SOURCE_DIR=/opt/rustwide/workdir" "-e" "CARGO_TARGET_DIR=/opt/rustwide/target" "-e" "CARGO_HOME=/opt/rustwide/cargo-home" "-e" "RUSTUP_HOME=/opt/rustwide/rustup-home" "-w" "/opt/rustwide/workdir" "-m" "1610612736" "--user" "0:0" "--network" "none" "ghcr.io/rust-lang/crates-build-env/linux@sha256:5ff2268d62e97bff2cde7d5815dd6ed5b47097566f13b8d0ca110b04b60e07ed" "/opt/rustwide/cargo-home/bin/cargo" "+1.69.0" "metadata" "--no-deps" "--format-version=1", kill_on_drop: false }`
[INFO] [stdout] 9b33e17c9fdf9a9ec5b32c0135b1a71023e83d3bced8e84255bb6aa0279402e3
[INFO] running `Command { std: "docker" "start" "-a" "9b33e17c9fdf9a9ec5b32c0135b1a71023e83d3bced8e84255bb6aa0279402e3", kill_on_drop: false }`
[INFO] running `Command { std: "docker" "inspect" "9b33e17c9fdf9a9ec5b32c0135b1a71023e83d3bced8e84255bb6aa0279402e3", kill_on_drop: false }`
[INFO] running `Command { std: "docker" "rm" "-f" "9b33e17c9fdf9a9ec5b32c0135b1a71023e83d3bced8e84255bb6aa0279402e3", kill_on_drop: false }`
[INFO] [stdout] 9b33e17c9fdf9a9ec5b32c0135b1a71023e83d3bced8e84255bb6aa0279402e3
[INFO] running `Command { std: "docker" "create" "-v" "/var/lib/crater-agent-workspace/builds/worker-1-tc1/target:/opt/rustwide/target:rw,Z" "-v" "/var/lib/crater-agent-workspace/builds/worker-1-tc1/source:/opt/rustwide/workdir:ro,Z" "-v" "/var/lib/crater-agent-workspace/cargo-home:/opt/rustwide/cargo-home:ro,Z" "-v" "/var/lib/crater-agent-workspace/rustup-home:/opt/rustwide/rustup-home:ro,Z" "-e" "SOURCE_DIR=/opt/rustwide/workdir" "-e" "CARGO_TARGET_DIR=/opt/rustwide/target" "-e" "CARGO_INCREMENTAL=0" "-e" "RUST_BACKTRACE=full" "-e" "RUSTFLAGS=--cap-lints=warn" "-e" "RUSTDOCFLAGS=--cap-lints=warn" "-e" "CARGO_HOME=/opt/rustwide/cargo-home" "-e" "RUSTUP_HOME=/opt/rustwide/rustup-home" "-w" "/opt/rustwide/workdir" "-m" "1610612736" "--user" "0:0" "--network" "none" "ghcr.io/rust-lang/crates-build-env/linux@sha256:5ff2268d62e97bff2cde7d5815dd6ed5b47097566f13b8d0ca110b04b60e07ed" "/opt/rustwide/cargo-home/bin/cargo" "+1.69.0" "build" "--frozen" "--message-format=json", kill_on_drop: false }`
[INFO] [stdout] 66346ec296f14c82d28968699de29cbde16d73a5540ab1162d5dc545efe22f11
[INFO] running `Command { std: "docker" "start" "-a" "66346ec296f14c82d28968699de29cbde16d73a5540ab1162d5dc545efe22f11", kill_on_drop: false }`
[INFO] [stderr]    Compiling proc-macro2 v1.0.28
[INFO] [stderr]    Compiling unicode-xid v0.2.2
[INFO] [stderr]    Compiling syn v1.0.74
[INFO] [stderr]    Compiling autocfg v1.0.1
[INFO] [stderr]    Compiling version_check v0.9.3
[INFO] [stderr]    Compiling cfg-if v1.0.0
[INFO] [stderr]    Compiling libc v0.2.99
[INFO] [stderr]    Compiling memchr v2.4.1
[INFO] [stderr]    Compiling proc-macro-hack v0.5.19
[INFO] [stderr]    Compiling serde_derive v1.0.127
[INFO] [stderr]    Compiling futures-core v0.3.16
[INFO] [stderr]    Compiling log v0.4.14
[INFO] [stderr]    Compiling pin-project-lite v0.2.7
[INFO] [stderr]    Compiling lazy_static v1.4.0
[INFO] [stderr]    Compiling serde v1.0.127
[INFO] [stderr]    Compiling yansi v0.5.0
[INFO] [stderr]    Compiling bytes v1.0.1
[INFO] [stderr]    Compiling futures-sink v0.3.16
[INFO] [stderr]    Compiling futures-task v0.3.16
[INFO] [stderr]    Compiling futures-channel v0.3.16
[INFO] [stderr]    Compiling proc-macro-nested v0.1.7
[INFO] [stderr]    Compiling scopeguard v1.1.0
[INFO] [stderr]    Compiling proc-macro2-diagnostics v0.9.1
[INFO] [stderr]    Compiling standback v0.2.17
[INFO] [stderr]    Compiling futures-macro v0.3.16
[INFO] [stderr]    Compiling futures-util v0.3.16
[INFO] [stderr]    Compiling tokio v1.10.0
[INFO] [stderr]    Compiling futures-io v0.3.16
[INFO] [stderr]    Compiling pin-utils v0.1.0
[INFO] [stderr]    Compiling itoa v0.4.7
[INFO] [stderr]    Compiling once_cell v1.8.0
[INFO] [stderr]    Compiling slab v0.4.4
[INFO] [stderr]    Compiling fnv v1.0.7
[INFO] [stderr]    Compiling crossbeam-utils v0.8.5
[INFO] [stderr]    Compiling memoffset v0.6.4
[INFO] [stderr]    Compiling indexmap v1.7.0
[INFO] [stderr]    Compiling httparse v1.5.1
[INFO] [stderr]    Compiling const_fn v0.4.8
[INFO] [stderr]    Compiling uncased v0.9.6
[INFO] [stderr]    Compiling http v0.2.4
[INFO] [stderr]    Compiling time v0.2.27
[INFO] [stderr]    Compiling tracing-core v0.1.19
[INFO] [stderr]    Compiling instant v0.1.10
[INFO] [stderr]    Compiling crossbeam-epoch v0.9.5
[INFO] [stderr]    Compiling hashbrown v0.11.2
[INFO] [stderr]    Compiling smallvec v1.6.1
[INFO] [stderr]    Compiling num_cpus v1.13.0
[INFO] [stderr]    Compiling signal-hook-registry v1.4.0
[INFO] [stderr]    Compiling mio v0.7.13
[INFO] [stderr]    Compiling quote v1.0.9
[INFO] [stderr]    Compiling parking_lot_core v0.8.3
[INFO] [stderr]    Compiling tracing v0.1.26
[INFO] [stderr]    Compiling getrandom v0.2.3
[INFO] [stderr]    Compiling lock_api v0.4.4
[INFO] [stderr]    Compiling cookie v0.15.1
[INFO] [stderr]    Compiling inlinable_string v0.1.14
[INFO] [stderr]    Compiling bitflags v1.3.2
[INFO] [stderr]    Compiling try-lock v0.2.3
[INFO] [stderr]    Compiling ref-cast v1.0.6
[INFO] [stderr]    Compiling rand_core v0.6.3
[INFO] [stderr]    Compiling socket2 v0.4.1
[INFO] [stderr]    Compiling rayon-core v1.9.1
[INFO] [stderr]    Compiling want v0.3.0
[INFO] [stderr]    Compiling mime v0.3.16
[INFO] [stderr]    Compiling ppv-lite86 v0.2.10
[INFO] [stderr]    Compiling parking_lot v0.11.1
[INFO] [stderr]    Compiling tower-service v0.3.1
[INFO] [stderr]    Compiling either v1.6.1
[INFO] [stderr]    Compiling percent-encoding v2.1.0
[INFO] [stderr]    Compiling encoding_rs v0.8.28
[INFO] [stderr]    Compiling httpdate v1.0.1
[INFO] [stderr]    Compiling stable-pattern v0.1.0
[INFO] [stderr]    Compiling atomic v0.5.0
[INFO] [stderr]    Compiling figment v0.10.6
[INFO] [stderr]    Compiling multer v2.0.1
[INFO] [stderr]    Compiling state v0.5.2
[INFO] [stderr]    Compiling async-trait v0.1.51
[INFO] [stderr]    Compiling crc32fast v1.2.1
[INFO] [stderr]    Compiling unchecked-index v0.2.2
[INFO] [stderr]    Compiling rand_chacha v0.3.1
[INFO] [stderr]    Compiling ryu v1.0.5
[INFO] [stderr]    Compiling twoway v0.2.2
[INFO] [stderr]    Compiling crossbeam-deque v0.8.1
[INFO] [stderr]    Compiling crossbeam-channel v0.5.1
[INFO] [stderr]    Compiling rayon v1.5.1
[INFO] [stderr]    Compiling rocket v0.5.0-rc.1
[INFO] [stderr]    Compiling glob v0.3.0
[INFO] [stderr]    Compiling spin v0.9.2
[INFO] [stderr]    Compiling rand v0.8.4
[INFO] [stderr]    Compiling http-body v0.4.3
[INFO] [stderr]    Compiling remove_dir_all v0.5.3
[INFO] [stderr]    Compiling serde_json v1.0.66
[INFO] [stderr]    Compiling byteorder v1.4.3
[INFO] [stderr]    Compiling fs2 v0.4.3
[INFO] [stderr]    Compiling atty v0.2.14
[INFO] [stderr]    Compiling binascii v0.1.4
[INFO] [stderr]    Compiling fxhash v0.2.1
[INFO] [stderr]    Compiling sled v0.34.6
[INFO] [stderr]    Compiling tempfile v3.2.0
[INFO] [stderr]    Compiling devise_core v0.3.1
[INFO] [stderr]    Compiling tokio-macros v1.3.0
[INFO] [stderr]    Compiling time-macros-impl v0.1.2
[INFO] [stderr]    Compiling pear_codegen v0.2.3
[INFO] [stderr]    Compiling ref-cast-impl v1.0.6
[INFO] [stderr]    Compiling async-stream-impl v0.3.2
[INFO] [stderr]    Compiling devise_codegen v0.3.1
[INFO] [stderr]    Compiling async-stream v0.3.2
[INFO] [stderr]    Compiling time-macros v0.1.1
[INFO] [stderr]    Compiling devise v0.3.1
[INFO] [stderr]    Compiling pear v0.2.3
[INFO] [stderr]    Compiling futures-executor v0.3.16
[INFO] [stderr]    Compiling futures v0.3.16
[INFO] [stderr]    Compiling tokio-util v0.6.7
[INFO] [stderr]    Compiling tokio-stream v0.1.7
[INFO] [stderr]    Compiling toml v0.5.8
[INFO] [stderr]    Compiling ubyte v0.10.1
[INFO] [stderr]    Compiling bincode v1.3.3
[INFO] [stderr]    Compiling h2 v0.3.3
[INFO] [stderr]    Compiling hyper v0.14.11
[INFO] [stderr]    Compiling rocket_http v0.5.0-rc.1
[INFO] [stderr]    Compiling rocket_codegen v0.5.0-rc.1
[INFO] [stderr]    Compiling memson v0.1.0 (/opt/rustwide/workdir)
[INFO] [stderr]     Finished dev [unoptimized + debuginfo] target(s) in 48.14s
[INFO] [stderr] warning: the following packages contain code that will be rejected by a future version of Rust: ubyte v0.10.1
[INFO] [stderr]     Blocking waiting for file lock on package cache
[INFO] [stderr] note: to see what the problems were, use the option `--future-incompat-report`, or run `cargo report future-incompatibilities --id 1`
[INFO] running `Command { std: "docker" "inspect" "66346ec296f14c82d28968699de29cbde16d73a5540ab1162d5dc545efe22f11", kill_on_drop: false }`
[INFO] running `Command { std: "docker" "rm" "-f" "66346ec296f14c82d28968699de29cbde16d73a5540ab1162d5dc545efe22f11", kill_on_drop: false }`
[INFO] [stdout] 66346ec296f14c82d28968699de29cbde16d73a5540ab1162d5dc545efe22f11
[INFO] running `Command { std: "docker" "create" "-v" "/var/lib/crater-agent-workspace/builds/worker-1-tc1/target:/opt/rustwide/target:rw,Z" "-v" "/var/lib/crater-agent-workspace/builds/worker-1-tc1/source:/opt/rustwide/workdir:ro,Z" "-v" "/var/lib/crater-agent-workspace/cargo-home:/opt/rustwide/cargo-home:ro,Z" "-v" "/var/lib/crater-agent-workspace/rustup-home:/opt/rustwide/rustup-home:ro,Z" "-e" "SOURCE_DIR=/opt/rustwide/workdir" "-e" "CARGO_TARGET_DIR=/opt/rustwide/target" "-e" "CARGO_INCREMENTAL=0" "-e" "RUST_BACKTRACE=full" "-e" "RUSTFLAGS=--cap-lints=warn" "-e" "RUSTDOCFLAGS=--cap-lints=warn" "-e" "CARGO_HOME=/opt/rustwide/cargo-home" "-e" "RUSTUP_HOME=/opt/rustwide/rustup-home" "-w" "/opt/rustwide/workdir" "-m" "1610612736" "--user" "0:0" "--network" "none" "ghcr.io/rust-lang/crates-build-env/linux@sha256:5ff2268d62e97bff2cde7d5815dd6ed5b47097566f13b8d0ca110b04b60e07ed" "/opt/rustwide/cargo-home/bin/cargo" "+1.69.0" "test" "--frozen" "--no-run" "--message-format=json", kill_on_drop: false }`
[INFO] [stdout] 82019169ba34e1d7e4815734cd2a5809d779b01784de9a56472591b2d40cd0d4
[INFO] running `Command { std: "docker" "start" "-a" "82019169ba34e1d7e4815734cd2a5809d779b01784de9a56472591b2d40cd0d4", kill_on_drop: false }`
[INFO] [stderr]    Compiling assert_approx_eq v1.1.0
[INFO] [stderr]    Compiling memson v0.1.0 (/opt/rustwide/workdir)
[INFO] [stdout] warning: unused variable: `it`
[INFO] [stdout]    --> src/eval.rs:233:13
[INFO] [stdout]     |
[INFO] [stdout] 233 |         let it = "address.line1".split('.');
[INFO] [stdout]     |             ^^ help: if this is intentional, prefix it with an underscore: `_it`
[INFO] [stdout]     |
[INFO] [stdout]     = note: `#[warn(unused_variables)]` on by default
[INFO] [stdout] 
[INFO] [stdout] 
[INFO] [stdout] warning: 1 warning emitted
[INFO] [stdout] 
[INFO] [stdout] 
[INFO] [stderr]     Finished test [unoptimized + debuginfo] target(s) in 10.69s
[INFO] [stderr] warning: the following packages contain code that will be rejected by a future version of Rust: ubyte v0.10.1
[INFO] [stderr] note: to see what the problems were, use the option `--future-incompat-report`, or run `cargo report future-incompatibilities --id 1`
[INFO] running `Command { std: "docker" "inspect" "82019169ba34e1d7e4815734cd2a5809d779b01784de9a56472591b2d40cd0d4", kill_on_drop: false }`
[INFO] running `Command { std: "docker" "rm" "-f" "82019169ba34e1d7e4815734cd2a5809d779b01784de9a56472591b2d40cd0d4", kill_on_drop: false }`
[INFO] [stdout] 82019169ba34e1d7e4815734cd2a5809d779b01784de9a56472591b2d40cd0d4
[INFO] running `Command { std: "docker" "create" "-v" "/var/lib/crater-agent-workspace/builds/worker-1-tc1/target:/opt/rustwide/target:rw,Z" "-v" "/var/lib/crater-agent-workspace/builds/worker-1-tc1/source:/opt/rustwide/workdir:ro,Z" "-v" "/var/lib/crater-agent-workspace/cargo-home:/opt/rustwide/cargo-home:ro,Z" "-v" "/var/lib/crater-agent-workspace/rustup-home:/opt/rustwide/rustup-home:ro,Z" "-e" "SOURCE_DIR=/opt/rustwide/workdir" "-e" "CARGO_TARGET_DIR=/opt/rustwide/target" "-e" "CARGO_INCREMENTAL=0" "-e" "RUST_BACKTRACE=full" "-e" "RUSTFLAGS=--cap-lints=warn" "-e" "RUSTDOCFLAGS=--cap-lints=warn" "-e" "CARGO_HOME=/opt/rustwide/cargo-home" "-e" "RUSTUP_HOME=/opt/rustwide/rustup-home" "-w" "/opt/rustwide/workdir" "-m" "1610612736" "--user" "0:0" "--network" "none" "ghcr.io/rust-lang/crates-build-env/linux@sha256:5ff2268d62e97bff2cde7d5815dd6ed5b47097566f13b8d0ca110b04b60e07ed" "/opt/rustwide/cargo-home/bin/cargo" "+1.69.0" "test" "--frozen", kill_on_drop: false }`
[INFO] [stdout] 1b4c3c925b20fefc12ce98aca0914b96ee742efa8ae0c4feed660fa42c34ee38
[INFO] running `Command { std: "docker" "start" "-a" "1b4c3c925b20fefc12ce98aca0914b96ee742efa8ae0c4feed660fa42c34ee38", kill_on_drop: false }`
[INFO] [stderr] warning: unused variable: `it`
[INFO] [stderr]    --> src/eval.rs:233:13
[INFO] [stderr]     |
[INFO] [stderr] 233 |         let it = "address.line1".split('.');
[INFO] [stderr]     |             ^^ help: if this is intentional, prefix it with an underscore: `_it`
[INFO] [stderr]     |
[INFO] [stderr]     = note: `#[warn(unused_variables)]` on by default
[INFO] [stderr] 
[INFO] [stderr] warning: `memson` (bin "memson" test) generated 1 warning (run `cargo fix --bin "memson" --tests` to apply 1 suggestion)
[INFO] [stderr]     Finished test [unoptimized + debuginfo] target(s) in 0.14s
[INFO] [stderr] warning: the following packages contain code that will be rejected by a future version of Rust: ubyte v0.10.1
[INFO] [stderr] note: to see what the problems were, use the option `--future-incompat-report`, or run `cargo report future-incompatibilities --id 1`
[INFO] [stderr]      Running unittests src/main.rs (/opt/rustwide/target/debug/deps/memson-e870661ec5a2ce52)
[INFO] [stdout] 
[INFO] [stdout] running 187 tests
[INFO] [stdout] test apply::tests::apply_key_obj_not_found ... ok
[INFO] [stdout] test cmd::cmd_parse_key ... ok
[INFO] [stdout] test apply::tests::apply_key_obj ... ok
[INFO] [stdout] test cmd::cmd_parse_json_int ... ok
[INFO] [stdout] test cmd::cmd_parse_map ... ok
[INFO] [stdout] test cmd::cmd_parse_sort_ascend_arr ... ok
[INFO] [stdout] test cmd::cmd_parse_sort_descend ... ok
[INFO] [stdout] test cmd::cmd_parse_sort_ascend ... ok
[INFO] [stdout] test db::tests::clone_rows_ok ... ok
[INFO] [stdout] test cmd::cmd_parse_sum ... ok
[INFO] [stdout] test db::tests::json_div ... ok
[INFO] [stdout] test db::tests::eval_map_ok ... ok
[INFO] [stdout] test db::tests::eval_mul ... ok
[INFO] [stdout] test db::tests::eval_cmds ... ok
[INFO] [stdout] test cmd::cmd_parse_add ... ok
[INFO] [stdout] test cmd::cmd_parse_json_string ... ok
[INFO] [stdout] test db::tests::eval_set_get_ok ... ok
[INFO] [stdout] test db::tests::nested_get ... ok
[INFO] [stdout] test db::tests::eval_div ... ok
[INFO] [stdout] test db::tests::eval_sortby_ok ... ok
[INFO] [stdout] test db::tests::select_1_prop_query ... ok
[INFO] [stdout] test apply::tests::apply_key_arr_not_found ... ok
[INFO] [stdout] test db::tests::select_age_by_name_where_age_gt_20 ... ok
[INFO] [stdout] test db::tests::eval_get_string_err_not_found ... ok
[INFO] [stdout] test apply::tests::apply_key_arr ... ok
[INFO] [stdout] test db::tests::select_3_prop_query ... ok
[INFO] [stdout] test db::tests::select_all_from_orders ... ok
[INFO] [stdout] test db::tests::select_all_sort_by_name ... ok
[INFO] [stdout] test db::tests::select_all_from_orders_where_qty_gt_2 ... ok
[INFO] [stdout] test db::tests::select_all_sort_by_discount ... ok
[INFO] [stdout] test db::tests::select_all_sort_by_price ... ok
[INFO] [stdout] test db::tests::eval_filter_ok ... ok
[INFO] [stdout] test db::tests::select_age_job_by_name_where_age_gt_20 ... ok
[INFO] [stdout] test db::tests::select_all_query ... ok
[INFO] [stdout] test db::tests::select_all_where_lte_query_ok ... ok
[INFO] [stdout] test db::tests::select_all_where_neq_query_ok ... ok
[INFO] [stdout] test db::tests::select_all_by_name_where_age_gt_20 ... ok
[INFO] [stdout] test db::tests::select_all_where_eq_query ... ok
[INFO] [stdout] test db::tests::select_all_sort_by_time ... ok
[INFO] [stdout] test db::tests::select_all_where_gt_query_ok ... ok
[INFO] [stdout] test db::tests::select_age_by_name ... ok
[INFO] [stdout] test db::tests::select_all_sort_by_time_desc ... ok
[INFO] [stdout] test db::tests::select_count_age_by_name ... ok
[INFO] [stdout] test db::tests::select_all_sort_by_qty ... ok
[INFO] [stdout] test apply::tests::apply_eq_arr ... ok
[INFO] [stdout] test db::tests::select_count_discount_count_quantity_from_orders ... ok
[INFO] [stdout] test db::tests::select_customer_qty_discount_from_orders ... ok
[INFO] [stdout] test db::tests::select_all_where_lt_query_ok ... ok
[INFO] [stdout] test db::tests::select_empty_obj_where_age_gt_20 ... ok
[INFO] [stdout] test db::tests::select_customer_qty_from_orders ... ok
[INFO] [stdout] test db::tests::select_by_customer_from_orders ... ok
[INFO] [stdout] test db::tests::select_customer_from_orders ... ok
[INFO] [stdout] test db::tests::select_first_ok ... ok
[INFO] [stdout] test db::tests::select_dev_num_ok ... ok
[INFO] [stdout] test db::tests::select_first_age_by_name ... ok
[INFO] [stdout] test db::tests::select_empty_obj ... ok
[INFO] [stdout] test db::tests::select_get_age_where_age_gt_20 ... ok
[INFO] [stdout] test db::tests::select_first_time_last_time_by_customer_from_orders ... ok
[INFO] [stdout] test db::tests::select_avg_num_ok ... ok
[INFO] [stdout] test db::tests::json_mul ... ok
[INFO] [stdout] test db::tests::select_all_where_gte_query_ok ... ok
[INFO] [stdout] test db::tests::select_first_time_last_time_from_orders ... ok
[INFO] [stdout] test db::tests::select_last_age_by_name ... ok
[INFO] [stdout] test db::tests::select_all_where_and_gate_ok ... ok
[INFO] [stdout] test db::tests::select_max_num_ok ... ok
[INFO] [stdout] test db::tests::select_max_str_ok ... ok
[INFO] [stdout] test db::tests::select_from_orders_where_key_eq_discount ... ok
[INFO] [stdout] test db::tests::select_min_max_age_where_age_gt_20 ... ok
[INFO] [stdout] test db::tests::select_min_age_by_name ... ok
[INFO] [stdout] test db::tests::select_min_age_where_age_gt_20 ... ok
[INFO] [stdout] test db::tests::select_min_num_ok ... ok
[INFO] [stdout] test db::tests::select_max_age_by_name ... ok
[INFO] [stdout] test db::tests::select_last_ok ... ok
[INFO] [stdout] test db::tests::select_empty_keys_by_name ... ok
[INFO] [stdout] test db::tests::select_max_qty_by_customer_from_orders ... ok
[INFO] [stdout] test db::tests::select_max_unique_qty_by_customer_from_orders ... ok
[INFO] [stdout] test db::tests::select_max_age_where_age_gt_20 ... ok
[INFO] [stdout] test db::tests::select_order_value_by_customer_from_orders ... ok
[INFO] [stdout] test db::tests::select_name_by_age ... ok
[INFO] [stdout] test db::tests::select_mul_price_quantity_from_orders ... ok
[INFO] [stdout] test db::tests::select_order_volume_by_customer_from_orders ... ok
[INFO] [stdout] test db::tests::test_last ... ok
[INFO] [stdout] test db::tests::test_add ... ok
[INFO] [stdout] test db::tests::select_var_num_ok ... ok
[INFO] [stdout] test db::tests::select_sum_mul_price_quantity_from_orders ... ok
[INFO] [stdout] test eval::tests::eval_in ... ok
[INFO] [stdout] test eval::tests::test_eval_nested_key ... ok
[INFO] [stdout] test db::tests::select_unique_customer_from_orders ... ok
[INFO] [stdout] test db::tests::select_count_max_min_age_by_name ... ok
[INFO] [stdout] test db::tests::test_var ... ok
[INFO] [stdout] test inmem::tests::clone_rows_ok ... ok
[INFO] [stdout] test db::tests::select_sum_ok ... ok
[INFO] [stdout] test db::tests::test_max ... ok
[INFO] [stdout] test db::tests::test_first ... ok
[INFO] [stdout] test db::tests::test_get ... ok
[INFO] [stdout] test db::tests::test_dev ... ok
[INFO] [stdout] test db::tests::test_sub ... ok
[INFO] [stdout] test inmem::tests::eval_get_string_err_not_found ... ok
[INFO] [stdout] test inmem::tests::nested_get ... ok
[INFO] [stdout] test db::tests::test_min ... ok
[INFO] [stdout] test db::tests::test_avg ... ok
[INFO] [stdout] test db::tests::test_eval_key ... ok
[INFO] [stdout] test inmem::tests::eval_map_ok ... ok
[INFO] [stdout] test inmem::tests::select_age_by_name ... ok
[INFO] [stdout] test inmem::tests::select_3_prop_query ... ok
[INFO] [stdout] test inmem::tests::eval_cmds ... ok
[INFO] [stdout] test inmem::tests::eval_set_get_ok ... ok
[INFO] [stdout] test inmem::tests::eval_div ... ok
[INFO] [stdout] test inmem::tests::select_age_job_by_name_where_age_gt_20 ... ok
[INFO] [stdout] test inmem::tests::select_1_prop_query ... ok
[INFO] [stdout] test inmem::tests::select_all_by_name_where_age_gt_20 ... ok
[INFO] [stdout] test inmem::tests::json_mul ... ok
[INFO] [stdout] test inmem::tests::select_age_by_name_where_age_gt_20 ... ok
[INFO] [stdout] test inmem::tests::select_all_from_orders_where_qty_gt_2 ... ok
[INFO] [stdout] test inmem::tests::json_div ... ok
[INFO] [stdout] test inmem::tests::select_all_from_orders ... ok
[INFO] [stdout] test inmem::tests::eval_mul ... ok
[INFO] [stdout] test inmem::tests::select_all_query ... ok
[INFO] [stdout] test inmem::tests::select_all_sort_by_name ... ok
[INFO] [stdout] test inmem::tests::select_all_sort_by_qty ... ok
[INFO] [stdout] test inmem::tests::select_all_sort_by_price ... ok
[INFO] [stdout] test inmem::tests::select_all_sort_by_time ... ok
[INFO] [stdout] test inmem::tests::select_all_sort_by_discount ... ok
[INFO] [stdout] test inmem::tests::select_all_where_gt_query_ok ... ok
[INFO] [stdout] test inmem::tests::select_avg_num_ok ... ok
[INFO] [stdout] test inmem::tests::select_all_where_gte_query_ok ... ok
[INFO] [stdout] test inmem::tests::select_customer_qty_discount_from_orders ... ok
[INFO] [stdout] test inmem::tests::select_by_customer_from_orders ... ok
[INFO] [stdout] test inmem::tests::select_customer_from_orders ... ok
[INFO] [stdout] test inmem::tests::select_dev_num_ok ... ok
[INFO] [stdout] test inmem::tests::select_customer_qty_from_orders ... ok
[INFO] [stdout] test inmem::tests::select_all_where_lt_query_ok ... ok
[INFO] [stdout] test inmem::tests::select_all_where_lte_query_ok ... ok
[INFO] [stdout] test inmem::tests::select_all_sort_by_time_desc ... ok
[INFO] [stdout] test inmem::tests::select_all_where_eq_query ... ok
[INFO] [stdout] test inmem::tests::select_all_where_neq_query_ok ... ok
[INFO] [stdout] test inmem::tests::select_empty_obj_where_age_gt_20 ... ok
[INFO] [stdout] test inmem::tests::select_empty_obj ... ok
[INFO] [stdout] test inmem::tests::select_all_where_and_gate_ok ... ok
[INFO] [stdout] test inmem::tests::select_count_discount_count_quantity_from_orders ... ok
[INFO] [stdout] test inmem::tests::select_count_age_by_name ... ok
[INFO] [stdout] test inmem::tests::select_first_ok ... ok
[INFO] [stdout] test inmem::tests::select_get_age_where_age_gt_20 ... ok
[INFO] [stdout] test inmem::tests::select_first_time_last_time_by_customer_from_orders ... ok
[INFO] [stdout] test inmem::tests::select_max_num_ok ... ok
[INFO] [stdout] test inmem::tests::select_from_orders_where_key_eq_discount ... ok
[INFO] [stdout] test inmem::tests::select_first_age_by_name ... ok
[INFO] [stdout] test inmem::tests::select_max_age_where_age_gt_20 ... ok
[INFO] [stdout] test inmem::tests::select_empty_keys_by_name ... ok
[INFO] [stdout] test inmem::tests::select_count_max_min_age_by_name ... ok
[INFO] [stdout] test inmem::tests::select_min_num_ok ... ok
[INFO] [stdout] test inmem::tests::select_last_ok ... ok
[INFO] [stdout] test inmem::tests::select_max_str_ok ... ok
[INFO] [stdout] test inmem::tests::select_min_max_age_where_age_gt_20 ... ok
[INFO] [stdout] test inmem::tests::select_max_age_by_name ... ok
[INFO] [stdout] test inmem::tests::select_min_age_by_name ... ok
[INFO] [stdout] test inmem::tests::select_sum_ok ... ok
[INFO] [stdout] test inmem::tests::select_mul_price_quantity_from_orders ... ok
[INFO] [stdout] test inmem::tests::test_avg ... ok
[INFO] [stdout] test inmem::tests::select_var_num_ok ... ok
[INFO] [stdout] test inmem::tests::select_unique_customer_from_orders ... ok
[INFO] [stdout] test inmem::tests::test_dev ... ok
[INFO] [stdout] test inmem::tests::select_sum_mul_price_quantity_from_orders ... ok
[INFO] [stdout] test inmem::tests::test_key ... ok
[INFO] [stdout] test inmem::tests::test_min ... ok
[INFO] [stdout] test inmem::tests::test_add ... ok
[INFO] [stdout] test inmem::tests::select_first_time_last_time_from_orders ... ok
[INFO] [stdout] test inmem::tests::test_last ... ok
[INFO] [stdout] test inmem::tests::select_order_volume_by_customer_from_orders ... ok
[INFO] [stdout] test inmem::tests::test_sub ... ok
[INFO] [stdout] test json::tests::append_obj_ok ... ok
[INFO] [stdout] test json::tests::json_bar_ok ... ok
[INFO] [stdout] test json::tests::json_insert_arr ... ok
[INFO] [stdout] test json::tests::json_append_obj ... ok
[INFO] [stdout] test json::tests::json_get_arr_obj ... ok
[INFO] [stdout] test json::tests::json_sort_ok ... ok
[INFO] [stdout] test inmem::tests::test_var ... ok
[INFO] [stdout] test inmem::tests::test_first ... ok
[INFO] [stdout] test inmem::tests::select_name_by_age ... ok
[INFO] [stdout] test inmem::tests::test_eval_key ... ok
[INFO] [stdout] test inmem::tests::select_max_qty_by_customer_from_orders ... ok
[INFO] [stdout] test inmem::tests::select_order_value_by_customer_from_orders ... ok
[INFO] [stdout] test inmem::tests::select_last_age_by_name ... ok
[INFO] [stdout] test inmem::tests::select_max_unique_qty_by_customer_from_orders ... ok
[INFO] [stdout] test inmem::tests::select_min_age_where_age_gt_20 ... ok
[INFO] [stdout] test db::tests::load_data ... FAILED
[INFO] [stdout] test inmem::tests::test_max ... ok
[INFO] [stdout] 
[INFO] [stdout] failures:
[INFO] [stdout] 
[INFO] [stdout] ---- db::tests::load_data stdout ----
[INFO] [stdout] thread 'db::tests::load_data' panicked at 'called `Result::unwrap()` on an `Err` value: BadIO', src/db.rs:351:50
[INFO] [stdout] stack backtrace:
[INFO] [stdout]    0:     0x556010a9893a - std::backtrace_rs::backtrace::libunwind::trace::ha9053a9a07ca49cb
[INFO] [stdout]                                at /rustc/84c898d65adf2f39a5a98507f1fe0ce10a2b8dbc/library/std/src/../../backtrace/src/backtrace/libunwind.rs:93:5
[INFO] [stdout]    1:     0x556010a9893a - std::backtrace_rs::backtrace::trace_unsynchronized::h9c2852a457ad564e
[INFO] [stdout]                                at /rustc/84c898d65adf2f39a5a98507f1fe0ce10a2b8dbc/library/std/src/../../backtrace/src/backtrace/mod.rs:66:5
[INFO] [stdout]    2:     0x556010a9893a - std::sys_common::backtrace::_print_fmt::h457936fbfaa0070f
[INFO] [stdout]                                at /rustc/84c898d65adf2f39a5a98507f1fe0ce10a2b8dbc/library/std/src/sys_common/backtrace.rs:65:5
[INFO] [stdout]    3:     0x556010a9893a - <std::sys_common::backtrace::_print::DisplayBacktrace as core::fmt::Display>::fmt::h5779d7bf7f70cb0c
[INFO] [stdout]                                at /rustc/84c898d65adf2f39a5a98507f1fe0ce10a2b8dbc/library/std/src/sys_common/backtrace.rs:44:22
[INFO] [stdout]    4:     0x556010abe50e - core::fmt::write::h5a4baaff1bcd3eb5
[INFO] [stdout]                                at /rustc/84c898d65adf2f39a5a98507f1fe0ce10a2b8dbc/library/core/src/fmt/mod.rs:1232:17
[INFO] [stdout]    5:     0x556010a95565 - std::io::Write::write_fmt::h478f79c628ef31d1
[INFO] [stdout]                                at /rustc/84c898d65adf2f39a5a98507f1fe0ce10a2b8dbc/library/std/src/io/mod.rs:1684:15
[INFO] [stdout]    6:     0x556010a98705 - std::sys_common::backtrace::_print::h5fcdc36060f177e8
[INFO] [stdout]                                at /rustc/84c898d65adf2f39a5a98507f1fe0ce10a2b8dbc/library/std/src/sys_common/backtrace.rs:47:5
[INFO] [stdout]    7:     0x556010a98705 - std::sys_common::backtrace::print::h54ca9458b876c8bf
[INFO] [stdout]                                at /rustc/84c898d65adf2f39a5a98507f1fe0ce10a2b8dbc/library/std/src/sys_common/backtrace.rs:34:9
[INFO] [stdout]    8:     0x556010a9a4cf - std::panicking::default_hook::{{closure}}::hbe471161c7664ed6
[INFO] [stdout]                                at /rustc/84c898d65adf2f39a5a98507f1fe0ce10a2b8dbc/library/std/src/panicking.rs:271:22
[INFO] [stdout]    9:     0x556010a9a18f - std::panicking::default_hook::ha3500da57aa4ac4f
[INFO] [stdout]                                at /rustc/84c898d65adf2f39a5a98507f1fe0ce10a2b8dbc/library/std/src/panicking.rs:287:9
[INFO] [stdout]   10:     0x5560108028e7 - <alloc::boxed::Box<F,A> as core::ops::function::Fn<Args>>::call::hdf1b89dd137ece34
[INFO] [stdout]                                at /rustc/84c898d65adf2f39a5a98507f1fe0ce10a2b8dbc/library/alloc/src/boxed.rs:2001:9
[INFO] [stdout]   11:     0x5560108028e7 - test::test_main::{{closure}}::h9081a79f20e75698
[INFO] [stdout]                                at /rustc/84c898d65adf2f39a5a98507f1fe0ce10a2b8dbc/library/test/src/lib.rs:135:21
[INFO] [stdout]   12:     0x556010a9abfd - <alloc::boxed::Box<F,A> as core::ops::function::Fn<Args>>::call::h6507bddc3eebb4a5
[INFO] [stdout]                                at /rustc/84c898d65adf2f39a5a98507f1fe0ce10a2b8dbc/library/alloc/src/boxed.rs:2001:9
[INFO] [stdout]   13:     0x556010a9abfd - std::panicking::rust_panic_with_hook::h50c09d000dc561d2
[INFO] [stdout]                                at /rustc/84c898d65adf2f39a5a98507f1fe0ce10a2b8dbc/library/std/src/panicking.rs:696:13
[INFO] [stdout]   14:     0x556010a9a979 - std::panicking::begin_panic_handler::{{closure}}::h9e2b2176e00e0d9c
[INFO] [stdout]                                at /rustc/84c898d65adf2f39a5a98507f1fe0ce10a2b8dbc/library/std/src/panicking.rs:583:13
[INFO] [stdout]   15:     0x556010a98da6 - std::sys_common::backtrace::__rust_end_short_backtrace::h5739b8e512c09d02
[INFO] [stdout]                                at /rustc/84c898d65adf2f39a5a98507f1fe0ce10a2b8dbc/library/std/src/sys_common/backtrace.rs:150:18
[INFO] [stdout]   16:     0x556010a9a682 - rust_begin_unwind
[INFO] [stdout]                                at /rustc/84c898d65adf2f39a5a98507f1fe0ce10a2b8dbc/library/std/src/panicking.rs:579:5
[INFO] [stdout]   17:     0x5560105567a3 - core::panicking::panic_fmt::hf33a1475b4dc5c3e
[INFO] [stdout]                                at /rustc/84c898d65adf2f39a5a98507f1fe0ce10a2b8dbc/library/core/src/panicking.rs:64:14
[INFO] [stdout]   18:     0x556010556c53 - core::result::unwrap_failed::hdff5465d74574b44
[INFO] [stdout]                                at /rustc/84c898d65adf2f39a5a98507f1fe0ce10a2b8dbc/library/core/src/result.rs:1750:5
[INFO] [stdout]   19:     0x5560106a6ffb - core::result::Result<T,E>::unwrap::h38be3ccf973f0302
[INFO] [stdout]                                at /rustc/84c898d65adf2f39a5a98507f1fe0ce10a2b8dbc/library/core/src/result.rs:1090:23
[INFO] [stdout]   20:     0x55601055f1b3 - memson::db::tests::load_data::hfab07bb49656da77
[INFO] [stdout]                                at /opt/rustwide/workdir/src/db.rs:351:29
[INFO] [stdout]   21:     0x55601055d8b7 - memson::db::tests::load_data::{{closure}}::h41a8542d3df46ad8
[INFO] [stdout]                                at /opt/rustwide/workdir/src/db.rs:341:20
[INFO] [stdout]   22:     0x5560107266d5 - core::ops::function::FnOnce::call_once::h2dc2433cb5f6216b
[INFO] [stdout]                                at /rustc/84c898d65adf2f39a5a98507f1fe0ce10a2b8dbc/library/core/src/ops/function.rs:250:5
[INFO] [stdout]   23:     0x556010807ccf - core::ops::function::FnOnce::call_once::h7d969581be7d0075
[INFO] [stdout]                                at /rustc/84c898d65adf2f39a5a98507f1fe0ce10a2b8dbc/library/core/src/ops/function.rs:250:5
[INFO] [stdout]   24:     0x556010807ccf - test::__rust_begin_short_backtrace::hca25a52684e56655
[INFO] [stdout]                                at /rustc/84c898d65adf2f39a5a98507f1fe0ce10a2b8dbc/library/test/src/lib.rs:656:18
[INFO] [stdout]   25:     0x5560107d92ec - test::run_test::{{closure}}::ha8ac744c4af1a4bb
[INFO] [stdout]                                at /rustc/84c898d65adf2f39a5a98507f1fe0ce10a2b8dbc/library/test/src/lib.rs:647:30
[INFO] [stdout]   26:     0x5560107d92ec - core::ops::function::FnOnce::call_once{{vtable.shim}}::h7b411a9ed45bdecf
[INFO] [stdout]                                at /rustc/84c898d65adf2f39a5a98507f1fe0ce10a2b8dbc/library/core/src/ops/function.rs:250:5
[INFO] [stdout]   27:     0x556010806c96 - <alloc::boxed::Box<F,A> as core::ops::function::FnOnce<Args>>::call_once::hd05328869a8ed200
[INFO] [stdout]                                at /rustc/84c898d65adf2f39a5a98507f1fe0ce10a2b8dbc/library/alloc/src/boxed.rs:1987:9
[INFO] [stdout]   28:     0x556010806c96 - <core::panic::unwind_safe::AssertUnwindSafe<F> as core::ops::function::FnOnce<()>>::call_once::h0c601ce20bd5b2be
[INFO] [stdout]                                at /rustc/84c898d65adf2f39a5a98507f1fe0ce10a2b8dbc/library/core/src/panic/unwind_safe.rs:271:9
[INFO] [stdout]   29:     0x556010806c96 - std::panicking::try::do_call::ha4be5c164fe30854
[INFO] [stdout]                                at /rustc/84c898d65adf2f39a5a98507f1fe0ce10a2b8dbc/library/std/src/panicking.rs:487:40
[INFO] [stdout]   30:     0x556010806c96 - std::panicking::try::h604546f3609af05f
[INFO] [stdout]                                at /rustc/84c898d65adf2f39a5a98507f1fe0ce10a2b8dbc/library/std/src/panicking.rs:451:19
[INFO] [stdout]   31:     0x556010806c96 - std::panic::catch_unwind::h5bfa8afe44c9c2f9
[INFO] [stdout]                                at /rustc/84c898d65adf2f39a5a98507f1fe0ce10a2b8dbc/library/std/src/panic.rs:140:14
[INFO] [stdout]   32:     0x556010806c96 - test::run_test_in_process::hd50dee55dd63e6aa
[INFO] [stdout]                                at /rustc/84c898d65adf2f39a5a98507f1fe0ce10a2b8dbc/library/test/src/lib.rs:679:27
[INFO] [stdout]   33:     0x556010806c96 - test::run_test::run_test_inner::{{closure}}::h4aa0f433aa85cea8
[INFO] [stdout]                                at /rustc/84c898d65adf2f39a5a98507f1fe0ce10a2b8dbc/library/test/src/lib.rs:573:39
[INFO] [stdout]   34:     0x5560107d3961 - test::run_test::run_test_inner::{{closure}}::had56431adf24b4d6
[INFO] [stdout]                                at /rustc/84c898d65adf2f39a5a98507f1fe0ce10a2b8dbc/library/test/src/lib.rs:600:37
[INFO] [stdout]   35:     0x5560107d3961 - std::sys_common::backtrace::__rust_begin_short_backtrace::ha8d9890e0c73bf13
[INFO] [stdout]                                at /rustc/84c898d65adf2f39a5a98507f1fe0ce10a2b8dbc/library/std/src/sys_common/backtrace.rs:134:18
[INFO] [stdout]   36:     0x5560107d937b - std::thread::Builder::spawn_unchecked_::{{closure}}::{{closure}}::h251832bcb4a95327
[INFO] [stdout]                                at /rustc/84c898d65adf2f39a5a98507f1fe0ce10a2b8dbc/library/std/src/thread/mod.rs:560:17
[INFO] [stdout]   37:     0x5560107d937b - <core::panic::unwind_safe::AssertUnwindSafe<F> as core::ops::function::FnOnce<()>>::call_once::h8fdff598fa414831
[INFO] [stdout]                                at /rustc/84c898d65adf2f39a5a98507f1fe0ce10a2b8dbc/library/core/src/panic/unwind_safe.rs:271:9
[INFO] [stdout]   38:     0x5560107d937b - std::panicking::try::do_call::h455dd2f7764a950f
[INFO] [stdout]                                at /rustc/84c898d65adf2f39a5a98507f1fe0ce10a2b8dbc/library/std/src/panicking.rs:487:40
[INFO] [stdout]   39:     0x5560107d937b - std::panicking::try::had6f23b7b73ae72a
[INFO] [stdout]                                at /rustc/84c898d65adf2f39a5a98507f1fe0ce10a2b8dbc/library/std/src/panicking.rs:451:19
[INFO] [stdout]   40:     0x5560107d937b - std::panic::catch_unwind::ha6a5ca3915b4dad0
[INFO] [stdout]                                at /rustc/84c898d65adf2f39a5a98507f1fe0ce10a2b8dbc/library/std/src/panic.rs:140:14
[INFO] [stdout]   41:     0x5560107d937b - std::thread::Builder::spawn_unchecked_::{{closure}}::h883b72ef75da6231
[INFO] [stdout]                                at /rustc/84c898d65adf2f39a5a98507f1fe0ce10a2b8dbc/library/std/src/thread/mod.rs:559:30
[INFO] [stdout]   42:     0x5560107d937b - core::ops::function::FnOnce::call_once{{vtable.shim}}::hb7dff73dc8bd2ccb
[INFO] [stdout]                                at /rustc/84c898d65adf2f39a5a98507f1fe0ce10a2b8dbc/library/core/src/ops/function.rs:250:5
[INFO] [stdout]   43:     0x556010aa0033 - <alloc::boxed::Box<F,A> as core::ops::function::FnOnce<Args>>::call_once::h39990b24eedef2ab
[INFO] [stdout]                                at /rustc/84c898d65adf2f39a5a98507f1fe0ce10a2b8dbc/library/alloc/src/boxed.rs:1987:9
[INFO] [stdout]   44:     0x556010aa0033 - <alloc::boxed::Box<F,A> as core::ops::function::FnOnce<Args>>::call_once::h01a027258444143b
[INFO] [stdout]                                at /rustc/84c898d65adf2f39a5a98507f1fe0ce10a2b8dbc/library/alloc/src/boxed.rs:1987:9
[INFO] [stdout]   45:     0x556010aa0033 - std::sys::unix::thread::Thread::new::thread_start::ha4f1cdd9c25884ba
[INFO] [stdout]                                at /rustc/84c898d65adf2f39a5a98507f1fe0ce10a2b8dbc/library/std/src/sys/unix/thread.rs:108:17
[INFO] [stdout]   46:     0x7f6b304c3b43 - <unknown>
[INFO] [stdout]   47:     0x7f6b30554bb4 - __clone
[INFO] [stdout]   48:                0x0 - <unknown>
[INFO] [stdout] 
[INFO] [stdout] 
[INFO] [stdout] failures:
[INFO] [stdout]     db::tests::load_data
[INFO] [stdout] 
[INFO] [stdout] test result: FAILED. 186 passed; 1 failed; 0 ignored; 0 measured; 0 filtered out; finished in 0.59s
[INFO] [stdout] 
[INFO] [stderr] error: test failed, to rerun pass `--bin memson`
[INFO] running `Command { std: "docker" "inspect" "1b4c3c925b20fefc12ce98aca0914b96ee742efa8ae0c4feed660fa42c34ee38", kill_on_drop: false }`
[INFO] running `Command { std: "docker" "rm" "-f" "1b4c3c925b20fefc12ce98aca0914b96ee742efa8ae0c4feed660fa42c34ee38", kill_on_drop: false }`
[INFO] [stdout] 1b4c3c925b20fefc12ce98aca0914b96ee742efa8ae0c4feed660fa42c34ee38
