[INFO] cloning repository https://github.com/indoor-analytics/wifi_tracking_api
[INFO] running `Command { std: "git" "-c" "credential.helper=" "-c" "credential.helper=/workspace/cargo-home/bin/git-credential-null" "clone" "--bare" "https://github.com/indoor-analytics/wifi_tracking_api" "/workspace/cache/git-repos/https%3A%2F%2Fgithub.com%2Findoor-analytics%2Fwifi_tracking_api", kill_on_drop: false }`
[INFO] [stderr] Cloning into bare repository '/workspace/cache/git-repos/https%3A%2F%2Fgithub.com%2Findoor-analytics%2Fwifi_tracking_api'...
[INFO] running `Command { std: "git" "rev-parse" "HEAD", kill_on_drop: false }`
[INFO] [stdout] 6e841fbf0e83c88b24882ef84d0f184db8a4d6c5
[INFO] testing indoor-analytics/wifi_tracking_api against beta-2023-04-20 for beta-1.70-1
[INFO] running `Command { std: "git" "clone" "/workspace/cache/git-repos/https%3A%2F%2Fgithub.com%2Findoor-analytics%2Fwifi_tracking_api" "/workspace/builds/worker-7-tc2/source", kill_on_drop: false }`
[INFO] [stderr] Cloning into '/workspace/builds/worker-7-tc2/source'...
[INFO] [stderr] done.
[INFO] validating manifest of git repo https://github.com/indoor-analytics/wifi_tracking_api on toolchain beta-2023-04-20
[INFO] running `Command { std: CARGO_HOME="/workspace/cargo-home" RUSTUP_HOME="/workspace/rustup-home" "/workspace/cargo-home/bin/cargo" "+beta-2023-04-20" "metadata" "--manifest-path" "Cargo.toml" "--no-deps", kill_on_drop: false }`
[INFO] started tweaking git repo https://github.com/indoor-analytics/wifi_tracking_api
[INFO] finished tweaking git repo https://github.com/indoor-analytics/wifi_tracking_api
[INFO] tweaked toml for git repo https://github.com/indoor-analytics/wifi_tracking_api written to /workspace/builds/worker-7-tc2/source/Cargo.toml
[INFO] crate git repo https://github.com/indoor-analytics/wifi_tracking_api already has a lockfile, it will not be regenerated
[INFO] running `Command { std: CARGO_HOME="/workspace/cargo-home" RUSTUP_HOME="/workspace/rustup-home" "/workspace/cargo-home/bin/cargo" "+beta-2023-04-20" "fetch" "--manifest-path" "Cargo.toml", kill_on_drop: false }`
[INFO] running `Command { std: "docker" "create" "-v" "/var/lib/crater-agent-workspace/builds/worker-7-tc2/target:/opt/rustwide/target:rw,Z" "-v" "/var/lib/crater-agent-workspace/builds/worker-7-tc2/source:/opt/rustwide/workdir:ro,Z" "-v" "/var/lib/crater-agent-workspace/cargo-home:/opt/rustwide/cargo-home:ro,Z" "-v" "/var/lib/crater-agent-workspace/rustup-home:/opt/rustwide/rustup-home:ro,Z" "-e" "SOURCE_DIR=/opt/rustwide/workdir" "-e" "CARGO_TARGET_DIR=/opt/rustwide/target" "-e" "CARGO_HOME=/opt/rustwide/cargo-home" "-e" "RUSTUP_HOME=/opt/rustwide/rustup-home" "-w" "/opt/rustwide/workdir" "-m" "1610612736" "--user" "0:0" "--network" "none" "ghcr.io/rust-lang/crates-build-env/linux@sha256:5ff2268d62e97bff2cde7d5815dd6ed5b47097566f13b8d0ca110b04b60e07ed" "/opt/rustwide/cargo-home/bin/cargo" "+beta-2023-04-20" "metadata" "--no-deps" "--format-version=1", kill_on_drop: false }`
[INFO] [stdout] 4c07566de37bff37ddc2c752cd8cd91f216e35b7863895fec40df665ba1e2c21
[INFO] running `Command { std: "docker" "start" "-a" "4c07566de37bff37ddc2c752cd8cd91f216e35b7863895fec40df665ba1e2c21", kill_on_drop: false }`
[INFO] running `Command { std: "docker" "inspect" "4c07566de37bff37ddc2c752cd8cd91f216e35b7863895fec40df665ba1e2c21", kill_on_drop: false }`
[INFO] running `Command { std: "docker" "rm" "-f" "4c07566de37bff37ddc2c752cd8cd91f216e35b7863895fec40df665ba1e2c21", kill_on_drop: false }`
[INFO] [stdout] 4c07566de37bff37ddc2c752cd8cd91f216e35b7863895fec40df665ba1e2c21
[INFO] running `Command { std: "docker" "create" "-v" "/var/lib/crater-agent-workspace/builds/worker-7-tc2/target:/opt/rustwide/target:rw,Z" "-v" "/var/lib/crater-agent-workspace/builds/worker-7-tc2/source:/opt/rustwide/workdir:ro,Z" "-v" "/var/lib/crater-agent-workspace/cargo-home:/opt/rustwide/cargo-home:ro,Z" "-v" "/var/lib/crater-agent-workspace/rustup-home:/opt/rustwide/rustup-home:ro,Z" "-e" "SOURCE_DIR=/opt/rustwide/workdir" "-e" "CARGO_TARGET_DIR=/opt/rustwide/target" "-e" "CARGO_INCREMENTAL=0" "-e" "RUST_BACKTRACE=full" "-e" "RUSTFLAGS=--cap-lints=warn" "-e" "RUSTDOCFLAGS=--cap-lints=warn" "-e" "CARGO_HOME=/opt/rustwide/cargo-home" "-e" "RUSTUP_HOME=/opt/rustwide/rustup-home" "-w" "/opt/rustwide/workdir" "-m" "1610612736" "--user" "0:0" "--network" "none" "ghcr.io/rust-lang/crates-build-env/linux@sha256:5ff2268d62e97bff2cde7d5815dd6ed5b47097566f13b8d0ca110b04b60e07ed" "/opt/rustwide/cargo-home/bin/cargo" "+beta-2023-04-20" "build" "--frozen" "--message-format=json", kill_on_drop: false }`
[INFO] [stdout] c29662f9cfa1328a102566122a02b98c3e49e26d51ccbbe526b73b29a84831e4
[INFO] running `Command { std: "docker" "start" "-a" "c29662f9cfa1328a102566122a02b98c3e49e26d51ccbbe526b73b29a84831e4", kill_on_drop: false }`
[INFO] [stderr]    Compiling cfg-if v1.0.0
[INFO] [stderr]    Compiling libc v0.2.113
[INFO] [stderr]    Compiling proc-macro2 v1.0.36
[INFO] [stderr]    Compiling syn v1.0.86
[INFO] [stderr]    Compiling version_check v0.9.4
[INFO] [stderr]    Compiling log v0.4.14
[INFO] [stderr]    Compiling bytes v1.1.0
[INFO] [stderr]    Compiling memchr v2.4.1
[INFO] [stderr]    Compiling itoa v1.0.1
[INFO] [stderr]    Compiling parking_lot_core v0.8.5
[INFO] [stderr]    Compiling futures-core v0.3.19
[INFO] [stderr]    Compiling pin-project-lite v0.2.8
[INFO] [stderr]    Compiling typenum v1.15.0
[INFO] [stderr]    Compiling generic-array v0.14.5
[INFO] [stderr]    Compiling instant v0.1.12
[INFO] [stderr]    Compiling smallvec v1.8.0
[INFO] [stderr]    Compiling fnv v1.0.7
[INFO] [stderr]    Compiling scopeguard v1.1.0
[INFO] [stderr]    Compiling lock_api v0.4.5
[INFO] [stderr]    Compiling http v0.2.6
[INFO] [stderr]    Compiling unicase v2.6.0
[INFO] [stderr]    Compiling quote v1.0.15
[INFO] [stderr]    Compiling httparse v1.5.1
[INFO] [stderr]    Compiling num_cpus v1.13.1
[INFO] [stderr]    Compiling mio v0.7.14
[INFO] [stderr]    Compiling signal-hook-registry v1.4.0
[INFO] [stderr]    Compiling getrandom v0.2.4
[INFO] [stderr]    Compiling parking_lot v0.11.2
[INFO] [stderr]    Compiling futures-sink v0.3.19
[INFO] [stderr]    Compiling matches v0.1.9
[INFO] [stderr]    Compiling once_cell v1.9.0
[INFO] [stderr]    Compiling futures-task v0.3.19
[INFO] [stderr]    Compiling tinyvec_macros v0.1.0
[INFO] [stderr]    Compiling tinyvec v1.5.1
[INFO] [stderr]    Compiling rand_core v0.6.3
[INFO] [stderr]    Compiling serde_derive v1.0.135
[INFO] [stderr]    Compiling autocfg v1.0.1
[INFO] [stderr]    Compiling futures-util v0.3.19
[INFO] [stderr]    Compiling percent-encoding v2.1.0
[INFO] [stderr]    Compiling ppv-lite86 v0.2.16
[INFO] [stderr]    Compiling form_urlencoded v1.0.1
[INFO] [stderr]    Compiling digest v0.9.0
[INFO] [stderr]    Compiling indexmap v1.8.0
[INFO] [stderr]    Compiling block-buffer v0.9.0
[INFO] [stderr]    Compiling rand_chacha v0.3.1
[INFO] [stderr]    Compiling pin-utils v0.1.0
[INFO] [stderr]    Compiling unicode-bidi v0.3.7
[INFO] [stderr]    Compiling slab v0.4.5
[INFO] [stderr]    Compiling unicode-normalization v0.1.19
[INFO] [stderr]    Compiling lazy_static v1.4.0
[INFO] [stderr]    Compiling cpufeatures v0.2.1
[INFO] [stderr]    Compiling opaque-debug v0.3.0
[INFO] [stderr]    Compiling serde v1.0.135
[INFO] [stderr]    Compiling sha-1 v0.9.8
[INFO] [stderr]    Compiling tracing-core v0.1.21
[INFO] [stderr]    Compiling rand v0.8.4
[INFO] [stderr]    Compiling mime_guess v2.0.3
[INFO] [stderr]    Compiling base64 v0.13.0
[INFO] [stderr]    Compiling idna v0.2.3
[INFO] [stderr]    Compiling futures-channel v0.3.19
[INFO] [stderr]    Compiling mime v0.3.16
[INFO] [stderr]    Compiling hashbrown v0.11.2
[INFO] [stderr]    Compiling tracing v0.1.29
[INFO] [stderr]    Compiling try-lock v0.2.3
[INFO] [stderr]    Compiling remove_dir_all v0.5.3
[INFO] [stderr]    Compiling ryu v1.0.9
[INFO] [stderr]    Compiling url v2.2.2
[INFO] [stderr]    Compiling fastrand v1.7.0
[INFO] [stderr]    Compiling serde_json v1.0.78
[INFO] [stderr]    Compiling utf-8 v0.7.6
[INFO] [stderr]    Compiling safemem v0.3.3
[INFO] [stderr]    Compiling byteorder v1.4.3
[INFO] [stderr]    Compiling httpdate v1.0.2
[INFO] [stderr]    Compiling buf_redux v0.8.4
[INFO] [stderr]    Compiling tempfile v3.3.0
[INFO] [stderr]    Compiling want v0.3.0
[INFO] [stderr]    Compiling http-body v0.4.4
[INFO] [stderr]    Compiling headers-core v0.2.0
[INFO] [stderr]    Compiling socket2 v0.4.3
[INFO] [stderr]    Compiling twoway v0.1.8
[INFO] [stderr]    Compiling bitflags v1.3.2
[INFO] [stderr]    Compiling itoa v0.4.8
[INFO] [stderr]    Compiling quick-error v1.2.3
[INFO] [stderr]    Compiling tower-service v0.3.1
[INFO] [stderr]    Compiling headers v0.3.5
[INFO] [stderr]    Compiling scoped-tls v1.0.0
[INFO] [stderr]    Compiling multipart v0.18.0
[INFO] [stderr]    Compiling either v1.6.1
[INFO] [stderr]    Compiling itertools v0.10.3
[INFO] [stderr]    Compiling tokio-macros v1.7.0
[INFO] [stderr]    Compiling thiserror-impl v1.0.30
[INFO] [stderr]    Compiling pin-project-internal v1.0.10
[INFO] [stderr]    Compiling tokio v1.15.0
[INFO] [stderr]    Compiling thiserror v1.0.30
[INFO] [stderr]    Compiling tungstenite v0.14.0
[INFO] [stderr]    Compiling pin-project v1.0.10
[INFO] [stderr]    Compiling tokio-util v0.6.9
[INFO] [stderr]    Compiling tokio-stream v0.1.8
[INFO] [stderr]    Compiling tokio-tungstenite v0.15.0
[INFO] [stderr]    Compiling h2 v0.3.10
[INFO] [stderr]    Compiling serde_urlencoded v0.7.1
[INFO] [stderr]    Compiling hyper v0.14.16
[INFO] [stderr]    Compiling warp v0.3.2
[INFO] [stderr]    Compiling wifi_tracking_api v0.1.0 (/opt/rustwide/workdir)
[INFO] [stdout] warning: unused variable: `packets`
[INFO] [stdout]   --> src/controllers/distance.rs:38:9
[INFO] [stdout]    |
[INFO] [stdout] 38 |     let packets = unique_sensors_ids.iter().map(|sensor_id| device_data.iter().rfind(|datum| &datum.sensor_id == sensor_id));
[INFO] [stdout]    |         ^^^^^^^ help: if this is intentional, prefix it with an underscore: `_packets`
[INFO] [stdout]    |
[INFO] [stdout]    = note: `#[warn(unused_variables)]` on by default
[INFO] [stdout] 
[INFO] [stdout] 
[INFO] [stdout] warning: 1 warning emitted
[INFO] [stdout] 
[INFO] [stdout] 
[INFO] [stdout] warning: unused variable: `packets`
[INFO] [stdout]   --> src/controllers/distance.rs:38:9
[INFO] [stdout]    |
[INFO] [stdout] 38 |     let packets = unique_sensors_ids.iter().map(|sensor_id| device_data.iter().rfind(|datum| &datum.sensor_id == sensor_id));
[INFO] [stdout]    |         ^^^^^^^ help: if this is intentional, prefix it with an underscore: `_packets`
[INFO] [stdout]    |
[INFO] [stdout]    = note: `#[warn(unused_variables)]` on by default
[INFO] [stdout] 
[INFO] [stdout] 
[INFO] [stdout] warning: 1 warning emitted
[INFO] [stdout] 
[INFO] [stdout] 
[INFO] [stderr]     Finished dev [unoptimized + debuginfo] target(s) in 51.80s
[INFO] [stderr] warning: the following packages contain code that will be rejected by a future version of Rust: buf_redux v0.8.4, multipart v0.18.0
[INFO] [stderr] note: to see what the problems were, use the option `--future-incompat-report`, or run `cargo report future-incompatibilities --id 1`
[INFO] running `Command { std: "docker" "inspect" "c29662f9cfa1328a102566122a02b98c3e49e26d51ccbbe526b73b29a84831e4", kill_on_drop: false }`
[INFO] running `Command { std: "docker" "rm" "-f" "c29662f9cfa1328a102566122a02b98c3e49e26d51ccbbe526b73b29a84831e4", kill_on_drop: false }`
[INFO] [stdout] c29662f9cfa1328a102566122a02b98c3e49e26d51ccbbe526b73b29a84831e4
[INFO] running `Command { std: "docker" "create" "-v" "/var/lib/crater-agent-workspace/builds/worker-7-tc2/target:/opt/rustwide/target:rw,Z" "-v" "/var/lib/crater-agent-workspace/builds/worker-7-tc2/source:/opt/rustwide/workdir:ro,Z" "-v" "/var/lib/crater-agent-workspace/cargo-home:/opt/rustwide/cargo-home:ro,Z" "-v" "/var/lib/crater-agent-workspace/rustup-home:/opt/rustwide/rustup-home:ro,Z" "-e" "SOURCE_DIR=/opt/rustwide/workdir" "-e" "CARGO_TARGET_DIR=/opt/rustwide/target" "-e" "CARGO_INCREMENTAL=0" "-e" "RUST_BACKTRACE=full" "-e" "RUSTFLAGS=--cap-lints=warn" "-e" "RUSTDOCFLAGS=--cap-lints=warn" "-e" "CARGO_HOME=/opt/rustwide/cargo-home" "-e" "RUSTUP_HOME=/opt/rustwide/rustup-home" "-w" "/opt/rustwide/workdir" "-m" "1610612736" "--user" "0:0" "--network" "none" "ghcr.io/rust-lang/crates-build-env/linux@sha256:5ff2268d62e97bff2cde7d5815dd6ed5b47097566f13b8d0ca110b04b60e07ed" "/opt/rustwide/cargo-home/bin/cargo" "+beta-2023-04-20" "test" "--frozen" "--no-run" "--message-format=json", kill_on_drop: false }`
[INFO] [stdout] bdb10443af4e21a1fdf484d950324cdd515c1412c933b6d563b77166d726e508
[INFO] running `Command { std: "docker" "start" "-a" "bdb10443af4e21a1fdf484d950324cdd515c1412c933b6d563b77166d726e508", kill_on_drop: false }`
[INFO] [stdout] warning: unused variable: `packets`
[INFO] [stdout]   --> src/controllers/distance.rs:38:9
[INFO] [stdout]    |
[INFO] [stdout] 38 |     let packets = unique_sensors_ids.iter().map(|sensor_id| device_data.iter().rfind(|datum| &datum.sensor_id == sensor_id));
[INFO] [stdout]    |         ^^^^^^^ help: if this is intentional, prefix it with an underscore: `_packets`
[INFO] [stdout]    |
[INFO] [stdout]    = note: `#[warn(unused_variables)]` on by default
[INFO] [stdout] 
[INFO] [stdout] 
[INFO] [stdout] warning: 1 warning emitted
[INFO] [stdout] 
[INFO] [stdout] 
[INFO] [stderr]    Compiling wifi_tracking_api v0.1.0 (/opt/rustwide/workdir)
[INFO] [stdout] warning: unused variable: `packets`
[INFO] [stdout]   --> src/controllers/distance.rs:38:9
[INFO] [stdout]    |
[INFO] [stdout] 38 |     let packets = unique_sensors_ids.iter().map(|sensor_id| device_data.iter().rfind(|datum| &datum.sensor_id == sensor_id));
[INFO] [stdout]    |         ^^^^^^^ help: if this is intentional, prefix it with an underscore: `_packets`
[INFO] [stdout]    |
[INFO] [stdout]    = note: `#[warn(unused_variables)]` on by default
[INFO] [stdout] 
[INFO] [stdout] 
[INFO] [stdout] warning: 1 warning emitted
[INFO] [stdout] 
[INFO] [stdout] 
[INFO] [stdout] warning: unused variable: `packets`
[INFO] [stdout]   --> src/controllers/distance.rs:38:9
[INFO] [stdout]    |
[INFO] [stdout] 38 |     let packets = unique_sensors_ids.iter().map(|sensor_id| device_data.iter().rfind(|datum| &datum.sensor_id == sensor_id));
[INFO] [stdout]    |         ^^^^^^^ help: if this is intentional, prefix it with an underscore: `_packets`
[INFO] [stdout]    |
[INFO] [stdout]    = note: `#[warn(unused_variables)]` on by default
[INFO] [stdout] 
[INFO] [stdout] 
[INFO] [stdout] warning: unused variable: `packets`
[INFO] [stdout]   --> src/controllers/distance.rs:38:9
[INFO] [stdout]    |
[INFO] [stdout] 38 |     let packets = unique_sensors_ids.iter().map(|sensor_id| device_data.iter().rfind(|datum| &datum.sensor_id == sensor_id));
[INFO] [stdout]    |         ^^^^^^^ help: if this is intentional, prefix it with an underscore: `_packets`
[INFO] [stdout]    |
[INFO] [stdout]    = note: `#[warn(unused_variables)]` on by default
[INFO] [stdout] 
[INFO] [stdout] 
[INFO] [stdout] warning: 1 warning emitted
[INFO] [stdout] 
[INFO] [stdout] 
[INFO] [stdout] warning: 1 warning emitted
[INFO] [stdout] 
[INFO] [stdout] 
[INFO] [stderr]     Finished test [unoptimized + debuginfo] target(s) in 2.19s
[INFO] [stderr] warning: the following packages contain code that will be rejected by a future version of Rust: buf_redux v0.8.4, multipart v0.18.0
[INFO] [stderr] note: to see what the problems were, use the option `--future-incompat-report`, or run `cargo report future-incompatibilities --id 1`
[INFO] running `Command { std: "docker" "inspect" "bdb10443af4e21a1fdf484d950324cdd515c1412c933b6d563b77166d726e508", kill_on_drop: false }`
[INFO] running `Command { std: "docker" "rm" "-f" "bdb10443af4e21a1fdf484d950324cdd515c1412c933b6d563b77166d726e508", kill_on_drop: false }`
[INFO] [stdout] bdb10443af4e21a1fdf484d950324cdd515c1412c933b6d563b77166d726e508
[INFO] running `Command { std: "docker" "create" "-v" "/var/lib/crater-agent-workspace/builds/worker-7-tc2/target:/opt/rustwide/target:rw,Z" "-v" "/var/lib/crater-agent-workspace/builds/worker-7-tc2/source:/opt/rustwide/workdir:ro,Z" "-v" "/var/lib/crater-agent-workspace/cargo-home:/opt/rustwide/cargo-home:ro,Z" "-v" "/var/lib/crater-agent-workspace/rustup-home:/opt/rustwide/rustup-home:ro,Z" "-e" "SOURCE_DIR=/opt/rustwide/workdir" "-e" "CARGO_TARGET_DIR=/opt/rustwide/target" "-e" "CARGO_INCREMENTAL=0" "-e" "RUST_BACKTRACE=full" "-e" "RUSTFLAGS=--cap-lints=warn" "-e" "RUSTDOCFLAGS=--cap-lints=warn" "-e" "CARGO_HOME=/opt/rustwide/cargo-home" "-e" "RUSTUP_HOME=/opt/rustwide/rustup-home" "-w" "/opt/rustwide/workdir" "-m" "1610612736" "--user" "0:0" "--network" "none" "ghcr.io/rust-lang/crates-build-env/linux@sha256:5ff2268d62e97bff2cde7d5815dd6ed5b47097566f13b8d0ca110b04b60e07ed" "/opt/rustwide/cargo-home/bin/cargo" "+beta-2023-04-20" "test" "--frozen", kill_on_drop: false }`
[INFO] [stdout] 0eed2b44bfa368ef21928741a235dc77c0ff06d22c3490113961ec2fdb5564e5
[INFO] running `Command { std: "docker" "start" "-a" "0eed2b44bfa368ef21928741a235dc77c0ff06d22c3490113961ec2fdb5564e5", kill_on_drop: false }`
[INFO] [stderr] warning: unused variable: `packets`
[INFO] [stderr]   --> src/controllers/distance.rs:38:9
[INFO] [stderr]    |
[INFO] [stderr] 38 |     let packets = unique_sensors_ids.iter().map(|sensor_id| device_data.iter().rfind(|datum| &datum.sensor_id == sensor_id));
[INFO] [stderr]    |         ^^^^^^^ help: if this is intentional, prefix it with an underscore: `_packets`
[INFO] [stderr]    |
[INFO] [stderr]    = note: `#[warn(unused_variables)]` on by default
[INFO] [stderr] 
[INFO] [stderr] warning: `wifi_tracking_api` (lib) generated 1 warning (run `cargo fix --lib -p wifi_tracking_api` to apply 1 suggestion)
[INFO] [stderr] warning: `wifi_tracking_api` (lib test) generated 1 warning (1 duplicate)
[INFO] [stderr] warning: `wifi_tracking_api` (bin "wifi_tracking_api" test) generated 1 warning (1 duplicate)
[INFO] [stderr] warning: `wifi_tracking_api` (bin "wifi_tracking_api") generated 1 warning (1 duplicate)
[INFO] [stderr]     Finished test [unoptimized + debuginfo] target(s) in 0.05s
[INFO] [stderr] warning: the following packages contain code that will be rejected by a future version of Rust: buf_redux v0.8.4, multipart v0.18.0
[INFO] [stderr] note: to see what the problems were, use the option `--future-incompat-report`, or run `cargo report future-incompatibilities --id 1`
[INFO] [stderr]      Running unittests src/lib.rs (/opt/rustwide/target/debug/deps/wifi_tracking_api-3429a50b448a09f0)
[INFO] [stdout] 
[INFO] [stdout] running 0 tests
[INFO] [stdout] 
[INFO] [stdout] test result: ok. 0 passed; 0 failed; 0 ignored; 0 measured; 0 filtered out; finished in 0.00s
[INFO] [stdout] 
[INFO] [stderr]      Running unittests src/main.rs (/opt/rustwide/target/debug/deps/wifi_tracking_api-0d2db53a45b6f171)
[INFO] [stdout] 
[INFO] [stdout] running 0 tests
[INFO] [stdout] 
[INFO] [stdout] test result: ok. 0 passed; 0 failed; 0 ignored; 0 measured; 0 filtered out; finished in 0.00s
[INFO] [stdout] 
[INFO] [stderr]      Running tests/distance.rs (/opt/rustwide/target/debug/deps/distance-34c79ee67ec5f165)
[INFO] [stdout] 
[INFO] [stdout] running 3 tests
[INFO] [stdout] test distance_tests::get_distance_with_no_sensors ... ok
[INFO] [stdout] test distance_tests::get_distance_with_no_data ... ok
[INFO] [stdout] test distance_tests::get_device_position ... FAILED
[INFO] [stdout] 
[INFO] [stdout] failures:
[INFO] [stdout] 
[INFO] [stdout] ---- distance_tests::get_device_position stdout ----
[INFO] [stdout] thread 'distance_tests::get_device_position' panicked at 'assertion failed: `(left == right)`
[INFO] [stdout]   left: `501`,
[INFO] [stdout]  right: `200`', tests/distance.rs:96:9
[INFO] [stdout] stack backtrace:
[INFO] [stdout]    0:     0x56546de5a22a - std::backtrace_rs::backtrace::libunwind::trace::h2f05d0192276a8f6
[INFO] [stdout]                                at /rustc/1b7dd2252b99671ce5d1cb9664c5f8636329436d/library/std/src/../../backtrace/src/backtrace/libunwind.rs:93:5
[INFO] [stdout]    1:     0x56546de5a22a - std::backtrace_rs::backtrace::trace_unsynchronized::hedc23dff7a1af150
[INFO] [stdout]                                at /rustc/1b7dd2252b99671ce5d1cb9664c5f8636329436d/library/std/src/../../backtrace/src/backtrace/mod.rs:66:5
[INFO] [stdout]    2:     0x56546de5a22a - std::sys_common::backtrace::_print_fmt::h17541ef7592f3ce2
[INFO] [stdout]                                at /rustc/1b7dd2252b99671ce5d1cb9664c5f8636329436d/library/std/src/sys_common/backtrace.rs:65:5
[INFO] [stdout]    3:     0x56546de5a22a - <std::sys_common::backtrace::_print::DisplayBacktrace as core::fmt::Display>::fmt::h20f75df5ab0c0792
[INFO] [stdout]                                at /rustc/1b7dd2252b99671ce5d1cb9664c5f8636329436d/library/std/src/sys_common/backtrace.rs:44:22
[INFO] [stdout]    4:     0x56546de7eb9f - core::fmt::write::h78109e6f466b3af6
[INFO] [stdout]                                at /rustc/1b7dd2252b99671ce5d1cb9664c5f8636329436d/library/core/src/fmt/mod.rs:1254:17
[INFO] [stdout]    5:     0x56546de57275 - std::io::Write::write_fmt::hd24bfb68a1b35a25
[INFO] [stdout]                                at /rustc/1b7dd2252b99671ce5d1cb9664c5f8636329436d/library/std/src/io/mod.rs:1698:15
[INFO] [stdout]    6:     0x56546de59ff5 - std::sys_common::backtrace::_print::h8dac57a9f8fbf9a5
[INFO] [stdout]                                at /rustc/1b7dd2252b99671ce5d1cb9664c5f8636329436d/library/std/src/sys_common/backtrace.rs:47:5
[INFO] [stdout]    7:     0x56546de59ff5 - std::sys_common::backtrace::print::hf9ecbf41d1aa712f
[INFO] [stdout]                                at /rustc/1b7dd2252b99671ce5d1cb9664c5f8636329436d/library/std/src/sys_common/backtrace.rs:34:9
[INFO] [stdout]    8:     0x56546de5bcae - std::panicking::default_hook::{{closure}}::h04c07acfc84ca028
[INFO] [stdout]                                at /rustc/1b7dd2252b99671ce5d1cb9664c5f8636329436d/library/std/src/panicking.rs:269:22
[INFO] [stdout]    9:     0x56546de5b9e1 - std::panicking::default_hook::h01f6bb23e1eceb2c
[INFO] [stdout]                                at /rustc/1b7dd2252b99671ce5d1cb9664c5f8636329436d/library/std/src/panicking.rs:285:9
[INFO] [stdout]   10:     0x56546dcfceeb - <alloc::boxed::Box<F,A> as core::ops::function::Fn<Args>>::call::h87fe9f7b2fd49e4c
[INFO] [stdout]                                at /rustc/1b7dd2252b99671ce5d1cb9664c5f8636329436d/library/alloc/src/boxed.rs:1987:9
[INFO] [stdout]   11:     0x56546dcfceeb - test::test_main::{{closure}}::he94d679243a7531b
[INFO] [stdout]                                at /rustc/1b7dd2252b99671ce5d1cb9664c5f8636329436d/library/test/src/lib.rs:134:21
[INFO] [stdout]   12:     0x56546de5c394 - <alloc::boxed::Box<F,A> as core::ops::function::Fn<Args>>::call::h3f2d6d8b14c4769f
[INFO] [stdout]                                at /rustc/1b7dd2252b99671ce5d1cb9664c5f8636329436d/library/alloc/src/boxed.rs:1987:9
[INFO] [stdout]   13:     0x56546de5c394 - std::panicking::rust_panic_with_hook::h2bb3722bbaf2f6df
[INFO] [stdout]                                at /rustc/1b7dd2252b99671ce5d1cb9664c5f8636329436d/library/std/src/panicking.rs:695:13
[INFO] [stdout]   14:     0x56546de5c109 - std::panicking::begin_panic_handler::{{closure}}::h91bc7f36a4be011b
[INFO] [stdout]                                at /rustc/1b7dd2252b99671ce5d1cb9664c5f8636329436d/library/std/src/panicking.rs:582:13
[INFO] [stdout]   15:     0x56546de5a696 - std::sys_common::backtrace::__rust_end_short_backtrace::h8b3d3717114f9e59
[INFO] [stdout]                                at /rustc/1b7dd2252b99671ce5d1cb9664c5f8636329436d/library/std/src/sys_common/backtrace.rs:150:18
[INFO] [stdout]   16:     0x56546de5be62 - rust_begin_unwind
[INFO] [stdout]                                at /rustc/1b7dd2252b99671ce5d1cb9664c5f8636329436d/library/std/src/panicking.rs:578:5
[INFO] [stdout]   17:     0x56546dcadc23 - core::panicking::panic_fmt::hfd368e3fbdabea26
[INFO] [stdout]                                at /rustc/1b7dd2252b99671ce5d1cb9664c5f8636329436d/library/core/src/panicking.rs:67:14
[INFO] [stdout]   18:     0x56546dcae04f - core::panicking::assert_failed_inner::haef49168e1798a91
[INFO] [stdout]   19:     0x56546dcc3c3a - core::panicking::assert_failed::ha8760af12d951d0f
[INFO] [stdout]                                at /rustc/1b7dd2252b99671ce5d1cb9664c5f8636329436d/library/core/src/panicking.rs:228:5
[INFO] [stdout]   20:     0x56546dcc2c4e - distance::distance_tests::get_device_position::{{closure}}::h0b107a7f2d3edb5f
[INFO] [stdout]                                at /opt/rustwide/workdir/tests/distance.rs:96:9
[INFO] [stdout]   21:     0x56546dcc899b - <core::pin::Pin<P> as core::future::future::Future>::poll::h3f7d5678789450f7
[INFO] [stdout]                                at /rustc/1b7dd2252b99671ce5d1cb9664c5f8636329436d/library/core/src/future/future.rs:125:9
[INFO] [stdout]   22:     0x56546dcbc3e4 - tokio::runtime::basic_scheduler::Inner<P>::block_on::{{closure}}::{{closure}}::h87d3eb2ce288dd93
[INFO] [stdout]                                at /opt/rustwide/cargo-home/registry/src/index.crates.io-6f17d22bba15001f/tokio-1.15.0/src/runtime/basic_scheduler.rs:240:62
[INFO] [stdout]   23:     0x56546dcb94b0 - tokio::coop::with_budget::{{closure}}::h33815f7d016a48fa
[INFO] [stdout]                                at /opt/rustwide/cargo-home/registry/src/index.crates.io-6f17d22bba15001f/tokio-1.15.0/src/coop.rs:102:9
[INFO] [stdout]   24:     0x56546dcbea89 - std::thread::local::LocalKey<T>::try_with::h27b711a35f4149f9
[INFO] [stdout]                                at /rustc/1b7dd2252b99671ce5d1cb9664c5f8636329436d/library/std/src/thread/local.rs:252:16
[INFO] [stdout]   25:     0x56546dcbe3aa - std::thread::local::LocalKey<T>::with::h28910457e1e9d76b
[INFO] [stdout]                                at /rustc/1b7dd2252b99671ce5d1cb9664c5f8636329436d/library/std/src/thread/local.rs:228:9
[INFO] [stdout]   26:     0x56546dcbba45 - tokio::coop::with_budget::hcfb5c50909411004
[INFO] [stdout]                                at /opt/rustwide/cargo-home/registry/src/index.crates.io-6f17d22bba15001f/tokio-1.15.0/src/coop.rs:95:5
[INFO] [stdout]   27:     0x56546dcbba45 - tokio::coop::budget::h3305f0a0c12170b1
[INFO] [stdout]                                at /opt/rustwide/cargo-home/registry/src/index.crates.io-6f17d22bba15001f/tokio-1.15.0/src/coop.rs:72:5
[INFO] [stdout]   28:     0x56546dcbba45 - tokio::runtime::basic_scheduler::Inner<P>::block_on::{{closure}}::hde07a6d878baccb5
[INFO] [stdout]                                at /opt/rustwide/cargo-home/registry/src/index.crates.io-6f17d22bba15001f/tokio-1.15.0/src/runtime/basic_scheduler.rs:240:39
[INFO] [stdout]   29:     0x56546dcbe0b1 - tokio::runtime::basic_scheduler::enter::{{closure}}::h8ded1b679fd07808
[INFO] [stdout]                                at /opt/rustwide/cargo-home/registry/src/index.crates.io-6f17d22bba15001f/tokio-1.15.0/src/runtime/basic_scheduler.rs:349:29
[INFO] [stdout]   30:     0x56546dcc69c7 - tokio::macros::scoped_tls::ScopedKey<T>::set::h918aa1b765425b54
[INFO] [stdout]                                at /opt/rustwide/cargo-home/registry/src/index.crates.io-6f17d22bba15001f/tokio-1.15.0/src/macros/scoped_tls.rs:61:9
[INFO] [stdout]   31:     0x56546dcbe02d - tokio::runtime::basic_scheduler::enter::he2305978a7d20680
[INFO] [stdout]                                at /opt/rustwide/cargo-home/registry/src/index.crates.io-6f17d22bba15001f/tokio-1.15.0/src/runtime/basic_scheduler.rs:349:5
[INFO] [stdout]   32:     0x56546dcba00b - tokio::runtime::basic_scheduler::Inner<P>::block_on::h5086d0f5c0456ce9
[INFO] [stdout]                                at /opt/rustwide/cargo-home/registry/src/index.crates.io-6f17d22bba15001f/tokio-1.15.0/src/runtime/basic_scheduler.rs:230:9
[INFO] [stdout]   33:     0x56546dcbc6b2 - tokio::runtime::basic_scheduler::InnerGuard<P>::block_on::h9aa32030f935029a
[INFO] [stdout]                                at /opt/rustwide/cargo-home/registry/src/index.crates.io-6f17d22bba15001f/tokio-1.15.0/src/runtime/basic_scheduler.rs:501:9
[INFO] [stdout]   34:     0x56546dcbca43 - tokio::runtime::basic_scheduler::BasicScheduler<P>::block_on::h012e4ac54e0ebda2
[INFO] [stdout]                                at /opt/rustwide/cargo-home/registry/src/index.crates.io-6f17d22bba15001f/tokio-1.15.0/src/runtime/basic_scheduler.rs:186:24
[INFO] [stdout]   35:     0x56546dcc6e70 - tokio::runtime::Runtime::block_on::h974b48aeca312872
[INFO] [stdout]                                at /opt/rustwide/cargo-home/registry/src/index.crates.io-6f17d22bba15001f/tokio-1.15.0/src/runtime/mod.rs:461:46
[INFO] [stdout]   36:     0x56546dcc1aad - distance::distance_tests::get_device_position::hab0fd30b442297a7
[INFO] [stdout]                                at /opt/rustwide/workdir/tests/distance.rs:101:9
[INFO] [stdout]   37:     0x56546dcc1977 - distance::distance_tests::get_device_position::{{closure}}::h6d43124829391b94
[INFO] [stdout]                                at /opt/rustwide/workdir/tests/distance.rs:52:36
[INFO] [stdout]   38:     0x56546dcb4d75 - core::ops::function::FnOnce::call_once::he004b4f52d19d0eb
[INFO] [stdout]                                at /rustc/1b7dd2252b99671ce5d1cb9664c5f8636329436d/library/core/src/ops/function.rs:250:5
[INFO] [stdout]   39:     0x56546dd01dbf - core::ops::function::FnOnce::call_once::ha6a70e79f7481a7e
[INFO] [stdout]                                at /rustc/1b7dd2252b99671ce5d1cb9664c5f8636329436d/library/core/src/ops/function.rs:250:5
[INFO] [stdout]   40:     0x56546dd01dbf - test::__rust_begin_short_backtrace::hce33033019b61e69
[INFO] [stdout]                                at /rustc/1b7dd2252b99671ce5d1cb9664c5f8636329436d/library/test/src/lib.rs:655:18
[INFO] [stdout]   41:     0x56546dccf5ac - test::run_test::{{closure}}::h858d3528838ae3e5
[INFO] [stdout]                                at /rustc/1b7dd2252b99671ce5d1cb9664c5f8636329436d/library/test/src/lib.rs:646:30
[INFO] [stdout]   42:     0x56546dccf5ac - core::ops::function::FnOnce::call_once{{vtable.shim}}::he8ac2b00f01ae79e
[INFO] [stdout]                                at /rustc/1b7dd2252b99671ce5d1cb9664c5f8636329436d/library/core/src/ops/function.rs:250:5
[INFO] [stdout]   43:     0x56546dd00e96 - <alloc::boxed::Box<F,A> as core::ops::function::FnOnce<Args>>::call_once::h8093d25b522725ef
[INFO] [stdout]                                at /rustc/1b7dd2252b99671ce5d1cb9664c5f8636329436d/library/alloc/src/boxed.rs:1973:9
[INFO] [stdout]   44:     0x56546dd00e96 - <core::panic::unwind_safe::AssertUnwindSafe<F> as core::ops::function::FnOnce<()>>::call_once::h5c334c204e4a3913
[INFO] [stdout]                                at /rustc/1b7dd2252b99671ce5d1cb9664c5f8636329436d/library/core/src/panic/unwind_safe.rs:271:9
[INFO] [stdout]   45:     0x56546dd00e96 - std::panicking::try::do_call::ha8b740c7b9478074
[INFO] [stdout]                                at /rustc/1b7dd2252b99671ce5d1cb9664c5f8636329436d/library/std/src/panicking.rs:485:40
[INFO] [stdout]   46:     0x56546dd00e96 - std::panicking::try::h5d34f63d0e41b64e
[INFO] [stdout]                                at /rustc/1b7dd2252b99671ce5d1cb9664c5f8636329436d/library/std/src/panicking.rs:449:19
[INFO] [stdout]   47:     0x56546dd00e96 - std::panic::catch_unwind::hcfbb511e1aa7fc67
[INFO] [stdout]                                at /rustc/1b7dd2252b99671ce5d1cb9664c5f8636329436d/library/std/src/panic.rs:140:14
[INFO] [stdout]   48:     0x56546dd00e96 - test::run_test_in_process::h9abda90f802eaf21
[INFO] [stdout]                                at /rustc/1b7dd2252b99671ce5d1cb9664c5f8636329436d/library/test/src/lib.rs:678:27
[INFO] [stdout]   49:     0x56546dd00e96 - test::run_test::run_test_inner::{{closure}}::h0f058de91f6c6edf
[INFO] [stdout]                                at /rustc/1b7dd2252b99671ce5d1cb9664c5f8636329436d/library/test/src/lib.rs:572:39
[INFO] [stdout]   50:     0x56546dcc9db5 - test::run_test::run_test_inner::{{closure}}::h5ca48a4c59c6c1fb
[INFO] [stdout]                                at /rustc/1b7dd2252b99671ce5d1cb9664c5f8636329436d/library/test/src/lib.rs:599:37
[INFO] [stdout]   51:     0x56546dcc9db5 - std::sys_common::backtrace::__rust_begin_short_backtrace::h32bd51e1495d4a33
[INFO] [stdout]                                at /rustc/1b7dd2252b99671ce5d1cb9664c5f8636329436d/library/std/src/sys_common/backtrace.rs:134:18
[INFO] [stdout]   52:     0x56546dccf2f1 - std::thread::Builder::spawn_unchecked_::{{closure}}::{{closure}}::hc086fae9b128b2db
[INFO] [stdout]                                at /rustc/1b7dd2252b99671ce5d1cb9664c5f8636329436d/library/std/src/thread/mod.rs:526:17
[INFO] [stdout]   53:     0x56546dccf2f1 - <core::panic::unwind_safe::AssertUnwindSafe<F> as core::ops::function::FnOnce<()>>::call_once::hb66571888d270d43
[INFO] [stdout]                                at /rustc/1b7dd2252b99671ce5d1cb9664c5f8636329436d/library/core/src/panic/unwind_safe.rs:271:9
[INFO] [stdout]   54:     0x56546dccf2f1 - std::panicking::try::do_call::h4fa2ef4f6e51fecf
[INFO] [stdout]                                at /rustc/1b7dd2252b99671ce5d1cb9664c5f8636329436d/library/std/src/panicking.rs:485:40
[INFO] [stdout]   55:     0x56546dccf2f1 - std::panicking::try::h1e9e22b8584489b5
[INFO] [stdout]                                at /rustc/1b7dd2252b99671ce5d1cb9664c5f8636329436d/library/std/src/panicking.rs:449:19
[INFO] [stdout]   56:     0x56546dccf2f1 - std::panic::catch_unwind::h44698a3de0e0769e
[INFO] [stdout]                                at /rustc/1b7dd2252b99671ce5d1cb9664c5f8636329436d/library/std/src/panic.rs:140:14
[INFO] [stdout]   57:     0x56546dccf2f1 - std::thread::Builder::spawn_unchecked_::{{closure}}::h50153abde3fe239e
[INFO] [stdout]                                at /rustc/1b7dd2252b99671ce5d1cb9664c5f8636329436d/library/std/src/thread/mod.rs:525:30
[INFO] [stdout]   58:     0x56546dccf2f1 - core::ops::function::FnOnce::call_once{{vtable.shim}}::hbe5bbf6f38394364
[INFO] [stdout]                                at /rustc/1b7dd2252b99671ce5d1cb9664c5f8636329436d/library/core/src/ops/function.rs:250:5
[INFO] [stdout]   59:     0x56546de60965 - <alloc::boxed::Box<F,A> as core::ops::function::FnOnce<Args>>::call_once::h0d83cb2920a49046
[INFO] [stdout]                                at /rustc/1b7dd2252b99671ce5d1cb9664c5f8636329436d/library/alloc/src/boxed.rs:1973:9
[INFO] [stdout]   60:     0x56546de60965 - <alloc::boxed::Box<F,A> as core::ops::function::FnOnce<Args>>::call_once::hbe0a008aa7d9ef59
[INFO] [stdout]                                at /rustc/1b7dd2252b99671ce5d1cb9664c5f8636329436d/library/alloc/src/boxed.rs:1973:9
[INFO] [stdout]   61:     0x56546de60965 - std::sys::unix::thread::Thread::new::thread_start::h3a466996bdf6b1f9
[INFO] [stdout]                                at /rustc/1b7dd2252b99671ce5d1cb9664c5f8636329436d/library/std/src/sys/unix/thread.rs:108:17
[INFO] [stdout]   62:     0x7f73f1f29b43 - <unknown>
[INFO] [stdout]   63:     0x7f73f1fbabb4 - __clone
[INFO] [stdout]   64:                0x0 - <unknown>
[INFO] [stdout] 
[INFO] [stdout] 
[INFO] [stdout] failures:
[INFO] [stdout]     distance_tests::get_device_position
[INFO] [stdout] 
[INFO] [stdout] test result: FAILED. 2 passed; 1 failed; 0 ignored; 0 measured; 0 filtered out; finished in 0.02s
[INFO] [stdout] 
[INFO] [stderr] error: test failed, to rerun pass `--test distance`
[INFO] running `Command { std: "docker" "inspect" "0eed2b44bfa368ef21928741a235dc77c0ff06d22c3490113961ec2fdb5564e5", kill_on_drop: false }`
[INFO] running `Command { std: "docker" "rm" "-f" "0eed2b44bfa368ef21928741a235dc77c0ff06d22c3490113961ec2fdb5564e5", kill_on_drop: false }`
[INFO] [stdout] 0eed2b44bfa368ef21928741a235dc77c0ff06d22c3490113961ec2fdb5564e5
