[INFO] cloning repository https://github.com/igd-geo/adhoc-queries-pointclouds
[INFO] running `Command { std: "git" "-c" "credential.helper=" "-c" "credential.helper=/workspace/cargo-home/bin/git-credential-null" "clone" "--bare" "https://github.com/igd-geo/adhoc-queries-pointclouds" "/workspace/cache/git-repos/https%3A%2F%2Fgithub.com%2Figd-geo%2Fadhoc-queries-pointclouds", kill_on_drop: false }`
[INFO] [stderr] Cloning into bare repository '/workspace/cache/git-repos/https%3A%2F%2Fgithub.com%2Figd-geo%2Fadhoc-queries-pointclouds'...
[INFO] running `Command { std: "git" "rev-parse" "HEAD", kill_on_drop: false }`
[INFO] [stdout] 28bc60f7039d4cff6b5c4b6563d86cd900fa4806
[INFO] testing igd-geo/adhoc-queries-pointclouds against 1.69.0 for beta-1.70-1
[INFO] running `Command { std: "git" "clone" "/workspace/cache/git-repos/https%3A%2F%2Fgithub.com%2Figd-geo%2Fadhoc-queries-pointclouds" "/workspace/builds/worker-0-tc1/source", kill_on_drop: false }`
[INFO] [stderr] Cloning into '/workspace/builds/worker-0-tc1/source'...
[INFO] [stderr] done.
[INFO] validating manifest of git repo https://github.com/igd-geo/adhoc-queries-pointclouds on toolchain 1.69.0
[INFO] running `Command { std: CARGO_HOME="/workspace/cargo-home" RUSTUP_HOME="/workspace/rustup-home" "/workspace/cargo-home/bin/cargo" "+1.69.0" "metadata" "--manifest-path" "Cargo.toml" "--no-deps", kill_on_drop: false }`
[INFO] started tweaking git repo https://github.com/igd-geo/adhoc-queries-pointclouds
[INFO] finished tweaking git repo https://github.com/igd-geo/adhoc-queries-pointclouds
[INFO] tweaked toml for git repo https://github.com/igd-geo/adhoc-queries-pointclouds written to /workspace/builds/worker-0-tc1/source/Cargo.toml
[INFO] crate git repo https://github.com/igd-geo/adhoc-queries-pointclouds already has a lockfile, it will not be regenerated
[INFO] running `Command { std: CARGO_HOME="/workspace/cargo-home" RUSTUP_HOME="/workspace/rustup-home" "/workspace/cargo-home/bin/cargo" "+1.69.0" "fetch" "--manifest-path" "Cargo.toml", kill_on_drop: false }`
[INFO] [stderr] warning: profiles for the non root package will be ignored, specify profiles at the workspace root:
[INFO] [stderr] package:   /workspace/builds/worker-0-tc1/source/query/Cargo.toml
[INFO] [stderr] workspace: /workspace/builds/worker-0-tc1/source/Cargo.toml
[INFO] [stderr]     Blocking waiting for file lock on package cache
[INFO] [stderr]     Blocking waiting for file lock on package cache
[INFO] [stderr]  Downloading crates ...
[INFO] [stderr]   Downloaded geo-types v0.7.2
[INFO] [stderr]   Downloaded postgres-derive v0.4.0
[INFO] [stderr]   Downloaded laz v0.5.2
[INFO] [stderr]   Downloaded nalgebra v0.23.2
[INFO] [stderr]   Downloaded las v0.7.4
[INFO] [stderr]   Downloaded postgis v0.8.0
[INFO] [stderr]   Downloaded pasture-derive v0.1.0
[INFO] [stderr]   Downloaded pasture-io v0.1.0
[INFO] [stderr]   Downloaded pasture-core v0.1.0
[INFO] running `Command { std: "docker" "create" "-v" "/var/lib/crater-agent-workspace/builds/worker-0-tc1/target:/opt/rustwide/target:rw,Z" "-v" "/var/lib/crater-agent-workspace/builds/worker-0-tc1/source:/opt/rustwide/workdir:ro,Z" "-v" "/var/lib/crater-agent-workspace/cargo-home:/opt/rustwide/cargo-home:ro,Z" "-v" "/var/lib/crater-agent-workspace/rustup-home:/opt/rustwide/rustup-home:ro,Z" "-e" "SOURCE_DIR=/opt/rustwide/workdir" "-e" "CARGO_TARGET_DIR=/opt/rustwide/target" "-e" "CARGO_HOME=/opt/rustwide/cargo-home" "-e" "RUSTUP_HOME=/opt/rustwide/rustup-home" "-w" "/opt/rustwide/workdir" "-m" "1610612736" "--user" "0:0" "--network" "none" "ghcr.io/rust-lang/crates-build-env/linux@sha256:5ff2268d62e97bff2cde7d5815dd6ed5b47097566f13b8d0ca110b04b60e07ed" "/opt/rustwide/cargo-home/bin/cargo" "+1.69.0" "metadata" "--no-deps" "--format-version=1", kill_on_drop: false }`
[INFO] [stdout] 3018ce28da5e03bbeb3ff04764f01134eef01333b837f7fab360b0671187e6d1
[INFO] running `Command { std: "docker" "start" "-a" "3018ce28da5e03bbeb3ff04764f01134eef01333b837f7fab360b0671187e6d1", kill_on_drop: false }`
[INFO] running `Command { std: "docker" "inspect" "3018ce28da5e03bbeb3ff04764f01134eef01333b837f7fab360b0671187e6d1", kill_on_drop: false }`
[INFO] running `Command { std: "docker" "rm" "-f" "3018ce28da5e03bbeb3ff04764f01134eef01333b837f7fab360b0671187e6d1", kill_on_drop: false }`
[INFO] [stdout] 3018ce28da5e03bbeb3ff04764f01134eef01333b837f7fab360b0671187e6d1
[INFO] running `Command { std: "docker" "create" "-v" "/var/lib/crater-agent-workspace/builds/worker-0-tc1/target:/opt/rustwide/target:rw,Z" "-v" "/var/lib/crater-agent-workspace/builds/worker-0-tc1/source:/opt/rustwide/workdir:ro,Z" "-v" "/var/lib/crater-agent-workspace/cargo-home:/opt/rustwide/cargo-home:ro,Z" "-v" "/var/lib/crater-agent-workspace/rustup-home:/opt/rustwide/rustup-home:ro,Z" "-e" "SOURCE_DIR=/opt/rustwide/workdir" "-e" "CARGO_TARGET_DIR=/opt/rustwide/target" "-e" "CARGO_INCREMENTAL=0" "-e" "RUST_BACKTRACE=full" "-e" "RUSTFLAGS=--cap-lints=warn" "-e" "RUSTDOCFLAGS=--cap-lints=warn" "-e" "CARGO_HOME=/opt/rustwide/cargo-home" "-e" "RUSTUP_HOME=/opt/rustwide/rustup-home" "-w" "/opt/rustwide/workdir" "-m" "1610612736" "--user" "0:0" "--network" "none" "ghcr.io/rust-lang/crates-build-env/linux@sha256:5ff2268d62e97bff2cde7d5815dd6ed5b47097566f13b8d0ca110b04b60e07ed" "/opt/rustwide/cargo-home/bin/cargo" "+1.69.0" "build" "--frozen" "--message-format=json", kill_on_drop: false }`
[INFO] [stdout] aee4e81e80b2fbd6d535335d826b9374bc9d34c200befbe79a6830318e07c9b9
[INFO] running `Command { std: "docker" "start" "-a" "aee4e81e80b2fbd6d535335d826b9374bc9d34c200befbe79a6830318e07c9b9", kill_on_drop: false }`
[INFO] [stderr] warning: profiles for the non root package will be ignored, specify profiles at the workspace root:
[INFO] [stderr] package:   /opt/rustwide/workdir/query/Cargo.toml
[INFO] [stderr] workspace: /opt/rustwide/workdir/Cargo.toml
[INFO] [stderr]    Compiling libc v0.2.97
[INFO] [stderr]    Compiling proc-macro2 v1.0.27
[INFO] [stderr]    Compiling unicode-xid v0.2.2
[INFO] [stderr]    Compiling syn v1.0.72
[INFO] [stderr]    Compiling libm v0.2.1
[INFO] [stderr]    Compiling num-traits v0.2.14
[INFO] [stderr]    Compiling typenum v1.13.0
[INFO] [stderr]    Compiling num-integer v0.1.44
[INFO] [stderr]    Compiling version_check v0.9.3
[INFO] [stderr]    Compiling serde_derive v1.0.126
[INFO] [stderr]    Compiling serde v1.0.126
[INFO] [stderr]    Compiling scopeguard v1.1.0
[INFO] [stderr]    Compiling generic-array v0.14.4
[INFO] [stderr]    Compiling num-bigint v0.3.2
[INFO] [stderr]    Compiling memchr v2.4.0
[INFO] [stderr]    Compiling crossbeam-utils v0.8.4
[INFO] [stderr]    Compiling quote v1.0.9
[INFO] [stderr]    Compiling getrandom v0.2.3
[INFO] [stderr]    Compiling num-rational v0.3.2
[INFO] [stderr]    Compiling getrandom v0.1.16
[INFO] [stderr]    Compiling rand_core v0.6.2
[INFO] [stderr]    Compiling memoffset v0.6.3
[INFO] [stderr]    Compiling log v0.4.14
[INFO] [stderr]    Compiling rand_chacha v0.3.0
[INFO] [stderr]    Compiling approx v0.4.0
[INFO] [stderr]    Compiling num_cpus v1.13.0
[INFO] [stderr]    Compiling byteorder v1.4.3
[INFO] [stderr]    Compiling rawpointer v0.2.1
[INFO] [stderr]    Compiling paste v1.0.5
[INFO] [stderr]    Compiling futures-core v0.3.15
[INFO] [stderr]    Compiling rand v0.8.3
[INFO] [stderr]    Compiling rand_core v0.5.1
[INFO] [stderr]    Compiling digest v0.9.0
[INFO] [stderr]    Compiling time v0.1.44
[INFO] [stderr]    Compiling rayon-core v1.9.1
[INFO] [stderr]    Compiling tinyvec v1.2.0
[INFO] [stderr]    Compiling rand_chacha v0.2.2
[INFO] [stderr]    Compiling chrono v0.4.19
[INFO] [stderr]    Compiling crossbeam-epoch v0.9.4
[INFO] [stderr]    Compiling block-buffer v0.9.0
[INFO] [stderr]    Compiling futures-macro v0.3.15
[INFO] [stderr]    Compiling num-iter v0.1.42
[INFO] [stderr]    Compiling bytes v1.0.1
[INFO] [stderr]    Compiling anyhow v1.0.40
[INFO] [stderr]    Compiling proc-macro-nested v0.1.7
[INFO] [stderr]    Compiling futures-sink v0.3.15
[INFO] [stderr]    Compiling futures-task v0.3.15
[INFO] [stderr]    Compiling opaque-debug v0.3.0
[INFO] [stderr]    Compiling futures-channel v0.3.15
[INFO] [stderr]    Compiling pin-project-lite v0.2.6
[INFO] [stderr]    Compiling subtle v2.4.0
[INFO] [stderr]    Compiling unicode-bidi v0.3.5
[INFO] [stderr]    Compiling crypto-mac v0.10.0
[INFO] [stderr]    Compiling unicode-normalization v0.1.19
[INFO] [stderr]    Compiling crossbeam-deque v0.8.0
[INFO] [stderr]    Compiling rand v0.7.3
[INFO] [stderr]    Compiling crossbeam-channel v0.5.1
[INFO] [stderr]    Compiling rayon v1.5.1
[INFO] [stderr]    Compiling futures-util v0.3.15
[INFO] [stderr]    Compiling smallvec v1.6.1
[INFO] [stderr]    Compiling either v1.6.1
[INFO] [stderr]    Compiling cc v1.0.68
[INFO] [stderr]    Compiling cpufeatures v0.1.5
[INFO] [stderr]    Compiling sha2 v0.9.5
[INFO] [stderr]    Compiling stringprep v0.1.2
[INFO] [stderr]    Compiling parking_lot_core v0.8.3
[INFO] [stderr]    Compiling rand_distr v0.3.0
[INFO] [stderr]    Compiling hmac v0.10.1
[INFO] [stderr]    Compiling md-5 v0.9.1
[INFO] [stderr]    Compiling matrixmultiply v0.2.4
[INFO] [stderr]    Compiling lock_api v0.4.4
[INFO] [stderr]    Compiling tokio v1.7.1
[INFO] [stderr]    Compiling slab v0.4.3
[INFO] [stderr]    Compiling fallible-iterator v0.2.0
[INFO] [stderr]    Compiling base64 v0.13.0
[INFO] [stderr]    Compiling lz4-sys v1.9.2
[INFO] [stderr]    Compiling futures-io v0.3.15
[INFO] [stderr]    Compiling parking_lot v0.11.1
[INFO] [stderr]    Compiling postgres-protocol v0.6.1
[INFO] [stderr]    Compiling itertools v0.10.0
[INFO] [stderr]    Compiling mio v0.7.13
[INFO] [stderr]    Compiling laz v0.5.2
[INFO] [stderr]    Compiling geo-types v0.7.2
[INFO] [stderr]    Compiling thiserror-impl v1.0.25
[INFO] [stderr]    Compiling tokio-macros v1.2.0
[INFO] [stderr]    Compiling pasture-derive v0.1.0
[INFO] [stderr]    Compiling postgres-derive v0.4.0
[INFO] [stderr]    Compiling thiserror v1.0.25
[INFO] [stderr]    Compiling signal-hook-registry v1.4.0
[INFO] [stderr]    Compiling unicode-width v0.1.8
[INFO] [stderr]    Compiling siphasher v0.3.5
[INFO] [stderr]    Compiling static_assertions v1.1.0
[INFO] [stderr]    Compiling uuid v0.8.2
[INFO] [stderr]    Compiling async-trait v0.1.50
[INFO] [stderr]    Compiling once_cell v1.8.0
[INFO] [stderr]    Compiling float-ord v0.2.0
[INFO] [stderr]    Compiling postgres-types v0.2.1
[INFO] [stderr]    Compiling phf_shared v0.8.0
[INFO] [stderr]    Compiling textwrap v0.11.0
[INFO] [stderr]    Compiling rand_distr v0.4.0
[INFO] [stderr]    Compiling matrixmultiply v0.3.1
[INFO] [stderr]    Compiling atty v0.2.14
[INFO] [stderr]    Compiling strsim v0.8.0
[INFO] [stderr]    Compiling vec_map v0.8.2
[INFO] [stderr]    Compiling clap v2.33.3
[INFO] [stderr]    Compiling phf v0.8.0
[INFO] [stderr]    Compiling socket2 v0.4.0
[INFO] [stderr]    Compiling memmap v0.7.0
[INFO] [stderr]    Compiling postgis v0.8.0
[INFO] [stderr]    Compiling futures-executor v0.3.15
[INFO] [stderr]    Compiling futures v0.3.15
[INFO] [stderr]    Compiling tokio-util v0.6.7
[INFO] [stderr]    Compiling tokio-postgres v0.7.2
[INFO] [stderr]    Compiling num-complex v0.3.1
[INFO] [stderr]    Compiling bincode v1.3.3
[INFO] [stderr]    Compiling simba v0.3.1
[INFO] [stderr]    Compiling num v0.3.1
[INFO] [stderr]    Compiling simba v0.4.0
[INFO] [stderr]    Compiling las v0.7.4
[INFO] [stderr]    Compiling lz4 v1.23.2
[INFO] [stderr]    Compiling nalgebra v0.23.2
[INFO] [stderr]    Compiling nalgebra v0.26.2
[INFO] [stderr]    Compiling statrs v0.14.0
[INFO] [stderr]    Compiling pasture-core v0.1.0
[INFO] [stderr]    Compiling pasture-io v0.1.0
[INFO] [stderr]    Compiling readers v0.1.0 (/opt/rustwide/workdir/readers)
[INFO] [stderr]    Compiling query v0.1.0 (/opt/rustwide/workdir/query)
[INFO] [stdout] warning: method `cells` is never used
[INFO] [stdout]    --> query/src/grid_sampling.rs:107:12
[INFO] [stdout]     |
[INFO] [stdout] 107 |     pub fn cells(&self) -> impl Iterator<Item = &u64> {
[INFO] [stdout]     |            ^^^^^
[INFO] [stdout]     |
[INFO] [stdout]     = note: `#[warn(dead_code)]` on by default
[INFO] [stdout] 
[INFO] [stdout] 
[INFO] [stdout] warning: 1 warning emitted
[INFO] [stdout] 
[INFO] [stdout] 
[INFO] [stderr]     Finished dev [unoptimized + debuginfo] target(s) in 1m 49s
[INFO] [stderr] warning: the following packages contain code that will be rejected by a future version of Rust: nalgebra v0.26.2
[INFO] [stderr] note: to see what the problems were, use the option `--future-incompat-report`, or run `cargo report future-incompatibilities --id 2`
[INFO] running `Command { std: "docker" "inspect" "aee4e81e80b2fbd6d535335d826b9374bc9d34c200befbe79a6830318e07c9b9", kill_on_drop: false }`
[INFO] running `Command { std: "docker" "rm" "-f" "aee4e81e80b2fbd6d535335d826b9374bc9d34c200befbe79a6830318e07c9b9", kill_on_drop: false }`
[INFO] [stdout] aee4e81e80b2fbd6d535335d826b9374bc9d34c200befbe79a6830318e07c9b9
[INFO] running `Command { std: "docker" "create" "-v" "/var/lib/crater-agent-workspace/builds/worker-0-tc1/target:/opt/rustwide/target:rw,Z" "-v" "/var/lib/crater-agent-workspace/builds/worker-0-tc1/source:/opt/rustwide/workdir:ro,Z" "-v" "/var/lib/crater-agent-workspace/cargo-home:/opt/rustwide/cargo-home:ro,Z" "-v" "/var/lib/crater-agent-workspace/rustup-home:/opt/rustwide/rustup-home:ro,Z" "-e" "SOURCE_DIR=/opt/rustwide/workdir" "-e" "CARGO_TARGET_DIR=/opt/rustwide/target" "-e" "CARGO_INCREMENTAL=0" "-e" "RUST_BACKTRACE=full" "-e" "RUSTFLAGS=--cap-lints=warn" "-e" "RUSTDOCFLAGS=--cap-lints=warn" "-e" "CARGO_HOME=/opt/rustwide/cargo-home" "-e" "RUSTUP_HOME=/opt/rustwide/rustup-home" "-w" "/opt/rustwide/workdir" "-m" "1610612736" "--user" "0:0" "--network" "none" "ghcr.io/rust-lang/crates-build-env/linux@sha256:5ff2268d62e97bff2cde7d5815dd6ed5b47097566f13b8d0ca110b04b60e07ed" "/opt/rustwide/cargo-home/bin/cargo" "+1.69.0" "test" "--frozen" "--no-run" "--message-format=json", kill_on_drop: false }`
[INFO] [stdout] f6f573b8d8eadc4f4fe3da1d22b64555fc8da782c07c48b89ace45442872d30f
[INFO] running `Command { std: "docker" "start" "-a" "f6f573b8d8eadc4f4fe3da1d22b64555fc8da782c07c48b89ace45442872d30f", kill_on_drop: false }`
[INFO] [stderr] warning: profiles for the non root package will be ignored, specify profiles at the workspace root:
[INFO] [stderr] package:   /opt/rustwide/workdir/query/Cargo.toml
[INFO] [stderr] workspace: /opt/rustwide/workdir/Cargo.toml
[INFO] [stderr]    Compiling readers v0.1.0 (/opt/rustwide/workdir/readers)
[INFO] [stderr]    Compiling query v0.1.0 (/opt/rustwide/workdir/query)
[INFO] [stderr]     Finished test [unoptimized + debuginfo] target(s) in 3.15s
[INFO] [stderr] warning: the following packages contain code that will be rejected by a future version of Rust: nalgebra v0.26.2
[INFO] [stderr] note: to see what the problems were, use the option `--future-incompat-report`, or run `cargo report future-incompatibilities --id 2`
[INFO] running `Command { std: "docker" "inspect" "f6f573b8d8eadc4f4fe3da1d22b64555fc8da782c07c48b89ace45442872d30f", kill_on_drop: false }`
[INFO] running `Command { std: "docker" "rm" "-f" "f6f573b8d8eadc4f4fe3da1d22b64555fc8da782c07c48b89ace45442872d30f", kill_on_drop: false }`
[INFO] [stdout] f6f573b8d8eadc4f4fe3da1d22b64555fc8da782c07c48b89ace45442872d30f
[INFO] running `Command { std: "docker" "create" "-v" "/var/lib/crater-agent-workspace/builds/worker-0-tc1/target:/opt/rustwide/target:rw,Z" "-v" "/var/lib/crater-agent-workspace/builds/worker-0-tc1/source:/opt/rustwide/workdir:ro,Z" "-v" "/var/lib/crater-agent-workspace/cargo-home:/opt/rustwide/cargo-home:ro,Z" "-v" "/var/lib/crater-agent-workspace/rustup-home:/opt/rustwide/rustup-home:ro,Z" "-e" "SOURCE_DIR=/opt/rustwide/workdir" "-e" "CARGO_TARGET_DIR=/opt/rustwide/target" "-e" "CARGO_INCREMENTAL=0" "-e" "RUST_BACKTRACE=full" "-e" "RUSTFLAGS=--cap-lints=warn" "-e" "RUSTDOCFLAGS=--cap-lints=warn" "-e" "CARGO_HOME=/opt/rustwide/cargo-home" "-e" "RUSTUP_HOME=/opt/rustwide/rustup-home" "-w" "/opt/rustwide/workdir" "-m" "1610612736" "--user" "0:0" "--network" "none" "ghcr.io/rust-lang/crates-build-env/linux@sha256:5ff2268d62e97bff2cde7d5815dd6ed5b47097566f13b8d0ca110b04b60e07ed" "/opt/rustwide/cargo-home/bin/cargo" "+1.69.0" "test" "--frozen", kill_on_drop: false }`
[INFO] [stdout] ca0d1ba6d29594ef034827f1cf823c636700f324c78232278163441f419a9922
[INFO] running `Command { std: "docker" "start" "-a" "ca0d1ba6d29594ef034827f1cf823c636700f324c78232278163441f419a9922", kill_on_drop: false }`
[INFO] [stderr] warning: profiles for the non root package will be ignored, specify profiles at the workspace root:
[INFO] [stderr] package:   /opt/rustwide/workdir/query/Cargo.toml
[INFO] [stderr] workspace: /opt/rustwide/workdir/Cargo.toml
[INFO] [stderr]     Finished test [unoptimized + debuginfo] target(s) in 0.13s
[INFO] [stderr] warning: the following packages contain code that will be rejected by a future version of Rust: nalgebra v0.26.2
[INFO] [stderr] note: to see what the problems were, use the option `--future-incompat-report`, or run `cargo report future-incompatibilities --id 2`
[INFO] [stderr]      Running unittests src/bin/count_points.rs (/opt/rustwide/target/debug/deps/count_points-665577060be59381)
[INFO] [stdout] 
[INFO] [stdout] running 0 tests
[INFO] [stdout] 
[INFO] [stdout] test result: ok. 0 passed; 0 failed; 0 ignored; 0 measured; 0 filtered out; finished in 0.00s
[INFO] [stdout] 
[INFO] [stderr]      Running unittests src/main.rs (/opt/rustwide/target/debug/deps/query-7c48b1d5d94d614c)
[INFO] [stdout] 
[INFO] [stdout] running 3 tests
[INFO] [stdout] test grid_sampling::tests::test_sparse_grid_add_multiple_in_different_cells ... ok
[INFO] [stdout] test grid_sampling::tests::test_sparse_grid_add_multiple_in_same_cell ... ok
[INFO] [stdout] test grid_sampling::tests::test_sparse_grid_add_one ... ok
[INFO] [stdout] 
[INFO] [stdout] test result: ok. 3 passed; 0 failed; 0 ignored; 0 measured; 0 filtered out; finished in 0.01s
[INFO] [stdout] 
[INFO] [stderr]      Running unittests src/bin/run_postgis_queries.rs (/opt/rustwide/target/debug/deps/run_postgis_queries-1e148668d8df3152)
[INFO] [stdout] 
[INFO] [stdout] running 0 tests
[INFO] [stdout] 
[INFO] [stdout] test result: ok. 0 passed; 0 failed; 0 ignored; 0 measured; 0 filtered out; finished in 0.00s
[INFO] [stdout] 
[INFO] [stderr]      Running unittests src/bin/run_query_experiments.rs (/opt/rustwide/target/debug/deps/run_query_experiments-63d2c832e2a786fb)
[INFO] [stdout] 
[INFO] [stdout] running 0 tests
[INFO] [stdout] 
[INFO] [stdout] test result: ok. 0 passed; 0 failed; 0 ignored; 0 measured; 0 filtered out; finished in 0.00s
[INFO] [stdout] 
[INFO] [stderr]      Running unittests src/lib.rs (/opt/rustwide/target/debug/deps/readers-f87e7d4b7da6a74c)
[INFO] [stdout] 
[INFO] [stdout] running 2 tests
[INFO] [stdout] test lazer_reader::tests::test_lazer_reader ... FAILED
[INFO] [stderr] error: test failed, to rerun pass `-p readers --lib`
[INFO] [stdout] test last_reader::tests::test_lazer_reader ... FAILED
[INFO] [stdout] 
[INFO] [stdout] failures:
[INFO] [stdout] 
[INFO] [stdout] ---- lazer_reader::tests::test_lazer_reader stdout ----
[INFO] [stdout] Error: No such file or directory (os error 2)
[INFO] [stdout] 
[INFO] [stdout] ---- last_reader::tests::test_lazer_reader stdout ----
[INFO] [stdout] Error: No such file or directory (os error 2)
[INFO] [stdout] 
[INFO] [stdout] 
[INFO] [stdout] failures:
[INFO] [stdout]     last_reader::tests::test_lazer_reader
[INFO] [stdout]     lazer_reader::tests::test_lazer_reader
[INFO] [stdout] 
[INFO] [stdout] test result: FAILED. 0 passed; 2 failed; 0 ignored; 0 measured; 0 filtered out; finished in 0.02s
[INFO] [stdout] 
[INFO] running `Command { std: "docker" "inspect" "ca0d1ba6d29594ef034827f1cf823c636700f324c78232278163441f419a9922", kill_on_drop: false }`
[INFO] running `Command { std: "docker" "rm" "-f" "ca0d1ba6d29594ef034827f1cf823c636700f324c78232278163441f419a9922", kill_on_drop: false }`
[INFO] [stdout] ca0d1ba6d29594ef034827f1cf823c636700f324c78232278163441f419a9922
