[INFO] cloning repository https://github.com/iamcharleschege/passphrase_lib
[INFO] running `Command { std: "git" "-c" "credential.helper=" "-c" "credential.helper=/workspace/cargo-home/bin/git-credential-null" "clone" "--bare" "https://github.com/iamcharleschege/passphrase_lib" "/workspace/cache/git-repos/https%3A%2F%2Fgithub.com%2Fiamcharleschege%2Fpassphrase_lib", kill_on_drop: false }`
[INFO] [stderr] Cloning into bare repository '/workspace/cache/git-repos/https%3A%2F%2Fgithub.com%2Fiamcharleschege%2Fpassphrase_lib'...
[INFO] running `Command { std: "git" "rev-parse" "HEAD", kill_on_drop: false }`
[INFO] [stdout] 3ba429af328ffdf006e37a548ac2502560954b9a
[INFO] testing iamcharleschege/passphrase_lib against 1.69.0 for beta-1.70-1
[INFO] running `Command { std: "git" "clone" "/workspace/cache/git-repos/https%3A%2F%2Fgithub.com%2Fiamcharleschege%2Fpassphrase_lib" "/workspace/builds/worker-1-tc1/source", kill_on_drop: false }`
[INFO] [stderr] Cloning into '/workspace/builds/worker-1-tc1/source'...
[INFO] [stderr] done.
[INFO] validating manifest of git repo https://github.com/iamcharleschege/passphrase_lib on toolchain 1.69.0
[INFO] running `Command { std: CARGO_HOME="/workspace/cargo-home" RUSTUP_HOME="/workspace/rustup-home" "/workspace/cargo-home/bin/cargo" "+1.69.0" "metadata" "--manifest-path" "Cargo.toml" "--no-deps", kill_on_drop: false }`
[INFO] started tweaking git repo https://github.com/iamcharleschege/passphrase_lib
[INFO] finished tweaking git repo https://github.com/iamcharleschege/passphrase_lib
[INFO] tweaked toml for git repo https://github.com/iamcharleschege/passphrase_lib written to /workspace/builds/worker-1-tc1/source/Cargo.toml
[INFO] crate git repo https://github.com/iamcharleschege/passphrase_lib already has a lockfile, it will not be regenerated
[INFO] running `Command { std: CARGO_HOME="/workspace/cargo-home" RUSTUP_HOME="/workspace/rustup-home" "/workspace/cargo-home/bin/cargo" "+1.69.0" "fetch" "--manifest-path" "Cargo.toml", kill_on_drop: false }`
[INFO] [stderr]  Downloading crates ...
[INFO] [stderr]   Downloaded nanorand v0.5.0
[INFO] running `Command { std: "docker" "create" "-v" "/var/lib/crater-agent-workspace/builds/worker-1-tc1/target:/opt/rustwide/target:rw,Z" "-v" "/var/lib/crater-agent-workspace/builds/worker-1-tc1/source:/opt/rustwide/workdir:ro,Z" "-v" "/var/lib/crater-agent-workspace/cargo-home:/opt/rustwide/cargo-home:ro,Z" "-v" "/var/lib/crater-agent-workspace/rustup-home:/opt/rustwide/rustup-home:ro,Z" "-e" "SOURCE_DIR=/opt/rustwide/workdir" "-e" "CARGO_TARGET_DIR=/opt/rustwide/target" "-e" "CARGO_HOME=/opt/rustwide/cargo-home" "-e" "RUSTUP_HOME=/opt/rustwide/rustup-home" "-w" "/opt/rustwide/workdir" "-m" "1610612736" "--user" "0:0" "--network" "none" "ghcr.io/rust-lang/crates-build-env/linux@sha256:5ff2268d62e97bff2cde7d5815dd6ed5b47097566f13b8d0ca110b04b60e07ed" "/opt/rustwide/cargo-home/bin/cargo" "+1.69.0" "metadata" "--no-deps" "--format-version=1", kill_on_drop: false }`
[INFO] [stdout] 1af6e14ee2b7065e85818e03bc27921c747742ba589492da3228a3b6a382f574
[INFO] running `Command { std: "docker" "start" "-a" "1af6e14ee2b7065e85818e03bc27921c747742ba589492da3228a3b6a382f574", kill_on_drop: false }`
[INFO] running `Command { std: "docker" "inspect" "1af6e14ee2b7065e85818e03bc27921c747742ba589492da3228a3b6a382f574", kill_on_drop: false }`
[INFO] running `Command { std: "docker" "rm" "-f" "1af6e14ee2b7065e85818e03bc27921c747742ba589492da3228a3b6a382f574", kill_on_drop: false }`
[INFO] [stdout] 1af6e14ee2b7065e85818e03bc27921c747742ba589492da3228a3b6a382f574
[INFO] running `Command { std: "docker" "create" "-v" "/var/lib/crater-agent-workspace/builds/worker-1-tc1/target:/opt/rustwide/target:rw,Z" "-v" "/var/lib/crater-agent-workspace/builds/worker-1-tc1/source:/opt/rustwide/workdir:ro,Z" "-v" "/var/lib/crater-agent-workspace/cargo-home:/opt/rustwide/cargo-home:ro,Z" "-v" "/var/lib/crater-agent-workspace/rustup-home:/opt/rustwide/rustup-home:ro,Z" "-e" "SOURCE_DIR=/opt/rustwide/workdir" "-e" "CARGO_TARGET_DIR=/opt/rustwide/target" "-e" "CARGO_INCREMENTAL=0" "-e" "RUST_BACKTRACE=full" "-e" "RUSTFLAGS=--cap-lints=warn" "-e" "RUSTDOCFLAGS=--cap-lints=warn" "-e" "CARGO_HOME=/opt/rustwide/cargo-home" "-e" "RUSTUP_HOME=/opt/rustwide/rustup-home" "-w" "/opt/rustwide/workdir" "-m" "1610612736" "--user" "0:0" "--network" "none" "ghcr.io/rust-lang/crates-build-env/linux@sha256:5ff2268d62e97bff2cde7d5815dd6ed5b47097566f13b8d0ca110b04b60e07ed" "/opt/rustwide/cargo-home/bin/cargo" "+1.69.0" "build" "--frozen" "--message-format=json", kill_on_drop: false }`
[INFO] [stdout] a566fa84cc5b174a86d0330844c0cb2c394111855e755f03dfce0d17be874b2d
[INFO] running `Command { std: "docker" "start" "-a" "a566fa84cc5b174a86d0330844c0cb2c394111855e755f03dfce0d17be874b2d", kill_on_drop: false }`
[INFO] [stderr]    Compiling nanorand v0.5.0
[INFO] [stderr]    Compiling passphrase_lib v1.0.4 (/opt/rustwide/workdir)
[INFO] [stderr]     Finished dev [unoptimized + debuginfo] target(s) in 0.21s
[INFO] running `Command { std: "docker" "inspect" "a566fa84cc5b174a86d0330844c0cb2c394111855e755f03dfce0d17be874b2d", kill_on_drop: false }`
[INFO] running `Command { std: "docker" "rm" "-f" "a566fa84cc5b174a86d0330844c0cb2c394111855e755f03dfce0d17be874b2d", kill_on_drop: false }`
[INFO] [stdout] a566fa84cc5b174a86d0330844c0cb2c394111855e755f03dfce0d17be874b2d
[INFO] running `Command { std: "docker" "create" "-v" "/var/lib/crater-agent-workspace/builds/worker-1-tc1/target:/opt/rustwide/target:rw,Z" "-v" "/var/lib/crater-agent-workspace/builds/worker-1-tc1/source:/opt/rustwide/workdir:ro,Z" "-v" "/var/lib/crater-agent-workspace/cargo-home:/opt/rustwide/cargo-home:ro,Z" "-v" "/var/lib/crater-agent-workspace/rustup-home:/opt/rustwide/rustup-home:ro,Z" "-e" "SOURCE_DIR=/opt/rustwide/workdir" "-e" "CARGO_TARGET_DIR=/opt/rustwide/target" "-e" "CARGO_INCREMENTAL=0" "-e" "RUST_BACKTRACE=full" "-e" "RUSTFLAGS=--cap-lints=warn" "-e" "RUSTDOCFLAGS=--cap-lints=warn" "-e" "CARGO_HOME=/opt/rustwide/cargo-home" "-e" "RUSTUP_HOME=/opt/rustwide/rustup-home" "-w" "/opt/rustwide/workdir" "-m" "1610612736" "--user" "0:0" "--network" "none" "ghcr.io/rust-lang/crates-build-env/linux@sha256:5ff2268d62e97bff2cde7d5815dd6ed5b47097566f13b8d0ca110b04b60e07ed" "/opt/rustwide/cargo-home/bin/cargo" "+1.69.0" "test" "--frozen" "--no-run" "--message-format=json", kill_on_drop: false }`
[INFO] [stdout] bc5c03d4d883406b9a3612d832b4575780f7bc889dab6a8279bf2a26916905ad
[INFO] running `Command { std: "docker" "start" "-a" "bc5c03d4d883406b9a3612d832b4575780f7bc889dab6a8279bf2a26916905ad", kill_on_drop: false }`
[INFO] [stderr]    Compiling passphrase_lib v1.0.4 (/opt/rustwide/workdir)
[INFO] [stderr]     Finished test [unoptimized + debuginfo] target(s) in 0.18s
[INFO] running `Command { std: "docker" "inspect" "bc5c03d4d883406b9a3612d832b4575780f7bc889dab6a8279bf2a26916905ad", kill_on_drop: false }`
[INFO] running `Command { std: "docker" "rm" "-f" "bc5c03d4d883406b9a3612d832b4575780f7bc889dab6a8279bf2a26916905ad", kill_on_drop: false }`
[INFO] [stdout] bc5c03d4d883406b9a3612d832b4575780f7bc889dab6a8279bf2a26916905ad
[INFO] running `Command { std: "docker" "create" "-v" "/var/lib/crater-agent-workspace/builds/worker-1-tc1/target:/opt/rustwide/target:rw,Z" "-v" "/var/lib/crater-agent-workspace/builds/worker-1-tc1/source:/opt/rustwide/workdir:ro,Z" "-v" "/var/lib/crater-agent-workspace/cargo-home:/opt/rustwide/cargo-home:ro,Z" "-v" "/var/lib/crater-agent-workspace/rustup-home:/opt/rustwide/rustup-home:ro,Z" "-e" "SOURCE_DIR=/opt/rustwide/workdir" "-e" "CARGO_TARGET_DIR=/opt/rustwide/target" "-e" "CARGO_INCREMENTAL=0" "-e" "RUST_BACKTRACE=full" "-e" "RUSTFLAGS=--cap-lints=warn" "-e" "RUSTDOCFLAGS=--cap-lints=warn" "-e" "CARGO_HOME=/opt/rustwide/cargo-home" "-e" "RUSTUP_HOME=/opt/rustwide/rustup-home" "-w" "/opt/rustwide/workdir" "-m" "1610612736" "--user" "0:0" "--network" "none" "ghcr.io/rust-lang/crates-build-env/linux@sha256:5ff2268d62e97bff2cde7d5815dd6ed5b47097566f13b8d0ca110b04b60e07ed" "/opt/rustwide/cargo-home/bin/cargo" "+1.69.0" "test" "--frozen", kill_on_drop: false }`
[INFO] [stdout] 1a988952890480e6f9e470240543e23795962f33e4afaa4873a3f84d6c9015e8
[INFO] running `Command { std: "docker" "start" "-a" "1a988952890480e6f9e470240543e23795962f33e4afaa4873a3f84d6c9015e8", kill_on_drop: false }`
[INFO] [stderr]     Finished test [unoptimized + debuginfo] target(s) in 0.00s
[INFO] [stderr]      Running unittests src/lib.rs (/opt/rustwide/target/debug/deps/passphrase_lib-099430f1b739f339)
[INFO] [stdout] 
[INFO] [stdout] running 0 tests
[INFO] [stdout] 
[INFO] [stdout] test result: ok. 0 passed; 0 failed; 0 ignored; 0 measured; 0 filtered out; finished in 0.00s
[INFO] [stdout] 
[INFO] [stderr]    Doc-tests passphrase_lib
[INFO] [stdout] 
[INFO] [stdout] running 2 tests
[INFO] [stdout] test src/lib.rs - (line 26) ... FAILED
[INFO] [stdout] test src/lib.rs - (line 20) ... FAILED
[INFO] [stdout] 
[INFO] [stdout] failures:
[INFO] [stdout] 
[INFO] [stdout] ---- src/lib.rs - (line 26) stdout ----
[INFO] [stdout] error[E0432]: unresolved import `passhrase`
[INFO] [stdout]  --> src/lib.rs:27:5
[INFO] [stdout]   |
[INFO] [stdout] 3 | use passhrase;
[INFO] [stdout]   |     ^^^^^^^^^ no external crate `passhrase`
[INFO] [stdout] 
[INFO] [stdout] error: aborting due to previous error
[INFO] [stdout] 
[INFO] [stdout] For more information about this error, try `rustc --explain E0432`.
[INFO] [stdout] Couldn't compile the test.
[INFO] [stdout] ---- src/lib.rs - (line 20) stdout ----
[INFO] [stdout] error: expected `;`, found `passhrase_lib`
[INFO] [stdout]  --> src/lib.rs:21:15
[INFO] [stdout]   |
[INFO] [stdout] 3 | [dependencies]
[INFO] [stdout]   |               ^ help: add `;` here
[INFO] [stdout] 4 | passhrase_lib = #enter the version from crates.io here
[INFO] [stdout]   | ------------- unexpected token
[INFO] [stdout] 
[INFO] [stdout] error: expected one of `!` or `[`, found `enter`
[INFO] [stdout]  --> src/lib.rs:22:18
[INFO] [stdout]   |
[INFO] [stdout] 4 | passhrase_lib = #enter the version from crates.io here
[INFO] [stdout]   |                  ^^^^^ expected one of `!` or `[`
[INFO] [stdout] 
[INFO] [stdout] error: aborting due to 2 previous errors
[INFO] [stdout] 
[INFO] [stdout] Couldn't compile the test.
[INFO] [stdout] 
[INFO] [stdout] failures:
[INFO] [stdout]     src/lib.rs - (line 20)
[INFO] [stdout]     src/lib.rs - (line 26)
[INFO] [stdout] 
[INFO] [stdout] test result: FAILED. 0 passed; 2 failed; 0 ignored; 0 measured; 0 filtered out; finished in 0.03s
[INFO] [stdout] 
[INFO] [stderr] error: doctest failed, to rerun pass `--doc`
[INFO] running `Command { std: "docker" "inspect" "1a988952890480e6f9e470240543e23795962f33e4afaa4873a3f84d6c9015e8", kill_on_drop: false }`
[INFO] running `Command { std: "docker" "rm" "-f" "1a988952890480e6f9e470240543e23795962f33e4afaa4873a3f84d6c9015e8", kill_on_drop: false }`
[INFO] [stdout] 1a988952890480e6f9e470240543e23795962f33e4afaa4873a3f84d6c9015e8
