[INFO] cloning repository https://github.com/hyperswine/arcutils
[INFO] running `Command { std: "git" "-c" "credential.helper=" "-c" "credential.helper=/workspace/cargo-home/bin/git-credential-null" "clone" "--bare" "https://github.com/hyperswine/arcutils" "/workspace/cache/git-repos/https%3A%2F%2Fgithub.com%2Fhyperswine%2Farcutils", kill_on_drop: false }`
[INFO] [stderr] Cloning into bare repository '/workspace/cache/git-repos/https%3A%2F%2Fgithub.com%2Fhyperswine%2Farcutils'...
[INFO] running `Command { std: "git" "rev-parse" "HEAD", kill_on_drop: false }`
[INFO] [stdout] 3698e4bdaf6f325acaa3963ac8e30c78b9808bea
[INFO] testing hyperswine/arcutils against beta-2023-04-20 for beta-1.70-1
[INFO] running `Command { std: "git" "clone" "/workspace/cache/git-repos/https%3A%2F%2Fgithub.com%2Fhyperswine%2Farcutils" "/workspace/builds/worker-2-tc2/source", kill_on_drop: false }`
[INFO] [stderr] Cloning into '/workspace/builds/worker-2-tc2/source'...
[INFO] [stderr] done.
[INFO] validating manifest of git repo https://github.com/hyperswine/arcutils on toolchain beta-2023-04-20
[INFO] running `Command { std: CARGO_HOME="/workspace/cargo-home" RUSTUP_HOME="/workspace/rustup-home" "/workspace/cargo-home/bin/cargo" "+beta-2023-04-20" "metadata" "--manifest-path" "Cargo.toml" "--no-deps", kill_on_drop: false }`
[INFO] removed /workspace/builds/worker-2-tc2/source/.cargo/config.toml
[INFO] started tweaking git repo https://github.com/hyperswine/arcutils
[INFO] finished tweaking git repo https://github.com/hyperswine/arcutils
[INFO] tweaked toml for git repo https://github.com/hyperswine/arcutils written to /workspace/builds/worker-2-tc2/source/Cargo.toml
[INFO] crate git repo https://github.com/hyperswine/arcutils already has a lockfile, it will not be regenerated
[INFO] running `Command { std: CARGO_HOME="/workspace/cargo-home" RUSTUP_HOME="/workspace/rustup-home" "/workspace/cargo-home/bin/cargo" "+beta-2023-04-20" "fetch" "--manifest-path" "Cargo.toml", kill_on_drop: false }`
[INFO] running `Command { std: "docker" "create" "-v" "/var/lib/crater-agent-workspace/builds/worker-2-tc2/target:/opt/rustwide/target:rw,Z" "-v" "/var/lib/crater-agent-workspace/builds/worker-2-tc2/source:/opt/rustwide/workdir:ro,Z" "-v" "/var/lib/crater-agent-workspace/cargo-home:/opt/rustwide/cargo-home:ro,Z" "-v" "/var/lib/crater-agent-workspace/rustup-home:/opt/rustwide/rustup-home:ro,Z" "-e" "SOURCE_DIR=/opt/rustwide/workdir" "-e" "CARGO_TARGET_DIR=/opt/rustwide/target" "-e" "CARGO_HOME=/opt/rustwide/cargo-home" "-e" "RUSTUP_HOME=/opt/rustwide/rustup-home" "-w" "/opt/rustwide/workdir" "-m" "1610612736" "--user" "0:0" "--network" "none" "ghcr.io/rust-lang/crates-build-env/linux@sha256:5ff2268d62e97bff2cde7d5815dd6ed5b47097566f13b8d0ca110b04b60e07ed" "/opt/rustwide/cargo-home/bin/cargo" "+beta-2023-04-20" "metadata" "--no-deps" "--format-version=1", kill_on_drop: false }`
[INFO] [stdout] a4316764c859afe778c647949402b9a6fa1d0d28911a9ca60352e4e0692abb79
[INFO] running `Command { std: "docker" "start" "-a" "a4316764c859afe778c647949402b9a6fa1d0d28911a9ca60352e4e0692abb79", kill_on_drop: false }`
[INFO] running `Command { std: "docker" "inspect" "a4316764c859afe778c647949402b9a6fa1d0d28911a9ca60352e4e0692abb79", kill_on_drop: false }`
[INFO] running `Command { std: "docker" "rm" "-f" "a4316764c859afe778c647949402b9a6fa1d0d28911a9ca60352e4e0692abb79", kill_on_drop: false }`
[INFO] [stdout] a4316764c859afe778c647949402b9a6fa1d0d28911a9ca60352e4e0692abb79
[INFO] running `Command { std: "docker" "create" "-v" "/var/lib/crater-agent-workspace/builds/worker-2-tc2/target:/opt/rustwide/target:rw,Z" "-v" "/var/lib/crater-agent-workspace/builds/worker-2-tc2/source:/opt/rustwide/workdir:ro,Z" "-v" "/var/lib/crater-agent-workspace/cargo-home:/opt/rustwide/cargo-home:ro,Z" "-v" "/var/lib/crater-agent-workspace/rustup-home:/opt/rustwide/rustup-home:ro,Z" "-e" "SOURCE_DIR=/opt/rustwide/workdir" "-e" "CARGO_TARGET_DIR=/opt/rustwide/target" "-e" "CARGO_INCREMENTAL=0" "-e" "RUST_BACKTRACE=full" "-e" "RUSTFLAGS=--cap-lints=warn" "-e" "RUSTDOCFLAGS=--cap-lints=warn" "-e" "CARGO_HOME=/opt/rustwide/cargo-home" "-e" "RUSTUP_HOME=/opt/rustwide/rustup-home" "-w" "/opt/rustwide/workdir" "-m" "1610612736" "--user" "0:0" "--network" "none" "ghcr.io/rust-lang/crates-build-env/linux@sha256:5ff2268d62e97bff2cde7d5815dd6ed5b47097566f13b8d0ca110b04b60e07ed" "/opt/rustwide/cargo-home/bin/cargo" "+beta-2023-04-20" "build" "--frozen" "--message-format=json", kill_on_drop: false }`
[INFO] [stdout] 4d4ee0dba0892c0de89b4f532d6b7ef649f7073273851503c9f510e1bcfa9cb3
[INFO] running `Command { std: "docker" "start" "-a" "4d4ee0dba0892c0de89b4f532d6b7ef649f7073273851503c9f510e1bcfa9cb3", kill_on_drop: false }`
[INFO] [stderr]    Compiling arcutils v0.1.4 (/opt/rustwide/workdir)
[INFO] [stdout] warning: unused variable: `staticlib_dir`
[INFO] [stdout]    --> src/builder.rs:146:19
[INFO] [stdout]     |
[INFO] [stdout] 146 | pub fn full_build(staticlib_dir: &str, arch: Arch) {
[INFO] [stdout]     |                   ^^^^^^^^^^^^^ help: if this is intentional, prefix it with an underscore: `_staticlib_dir`
[INFO] [stdout]     |
[INFO] [stdout]     = note: `#[warn(unused_variables)]` on by default
[INFO] [stdout] 
[INFO] [stdout] 
[INFO] [stdout] warning: unused variable: `arch`
[INFO] [stdout]    --> src/builder.rs:146:40
[INFO] [stdout]     |
[INFO] [stdout] 146 | pub fn full_build(staticlib_dir: &str, arch: Arch) {
[INFO] [stdout]     |                                        ^^^^ help: if this is intentional, prefix it with an underscore: `_arch`
[INFO] [stdout] 
[INFO] [stdout] 
[INFO] [stdout] warning: constant `cargo_command` should have an upper case name
[INFO] [stdout]  --> src/builder.rs:8:7
[INFO] [stdout]   |
[INFO] [stdout] 8 | const cargo_command: &str = "cargo";
[INFO] [stdout]   |       ^^^^^^^^^^^^^ help: convert the identifier to upper case: `CARGO_COMMAND`
[INFO] [stdout]   |
[INFO] [stdout]   = note: `#[warn(non_upper_case_globals)]` on by default
[INFO] [stdout] 
[INFO] [stdout] 
[INFO] [stdout] warning: constant `rustc_command` should have an upper case name
[INFO] [stdout]  --> src/builder.rs:9:7
[INFO] [stdout]   |
[INFO] [stdout] 9 | const rustc_command: &str = "rustc";
[INFO] [stdout]   |       ^^^^^^^^^^^^^ help: convert the identifier to upper case: `RUSTC_COMMAND`
[INFO] [stdout] 
[INFO] [stdout] 
[INFO] [stdout] warning: constant `rustc_target_command` should have an upper case name
[INFO] [stdout]   --> src/builder.rs:10:7
[INFO] [stdout]    |
[INFO] [stdout] 10 | const rustc_target_command: &str = "--target=";
[INFO] [stdout]    |       ^^^^^^^^^^^^^^^^^^^^ help: convert the identifier to upper case: `RUSTC_TARGET_COMMAND`
[INFO] [stdout] 
[INFO] [stdout] 
[INFO] [stdout] warning: constant `rustc_flag_command` should have an upper case name
[INFO] [stdout]   --> src/builder.rs:11:7
[INFO] [stdout]    |
[INFO] [stdout] 11 | const rustc_flag_command: &str = "--";
[INFO] [stdout]    |       ^^^^^^^^^^^^^^^^^^ help: convert the identifier to upper case: `RUSTC_FLAG_COMMAND`
[INFO] [stdout] 
[INFO] [stdout] 
[INFO] [stdout] warning: constant `staticlib_crate_type` should have an upper case name
[INFO] [stdout]   --> src/builder.rs:12:7
[INFO] [stdout]    |
[INFO] [stdout] 12 | const staticlib_crate_type: &str = "--crate-type=staticlib";
[INFO] [stdout]    |       ^^^^^^^^^^^^^^^^^^^^ help: convert the identifier to upper case: `STATICLIB_CRATE_TYPE`
[INFO] [stdout] 
[INFO] [stdout] 
[INFO] [stdout] warning: 7 warnings emitted
[INFO] [stdout] 
[INFO] [stdout] 
[INFO] [stdout] warning: unreachable statement
[INFO] [stdout]   --> src/bin/arcutils.rs:88:9
[INFO] [stdout]    |
[INFO] [stdout] 86 |         exit(1);
[INFO] [stdout]    |         ------- any code following this expression is unreachable
[INFO] [stdout] 87 |
[INFO] [stdout] 88 |         let QEMU = "qemu-system-riscv64";
[INFO] [stdout]    |         ^^^^^^^^^^^^^^^^^^^^^^^^^^^^^^^^^ unreachable statement
[INFO] [stdout]    |
[INFO] [stdout]    = note: `#[warn(unreachable_code)]` on by default
[INFO] [stdout] 
[INFO] [stdout] 
[INFO] [stdout] warning: unused variable: `build`
[INFO] [stdout]   --> src/bin/arcutils.rs:74:13
[INFO] [stdout]    |
[INFO] [stdout] 74 |         let build = Build::new(__arch_build)
[INFO] [stdout]    |             ^^^^^ help: if this is intentional, prefix it with an underscore: `_build`
[INFO] [stdout]    |
[INFO] [stdout]    = note: `#[warn(unused_variables)]` on by default
[INFO] [stdout] 
[INFO] [stdout] 
[INFO] [stdout] warning: variable does not need to be mutable
[INFO] [stdout]   --> src/bin/arcutils.rs:54:13
[INFO] [stdout]    |
[INFO] [stdout] 54 |         let mut arch_build = match __arch_build {
[INFO] [stdout]    |             ----^^^^^^^^^^
[INFO] [stdout]    |             |
[INFO] [stdout]    |             help: remove this `mut`
[INFO] [stdout]    |
[INFO] [stdout]    = note: `#[warn(unused_mut)]` on by default
[INFO] [stdout] 
[INFO] [stdout] 
[INFO] [stdout] warning: constant `BUILD_CFG` is never used
[INFO] [stdout]  --> src/bin/arcutils.rs:9:7
[INFO] [stdout]   |
[INFO] [stdout] 9 | const BUILD_CFG: [&str; 3] = ["--release", "--debug", "--test"];
[INFO] [stdout]   |       ^^^^^^^^^
[INFO] [stdout]   |
[INFO] [stdout]   = note: `#[warn(dead_code)]` on by default
[INFO] [stdout] 
[INFO] [stdout] 
[INFO] [stdout] warning: variable `QEMU` should have a snake case name
[INFO] [stdout]   --> src/bin/arcutils.rs:88:13
[INFO] [stdout]    |
[INFO] [stdout] 88 |         let QEMU = "qemu-system-riscv64";
[INFO] [stdout]    |             ^^^^ help: convert the identifier to snake case: `qemu`
[INFO] [stdout]    |
[INFO] [stdout]    = note: `#[warn(non_snake_case)]` on by default
[INFO] [stdout] 
[INFO] [stdout] 
[INFO] [stdout] warning: 5 warnings emitted
[INFO] [stdout] 
[INFO] [stdout] 
[INFO] [stderr]     Finished dev [unoptimized + debuginfo] target(s) in 0.60s
[INFO] running `Command { std: "docker" "inspect" "4d4ee0dba0892c0de89b4f532d6b7ef649f7073273851503c9f510e1bcfa9cb3", kill_on_drop: false }`
[INFO] running `Command { std: "docker" "rm" "-f" "4d4ee0dba0892c0de89b4f532d6b7ef649f7073273851503c9f510e1bcfa9cb3", kill_on_drop: false }`
[INFO] [stdout] 4d4ee0dba0892c0de89b4f532d6b7ef649f7073273851503c9f510e1bcfa9cb3
[INFO] running `Command { std: "docker" "create" "-v" "/var/lib/crater-agent-workspace/builds/worker-2-tc2/target:/opt/rustwide/target:rw,Z" "-v" "/var/lib/crater-agent-workspace/builds/worker-2-tc2/source:/opt/rustwide/workdir:ro,Z" "-v" "/var/lib/crater-agent-workspace/cargo-home:/opt/rustwide/cargo-home:ro,Z" "-v" "/var/lib/crater-agent-workspace/rustup-home:/opt/rustwide/rustup-home:ro,Z" "-e" "SOURCE_DIR=/opt/rustwide/workdir" "-e" "CARGO_TARGET_DIR=/opt/rustwide/target" "-e" "CARGO_INCREMENTAL=0" "-e" "RUST_BACKTRACE=full" "-e" "RUSTFLAGS=--cap-lints=warn" "-e" "RUSTDOCFLAGS=--cap-lints=warn" "-e" "CARGO_HOME=/opt/rustwide/cargo-home" "-e" "RUSTUP_HOME=/opt/rustwide/rustup-home" "-w" "/opt/rustwide/workdir" "-m" "1610612736" "--user" "0:0" "--network" "none" "ghcr.io/rust-lang/crates-build-env/linux@sha256:5ff2268d62e97bff2cde7d5815dd6ed5b47097566f13b8d0ca110b04b60e07ed" "/opt/rustwide/cargo-home/bin/cargo" "+beta-2023-04-20" "test" "--frozen" "--no-run" "--message-format=json", kill_on_drop: false }`
[INFO] [stdout] f3f6546442fb7802a5af79abe125d9eec47ae0191dd775a6f4caf1d6819d3078
[INFO] running `Command { std: "docker" "start" "-a" "f3f6546442fb7802a5af79abe125d9eec47ae0191dd775a6f4caf1d6819d3078", kill_on_drop: false }`
[INFO] [stdout] warning: unused variable: `staticlib_dir`
[INFO] [stdout]    --> src/builder.rs:146:19
[INFO] [stdout]     |
[INFO] [stdout] 146 | pub fn full_build(staticlib_dir: &str, arch: Arch) {
[INFO] [stdout]     |                   ^^^^^^^^^^^^^ help: if this is intentional, prefix it with an underscore: `_staticlib_dir`
[INFO] [stdout]     |
[INFO] [stdout]     = note: `#[warn(unused_variables)]` on by default
[INFO] [stdout] 
[INFO] [stdout] 
[INFO] [stdout] warning: unused variable: `arch`
[INFO] [stdout]    --> src/builder.rs:146:40
[INFO] [stdout]     |
[INFO] [stdout] 146 | pub fn full_build(staticlib_dir: &str, arch: Arch) {
[INFO] [stdout]     |                                        ^^^^ help: if this is intentional, prefix it with an underscore: `_arch`
[INFO] [stdout] 
[INFO] [stdout] 
[INFO] [stdout] warning: constant `cargo_command` should have an upper case name
[INFO] [stdout]  --> src/builder.rs:8:7
[INFO] [stdout]   |
[INFO] [stdout] 8 | const cargo_command: &str = "cargo";
[INFO] [stdout]   |       ^^^^^^^^^^^^^ help: convert the identifier to upper case: `CARGO_COMMAND`
[INFO] [stdout]   |
[INFO] [stdout]   = note: `#[warn(non_upper_case_globals)]` on by default
[INFO] [stdout] 
[INFO] [stdout] 
[INFO] [stdout] warning: constant `rustc_command` should have an upper case name
[INFO] [stdout]  --> src/builder.rs:9:7
[INFO] [stdout]   |
[INFO] [stdout] 9 | const rustc_command: &str = "rustc";
[INFO] [stdout]   |       ^^^^^^^^^^^^^ help: convert the identifier to upper case: `RUSTC_COMMAND`
[INFO] [stdout] 
[INFO] [stdout] 
[INFO] [stdout] warning: constant `rustc_target_command` should have an upper case name
[INFO] [stdout]   --> src/builder.rs:10:7
[INFO] [stdout]    |
[INFO] [stdout] 10 | const rustc_target_command: &str = "--target=";
[INFO] [stdout]    |       ^^^^^^^^^^^^^^^^^^^^ help: convert the identifier to upper case: `RUSTC_TARGET_COMMAND`
[INFO] [stdout] 
[INFO] [stdout] 
[INFO] [stdout] warning: constant `rustc_flag_command` should have an upper case name
[INFO] [stdout]   --> src/builder.rs:11:7
[INFO] [stdout]    |
[INFO] [stdout] 11 | const rustc_flag_command: &str = "--";
[INFO] [stdout]    |       ^^^^^^^^^^^^^^^^^^ help: convert the identifier to upper case: `RUSTC_FLAG_COMMAND`
[INFO] [stdout] 
[INFO] [stdout] 
[INFO] [stdout] warning: constant `staticlib_crate_type` should have an upper case name
[INFO] [stdout]   --> src/builder.rs:12:7
[INFO] [stdout]    |
[INFO] [stdout] 12 | const staticlib_crate_type: &str = "--crate-type=staticlib";
[INFO] [stdout]    |       ^^^^^^^^^^^^^^^^^^^^ help: convert the identifier to upper case: `STATICLIB_CRATE_TYPE`
[INFO] [stdout] 
[INFO] [stdout] 
[INFO] [stdout] warning: 7 warnings emitted
[INFO] [stdout] 
[INFO] [stdout] 
[INFO] [stderr]    Compiling arcutils v0.1.4 (/opt/rustwide/workdir)
[INFO] [stdout] warning: unreachable statement
[INFO] [stdout]   --> src/bin/arcutils.rs:88:9
[INFO] [stdout]    |
[INFO] [stdout] 86 |         exit(1);
[INFO] [stdout]    |         ------- any code following this expression is unreachable
[INFO] [stdout] 87 |
[INFO] [stdout] 88 |         let QEMU = "qemu-system-riscv64";
[INFO] [stdout]    |         ^^^^^^^^^^^^^^^^^^^^^^^^^^^^^^^^^ unreachable statement
[INFO] [stdout]    |
[INFO] [stdout]    = note: `#[warn(unreachable_code)]` on by default
[INFO] [stdout] 
[INFO] [stdout] 
[INFO] [stdout] warning: unused variable: `build`
[INFO] [stdout]   --> src/bin/arcutils.rs:74:13
[INFO] [stdout]    |
[INFO] [stdout] 74 |         let build = Build::new(__arch_build)
[INFO] [stdout]    |             ^^^^^ help: if this is intentional, prefix it with an underscore: `_build`
[INFO] [stdout]    |
[INFO] [stdout]    = note: `#[warn(unused_variables)]` on by default
[INFO] [stdout] 
[INFO] [stdout] 
[INFO] [stdout] warning: variable does not need to be mutable
[INFO] [stdout]   --> src/bin/arcutils.rs:54:13
[INFO] [stdout]    |
[INFO] [stdout] 54 |         let mut arch_build = match __arch_build {
[INFO] [stdout]    |             ----^^^^^^^^^^
[INFO] [stdout]    |             |
[INFO] [stdout]    |             help: remove this `mut`
[INFO] [stdout]    |
[INFO] [stdout]    = note: `#[warn(unused_mut)]` on by default
[INFO] [stdout] 
[INFO] [stdout] 
[INFO] [stdout] warning: constant `BUILD_CFG` is never used
[INFO] [stdout]  --> src/bin/arcutils.rs:9:7
[INFO] [stdout]   |
[INFO] [stdout] 9 | const BUILD_CFG: [&str; 3] = ["--release", "--debug", "--test"];
[INFO] [stdout]   |       ^^^^^^^^^
[INFO] [stdout]   |
[INFO] [stdout]   = note: `#[warn(dead_code)]` on by default
[INFO] [stdout] 
[INFO] [stdout] 
[INFO] [stdout] warning: unused variable: `staticlib_dir`
[INFO] [stdout]    --> src/builder.rs:146:19
[INFO] [stdout]     |
[INFO] [stdout] 146 | pub fn full_build(staticlib_dir: &str, arch: Arch) {
[INFO] [stdout]     |                   ^^^^^^^^^^^^^ help: if this is intentional, prefix it with an underscore: `_staticlib_dir`
[INFO] [stdout]     |
[INFO] [stdout]     = note: `#[warn(unused_variables)]` on by default
[INFO] [stdout] 
[INFO] [stdout] 
[INFO] [stdout] warning: variable `QEMU` should have a snake case name
[INFO] [stdout]   --> src/bin/arcutils.rs:88:13
[INFO] [stdout]    |
[INFO] [stdout] 88 |         let QEMU = "qemu-system-riscv64";
[INFO] [stdout]    |             ^^^^ help: convert the identifier to snake case: `qemu`
[INFO] [stdout]    |
[INFO] [stdout]    = note: `#[warn(non_snake_case)]` on by default
[INFO] [stdout] 
[INFO] [stdout] 
[INFO] [stdout] warning: unused variable: `arch`
[INFO] [stdout]    --> src/builder.rs:146:40
[INFO] [stdout]     |
[INFO] [stdout] 146 | pub fn full_build(staticlib_dir: &str, arch: Arch) {
[INFO] [stdout]     |                                        ^^^^ help: if this is intentional, prefix it with an underscore: `_arch`
[INFO] [stdout] 
[INFO] [stdout] 
[INFO] [stdout] warning: constant `cargo_command` should have an upper case name
[INFO] [stdout]  --> src/builder.rs:8:7
[INFO] [stdout]   |
[INFO] [stdout] 8 | const cargo_command: &str = "cargo";
[INFO] [stdout]   |       ^^^^^^^^^^^^^ help: convert the identifier to upper case: `CARGO_COMMAND`
[INFO] [stdout]   |
[INFO] [stdout]   = note: `#[warn(non_upper_case_globals)]` on by default
[INFO] [stdout] 
[INFO] [stdout] 
[INFO] [stdout] warning: constant `rustc_command` should have an upper case name
[INFO] [stdout]  --> src/builder.rs:9:7
[INFO] [stdout]   |
[INFO] [stdout] 9 | const rustc_command: &str = "rustc";
[INFO] [stdout]   |       ^^^^^^^^^^^^^ help: convert the identifier to upper case: `RUSTC_COMMAND`
[INFO] [stdout] 
[INFO] [stdout] 
[INFO] [stdout] warning: constant `rustc_target_command` should have an upper case name
[INFO] [stdout]   --> src/builder.rs:10:7
[INFO] [stdout]    |
[INFO] [stdout] 10 | const rustc_target_command: &str = "--target=";
[INFO] [stdout]    |       ^^^^^^^^^^^^^^^^^^^^ help: convert the identifier to upper case: `RUSTC_TARGET_COMMAND`
[INFO] [stdout] 
[INFO] [stdout] 
[INFO] [stdout] warning: constant `rustc_flag_command` should have an upper case name
[INFO] [stdout]   --> src/builder.rs:11:7
[INFO] [stdout]    |
[INFO] [stdout] 11 | const rustc_flag_command: &str = "--";
[INFO] [stdout]    |       ^^^^^^^^^^^^^^^^^^ help: convert the identifier to upper case: `RUSTC_FLAG_COMMAND`
[INFO] [stdout] 
[INFO] [stdout] 
[INFO] [stdout] warning: constant `staticlib_crate_type` should have an upper case name
[INFO] [stdout]   --> src/builder.rs:12:7
[INFO] [stdout]    |
[INFO] [stdout] 12 | const staticlib_crate_type: &str = "--crate-type=staticlib";
[INFO] [stdout]    |       ^^^^^^^^^^^^^^^^^^^^ help: convert the identifier to upper case: `STATICLIB_CRATE_TYPE`
[INFO] [stdout] 
[INFO] [stdout] 
[INFO] [stdout] warning: 5 warnings emitted
[INFO] [stdout] 
[INFO] [stdout] 
[INFO] [stdout] warning: 7 warnings emitted
[INFO] [stdout] 
[INFO] [stdout] 
[INFO] [stderr]     Finished test [unoptimized + debuginfo] target(s) in 0.29s
[INFO] running `Command { std: "docker" "inspect" "f3f6546442fb7802a5af79abe125d9eec47ae0191dd775a6f4caf1d6819d3078", kill_on_drop: false }`
[INFO] running `Command { std: "docker" "rm" "-f" "f3f6546442fb7802a5af79abe125d9eec47ae0191dd775a6f4caf1d6819d3078", kill_on_drop: false }`
[INFO] [stdout] f3f6546442fb7802a5af79abe125d9eec47ae0191dd775a6f4caf1d6819d3078
[INFO] running `Command { std: "docker" "create" "-v" "/var/lib/crater-agent-workspace/builds/worker-2-tc2/target:/opt/rustwide/target:rw,Z" "-v" "/var/lib/crater-agent-workspace/builds/worker-2-tc2/source:/opt/rustwide/workdir:ro,Z" "-v" "/var/lib/crater-agent-workspace/cargo-home:/opt/rustwide/cargo-home:ro,Z" "-v" "/var/lib/crater-agent-workspace/rustup-home:/opt/rustwide/rustup-home:ro,Z" "-e" "SOURCE_DIR=/opt/rustwide/workdir" "-e" "CARGO_TARGET_DIR=/opt/rustwide/target" "-e" "CARGO_INCREMENTAL=0" "-e" "RUST_BACKTRACE=full" "-e" "RUSTFLAGS=--cap-lints=warn" "-e" "RUSTDOCFLAGS=--cap-lints=warn" "-e" "CARGO_HOME=/opt/rustwide/cargo-home" "-e" "RUSTUP_HOME=/opt/rustwide/rustup-home" "-w" "/opt/rustwide/workdir" "-m" "1610612736" "--user" "0:0" "--network" "none" "ghcr.io/rust-lang/crates-build-env/linux@sha256:5ff2268d62e97bff2cde7d5815dd6ed5b47097566f13b8d0ca110b04b60e07ed" "/opt/rustwide/cargo-home/bin/cargo" "+beta-2023-04-20" "test" "--frozen", kill_on_drop: false }`
[INFO] [stdout] 05890646687eb50a181da778e18d9486725b019003dd5bef2234aaee428aa3e6
[INFO] running `Command { std: "docker" "start" "-a" "05890646687eb50a181da778e18d9486725b019003dd5bef2234aaee428aa3e6", kill_on_drop: false }`
[INFO] [stderr] warning: unused variable: `staticlib_dir`
[INFO] [stderr]    --> src/builder.rs:146:19
[INFO] [stderr]     |
[INFO] [stderr] 146 | pub fn full_build(staticlib_dir: &str, arch: Arch) {
[INFO] [stderr]     |                   ^^^^^^^^^^^^^ help: if this is intentional, prefix it with an underscore: `_staticlib_dir`
[INFO] [stderr]     |
[INFO] [stderr]     = note: `#[warn(unused_variables)]` on by default
[INFO] [stderr] 
[INFO] [stderr] warning: unused variable: `arch`
[INFO] [stderr]    --> src/builder.rs:146:40
[INFO] [stderr]     |
[INFO] [stderr] 146 | pub fn full_build(staticlib_dir: &str, arch: Arch) {
[INFO] [stderr]     |                                        ^^^^ help: if this is intentional, prefix it with an underscore: `_arch`
[INFO] [stderr] 
[INFO] [stderr] warning: constant `cargo_command` should have an upper case name
[INFO] [stderr]  --> src/builder.rs:8:7
[INFO] [stderr]   |
[INFO] [stderr] 8 | const cargo_command: &str = "cargo";
[INFO] [stderr]   |       ^^^^^^^^^^^^^ help: convert the identifier to upper case: `CARGO_COMMAND`
[INFO] [stderr]   |
[INFO] [stderr]   = note: `#[warn(non_upper_case_globals)]` on by default
[INFO] [stderr] 
[INFO] [stderr] warning: constant `rustc_command` should have an upper case name
[INFO] [stderr]  --> src/builder.rs:9:7
[INFO] [stderr]   |
[INFO] [stderr] 9 | const rustc_command: &str = "rustc";
[INFO] [stderr]   |       ^^^^^^^^^^^^^ help: convert the identifier to upper case: `RUSTC_COMMAND`
[INFO] [stderr] 
[INFO] [stderr] warning: constant `rustc_target_command` should have an upper case name
[INFO] [stderr]   --> src/builder.rs:10:7
[INFO] [stderr]    |
[INFO] [stderr] 10 | const rustc_target_command: &str = "--target=";
[INFO] [stderr]    |       ^^^^^^^^^^^^^^^^^^^^ help: convert the identifier to upper case: `RUSTC_TARGET_COMMAND`
[INFO] [stderr] 
[INFO] [stderr] warning: constant `rustc_flag_command` should have an upper case name
[INFO] [stderr]   --> src/builder.rs:11:7
[INFO] [stderr]    |
[INFO] [stderr] 11 | const rustc_flag_command: &str = "--";
[INFO] [stderr]    |       ^^^^^^^^^^^^^^^^^^ help: convert the identifier to upper case: `RUSTC_FLAG_COMMAND`
[INFO] [stderr] 
[INFO] [stderr] warning: constant `staticlib_crate_type` should have an upper case name
[INFO] [stderr]   --> src/builder.rs:12:7
[INFO] [stderr]    |
[INFO] [stderr] 12 | const staticlib_crate_type: &str = "--crate-type=staticlib";
[INFO] [stderr]    |       ^^^^^^^^^^^^^^^^^^^^ help: convert the identifier to upper case: `STATICLIB_CRATE_TYPE`
[INFO] [stderr] 
[INFO] [stderr] warning: `arcutils` (lib) generated 7 warnings (run `cargo fix --lib -p arcutils` to apply 2 suggestions)
[INFO] [stderr] warning: unreachable statement
[INFO] [stderr]   --> src/bin/arcutils.rs:88:9
[INFO] [stderr]    |
[INFO] [stderr] 86 |         exit(1);
[INFO] [stderr]    |         ------- any code following this expression is unreachable
[INFO] [stderr] 87 |
[INFO] [stderr] 88 |         let QEMU = "qemu-system-riscv64";
[INFO] [stderr]    |         ^^^^^^^^^^^^^^^^^^^^^^^^^^^^^^^^^ unreachable statement
[INFO] [stderr]    |
[INFO] [stderr]    = note: `#[warn(unreachable_code)]` on by default
[INFO] [stderr] 
[INFO] [stderr] warning: unused variable: `build`
[INFO] [stderr]   --> src/bin/arcutils.rs:74:13
[INFO] [stderr]    |
[INFO] [stderr] 74 |         let build = Build::new(__arch_build)
[INFO] [stderr]    |             ^^^^^ help: if this is intentional, prefix it with an underscore: `_build`
[INFO] [stderr]    |
[INFO] [stderr]    = note: `#[warn(unused_variables)]` on by default
[INFO] [stderr] 
[INFO] [stderr] warning: variable does not need to be mutable
[INFO] [stderr]   --> src/bin/arcutils.rs:54:13
[INFO] [stderr]    |
[INFO] [stderr] 54 |         let mut arch_build = match __arch_build {
[INFO] [stderr]    |             ----^^^^^^^^^^
[INFO] [stderr]    |             |
[INFO] [stderr]    |             help: remove this `mut`
[INFO] [stderr]    |
[INFO] [stderr]    = note: `#[warn(unused_mut)]` on by default
[INFO] [stderr] 
[INFO] [stderr] warning: constant `BUILD_CFG` is never used
[INFO] [stderr]  --> src/bin/arcutils.rs:9:7
[INFO] [stderr]   |
[INFO] [stderr] 9 | const BUILD_CFG: [&str; 3] = ["--release", "--debug", "--test"];
[INFO] [stderr]   |       ^^^^^^^^^
[INFO] [stderr]   |
[INFO] [stderr]   = note: `#[warn(dead_code)]` on by default
[INFO] [stderr] 
[INFO] [stderr] warning: variable `QEMU` should have a snake case name
[INFO] [stderr]   --> src/bin/arcutils.rs:88:13
[INFO] [stderr]    |
[INFO] [stderr] 88 |         let QEMU = "qemu-system-riscv64";
[INFO] [stderr]    |             ^^^^ help: convert the identifier to snake case: `qemu`
[INFO] [stderr]    |
[INFO] [stderr]    = note: `#[warn(non_snake_case)]` on by default
[INFO] [stderr] 
[INFO] [stderr] warning: `arcutils` (bin "arcutils" test) generated 5 warnings (run `cargo fix --bin "arcutils" --tests` to apply 2 suggestions)
[INFO] [stderr] warning: `arcutils` (lib test) generated 7 warnings (7 duplicates)
[INFO] [stderr]     Finished test [unoptimized + debuginfo] target(s) in 0.00s
[INFO] [stderr]      Running unittests src/lib.rs (/opt/rustwide/target/debug/deps/arcutils-89701a4d51270c70)
[INFO] [stdout] 
[INFO] [stdout] running 3 tests
[INFO] [stdout] test tests::it_works ... ok
[INFO] [stdout] test test_build_basic ... FAILED
[INFO] [stdout] test test_build_basic_chain ... FAILED
[INFO] [stdout] 
[INFO] [stdout] failures:
[INFO] [stdout] 
[INFO] [stdout] ---- test_build_basic stdout ----
[INFO] [stdout] status: exit status: 0
[INFO] [stdout] asm_file = asm/riscv64/boot.S
[INFO] [stdout] output_file = build/boot.o
[INFO] [stdout] thread 'test_build_basic' panicked at 'failed to execute the assembler, is it in path? Otherwise specify its full path in Cargo.toml under [deps.arcboot]: Os { code: 2, kind: NotFound, message: "No such file or directory" }', src/builder.rs:91:14
[INFO] [stdout] stack backtrace:
[INFO] [stdout]    0:     0x556b8dd0123a - std::backtrace_rs::backtrace::libunwind::trace::h2f05d0192276a8f6
[INFO] [stdout]                                at /rustc/1b7dd2252b99671ce5d1cb9664c5f8636329436d/library/std/src/../../backtrace/src/backtrace/libunwind.rs:93:5
[INFO] [stdout]    1:     0x556b8dd0123a - std::backtrace_rs::backtrace::trace_unsynchronized::hedc23dff7a1af150
[INFO] [stdout]                                at /rustc/1b7dd2252b99671ce5d1cb9664c5f8636329436d/library/std/src/../../backtrace/src/backtrace/mod.rs:66:5
[INFO] [stdout]    2:     0x556b8dd0123a - std::sys_common::backtrace::_print_fmt::h17541ef7592f3ce2
[INFO] [stdout]                                at /rustc/1b7dd2252b99671ce5d1cb9664c5f8636329436d/library/std/src/sys_common/backtrace.rs:65:5
[INFO] [stdout]    3:     0x556b8dd0123a - <std::sys_common::backtrace::_print::DisplayBacktrace as core::fmt::Display>::fmt::h20f75df5ab0c0792
[INFO] [stdout]                                at /rustc/1b7dd2252b99671ce5d1cb9664c5f8636329436d/library/std/src/sys_common/backtrace.rs:44:22
[INFO] [stdout]    4:     0x556b8dd252ef - core::fmt::write::h78109e6f466b3af6
[INFO] [stdout]                                at /rustc/1b7dd2252b99671ce5d1cb9664c5f8636329436d/library/core/src/fmt/mod.rs:1254:17
[INFO] [stdout]    5:     0x556b8dcfe565 - std::io::Write::write_fmt::hd24bfb68a1b35a25
[INFO] [stdout]                                at /rustc/1b7dd2252b99671ce5d1cb9664c5f8636329436d/library/std/src/io/mod.rs:1698:15
[INFO] [stdout]    6:     0x556b8dd01005 - std::sys_common::backtrace::_print::h8dac57a9f8fbf9a5
[INFO] [stdout]                                at /rustc/1b7dd2252b99671ce5d1cb9664c5f8636329436d/library/std/src/sys_common/backtrace.rs:47:5
[INFO] [stdout]    7:     0x556b8dd01005 - std::sys_common::backtrace::print::hf9ecbf41d1aa712f
[INFO] [stdout]                                at /rustc/1b7dd2252b99671ce5d1cb9664c5f8636329436d/library/std/src/sys_common/backtrace.rs:34:9
[INFO] [stdout]    8:     0x556b8dd02cbe - std::panicking::default_hook::{{closure}}::h04c07acfc84ca028
[INFO] [stdout]                                at /rustc/1b7dd2252b99671ce5d1cb9664c5f8636329436d/library/std/src/panicking.rs:269:22
[INFO] [stdout]    9:     0x556b8dd029f1 - std::panicking::default_hook::h01f6bb23e1eceb2c
[INFO] [stdout]                                at /rustc/1b7dd2252b99671ce5d1cb9664c5f8636329436d/library/std/src/panicking.rs:285:9
[INFO] [stdout]   10:     0x556b8dcd636b - <alloc::boxed::Box<F,A> as core::ops::function::Fn<Args>>::call::h87fe9f7b2fd49e4c
[INFO] [stdout]                                at /rustc/1b7dd2252b99671ce5d1cb9664c5f8636329436d/library/alloc/src/boxed.rs:1987:9
[INFO] [stdout]   11:     0x556b8dcd636b - test::test_main::{{closure}}::he94d679243a7531b
[INFO] [stdout]                                at /rustc/1b7dd2252b99671ce5d1cb9664c5f8636329436d/library/test/src/lib.rs:134:21
[INFO] [stdout]   12:     0x556b8dd033a4 - <alloc::boxed::Box<F,A> as core::ops::function::Fn<Args>>::call::h3f2d6d8b14c4769f
[INFO] [stdout]                                at /rustc/1b7dd2252b99671ce5d1cb9664c5f8636329436d/library/alloc/src/boxed.rs:1987:9
[INFO] [stdout]   13:     0x556b8dd033a4 - std::panicking::rust_panic_with_hook::h2bb3722bbaf2f6df
[INFO] [stdout]                                at /rustc/1b7dd2252b99671ce5d1cb9664c5f8636329436d/library/std/src/panicking.rs:695:13
[INFO] [stdout]   14:     0x556b8dd03119 - std::panicking::begin_panic_handler::{{closure}}::h91bc7f36a4be011b
[INFO] [stdout]                                at /rustc/1b7dd2252b99671ce5d1cb9664c5f8636329436d/library/std/src/panicking.rs:582:13
[INFO] [stdout]   15:     0x556b8dd016a6 - std::sys_common::backtrace::__rust_end_short_backtrace::h8b3d3717114f9e59
[INFO] [stdout]                                at /rustc/1b7dd2252b99671ce5d1cb9664c5f8636329436d/library/std/src/sys_common/backtrace.rs:150:18
[INFO] [stdout]   16:     0x556b8dd02e72 - rust_begin_unwind
[INFO] [stdout]                                at /rustc/1b7dd2252b99671ce5d1cb9664c5f8636329436d/library/std/src/panicking.rs:578:5
[INFO] [stdout]   17:     0x556b8dc97ba3 - core::panicking::panic_fmt::hfd368e3fbdabea26
[INFO] [stdout]                                at /rustc/1b7dd2252b99671ce5d1cb9664c5f8636329436d/library/core/src/panicking.rs:67:14
[INFO] [stdout]   18:     0x556b8dc97ff3 - core::result::unwrap_failed::he54eb4b2f125b26f
[INFO] [stdout]                                at /rustc/1b7dd2252b99671ce5d1cb9664c5f8636329436d/library/core/src/result.rs:1687:5
[INFO] [stdout]   19:     0x556b8dca20b2 - core::result::Result<T,E>::expect::h90b3c8c48e898215
[INFO] [stdout]                                at /rustc/1b7dd2252b99671ce5d1cb9664c5f8636329436d/library/core/src/result.rs:1046:23
[INFO] [stdout]   20:     0x556b8dc9d120 - arcutils::builder::Build::assemble::haf709467fe36f8eb
[INFO] [stdout]                                at /opt/rustwide/workdir/src/builder.rs:85:22
[INFO] [stdout]   21:     0x556b8dc9b173 - arcutils::test_build_basic::h417808c01cb5e589
[INFO] [stdout]                                at /opt/rustwide/workdir/src/lib.rs:23:5
[INFO] [stdout]   22:     0x556b8dc9b117 - arcutils::test_build_basic::{{closure}}::h3ccad8f28286b1db
[INFO] [stdout]                                at /opt/rustwide/workdir/src/lib.rs:20:23
[INFO] [stdout]   23:     0x556b8dc9b5a5 - core::ops::function::FnOnce::call_once::h4299286eea613260
[INFO] [stdout]                                at /rustc/1b7dd2252b99671ce5d1cb9664c5f8636329436d/library/core/src/ops/function.rs:250:5
[INFO] [stdout]   24:     0x556b8dcdb23f - core::ops::function::FnOnce::call_once::ha6a70e79f7481a7e
[INFO] [stdout]                                at /rustc/1b7dd2252b99671ce5d1cb9664c5f8636329436d/library/core/src/ops/function.rs:250:5
[INFO] [stdout]   25:     0x556b8dcdb23f - test::__rust_begin_short_backtrace::hce33033019b61e69
[INFO] [stdout]                                at /rustc/1b7dd2252b99671ce5d1cb9664c5f8636329436d/library/test/src/lib.rs:655:18
[INFO] [stdout]   26:     0x556b8dca8a2c - test::run_test::{{closure}}::h858d3528838ae3e5
[INFO] [stdout]                                at /rustc/1b7dd2252b99671ce5d1cb9664c5f8636329436d/library/test/src/lib.rs:646:30
[INFO] [stdout]   27:     0x556b8dca8a2c - core::ops::function::FnOnce::call_once{{vtable.shim}}::he8ac2b00f01ae79e
[INFO] [stdout]                                at /rustc/1b7dd2252b99671ce5d1cb9664c5f8636329436d/library/core/src/ops/function.rs:250:5
[INFO] [stdout]   28:     0x556b8dcda316 - <alloc::boxed::Box<F,A> as core::ops::function::FnOnce<Args>>::call_once::h8093d25b522725ef
[INFO] [stdout]                                at /rustc/1b7dd2252b99671ce5d1cb9664c5f8636329436d/library/alloc/src/boxed.rs:1973:9
[INFO] [stdout]   29:     0x556b8dcda316 - <core::panic::unwind_safe::AssertUnwindSafe<F> as core::ops::function::FnOnce<()>>::call_once::h5c334c204e4a3913
[INFO] [stdout]                                at /rustc/1b7dd2252b99671ce5d1cb9664c5f8636329436d/library/core/src/panic/unwind_safe.rs:271:9
[INFO] [stdout]   30:     0x556b8dcda316 - std::panicking::try::do_call::ha8b740c7b9478074
[INFO] [stdout]                                at /rustc/1b7dd2252b99671ce5d1cb9664c5f8636329436d/library/std/src/panicking.rs:485:40
[INFO] [stdout]   31:     0x556b8dcda316 - std::panicking::try::h5d34f63d0e41b64e
[INFO] [stdout]                                at /rustc/1b7dd2252b99671ce5d1cb9664c5f8636329436d/library/std/src/panicking.rs:449:19
[INFO] [stdout]   32:     0x556b8dcda316 - std::panic::catch_unwind::hcfbb511e1aa7fc67
[INFO] [stdout]                                at /rustc/1b7dd2252b99671ce5d1cb9664c5f8636329436d/library/std/src/panic.rs:140:14
[INFO] [stdout]   33:     0x556b8dcda316 - test::run_test_in_process::h9abda90f802eaf21
[INFO] [stdout]                                at /rustc/1b7dd2252b99671ce5d1cb9664c5f8636329436d/library/test/src/lib.rs:678:27
[INFO] [stdout]   34:     0x556b8dcda316 - test::run_test::run_test_inner::{{closure}}::h0f058de91f6c6edf
[INFO] [stdout]                                at /rustc/1b7dd2252b99671ce5d1cb9664c5f8636329436d/library/test/src/lib.rs:572:39
[INFO] [stdout]   35:     0x556b8dca3235 - test::run_test::run_test_inner::{{closure}}::h5ca48a4c59c6c1fb
[INFO] [stdout]                                at /rustc/1b7dd2252b99671ce5d1cb9664c5f8636329436d/library/test/src/lib.rs:599:37
[INFO] [stdout]   36:     0x556b8dca3235 - std::sys_common::backtrace::__rust_begin_short_backtrace::h32bd51e1495d4a33
[INFO] [stdout]                                at /rustc/1b7dd2252b99671ce5d1cb9664c5f8636329436d/library/std/src/sys_common/backtrace.rs:134:18
[INFO] [stdout]   37:     0x556b8dca8771 - std::thread::Builder::spawn_unchecked_::{{closure}}::{{closure}}::hc086fae9b128b2db
[INFO] [stdout]                                at /rustc/1b7dd2252b99671ce5d1cb9664c5f8636329436d/library/std/src/thread/mod.rs:526:17
[INFO] [stdout]   38:     0x556b8dca8771 - <core::panic::unwind_safe::AssertUnwindSafe<F> as core::ops::function::FnOnce<()>>::call_once::hb66571888d270d43
[INFO] [stdout]                                at /rustc/1b7dd2252b99671ce5d1cb9664c5f8636329436d/library/core/src/panic/unwind_safe.rs:271:9
[INFO] [stdout]   39:     0x556b8dca8771 - std::panicking::try::do_call::h4fa2ef4f6e51fecf
[INFO] [stdout]                                at /rustc/1b7dd2252b99671ce5d1cb9664c5f8636329436d/library/std/src/panicking.rs:485:40
[INFO] [stdout]   40:     0x556b8dca8771 - std::panicking::try::h1e9e22b8584489b5
[INFO] [stdout]                                at /rustc/1b7dd2252b99671ce5d1cb9664c5f8636329436d/library/std/src/panicking.rs:449:19
[INFO] [stdout]   41:     0x556b8dca8771 - std::panic::catch_unwind::h44698a3de0e0769e
[INFO] [stdout]                                at /rustc/1b7dd2252b99671ce5d1cb9664c5f8636329436d/library/std/src/panic.rs:140:14
[INFO] [stdout]   42:     0x556b8dca8771 - std::thread::Builder::spawn_unchecked_::{{closure}}::h50153abde3fe239e
[INFO] [stdout]                                at /rustc/1b7dd2252b99671ce5d1cb9664c5f8636329436d/library/std/src/thread/mod.rs:525:30
[INFO] [stdout]   43:     0x556b8dca8771 - core::ops::function::FnOnce::call_once{{vtable.shim}}::hbe5bbf6f38394364
[INFO] [stdout]                                at /rustc/1b7dd2252b99671ce5d1cb9664c5f8636329436d/library/core/src/ops/function.rs:250:5
[INFO] [stdout]   44:     0x556b8dd07975 - <alloc::boxed::Box<F,A> as core::ops::function::FnOnce<Args>>::call_once::h0d83cb2920a49046
[INFO] [stdout]                                at /rustc/1b7dd2252b99671ce5d1cb9664c5f8636329436d/library/alloc/src/boxed.rs:1973:9
[INFO] [stdout]   45:     0x556b8dd07975 - <alloc::boxed::Box<F,A> as core::ops::function::FnOnce<Args>>::call_once::hbe0a008aa7d9ef59
[INFO] [stdout]                                at /rustc/1b7dd2252b99671ce5d1cb9664c5f8636329436d/library/alloc/src/boxed.rs:1973:9
[INFO] [stdout]   46:     0x556b8dd07975 - std::sys::unix::thread::Thread::new::thread_start::h3a466996bdf6b1f9
[INFO] [stdout]                                at /rustc/1b7dd2252b99671ce5d1cb9664c5f8636329436d/library/std/src/sys/unix/thread.rs:108:17
[INFO] [stdout]   47:     0x7f8bd1a58b43 - <unknown>
[INFO] [stdout]   48:     0x7f8bd1ae9bb4 - __clone
[INFO] [stdout]   49:                0x0 - <unknown>
[INFO] [stdout] 
[INFO] [stdout] ---- test_build_basic_chain stdout ----
[INFO] [stdout] status: exit status: 0
[INFO] [stdout] asm_file = asm/riscv64/boot.S
[INFO] [stdout] output_file = build/boot.o
[INFO] [stdout] thread 'test_build_basic_chain' panicked at 'failed to execute the assembler, is it in path? Otherwise specify its full path in Cargo.toml under [deps.arcboot]: Os { code: 2, kind: NotFound, message: "No such file or directory" }', src/builder.rs:91:14
[INFO] [stdout] stack backtrace:
[INFO] [stdout]    0:     0x556b8dd0123a - std::backtrace_rs::backtrace::libunwind::trace::h2f05d0192276a8f6
[INFO] [stdout]                                at /rustc/1b7dd2252b99671ce5d1cb9664c5f8636329436d/library/std/src/../../backtrace/src/backtrace/libunwind.rs:93:5
[INFO] [stdout]    1:     0x556b8dd0123a - std::backtrace_rs::backtrace::trace_unsynchronized::hedc23dff7a1af150
[INFO] [stdout]                                at /rustc/1b7dd2252b99671ce5d1cb9664c5f8636329436d/library/std/src/../../backtrace/src/backtrace/mod.rs:66:5
[INFO] [stdout]    2:     0x556b8dd0123a - std::sys_common::backtrace::_print_fmt::h17541ef7592f3ce2
[INFO] [stdout]                                at /rustc/1b7dd2252b99671ce5d1cb9664c5f8636329436d/library/std/src/sys_common/backtrace.rs:65:5
[INFO] [stdout]    3:     0x556b8dd0123a - <std::sys_common::backtrace::_print::DisplayBacktrace as core::fmt::Display>::fmt::h20f75df5ab0c0792
[INFO] [stdout]                                at /rustc/1b7dd2252b99671ce5d1cb9664c5f8636329436d/library/std/src/sys_common/backtrace.rs:44:22
[INFO] [stdout]    4:     0x556b8dd252ef - core::fmt::write::h78109e6f466b3af6
[INFO] [stdout]                                at /rustc/1b7dd2252b99671ce5d1cb9664c5f8636329436d/library/core/src/fmt/mod.rs:1254:17
[INFO] [stdout]    5:     0x556b8dcfe565 - std::io::Write::write_fmt::hd24bfb68a1b35a25
[INFO] [stdout]                                at /rustc/1b7dd2252b99671ce5d1cb9664c5f8636329436d/library/std/src/io/mod.rs:1698:15
[INFO] [stdout]    6:     0x556b8dd01005 - std::sys_common::backtrace::_print::h8dac57a9f8fbf9a5
[INFO] [stdout]                                at /rustc/1b7dd2252b99671ce5d1cb9664c5f8636329436d/library/std/src/sys_common/backtrace.rs:47:5
[INFO] [stdout]    7:     0x556b8dd01005 - std::sys_common::backtrace::print::hf9ecbf41d1aa712f
[INFO] [stdout]                                at /rustc/1b7dd2252b99671ce5d1cb9664c5f8636329436d/library/std/src/sys_common/backtrace.rs:34:9
[INFO] [stdout]    8:     0x556b8dd02cbe - std::panicking::default_hook::{{closure}}::h04c07acfc84ca028
[INFO] [stdout]                                at /rustc/1b7dd2252b99671ce5d1cb9664c5f8636329436d/library/std/src/panicking.rs:269:22
[INFO] [stdout]    9:     0x556b8dd029f1 - std::panicking::default_hook::h01f6bb23e1eceb2c
[INFO] [stdout]                                at /rustc/1b7dd2252b99671ce5d1cb9664c5f8636329436d/library/std/src/panicking.rs:285:9
[INFO] [stdout]   10:     0x556b8dcd636b - <alloc::boxed::Box<F,A> as core::ops::function::Fn<Args>>::call::h87fe9f7b2fd49e4c
[INFO] [stdout]                                at /rustc/1b7dd2252b99671ce5d1cb9664c5f8636329436d/library/alloc/src/boxed.rs:1987:9
[INFO] [stdout]   11:     0x556b8dcd636b - test::test_main::{{closure}}::he94d679243a7531b
[INFO] [stdout]                                at /rustc/1b7dd2252b99671ce5d1cb9664c5f8636329436d/library/test/src/lib.rs:134:21
[INFO] [stdout]   12:     0x556b8dd033a4 - <alloc::boxed::Box<F,A> as core::ops::function::Fn<Args>>::call::h3f2d6d8b14c4769f
[INFO] [stdout]                                at /rustc/1b7dd2252b99671ce5d1cb9664c5f8636329436d/library/alloc/src/boxed.rs:1987:9
[INFO] [stdout]   13:     0x556b8dd033a4 - std::panicking::rust_panic_with_hook::h2bb3722bbaf2f6df
[INFO] [stdout]                                at /rustc/1b7dd2252b99671ce5d1cb9664c5f8636329436d/library/std/src/panicking.rs:695:13
[INFO] [stdout]   14:     0x556b8dd03119 - std::panicking::begin_panic_handler::{{closure}}::h91bc7f36a4be011b
[INFO] [stdout]                                at /rustc/1b7dd2252b99671ce5d1cb9664c5f8636329436d/library/std/src/panicking.rs:582:13
[INFO] [stdout]   15:     0x556b8dd016a6 - std::sys_common::backtrace::__rust_end_short_backtrace::h8b3d3717114f9e59
[INFO] [stdout]                                at /rustc/1b7dd2252b99671ce5d1cb9664c5f8636329436d/library/std/src/sys_common/backtrace.rs:150:18
[INFO] [stdout]   16:     0x556b8dd02e72 - rust_begin_unwind
[INFO] [stdout]                                at /rustc/1b7dd2252b99671ce5d1cb9664c5f8636329436d/library/std/src/panicking.rs:578:5
[INFO] [stdout]   17:     0x556b8dc97ba3 - core::panicking::panic_fmt::hfd368e3fbdabea26
[INFO] [stdout]                                at /rustc/1b7dd2252b99671ce5d1cb9664c5f8636329436d/library/core/src/panicking.rs:67:14
[INFO] [stdout]   18:     0x556b8dc97ff3 - core::result::unwrap_failed::he54eb4b2f125b26f
[INFO] [stdout]                                at /rustc/1b7dd2252b99671ce5d1cb9664c5f8636329436d/library/core/src/result.rs:1687:5
[INFO] [stdout]   19:     0x556b8dca20b2 - core::result::Result<T,E>::expect::h90b3c8c48e898215
[INFO] [stdout]                                at /rustc/1b7dd2252b99671ce5d1cb9664c5f8636329436d/library/core/src/result.rs:1046:23
[INFO] [stdout]   20:     0x556b8dc9d120 - arcutils::builder::Build::assemble::haf709467fe36f8eb
[INFO] [stdout]                                at /opt/rustwide/workdir/src/builder.rs:85:22
[INFO] [stdout]   21:     0x556b8dc9b343 - arcutils::test_build_basic_chain::h55325e78ac04641b
[INFO] [stdout]                                at /opt/rustwide/workdir/src/lib.rs:42:5
[INFO] [stdout]   22:     0x556b8dc9b2e7 - arcutils::test_build_basic_chain::{{closure}}::h6117a67c0829aae8
[INFO] [stdout]                                at /opt/rustwide/workdir/src/lib.rs:40:29
[INFO] [stdout]   23:     0x556b8dc9b675 - core::ops::function::FnOnce::call_once::he80108c7820bd0c9
[INFO] [stdout]                                at /rustc/1b7dd2252b99671ce5d1cb9664c5f8636329436d/library/core/src/ops/function.rs:250:5
[INFO] [stdout]   24:     0x556b8dcdb23f - core::ops::function::FnOnce::call_once::ha6a70e79f7481a7e
[INFO] [stdout]                                at /rustc/1b7dd2252b99671ce5d1cb9664c5f8636329436d/library/core/src/ops/function.rs:250:5
[INFO] [stdout]   25:     0x556b8dcdb23f - test::__rust_begin_short_backtrace::hce33033019b61e69
[INFO] [stdout]                                at /rustc/1b7dd2252b99671ce5d1cb9664c5f8636329436d/library/test/src/lib.rs:655:18
[INFO] [stdout]   26:     0x556b8dca8a2c - test::run_test::{{closure}}::h858d3528838ae3e5
[INFO] [stdout]                                at /rustc/1b7dd2252b99671ce5d1cb9664c5f8636329436d/library/test/src/lib.rs:646:30
[INFO] [stdout]   27:     0x556b8dca8a2c - core::ops::function::FnOnce::call_once{{vtable.shim}}::he8ac2b00f01ae79e
[INFO] [stdout]                                at /rustc/1b7dd2252b99671ce5d1cb9664c5f8636329436d/library/core/src/ops/function.rs:250:5
[INFO] [stdout]   28:     0x556b8dcda316 - <alloc::boxed::Box<F,A> as core::ops::function::FnOnce<Args>>::call_once::h8093d25b522725ef
[INFO] [stdout]                                at /rustc/1b7dd2252b99671ce5d1cb9664c5f8636329436d/library/alloc/src/boxed.rs:1973:9
[INFO] [stdout]   29:     0x556b8dcda316 - <core::panic::unwind_safe::AssertUnwindSafe<F> as core::ops::function::FnOnce<()>>::call_once::h5c334c204e4a3913
[INFO] [stdout]                                at /rustc/1b7dd2252b99671ce5d1cb9664c5f8636329436d/library/core/src/panic/unwind_safe.rs:271:9
[INFO] [stdout]   30:     0x556b8dcda316 - std::panicking::try::do_call::ha8b740c7b9478074
[INFO] [stdout]                                at /rustc/1b7dd2252b99671ce5d1cb9664c5f8636329436d/library/std/src/panicking.rs:485:40
[INFO] [stdout]   31:     0x556b8dcda316 - std::panicking::try::h5d34f63d0e41b64e
[INFO] [stdout]                                at /rustc/1b7dd2252b99671ce5d1cb9664c5f8636329436d/library/std/src/panicking.rs:449:19
[INFO] [stdout]   32:     0x556b8dcda316 - std::panic::catch_unwind::hcfbb511e1aa7fc67
[INFO] [stdout]                                at /rustc/1b7dd2252b99671ce5d1cb9664c5f8636329436d/library/std/src/panic.rs:140:14
[INFO] [stdout]   33:     0x556b8dcda316 - test::run_test_in_process::h9abda90f802eaf21
[INFO] [stdout]                                at /rustc/1b7dd2252b99671ce5d1cb9664c5f8636329436d/library/test/src/lib.rs:678:27
[INFO] [stdout]   34:     0x556b8dcda316 - test::run_test::run_test_inner::{{closure}}::h0f058de91f6c6edf
[INFO] [stdout]                                at /rustc/1b7dd2252b99671ce5d1cb9664c5f8636329436d/library/test/src/lib.rs:572:39
[INFO] [stdout]   35:     0x556b8dca3235 - test::run_test::run_test_inner::{{closure}}::h5ca48a4c59c6c1fb
[INFO] [stdout]                                at /rustc/1b7dd2252b99671ce5d1cb9664c5f8636329436d/library/test/src/lib.rs:599:37
[INFO] [stdout]   36:     0x556b8dca3235 - std::sys_common::backtrace::__rust_begin_short_backtrace::h32bd51e1495d4a33
[INFO] [stdout]                                at /rustc/1b7dd2252b99671ce5d1cb9664c5f8636329436d/library/std/src/sys_common/backtrace.rs:134:18
[INFO] [stdout]   37:     0x556b8dca8771 - std::thread::Builder::spawn_unchecked_::{{closure}}::{{closure}}::hc086fae9b128b2db
[INFO] [stdout]                                at /rustc/1b7dd2252b99671ce5d1cb9664c5f8636329436d/library/std/src/thread/mod.rs:526:17
[INFO] [stdout]   38:     0x556b8dca8771 - <core::panic::unwind_safe::AssertUnwindSafe<F> as core::ops::function::FnOnce<()>>::call_once::hb66571888d270d43
[INFO] [stdout]                                at /rustc/1b7dd2252b99671ce5d1cb9664c5f8636329436d/library/core/src/panic/unwind_safe.rs:271:9
[INFO] [stdout]   39:     0x556b8dca8771 - std::panicking::try::do_call::h4fa2ef4f6e51fecf
[INFO] [stdout]                                at /rustc/1b7dd2252b99671ce5d1cb9664c5f8636329436d/library/std/src/panicking.rs:485:40
[INFO] [stdout]   40:     0x556b8dca8771 - std::panicking::try::h1e9e22b8584489b5
[INFO] [stdout]                                at /rustc/1b7dd2252b99671ce5d1cb9664c5f8636329436d/library/std/src/panicking.rs:449:19
[INFO] [stdout]   41:     0x556b8dca8771 - std::panic::catch_unwind::h44698a3de0e0769e
[INFO] [stdout]                                at /rustc/1b7dd2252b99671ce5d1cb9664c5f8636329436d/library/std/src/panic.rs:140:14
[INFO] [stdout]   42:     0x556b8dca8771 - std::thread::Builder::spawn_unchecked_::{{closure}}::h50153abde3fe239e
[INFO] [stdout]                                at /rustc/1b7dd2252b99671ce5d1cb9664c5f8636329436d/library/std/src/thread/mod.rs:525:30
[INFO] [stdout]   43:     0x556b8dca8771 - core::ops::function::FnOnce::call_once{{vtable.shim}}::hbe5bbf6f38394364
[INFO] [stdout]                                at /rustc/1b7dd2252b99671ce5d1cb9664c5f8636329436d/library/core/src/ops/function.rs:250:5
[INFO] [stdout]   44:     0x556b8dd07975 - <alloc::boxed::Box<F,A> as core::ops::function::FnOnce<Args>>::call_once::h0d83cb2920a49046
[INFO] [stdout]                                at /rustc/1b7dd2252b99671ce5d1cb9664c5f8636329436d/library/alloc/src/boxed.rs:1973:9
[INFO] [stdout]   45:     0x556b8dd07975 - <alloc::boxed::Box<F,A> as core::ops::function::FnOnce<Args>>::call_once::hbe0a008aa7d9ef59
[INFO] [stdout]                                at /rustc/1b7dd2252b99671ce5d1cb9664c5f8636329436d/library/alloc/src/boxed.rs:1973:9
[INFO] [stdout]   46:     0x556b8dd07975 - std::sys::unix::thread::Thread::new::thread_start::h3a466996bdf6b1f9
[INFO] [stdout]                                at /rustc/1b7dd2252b99671ce5d1cb9664c5f8636329436d/library/std/src/sys/unix/thread.rs:108:17
[INFO] [stdout]   47:     0x7f8bd1a58b43 - <unknown>
[INFO] [stdout]   48:     0x7f8bd1ae9bb4 - __clone
[INFO] [stdout]   49:                0x0 - <unknown>
[INFO] [stdout] 
[INFO] [stdout] 
[INFO] [stdout] failures:
[INFO] [stdout]     test_build_basic
[INFO] [stdout]     test_build_basic_chain
[INFO] [stdout] 
[INFO] [stdout] test result: FAILED. 1 passed; 2 failed; 0 ignored; 0 measured; 0 filtered out; finished in 0.01s
[INFO] [stdout] 
[INFO] [stderr] error: test failed, to rerun pass `--lib`
[INFO] running `Command { std: "docker" "inspect" "05890646687eb50a181da778e18d9486725b019003dd5bef2234aaee428aa3e6", kill_on_drop: false }`
[INFO] running `Command { std: "docker" "rm" "-f" "05890646687eb50a181da778e18d9486725b019003dd5bef2234aaee428aa3e6", kill_on_drop: false }`
[INFO] [stdout] 05890646687eb50a181da778e18d9486725b019003dd5bef2234aaee428aa3e6
