[INFO] cloning repository https://github.com/huiminliu09/blockchain
[INFO] running `Command { std: "git" "-c" "credential.helper=" "-c" "credential.helper=/workspace/cargo-home/bin/git-credential-null" "clone" "--bare" "https://github.com/huiminliu09/blockchain" "/workspace/cache/git-repos/https%3A%2F%2Fgithub.com%2Fhuiminliu09%2Fblockchain", kill_on_drop: false }`
[INFO] [stderr] Cloning into bare repository '/workspace/cache/git-repos/https%3A%2F%2Fgithub.com%2Fhuiminliu09%2Fblockchain'...
[INFO] running `Command { std: "git" "rev-parse" "HEAD", kill_on_drop: false }`
[INFO] [stdout] db9eb470be95ca11312f5a44423d9bdffdc64ae6
[INFO] testing huiminliu09/blockchain against beta-2023-04-20 for beta-1.70-1
[INFO] running `Command { std: "git" "clone" "/workspace/cache/git-repos/https%3A%2F%2Fgithub.com%2Fhuiminliu09%2Fblockchain" "/workspace/builds/worker-3-tc2/source", kill_on_drop: false }`
[INFO] [stderr] Cloning into '/workspace/builds/worker-3-tc2/source'...
[INFO] [stderr] done.
[INFO] validating manifest of git repo https://github.com/huiminliu09/blockchain on toolchain beta-2023-04-20
[INFO] running `Command { std: CARGO_HOME="/workspace/cargo-home" RUSTUP_HOME="/workspace/rustup-home" "/workspace/cargo-home/bin/cargo" "+beta-2023-04-20" "metadata" "--manifest-path" "Cargo.toml" "--no-deps", kill_on_drop: false }`
[INFO] started tweaking git repo https://github.com/huiminliu09/blockchain
[INFO] finished tweaking git repo https://github.com/huiminliu09/blockchain
[INFO] tweaked toml for git repo https://github.com/huiminliu09/blockchain written to /workspace/builds/worker-3-tc2/source/Cargo.toml
[INFO] crate git repo https://github.com/huiminliu09/blockchain already has a lockfile, it will not be regenerated
[INFO] running `Command { std: CARGO_HOME="/workspace/cargo-home" RUSTUP_HOME="/workspace/rustup-home" "/workspace/cargo-home/bin/cargo" "+beta-2023-04-20" "fetch" "--manifest-path" "Cargo.toml", kill_on_drop: false }`
[INFO] [stderr]     Blocking waiting for file lock on package cache
[INFO] [stderr]  Downloading crates ...
[INFO] [stderr]   Downloaded hex v0.4.0
[INFO] running `Command { std: "docker" "create" "-v" "/var/lib/crater-agent-workspace/builds/worker-3-tc2/target:/opt/rustwide/target:rw,Z" "-v" "/var/lib/crater-agent-workspace/builds/worker-3-tc2/source:/opt/rustwide/workdir:ro,Z" "-v" "/var/lib/crater-agent-workspace/cargo-home:/opt/rustwide/cargo-home:ro,Z" "-v" "/var/lib/crater-agent-workspace/rustup-home:/opt/rustwide/rustup-home:ro,Z" "-e" "SOURCE_DIR=/opt/rustwide/workdir" "-e" "CARGO_TARGET_DIR=/opt/rustwide/target" "-e" "CARGO_HOME=/opt/rustwide/cargo-home" "-e" "RUSTUP_HOME=/opt/rustwide/rustup-home" "-w" "/opt/rustwide/workdir" "-m" "1610612736" "--user" "0:0" "--network" "none" "ghcr.io/rust-lang/crates-build-env/linux@sha256:5ff2268d62e97bff2cde7d5815dd6ed5b47097566f13b8d0ca110b04b60e07ed" "/opt/rustwide/cargo-home/bin/cargo" "+beta-2023-04-20" "metadata" "--no-deps" "--format-version=1", kill_on_drop: false }`
[INFO] [stdout] ca3d2cc38507bfb31a4543d86bcae8c50834e7d4a639c23d985cbf7b40ffe8d1
[INFO] running `Command { std: "docker" "start" "-a" "ca3d2cc38507bfb31a4543d86bcae8c50834e7d4a639c23d985cbf7b40ffe8d1", kill_on_drop: false }`
[INFO] running `Command { std: "docker" "inspect" "ca3d2cc38507bfb31a4543d86bcae8c50834e7d4a639c23d985cbf7b40ffe8d1", kill_on_drop: false }`
[INFO] running `Command { std: "docker" "rm" "-f" "ca3d2cc38507bfb31a4543d86bcae8c50834e7d4a639c23d985cbf7b40ffe8d1", kill_on_drop: false }`
[INFO] [stdout] ca3d2cc38507bfb31a4543d86bcae8c50834e7d4a639c23d985cbf7b40ffe8d1
[INFO] running `Command { std: "docker" "create" "-v" "/var/lib/crater-agent-workspace/builds/worker-3-tc2/target:/opt/rustwide/target:rw,Z" "-v" "/var/lib/crater-agent-workspace/builds/worker-3-tc2/source:/opt/rustwide/workdir:ro,Z" "-v" "/var/lib/crater-agent-workspace/cargo-home:/opt/rustwide/cargo-home:ro,Z" "-v" "/var/lib/crater-agent-workspace/rustup-home:/opt/rustwide/rustup-home:ro,Z" "-e" "SOURCE_DIR=/opt/rustwide/workdir" "-e" "CARGO_TARGET_DIR=/opt/rustwide/target" "-e" "CARGO_INCREMENTAL=0" "-e" "RUST_BACKTRACE=full" "-e" "RUSTFLAGS=--cap-lints=warn" "-e" "RUSTDOCFLAGS=--cap-lints=warn" "-e" "CARGO_HOME=/opt/rustwide/cargo-home" "-e" "RUSTUP_HOME=/opt/rustwide/rustup-home" "-w" "/opt/rustwide/workdir" "-m" "1610612736" "--user" "0:0" "--network" "none" "ghcr.io/rust-lang/crates-build-env/linux@sha256:5ff2268d62e97bff2cde7d5815dd6ed5b47097566f13b8d0ca110b04b60e07ed" "/opt/rustwide/cargo-home/bin/cargo" "+beta-2023-04-20" "build" "--frozen" "--message-format=json", kill_on_drop: false }`
[INFO] [stdout] 7497c63062bcfd330e4c066acabd72442cc5187b60129dc130e95d1671baefcc
[INFO] running `Command { std: "docker" "start" "-a" "7497c63062bcfd330e4c066acabd72442cc5187b60129dc130e95d1671baefcc", kill_on_drop: false }`
[INFO] [stderr]    Compiling autocfg v0.1.6
[INFO] [stderr]    Compiling libc v0.2.108
[INFO] [stderr]    Compiling cfg-if v0.1.10
[INFO] [stderr]    Compiling proc-macro2 v1.0.32
[INFO] [stderr]    Compiling unicode-xid v0.2.0
[INFO] [stderr]    Compiling syn v1.0.82
[INFO] [stderr]    Compiling rand_core v0.4.2
[INFO] [stderr]    Compiling lazy_static v1.4.0
[INFO] [stderr]    Compiling semver-parser v0.7.0
[INFO] [stderr]    Compiling smallvec v0.6.10
[INFO] [stderr]    Compiling matches v0.1.8
[INFO] [stderr]    Compiling log v0.4.8
[INFO] [stderr]    Compiling arrayvec v0.4.12
[INFO] [stderr]    Compiling nodrop v0.1.14
[INFO] [stderr]    Compiling serde v1.0.101
[INFO] [stderr]    Compiling bitflags v1.2.0
[INFO] [stderr]    Compiling unicode-bidi v0.3.4
[INFO] [stderr]    Compiling byteorder v1.3.2
[INFO] [stderr]    Compiling crossbeam-utils v0.6.6
[INFO] [stderr]    Compiling cc v1.0.72
[INFO] [stderr]    Compiling ryu v1.0.2
[INFO] [stderr]    Compiling semver v0.9.0
[INFO] [stderr]    Compiling unicode-normalization v0.1.8
[INFO] [stderr]    Compiling rand_core v0.3.1
[INFO] [stderr]    Compiling num-traits v0.2.8
[INFO] [stderr]    Compiling num-integer v0.1.41
[INFO] [stderr]    Compiling rand_pcg v0.1.2
[INFO] [stderr]    Compiling rand_chacha v0.1.1
[INFO] [stderr]    Compiling rustc_version v0.2.3
[INFO] [stderr]    Compiling scopeguard v1.0.0
[INFO] [stderr]    Compiling bincode v1.2.0
[INFO] [stderr]    Compiling rand v0.6.5
[INFO] [stderr]    Compiling slab v0.4.2
[INFO] [stderr]    Compiling unicode-width v0.1.6
[INFO] [stderr]    Compiling percent-encoding v1.0.1
[INFO] [stderr]    Compiling memoffset v0.5.1
[INFO] [stderr]    Compiling crossbeam-channel v0.3.9
[INFO] [stderr]    Compiling crossbeam-queue v0.1.2
[INFO] [stderr]    Compiling quote v1.0.2
[INFO] [stderr]    Compiling rand_isaac v0.1.1
[INFO] [stderr]    Compiling rand_hc v0.1.0
[INFO] [stderr]    Compiling time v0.1.42
[INFO] [stderr]    Compiling iovec v0.1.4
[INFO] [stderr]    Compiling net2 v0.2.33
[INFO] [stderr]    Compiling term_size v0.3.1
[INFO] [stderr]    Compiling rand_os v0.1.3
[INFO] [stderr]    Compiling atty v0.2.13
[INFO] [stderr]    Compiling rand_xorshift v0.1.1
[INFO] [stderr]    Compiling idna v0.1.5
[INFO] [stderr]    Compiling idna v0.2.0
[INFO] [stderr]    Compiling mio v0.6.19
[INFO] [stderr]    Compiling textwrap v0.11.0
[INFO] [stderr]    Compiling ring v0.16.20
[INFO] [stderr]    Compiling rand_jitter v0.1.4
[INFO] [stderr]    Compiling crossbeam-epoch v0.7.2
[INFO] [stderr]    Compiling thread_local v0.3.6
[INFO] [stderr]    Compiling chunked_transfer v0.3.1
[INFO] [stderr]    Compiling untrusted v0.7.1
[INFO] [stderr]    Compiling percent-encoding v2.1.0
[INFO] [stderr]    Compiling termcolor v0.3.6
[INFO] [stderr]    Compiling ascii v0.8.7
[INFO] [stderr]    Compiling crossbeam-deque v0.7.1
[INFO] [stderr]    Compiling ansi_term v0.11.0
[INFO] [stderr]    Compiling spin v0.5.2
[INFO] [stderr]    Compiling itoa v0.4.4
[INFO] [stderr]    Compiling vec_map v0.8.1
[INFO] [stderr]    Compiling url v1.7.2
[INFO] [stderr]    Compiling chrono v0.4.9
[INFO] [stderr]    Compiling strsim v0.8.0
[INFO] [stderr]    Compiling lazycell v1.2.1
[INFO] [stderr]    Compiling once_cell v1.8.0
[INFO] [stderr]    Compiling crossbeam v0.7.2
[INFO] [stderr]    Compiling url v2.1.0
[INFO] [stderr]    Compiling clap v2.33.0
[INFO] [stderr]    Compiling mio-extras v2.0.5
[INFO] [stderr]    Compiling hex v0.4.0
[INFO] [stderr]    Compiling tiny_http v0.6.2
[INFO] [stderr]    Compiling stderrlog v0.4.1
[INFO] [stderr]    Compiling serde_derive v1.0.101
[INFO] [stderr]    Compiling proc-macro-hack v0.5.11
[INFO] [stderr]    Compiling hex-literal-impl v0.2.1
[INFO] [stderr]    Compiling hex-literal v0.2.1
[INFO] [stderr]    Compiling serde_json v1.0.44
[INFO] [stderr]    Compiling bitcoin v0.1.0 (/opt/rustwide/workdir)
[INFO] [stdout] warning: unused import: `crate::transaction::Transaction`
[INFO] [stdout]  --> src/blockchain.rs:8:5
[INFO] [stdout]   |
[INFO] [stdout] 8 | use crate::transaction::Transaction;
[INFO] [stdout]   |     ^^^^^^^^^^^^^^^^^^^^^^^^^^^^^^^
[INFO] [stdout]   |
[INFO] [stdout]   = note: `#[warn(unused_imports)]` on by default
[INFO] [stdout] 
[INFO] [stdout] 
[INFO] [stdout] warning: unused import: `KeyPair`
[INFO] [stdout]   --> src/miner.rs:20:39
[INFO] [stdout]    |
[INFO] [stdout] 20 | use ring::signature::{Ed25519KeyPair, KeyPair};
[INFO] [stdout]    |                                       ^^^^^^^
[INFO] [stdout] 
[INFO] [stdout] 
[INFO] [stdout] warning: unused import: `std::ptr::addr_of_mut`
[INFO] [stdout]  --> src/mempool.rs:3:5
[INFO] [stdout]   |
[INFO] [stdout] 3 | use std::ptr::addr_of_mut;
[INFO] [stdout]   |     ^^^^^^^^^^^^^^^^^^^^^
[INFO] [stdout] 
[INFO] [stdout] 
[INFO] [stdout] warning: unused import: `generate_random_signedtrans`
[INFO] [stdout]  --> src/generator.rs:6:26
[INFO] [stdout]   |
[INFO] [stdout] 6 | use crate::signedtrans::{generate_random_signedtrans, SignedTrans};
[INFO] [stdout]   |                          ^^^^^^^^^^^^^^^^^^^^^^^^^^^
[INFO] [stdout] 
[INFO] [stdout] 
[INFO] [stdout] warning: unused import: `H256`
[INFO] [stdout]   --> src/generator.rs:19:56
[INFO] [stdout]    |
[INFO] [stdout] 19 | use crate::crypto::hash::{generate_rand_hash256, H160, H256, Hashable};
[INFO] [stdout]    |                                                        ^^^^
[INFO] [stdout] 
[INFO] [stdout] 
[INFO] [stdout] warning: variable `total_delay` is assigned to, but never used
[INFO] [stdout]   --> src/network/worker.rs:58:17
[INFO] [stdout]    |
[INFO] [stdout] 58 |         let mut total_delay:u128 = 0;
[INFO] [stdout]    |                 ^^^^^^^^^^^
[INFO] [stdout]    |
[INFO] [stdout]    = note: consider using `_total_delay` instead
[INFO] [stdout]    = note: `#[warn(unused_variables)]` on by default
[INFO] [stdout] 
[INFO] [stdout] 
[INFO] [stdout] warning: variable `reveived` is assigned to, but never used
[INFO] [stdout]   --> src/network/worker.rs:59:17
[INFO] [stdout]    |
[INFO] [stdout] 59 |         let mut reveived:u128 = 0;
[INFO] [stdout]    |                 ^^^^^^^^
[INFO] [stdout]    |
[INFO] [stdout]    = note: consider using `_reveived` instead
[INFO] [stdout] 
[INFO] [stdout] 
[INFO] [stdout] warning: unused variable: `i`
[INFO] [stdout]    --> src/generator.rs:141:21
[INFO] [stdout]     |
[INFO] [stdout] 141 |                 for i in 0..3 {
[INFO] [stdout]     |                     ^ help: if this is intentional, prefix it with an underscore: `_i`
[INFO] [stdout] 
[INFO] [stdout] 
[INFO] [stdout] warning: variable does not need to be mutable
[INFO] [stdout]    --> src/generator.rs:147:25
[INFO] [stdout]     |
[INFO] [stdout] 147 |                     let mut address_vec = vec![address];
[INFO] [stdout]     |                         ----^^^^^^^^^^^
[INFO] [stdout]     |                         |
[INFO] [stdout]     |                         help: remove this `mut`
[INFO] [stdout]     |
[INFO] [stdout]     = note: `#[warn(unused_mut)]` on by default
[INFO] [stdout] 
[INFO] [stdout] 
[INFO] [stdout] warning: fields `key` and `self_address` are never read
[INFO] [stdout]   --> src/miner.rs:44:5
[INFO] [stdout]    |
[INFO] [stdout] 34 | pub struct Context {
[INFO] [stdout]    |            ------- fields in this struct
[INFO] [stdout] ...
[INFO] [stdout] 44 |     key: Ed25519KeyPair,
[INFO] [stdout]    |     ^^^
[INFO] [stdout] 45 |     self_address:H160,
[INFO] [stdout]    |     ^^^^^^^^^^^^
[INFO] [stdout]    |
[INFO] [stdout]    = note: `#[warn(dead_code)]` on by default
[INFO] [stdout] 
[INFO] [stdout] 
[INFO] [stdout] warning: 10 warnings emitted
[INFO] [stdout] 
[INFO] [stdout] 
[INFO] [stderr]     Finished dev [unoptimized + debuginfo] target(s) in 17.08s
[INFO] running `Command { std: "docker" "inspect" "7497c63062bcfd330e4c066acabd72442cc5187b60129dc130e95d1671baefcc", kill_on_drop: false }`
[INFO] running `Command { std: "docker" "rm" "-f" "7497c63062bcfd330e4c066acabd72442cc5187b60129dc130e95d1671baefcc", kill_on_drop: false }`
[INFO] [stdout] 7497c63062bcfd330e4c066acabd72442cc5187b60129dc130e95d1671baefcc
[INFO] running `Command { std: "docker" "create" "-v" "/var/lib/crater-agent-workspace/builds/worker-3-tc2/target:/opt/rustwide/target:rw,Z" "-v" "/var/lib/crater-agent-workspace/builds/worker-3-tc2/source:/opt/rustwide/workdir:ro,Z" "-v" "/var/lib/crater-agent-workspace/cargo-home:/opt/rustwide/cargo-home:ro,Z" "-v" "/var/lib/crater-agent-workspace/rustup-home:/opt/rustwide/rustup-home:ro,Z" "-e" "SOURCE_DIR=/opt/rustwide/workdir" "-e" "CARGO_TARGET_DIR=/opt/rustwide/target" "-e" "CARGO_INCREMENTAL=0" "-e" "RUST_BACKTRACE=full" "-e" "RUSTFLAGS=--cap-lints=warn" "-e" "RUSTDOCFLAGS=--cap-lints=warn" "-e" "CARGO_HOME=/opt/rustwide/cargo-home" "-e" "RUSTUP_HOME=/opt/rustwide/rustup-home" "-w" "/opt/rustwide/workdir" "-m" "1610612736" "--user" "0:0" "--network" "none" "ghcr.io/rust-lang/crates-build-env/linux@sha256:5ff2268d62e97bff2cde7d5815dd6ed5b47097566f13b8d0ca110b04b60e07ed" "/opt/rustwide/cargo-home/bin/cargo" "+beta-2023-04-20" "test" "--frozen" "--no-run" "--message-format=json", kill_on_drop: false }`
[INFO] [stdout] 186b90ad7507e4987e3a4568b5d5a826dffbb535626c58b2956078390292c52d
[INFO] running `Command { std: "docker" "start" "-a" "186b90ad7507e4987e3a4568b5d5a826dffbb535626c58b2956078390292c52d", kill_on_drop: false }`
[INFO] [stderr]    Compiling bitcoin v0.1.0 (/opt/rustwide/workdir)
[INFO] [stdout] warning: unused import: `crate::transaction::Transaction`
[INFO] [stdout]  --> src/blockchain.rs:8:5
[INFO] [stdout]   |
[INFO] [stdout] 8 | use crate::transaction::Transaction;
[INFO] [stdout]   |     ^^^^^^^^^^^^^^^^^^^^^^^^^^^^^^^
[INFO] [stdout]   |
[INFO] [stdout]   = note: `#[warn(unused_imports)]` on by default
[INFO] [stdout] 
[INFO] [stdout] 
[INFO] [stdout] warning: unused import: `KeyPair`
[INFO] [stdout]   --> src/miner.rs:20:39
[INFO] [stdout]    |
[INFO] [stdout] 20 | use ring::signature::{Ed25519KeyPair, KeyPair};
[INFO] [stdout]    |                                       ^^^^^^^
[INFO] [stdout] 
[INFO] [stdout] 
[INFO] [stdout] warning: the item `hex` is imported redundantly
[INFO] [stdout]    --> src/transaction.rs:101:9
[INFO] [stdout]     |
[INFO] [stdout] 101 |     use hex_literal::hex;
[INFO] [stdout]     |         ^^^^^^^^^^^^^^^^
[INFO] [stdout]     |
[INFO] [stdout]    ::: src/main.rs:2:1
[INFO] [stdout]     |
[INFO] [stdout] 2   | #[macro_use]
[INFO] [stdout]     | ------------ the item `hex` is already imported here
[INFO] [stdout] 
[INFO] [stdout] 
[INFO] [stdout] warning: unused import: `std::ptr::addr_of_mut`
[INFO] [stdout]  --> src/mempool.rs:3:5
[INFO] [stdout]   |
[INFO] [stdout] 3 | use std::ptr::addr_of_mut;
[INFO] [stdout]   |     ^^^^^^^^^^^^^^^^^^^^^
[INFO] [stdout] 
[INFO] [stdout] 
[INFO] [stdout] warning: unused import: `generate_random_signedtrans`
[INFO] [stdout]  --> src/generator.rs:6:26
[INFO] [stdout]   |
[INFO] [stdout] 6 | use crate::signedtrans::{generate_random_signedtrans, SignedTrans};
[INFO] [stdout]   |                          ^^^^^^^^^^^^^^^^^^^^^^^^^^^
[INFO] [stdout] 
[INFO] [stdout] 
[INFO] [stdout] warning: unused import: `H256`
[INFO] [stdout]   --> src/generator.rs:19:56
[INFO] [stdout]    |
[INFO] [stdout] 19 | use crate::crypto::hash::{generate_rand_hash256, H160, H256, Hashable};
[INFO] [stdout]    |                                                        ^^^^
[INFO] [stdout] 
[INFO] [stdout] 
[INFO] [stdout] warning: variable `total_delay` is assigned to, but never used
[INFO] [stdout]   --> src/network/worker.rs:58:17
[INFO] [stdout]    |
[INFO] [stdout] 58 |         let mut total_delay:u128 = 0;
[INFO] [stdout]    |                 ^^^^^^^^^^^
[INFO] [stdout]    |
[INFO] [stdout]    = note: consider using `_total_delay` instead
[INFO] [stdout]    = note: `#[warn(unused_variables)]` on by default
[INFO] [stdout] 
[INFO] [stdout] 
[INFO] [stdout] warning: variable `reveived` is assigned to, but never used
[INFO] [stdout]   --> src/network/worker.rs:59:17
[INFO] [stdout]    |
[INFO] [stdout] 59 |         let mut reveived:u128 = 0;
[INFO] [stdout]    |                 ^^^^^^^^
[INFO] [stdout]    |
[INFO] [stdout]    = note: consider using `_reveived` instead
[INFO] [stdout] 
[INFO] [stdout] 
[INFO] [stdout] warning: unused variable: `i`
[INFO] [stdout]    --> src/generator.rs:141:21
[INFO] [stdout]     |
[INFO] [stdout] 141 |                 for i in 0..3 {
[INFO] [stdout]     |                     ^ help: if this is intentional, prefix it with an underscore: `_i`
[INFO] [stdout] 
[INFO] [stdout] 
[INFO] [stdout] warning: variable does not need to be mutable
[INFO] [stdout]    --> src/generator.rs:147:25
[INFO] [stdout]     |
[INFO] [stdout] 147 |                     let mut address_vec = vec![address];
[INFO] [stdout]     |                         ----^^^^^^^^^^^
[INFO] [stdout]     |                         |
[INFO] [stdout]     |                         help: remove this `mut`
[INFO] [stdout]     |
[INFO] [stdout]     = note: `#[warn(unused_mut)]` on by default
[INFO] [stdout] 
[INFO] [stdout] 
[INFO] [stdout] warning: fields `key` and `self_address` are never read
[INFO] [stdout]   --> src/miner.rs:44:5
[INFO] [stdout]    |
[INFO] [stdout] 34 | pub struct Context {
[INFO] [stdout]    |            ------- fields in this struct
[INFO] [stdout] ...
[INFO] [stdout] 44 |     key: Ed25519KeyPair,
[INFO] [stdout]    |     ^^^
[INFO] [stdout] 45 |     self_address:H160,
[INFO] [stdout]    |     ^^^^^^^^^^^^
[INFO] [stdout]    |
[INFO] [stdout]    = note: `#[warn(dead_code)]` on by default
[INFO] [stdout] 
[INFO] [stdout] 
[INFO] [stdout] warning: 11 warnings emitted
[INFO] [stdout] 
[INFO] [stdout] 
[INFO] [stderr]     Finished test [unoptimized + debuginfo] target(s) in 1.99s
[INFO] running `Command { std: "docker" "inspect" "186b90ad7507e4987e3a4568b5d5a826dffbb535626c58b2956078390292c52d", kill_on_drop: false }`
[INFO] running `Command { std: "docker" "rm" "-f" "186b90ad7507e4987e3a4568b5d5a826dffbb535626c58b2956078390292c52d", kill_on_drop: false }`
[INFO] [stdout] 186b90ad7507e4987e3a4568b5d5a826dffbb535626c58b2956078390292c52d
[INFO] running `Command { std: "docker" "create" "-v" "/var/lib/crater-agent-workspace/builds/worker-3-tc2/target:/opt/rustwide/target:rw,Z" "-v" "/var/lib/crater-agent-workspace/builds/worker-3-tc2/source:/opt/rustwide/workdir:ro,Z" "-v" "/var/lib/crater-agent-workspace/cargo-home:/opt/rustwide/cargo-home:ro,Z" "-v" "/var/lib/crater-agent-workspace/rustup-home:/opt/rustwide/rustup-home:ro,Z" "-e" "SOURCE_DIR=/opt/rustwide/workdir" "-e" "CARGO_TARGET_DIR=/opt/rustwide/target" "-e" "CARGO_INCREMENTAL=0" "-e" "RUST_BACKTRACE=full" "-e" "RUSTFLAGS=--cap-lints=warn" "-e" "RUSTDOCFLAGS=--cap-lints=warn" "-e" "CARGO_HOME=/opt/rustwide/cargo-home" "-e" "RUSTUP_HOME=/opt/rustwide/rustup-home" "-w" "/opt/rustwide/workdir" "-m" "1610612736" "--user" "0:0" "--network" "none" "ghcr.io/rust-lang/crates-build-env/linux@sha256:5ff2268d62e97bff2cde7d5815dd6ed5b47097566f13b8d0ca110b04b60e07ed" "/opt/rustwide/cargo-home/bin/cargo" "+beta-2023-04-20" "test" "--frozen", kill_on_drop: false }`
[INFO] [stdout] 1d2dc63dcbf5b1aaf870d4ed3f6812773aa8a2633959be7744002c52dffd6950
[INFO] running `Command { std: "docker" "start" "-a" "1d2dc63dcbf5b1aaf870d4ed3f6812773aa8a2633959be7744002c52dffd6950", kill_on_drop: false }`
[INFO] [stderr] warning: unused import: `crate::transaction::Transaction`
[INFO] [stderr]  --> src/blockchain.rs:8:5
[INFO] [stderr]   |
[INFO] [stderr] 8 | use crate::transaction::Transaction;
[INFO] [stderr]   |     ^^^^^^^^^^^^^^^^^^^^^^^^^^^^^^^
[INFO] [stderr]   |
[INFO] [stderr]   = note: `#[warn(unused_imports)]` on by default
[INFO] [stderr] 
[INFO] [stderr] warning: unused import: `KeyPair`
[INFO] [stderr]   --> src/miner.rs:20:39
[INFO] [stderr]    |
[INFO] [stderr] 20 | use ring::signature::{Ed25519KeyPair, KeyPair};
[INFO] [stderr]    |                                       ^^^^^^^
[INFO] [stderr] 
[INFO] [stderr] warning: the item `hex` is imported redundantly
[INFO] [stderr]    --> src/transaction.rs:101:9
[INFO] [stderr]     |
[INFO] [stderr] 101 |     use hex_literal::hex;
[INFO] [stderr]     |         ^^^^^^^^^^^^^^^^
[INFO] [stderr]     |
[INFO] [stderr]    ::: src/main.rs:2:1
[INFO] [stderr]     |
[INFO] [stderr] 2   | #[macro_use]
[INFO] [stderr]     | ------------ the item `hex` is already imported here
[INFO] [stderr] 
[INFO] [stderr] warning: unused import: `std::ptr::addr_of_mut`
[INFO] [stderr]  --> src/mempool.rs:3:5
[INFO] [stderr]   |
[INFO] [stderr] 3 | use std::ptr::addr_of_mut;
[INFO] [stderr]   |     ^^^^^^^^^^^^^^^^^^^^^
[INFO] [stderr] 
[INFO] [stderr] warning: unused import: `generate_random_signedtrans`
[INFO] [stderr]  --> src/generator.rs:6:26
[INFO] [stderr]   |
[INFO] [stderr] 6 | use crate::signedtrans::{generate_random_signedtrans, SignedTrans};
[INFO] [stderr]   |                          ^^^^^^^^^^^^^^^^^^^^^^^^^^^
[INFO] [stderr] 
[INFO] [stderr] warning: unused import: `H256`
[INFO] [stderr]   --> src/generator.rs:19:56
[INFO] [stderr]    |
[INFO] [stderr] 19 | use crate::crypto::hash::{generate_rand_hash256, H160, H256, Hashable};
[INFO] [stderr]    |                                                        ^^^^
[INFO] [stderr] 
[INFO] [stderr] warning: variable `total_delay` is assigned to, but never used
[INFO] [stderr]   --> src/network/worker.rs:58:17
[INFO] [stderr]    |
[INFO] [stderr] 58 |         let mut total_delay:u128 = 0;
[INFO] [stderr]    |                 ^^^^^^^^^^^
[INFO] [stderr]    |
[INFO] [stderr]    = note: consider using `_total_delay` instead
[INFO] [stderr]    = note: `#[warn(unused_variables)]` on by default
[INFO] [stderr] 
[INFO] [stderr] warning: variable `reveived` is assigned to, but never used
[INFO] [stderr]   --> src/network/worker.rs:59:17
[INFO] [stderr]    |
[INFO] [stderr] 59 |         let mut reveived:u128 = 0;
[INFO] [stderr]    |                 ^^^^^^^^
[INFO] [stderr]    |
[INFO] [stderr]    = note: consider using `_reveived` instead
[INFO] [stderr] 
[INFO] [stderr] warning: unused variable: `i`
[INFO] [stderr]    --> src/generator.rs:141:21
[INFO] [stderr]     |
[INFO] [stderr] 141 |                 for i in 0..3 {
[INFO] [stderr]     |                     ^ help: if this is intentional, prefix it with an underscore: `_i`
[INFO] [stderr] 
[INFO] [stderr] warning: variable does not need to be mutable
[INFO] [stderr]    --> src/generator.rs:147:25
[INFO] [stderr]     |
[INFO] [stderr] 147 |                     let mut address_vec = vec![address];
[INFO] [stderr]     |                         ----^^^^^^^^^^^
[INFO] [stderr]     |                         |
[INFO] [stderr]     |                         help: remove this `mut`
[INFO] [stderr]     |
[INFO] [stderr]     = note: `#[warn(unused_mut)]` on by default
[INFO] [stderr] 
[INFO] [stderr] warning: fields `key` and `self_address` are never read
[INFO] [stderr]   --> src/miner.rs:44:5
[INFO] [stderr]    |
[INFO] [stderr] 34 | pub struct Context {
[INFO] [stderr]    |            ------- fields in this struct
[INFO] [stderr] ...
[INFO] [stderr] 44 |     key: Ed25519KeyPair,
[INFO] [stderr]    |     ^^^
[INFO] [stderr] 45 |     self_address:H160,
[INFO] [stderr]    |     ^^^^^^^^^^^^
[INFO] [stderr]    |
[INFO] [stderr]    = note: `#[warn(dead_code)]` on by default
[INFO] [stderr] 
[INFO] [stderr] warning: `bitcoin` (bin "bitcoin" test) generated 11 warnings (run `cargo fix --bin "bitcoin" --tests` to apply 7 suggestions)
[INFO] [stderr]     Finished test [unoptimized + debuginfo] target(s) in 0.06s
[INFO] [stderr]      Running unittests src/main.rs (/opt/rustwide/target/debug/deps/bitcoin-68bc1680dcabc043)
[INFO] [stdout] 
[INFO] [stdout] running 6 tests
[INFO] [stdout] test crypto::merkle::tests::proof ... ok
[INFO] [stdout] test crypto::merkle::tests::root ... ok
[INFO] [stdout] test crypto::merkle::tests::verifying ... ok
[INFO] [stdout] test transaction::tests::sign_verify ... ok
[INFO] [stdout] test blockchain::tests::insert_one ... ok
[INFO] [stdout] test blockchain::tests::verify_several ... FAILED
[INFO] [stdout] 
[INFO] [stdout] failures:
[INFO] [stdout] 
[INFO] [stdout] ---- blockchain::tests::verify_several stdout ----
[INFO] [stdout] ----------4
[INFO] [stdout] ----------1
[INFO] [stdout] 1682857507.791186283s insert 1808..f803 at 1, bc height:1
[INFO] [stdout] 1682857507.791216443s insert e038..b02d at 1, bc height:1
[INFO] [stdout] 1682857507.791299763s insert e371..54bb at 2, bc height:2
[INFO] [stdout] 1682857507.791324573s insert b42a..7748 at 2, bc height:2
[INFO] [stdout] 1682857507.791359693s insert 0a2b..9538 at 3, bc height:3
[INFO] [stdout] 475dee8662ab40a83b71859b0918ddd75d00db8115c9d59c00bffc71191144aa
[INFO] [stdout] e0389aa15cec6c390ec835f2920fa162ba618e42781c2599fb2a57447ef4b02d
[INFO] [stdout] 0a2bdbfd11321245468fc1fee4ce47640b45cffa762dda201069d30194609538
[INFO] [stdout] e371b1fc60563f29f452aa58b736bfaf528daefb8fe1b8682e43d08a5a7454bb
[INFO] [stdout] thread 'blockchain::tests::verify_several' panicked at 'assertion failed: `(left == right)`
[INFO] [stdout]   left: `[475d..44aa, e038..b02d, 0a2b..9538, e371..54bb]`,
[INFO] [stdout]  right: `[475d..44aa, e038..b02d, e371..54bb, 0a2b..9538]`', src/blockchain.rs:214:9
[INFO] [stdout] stack backtrace:
[INFO] [stdout]    0:     0x55afa0ce772a - std::backtrace_rs::backtrace::libunwind::trace::h2f05d0192276a8f6
[INFO] [stdout]                                at /rustc/1b7dd2252b99671ce5d1cb9664c5f8636329436d/library/std/src/../../backtrace/src/backtrace/libunwind.rs:93:5
[INFO] [stdout]    1:     0x55afa0ce772a - std::backtrace_rs::backtrace::trace_unsynchronized::hedc23dff7a1af150
[INFO] [stdout]                                at /rustc/1b7dd2252b99671ce5d1cb9664c5f8636329436d/library/std/src/../../backtrace/src/backtrace/mod.rs:66:5
[INFO] [stdout]    2:     0x55afa0ce772a - std::sys_common::backtrace::_print_fmt::h17541ef7592f3ce2
[INFO] [stdout]                                at /rustc/1b7dd2252b99671ce5d1cb9664c5f8636329436d/library/std/src/sys_common/backtrace.rs:65:5
[INFO] [stdout]    3:     0x55afa0ce772a - <std::sys_common::backtrace::_print::DisplayBacktrace as core::fmt::Display>::fmt::h20f75df5ab0c0792
[INFO] [stdout]                                at /rustc/1b7dd2252b99671ce5d1cb9664c5f8636329436d/library/std/src/sys_common/backtrace.rs:44:22
[INFO] [stdout]    4:     0x55afa0d0b3bf - core::fmt::write::h78109e6f466b3af6
[INFO] [stdout]                                at /rustc/1b7dd2252b99671ce5d1cb9664c5f8636329436d/library/core/src/fmt/mod.rs:1254:17
[INFO] [stdout]    5:     0x55afa0ce4a65 - std::io::Write::write_fmt::hd24bfb68a1b35a25
[INFO] [stdout]                                at /rustc/1b7dd2252b99671ce5d1cb9664c5f8636329436d/library/std/src/io/mod.rs:1698:15
[INFO] [stdout]    6:     0x55afa0ce74f5 - std::sys_common::backtrace::_print::h8dac57a9f8fbf9a5
[INFO] [stdout]                                at /rustc/1b7dd2252b99671ce5d1cb9664c5f8636329436d/library/std/src/sys_common/backtrace.rs:47:5
[INFO] [stdout]    7:     0x55afa0ce74f5 - std::sys_common::backtrace::print::hf9ecbf41d1aa712f
[INFO] [stdout]                                at /rustc/1b7dd2252b99671ce5d1cb9664c5f8636329436d/library/std/src/sys_common/backtrace.rs:34:9
[INFO] [stdout]    8:     0x55afa0ce91ae - std::panicking::default_hook::{{closure}}::h04c07acfc84ca028
[INFO] [stdout]                                at /rustc/1b7dd2252b99671ce5d1cb9664c5f8636329436d/library/std/src/panicking.rs:269:22
[INFO] [stdout]    9:     0x55afa0ce8ee1 - std::panicking::default_hook::h01f6bb23e1eceb2c
[INFO] [stdout]                                at /rustc/1b7dd2252b99671ce5d1cb9664c5f8636329436d/library/std/src/panicking.rs:285:9
[INFO] [stdout]   10:     0x55afa0c66d6b - <alloc::boxed::Box<F,A> as core::ops::function::Fn<Args>>::call::h87fe9f7b2fd49e4c
[INFO] [stdout]                                at /rustc/1b7dd2252b99671ce5d1cb9664c5f8636329436d/library/alloc/src/boxed.rs:1987:9
[INFO] [stdout]   11:     0x55afa0c66d6b - test::test_main::{{closure}}::he94d679243a7531b
[INFO] [stdout]                                at /rustc/1b7dd2252b99671ce5d1cb9664c5f8636329436d/library/test/src/lib.rs:134:21
[INFO] [stdout]   12:     0x55afa0ce9894 - <alloc::boxed::Box<F,A> as core::ops::function::Fn<Args>>::call::h3f2d6d8b14c4769f
[INFO] [stdout]                                at /rustc/1b7dd2252b99671ce5d1cb9664c5f8636329436d/library/alloc/src/boxed.rs:1987:9
[INFO] [stdout]   13:     0x55afa0ce9894 - std::panicking::rust_panic_with_hook::h2bb3722bbaf2f6df
[INFO] [stdout]                                at /rustc/1b7dd2252b99671ce5d1cb9664c5f8636329436d/library/std/src/panicking.rs:695:13
[INFO] [stdout]   14:     0x55afa0ce9609 - std::panicking::begin_panic_handler::{{closure}}::h91bc7f36a4be011b
[INFO] [stdout]                                at /rustc/1b7dd2252b99671ce5d1cb9664c5f8636329436d/library/std/src/panicking.rs:582:13
[INFO] [stdout]   15:     0x55afa0ce7b96 - std::sys_common::backtrace::__rust_end_short_backtrace::h8b3d3717114f9e59
[INFO] [stdout]                                at /rustc/1b7dd2252b99671ce5d1cb9664c5f8636329436d/library/std/src/sys_common/backtrace.rs:150:18
[INFO] [stdout]   16:     0x55afa0ce9362 - rust_begin_unwind
[INFO] [stdout]                                at /rustc/1b7dd2252b99671ce5d1cb9664c5f8636329436d/library/std/src/panicking.rs:578:5
[INFO] [stdout]   17:     0x55afa0befbf3 - core::panicking::panic_fmt::hfd368e3fbdabea26
[INFO] [stdout]                                at /rustc/1b7dd2252b99671ce5d1cb9664c5f8636329436d/library/core/src/panicking.rs:67:14
[INFO] [stdout]   18:     0x55afa0beffbf - core::panicking::assert_failed_inner::haef49168e1798a91
[INFO] [stdout]   19:     0x55afa0c10eba - core::panicking::assert_failed::h201c3122c328ca46
[INFO] [stdout]                                at /rustc/1b7dd2252b99671ce5d1cb9664c5f8636329436d/library/core/src/panicking.rs:228:5
[INFO] [stdout]   20:     0x55afa0c15741 - bitcoin::blockchain::tests::verify_several::haa55f851a79707a5
[INFO] [stdout]                                at /opt/rustwide/workdir/src/blockchain.rs:214:9
[INFO] [stdout]   21:     0x55afa0c14eb7 - bitcoin::blockchain::tests::verify_several::{{closure}}::h28664f251a911e5a
[INFO] [stdout]                                at /opt/rustwide/workdir/src/blockchain.rs:183:27
[INFO] [stdout]   22:     0x55afa0c03c75 - core::ops::function::FnOnce::call_once::h58c9adb13e43478f
[INFO] [stdout]                                at /rustc/1b7dd2252b99671ce5d1cb9664c5f8636329436d/library/core/src/ops/function.rs:250:5
[INFO] [stdout]   23:     0x55afa0c6bc3f - core::ops::function::FnOnce::call_once::ha6a70e79f7481a7e
[INFO] [stdout]                                at /rustc/1b7dd2252b99671ce5d1cb9664c5f8636329436d/library/core/src/ops/function.rs:250:5
[INFO] [stdout]   24:     0x55afa0c6bc3f - test::__rust_begin_short_backtrace::hce33033019b61e69
[INFO] [stdout]                                at /rustc/1b7dd2252b99671ce5d1cb9664c5f8636329436d/library/test/src/lib.rs:655:18
[INFO] [stdout]   25:     0x55afa0c3942c - test::run_test::{{closure}}::h858d3528838ae3e5
[INFO] [stdout]                                at /rustc/1b7dd2252b99671ce5d1cb9664c5f8636329436d/library/test/src/lib.rs:646:30
[INFO] [stdout]   26:     0x55afa0c3942c - core::ops::function::FnOnce::call_once{{vtable.shim}}::he8ac2b00f01ae79e
[INFO] [stdout]                                at /rustc/1b7dd2252b99671ce5d1cb9664c5f8636329436d/library/core/src/ops/function.rs:250:5
[INFO] [stdout]   27:     0x55afa0c6ad16 - <alloc::boxed::Box<F,A> as core::ops::function::FnOnce<Args>>::call_once::h8093d25b522725ef
[INFO] [stdout]                                at /rustc/1b7dd2252b99671ce5d1cb9664c5f8636329436d/library/alloc/src/boxed.rs:1973:9
[INFO] [stdout]   28:     0x55afa0c6ad16 - <core::panic::unwind_safe::AssertUnwindSafe<F> as core::ops::function::FnOnce<()>>::call_once::h5c334c204e4a3913
[INFO] [stdout]                                at /rustc/1b7dd2252b99671ce5d1cb9664c5f8636329436d/library/core/src/panic/unwind_safe.rs:271:9
[INFO] [stdout]   29:     0x55afa0c6ad16 - std::panicking::try::do_call::ha8b740c7b9478074
[INFO] [stdout]                                at /rustc/1b7dd2252b99671ce5d1cb9664c5f8636329436d/library/std/src/panicking.rs:485:40
[INFO] [stdout]   30:     0x55afa0c6ad16 - std::panicking::try::h5d34f63d0e41b64e
[INFO] [stdout]                                at /rustc/1b7dd2252b99671ce5d1cb9664c5f8636329436d/library/std/src/panicking.rs:449:19
[INFO] [stdout]   31:     0x55afa0c6ad16 - std::panic::catch_unwind::hcfbb511e1aa7fc67
[INFO] [stdout]                                at /rustc/1b7dd2252b99671ce5d1cb9664c5f8636329436d/library/std/src/panic.rs:140:14
[INFO] [stdout]   32:     0x55afa0c6ad16 - test::run_test_in_process::h9abda90f802eaf21
[INFO] [stdout]                                at /rustc/1b7dd2252b99671ce5d1cb9664c5f8636329436d/library/test/src/lib.rs:678:27
[INFO] [stdout]   33:     0x55afa0c6ad16 - test::run_test::run_test_inner::{{closure}}::h0f058de91f6c6edf
[INFO] [stdout]                                at /rustc/1b7dd2252b99671ce5d1cb9664c5f8636329436d/library/test/src/lib.rs:572:39
[INFO] [stdout]   34:     0x55afa0c33c35 - test::run_test::run_test_inner::{{closure}}::h5ca48a4c59c6c1fb
[INFO] [stdout]                                at /rustc/1b7dd2252b99671ce5d1cb9664c5f8636329436d/library/test/src/lib.rs:599:37
[INFO] [stdout]   35:     0x55afa0c33c35 - std::sys_common::backtrace::__rust_begin_short_backtrace::h32bd51e1495d4a33
[INFO] [stdout]                                at /rustc/1b7dd2252b99671ce5d1cb9664c5f8636329436d/library/std/src/sys_common/backtrace.rs:134:18
[INFO] [stdout]   36:     0x55afa0c39171 - std::thread::Builder::spawn_unchecked_::{{closure}}::{{closure}}::hc086fae9b128b2db
[INFO] [stdout]                                at /rustc/1b7dd2252b99671ce5d1cb9664c5f8636329436d/library/std/src/thread/mod.rs:526:17
[INFO] [stdout]   37:     0x55afa0c39171 - <core::panic::unwind_safe::AssertUnwindSafe<F> as core::ops::function::FnOnce<()>>::call_once::hb66571888d270d43
[INFO] [stdout]                                at /rustc/1b7dd2252b99671ce5d1cb9664c5f8636329436d/library/core/src/panic/unwind_safe.rs:271:9
[INFO] [stdout]   38:     0x55afa0c39171 - std::panicking::try::do_call::h4fa2ef4f6e51fecf
[INFO] [stdout]                                at /rustc/1b7dd2252b99671ce5d1cb9664c5f8636329436d/library/std/src/panicking.rs:485:40
[INFO] [stdout]   39:     0x55afa0c39171 - std::panicking::try::h1e9e22b8584489b5
[INFO] [stdout]                                at /rustc/1b7dd2252b99671ce5d1cb9664c5f8636329436d/library/std/src/panicking.rs:449:19
[INFO] [stdout]   40:     0x55afa0c39171 - std::panic::catch_unwind::h44698a3de0e0769e
[INFO] [stdout]                                at /rustc/1b7dd2252b99671ce5d1cb9664c5f8636329436d/library/std/src/panic.rs:140:14
[INFO] [stdout]   41:     0x55afa0c39171 - std::thread::Builder::spawn_unchecked_::{{closure}}::h50153abde3fe239e
[INFO] [stdout]                                at /rustc/1b7dd2252b99671ce5d1cb9664c5f8636329436d/library/std/src/thread/mod.rs:525:30
[INFO] [stdout]   42:     0x55afa0c39171 - core::ops::function::FnOnce::call_once{{vtable.shim}}::hbe5bbf6f38394364
[INFO] [stdout]                                at /rustc/1b7dd2252b99671ce5d1cb9664c5f8636329436d/library/core/src/ops/function.rs:250:5
[INFO] [stdout]   43:     0x55afa0cedd75 - <alloc::boxed::Box<F,A> as core::ops::function::FnOnce<Args>>::call_once::h0d83cb2920a49046
[INFO] [stdout]                                at /rustc/1b7dd2252b99671ce5d1cb9664c5f8636329436d/library/alloc/src/boxed.rs:1973:9
[INFO] [stdout]   44:     0x55afa0cedd75 - <alloc::boxed::Box<F,A> as core::ops::function::FnOnce<Args>>::call_once::hbe0a008aa7d9ef59
[INFO] [stdout]                                at /rustc/1b7dd2252b99671ce5d1cb9664c5f8636329436d/library/alloc/src/boxed.rs:1973:9
[INFO] [stdout]   45:     0x55afa0cedd75 - std::sys::unix::thread::Thread::new::thread_start::h3a466996bdf6b1f9
[INFO] [stdout]                                at /rustc/1b7dd2252b99671ce5d1cb9664c5f8636329436d/library/std/src/sys/unix/thread.rs:108:17
[INFO] [stdout]   46:     0x7efeb9f3db43 - <unknown>
[INFO] [stdout]   47:     0x7efeb9fcebb4 - __clone
[INFO] [stdout]   48:                0x0 - <unknown>
[INFO] [stdout] 
[INFO] [stdout] 
[INFO] [stdout] failures:
[INFO] [stdout]     blockchain::tests::verify_several
[INFO] [stdout] 
[INFO] [stdout] test result: FAILED. 5 passed; 1 failed; 0 ignored; 0 measured; 0 filtered out; finished in 0.03s
[INFO] [stdout] 
[INFO] [stderr] error: test failed, to rerun pass `--bin bitcoin`
[INFO] running `Command { std: "docker" "inspect" "1d2dc63dcbf5b1aaf870d4ed3f6812773aa8a2633959be7744002c52dffd6950", kill_on_drop: false }`
[INFO] running `Command { std: "docker" "rm" "-f" "1d2dc63dcbf5b1aaf870d4ed3f6812773aa8a2633959be7744002c52dffd6950", kill_on_drop: false }`
[INFO] [stdout] 1d2dc63dcbf5b1aaf870d4ed3f6812773aa8a2633959be7744002c52dffd6950
