[INFO] cloning repository https://github.com/huhisoftware/adblock-rust-ffi
[INFO] running `Command { std: "git" "-c" "credential.helper=" "-c" "credential.helper=/workspace/cargo-home/bin/git-credential-null" "clone" "--bare" "https://github.com/huhisoftware/adblock-rust-ffi" "/workspace/cache/git-repos/https%3A%2F%2Fgithub.com%2Fhuhisoftware%2Fadblock-rust-ffi", kill_on_drop: false }`
[INFO] [stderr] Cloning into bare repository '/workspace/cache/git-repos/https%3A%2F%2Fgithub.com%2Fhuhisoftware%2Fadblock-rust-ffi'...
[INFO] running `Command { std: "git" "rev-parse" "HEAD", kill_on_drop: false }`
[INFO] [stdout] 779287f88a9bd8a3bd02968f6962e1a1b96d0d50
[INFO] testing huhisoftware/adblock-rust-ffi against 1.69.0 for beta-1.70-1
[INFO] running `Command { std: "git" "clone" "/workspace/cache/git-repos/https%3A%2F%2Fgithub.com%2Fhuhisoftware%2Fadblock-rust-ffi" "/workspace/builds/worker-5-tc1/source", kill_on_drop: false }`
[INFO] [stderr] Cloning into '/workspace/builds/worker-5-tc1/source'...
[INFO] [stderr] done.
[INFO] validating manifest of git repo https://github.com/huhisoftware/adblock-rust-ffi on toolchain 1.69.0
[INFO] running `Command { std: CARGO_HOME="/workspace/cargo-home" RUSTUP_HOME="/workspace/rustup-home" "/workspace/cargo-home/bin/cargo" "+1.69.0" "metadata" "--manifest-path" "Cargo.toml" "--no-deps", kill_on_drop: false }`
[INFO] started tweaking git repo https://github.com/huhisoftware/adblock-rust-ffi
[INFO] finished tweaking git repo https://github.com/huhisoftware/adblock-rust-ffi
[INFO] tweaked toml for git repo https://github.com/huhisoftware/adblock-rust-ffi written to /workspace/builds/worker-5-tc1/source/Cargo.toml
[INFO] crate git repo https://github.com/huhisoftware/adblock-rust-ffi already has a lockfile, it will not be regenerated
[INFO] running `Command { std: CARGO_HOME="/workspace/cargo-home" RUSTUP_HOME="/workspace/rustup-home" "/workspace/cargo-home/bin/cargo" "+1.69.0" "fetch" "--manifest-path" "Cargo.toml", kill_on_drop: false }`
[INFO] [stderr]     Updating git repository `https://github.com/huhisoftware/adblock-rust`
[INFO] [stderr]  Downloading crates ...
[INFO] [stderr]   Downloaded seahash v3.0.7
[INFO] [stderr]   Downloaded lifeguard v0.6.1
[INFO] running `Command { std: "docker" "create" "-v" "/var/lib/crater-agent-workspace/builds/worker-5-tc1/target:/opt/rustwide/target:rw,Z" "-v" "/var/lib/crater-agent-workspace/builds/worker-5-tc1/source:/opt/rustwide/workdir:ro,Z" "-v" "/var/lib/crater-agent-workspace/cargo-home:/opt/rustwide/cargo-home:ro,Z" "-v" "/var/lib/crater-agent-workspace/rustup-home:/opt/rustwide/rustup-home:ro,Z" "-e" "SOURCE_DIR=/opt/rustwide/workdir" "-e" "CARGO_TARGET_DIR=/opt/rustwide/target" "-e" "CARGO_HOME=/opt/rustwide/cargo-home" "-e" "RUSTUP_HOME=/opt/rustwide/rustup-home" "-w" "/opt/rustwide/workdir" "-m" "1610612736" "--user" "0:0" "--network" "none" "ghcr.io/rust-lang/crates-build-env/linux@sha256:5ff2268d62e97bff2cde7d5815dd6ed5b47097566f13b8d0ca110b04b60e07ed" "/opt/rustwide/cargo-home/bin/cargo" "+1.69.0" "metadata" "--no-deps" "--format-version=1", kill_on_drop: false }`
[INFO] [stdout] 414bb89c6aac39a8c2f2ef4a89a19bbe2baa737995fe4a6724ffc8558af3c0c3
[INFO] running `Command { std: "docker" "start" "-a" "414bb89c6aac39a8c2f2ef4a89a19bbe2baa737995fe4a6724ffc8558af3c0c3", kill_on_drop: false }`
[INFO] running `Command { std: "docker" "inspect" "414bb89c6aac39a8c2f2ef4a89a19bbe2baa737995fe4a6724ffc8558af3c0c3", kill_on_drop: false }`
[INFO] running `Command { std: "docker" "rm" "-f" "414bb89c6aac39a8c2f2ef4a89a19bbe2baa737995fe4a6724ffc8558af3c0c3", kill_on_drop: false }`
[INFO] [stdout] 414bb89c6aac39a8c2f2ef4a89a19bbe2baa737995fe4a6724ffc8558af3c0c3
[INFO] running `Command { std: "docker" "create" "-v" "/var/lib/crater-agent-workspace/builds/worker-5-tc1/target:/opt/rustwide/target:rw,Z" "-v" "/var/lib/crater-agent-workspace/builds/worker-5-tc1/source:/opt/rustwide/workdir:ro,Z" "-v" "/var/lib/crater-agent-workspace/cargo-home:/opt/rustwide/cargo-home:ro,Z" "-v" "/var/lib/crater-agent-workspace/rustup-home:/opt/rustwide/rustup-home:ro,Z" "-e" "SOURCE_DIR=/opt/rustwide/workdir" "-e" "CARGO_TARGET_DIR=/opt/rustwide/target" "-e" "CARGO_INCREMENTAL=0" "-e" "RUST_BACKTRACE=full" "-e" "RUSTFLAGS=--cap-lints=warn" "-e" "RUSTDOCFLAGS=--cap-lints=warn" "-e" "CARGO_HOME=/opt/rustwide/cargo-home" "-e" "RUSTUP_HOME=/opt/rustwide/rustup-home" "-w" "/opt/rustwide/workdir" "-m" "1610612736" "--user" "0:0" "--network" "none" "ghcr.io/rust-lang/crates-build-env/linux@sha256:5ff2268d62e97bff2cde7d5815dd6ed5b47097566f13b8d0ca110b04b60e07ed" "/opt/rustwide/cargo-home/bin/cargo" "+1.69.0" "build" "--frozen" "--message-format=json", kill_on_drop: false }`
[INFO] [stdout] 07cf75f6a87467199609c603742f2821ed489c5701e0128d197bc57f8b5d49d1
[INFO] running `Command { std: "docker" "start" "-a" "07cf75f6a87467199609c603742f2821ed489c5701e0128d197bc57f8b5d49d1", kill_on_drop: false }`
[INFO] [stderr]    Compiling proc-macro2 v1.0.18
[INFO] [stderr]    Compiling unicode-xid v0.2.0
[INFO] [stderr]    Compiling syn v1.0.30
[INFO] [stderr]    Compiling autocfg v1.0.0
[INFO] [stderr]    Compiling memchr v2.3.3
[INFO] [stderr]    Compiling serde v1.0.111
[INFO] [stderr]    Compiling byteorder v1.3.4
[INFO] [stderr]    Compiling smallvec v1.4.0
[INFO] [stderr]    Compiling matches v0.1.8
[INFO] [stderr]    Compiling libc v0.2.81
[INFO] [stderr]    Compiling crc32fast v1.2.0
[INFO] [stderr]    Compiling num-traits v0.2.11
[INFO] [stderr]    Compiling unicode-normalization v0.1.12
[INFO] [stderr]    Compiling unicode-bidi v0.3.4
[INFO] [stderr]    Compiling cfg-if v0.1.10
[INFO] [stderr]    Compiling lazy_static v1.4.0
[INFO] [stderr]    Compiling adler32 v1.0.4
[INFO] [stderr]    Compiling bitflags v1.2.1
[INFO] [stderr]    Compiling ryu v1.0.5
[INFO] [stderr]    Compiling thread_local v1.0.1
[INFO] [stderr]    Compiling miniz_oxide v0.3.6
[INFO] [stderr]    Compiling quote v1.0.6
[INFO] [stderr]    Compiling idna v0.2.0
[INFO] [stderr]    Compiling aho-corasick v0.7.10
[INFO] [stderr]    Compiling unchecked-index v0.2.2
[INFO] [stderr]    Compiling percent-encoding v2.1.0
[INFO] [stderr]    Compiling serde_json v1.0.60
[INFO] [stderr]    Compiling rmp v0.8.9
[INFO] [stderr]    Compiling either v1.5.3
[INFO] [stderr]    Compiling regex-syntax v0.6.21
[INFO] [stderr]    Compiling itertools v0.9.0
[INFO] [stderr]    Compiling flate2 v1.0.14
[INFO] [stderr]    Compiling url v2.1.1
[INFO] [stderr]    Compiling twoway v0.2.1
[INFO] [stderr]    Compiling base64 v0.13.0
[INFO] [stderr]    Compiling lifeguard v0.6.1
[INFO] [stderr]    Compiling seahash v3.0.7
[INFO] [stderr]    Compiling once_cell v1.5.2
[INFO] [stderr]    Compiling itoa v0.4.5
[INFO] [stderr]    Compiling serde_derive v1.0.111
[INFO] [stderr]    Compiling regex v1.4.2
[INFO] [stderr]    Compiling rmp-serde v0.13.7
[INFO] [stderr]    Compiling adblock v0.3.4 (https://github.com/huhisoftware/adblock-rust?rev=a908827000af33ab28f141bf025a761a96fcdd11#a9088270)
[INFO] [stderr]    Compiling adblock-ffi v0.1.0 (/opt/rustwide/workdir)
[INFO] [stderr]     Finished dev [unoptimized + debuginfo] target(s) in 10.46s
[INFO] running `Command { std: "docker" "inspect" "07cf75f6a87467199609c603742f2821ed489c5701e0128d197bc57f8b5d49d1", kill_on_drop: false }`
[INFO] running `Command { std: "docker" "rm" "-f" "07cf75f6a87467199609c603742f2821ed489c5701e0128d197bc57f8b5d49d1", kill_on_drop: false }`
[INFO] [stdout] 07cf75f6a87467199609c603742f2821ed489c5701e0128d197bc57f8b5d49d1
[INFO] running `Command { std: "docker" "create" "-v" "/var/lib/crater-agent-workspace/builds/worker-5-tc1/target:/opt/rustwide/target:rw,Z" "-v" "/var/lib/crater-agent-workspace/builds/worker-5-tc1/source:/opt/rustwide/workdir:ro,Z" "-v" "/var/lib/crater-agent-workspace/cargo-home:/opt/rustwide/cargo-home:ro,Z" "-v" "/var/lib/crater-agent-workspace/rustup-home:/opt/rustwide/rustup-home:ro,Z" "-e" "SOURCE_DIR=/opt/rustwide/workdir" "-e" "CARGO_TARGET_DIR=/opt/rustwide/target" "-e" "CARGO_INCREMENTAL=0" "-e" "RUST_BACKTRACE=full" "-e" "RUSTFLAGS=--cap-lints=warn" "-e" "RUSTDOCFLAGS=--cap-lints=warn" "-e" "CARGO_HOME=/opt/rustwide/cargo-home" "-e" "RUSTUP_HOME=/opt/rustwide/rustup-home" "-w" "/opt/rustwide/workdir" "-m" "1610612736" "--user" "0:0" "--network" "none" "ghcr.io/rust-lang/crates-build-env/linux@sha256:5ff2268d62e97bff2cde7d5815dd6ed5b47097566f13b8d0ca110b04b60e07ed" "/opt/rustwide/cargo-home/bin/cargo" "+1.69.0" "test" "--frozen" "--no-run" "--message-format=json", kill_on_drop: false }`
[INFO] [stdout] a79ebf6f4d4bfd5f25bcf76d4ba823e528e4592836a550f567a0ebac437f2b0c
[INFO] running `Command { std: "docker" "start" "-a" "a79ebf6f4d4bfd5f25bcf76d4ba823e528e4592836a550f567a0ebac437f2b0c", kill_on_drop: false }`
[INFO] [stderr]    Compiling smallvec v1.4.0
[INFO] [stderr]    Compiling memchr v2.3.3
[INFO] [stderr]    Compiling matches v0.1.8
[INFO] [stderr]    Compiling byteorder v1.3.4
[INFO] [stderr]    Compiling num-traits v0.2.11
[INFO] [stderr]    Compiling cfg-if v0.1.10
[INFO] [stderr]    Compiling serde v1.0.111
[INFO] [stderr]    Compiling adler32 v1.0.4
[INFO] [stderr]    Compiling unicode-bidi v0.3.4
[INFO] [stderr]    Compiling lazy_static v1.4.0
[INFO] [stderr]    Compiling miniz_oxide v0.3.6
[INFO] [stderr]    Compiling thread_local v1.0.1
[INFO] [stderr]    Compiling unicode-normalization v0.1.12
[INFO] [stderr]    Compiling aho-corasick v0.7.10
[INFO] [stderr]    Compiling crc32fast v1.2.0
[INFO] [stderr]    Compiling libc v0.2.81
[INFO] [stderr]    Compiling percent-encoding v2.1.0
[INFO] [stderr]    Compiling rmp v0.8.9
[INFO] [stderr]    Compiling either v1.5.3
[INFO] [stderr]    Compiling idna v0.2.0
[INFO] [stderr]    Compiling unchecked-index v0.2.2
[INFO] [stderr]    Compiling regex-syntax v0.6.21
[INFO] [stderr]    Compiling twoway v0.2.1
[INFO] [stderr]    Compiling flate2 v1.0.14
[INFO] [stderr]    Compiling itertools v0.9.0
[INFO] [stderr]    Compiling bitflags v1.2.1
[INFO] [stderr]    Compiling ryu v1.0.5
[INFO] [stderr]    Compiling url v2.1.1
[INFO] [stderr]    Compiling once_cell v1.5.2
[INFO] [stderr]    Compiling base64 v0.13.0
[INFO] [stderr]    Compiling lifeguard v0.6.1
[INFO] [stderr]    Compiling itoa v0.4.5
[INFO] [stderr]    Compiling seahash v3.0.7
[INFO] [stderr]    Compiling regex v1.4.2
[INFO] [stderr]    Compiling rmp-serde v0.13.7
[INFO] [stderr]    Compiling serde_json v1.0.60
[INFO] [stderr]    Compiling adblock v0.3.4 (https://github.com/huhisoftware/adblock-rust?rev=a908827000af33ab28f141bf025a761a96fcdd11#a9088270)
[INFO] [stderr]    Compiling adblock-ffi v0.1.0 (/opt/rustwide/workdir)
[INFO] [stderr]     Finished test [unoptimized + debuginfo] target(s) in 6.53s
[INFO] running `Command { std: "docker" "inspect" "a79ebf6f4d4bfd5f25bcf76d4ba823e528e4592836a550f567a0ebac437f2b0c", kill_on_drop: false }`
[INFO] running `Command { std: "docker" "rm" "-f" "a79ebf6f4d4bfd5f25bcf76d4ba823e528e4592836a550f567a0ebac437f2b0c", kill_on_drop: false }`
[INFO] [stdout] a79ebf6f4d4bfd5f25bcf76d4ba823e528e4592836a550f567a0ebac437f2b0c
[INFO] running `Command { std: "docker" "create" "-v" "/var/lib/crater-agent-workspace/builds/worker-5-tc1/target:/opt/rustwide/target:rw,Z" "-v" "/var/lib/crater-agent-workspace/builds/worker-5-tc1/source:/opt/rustwide/workdir:ro,Z" "-v" "/var/lib/crater-agent-workspace/cargo-home:/opt/rustwide/cargo-home:ro,Z" "-v" "/var/lib/crater-agent-workspace/rustup-home:/opt/rustwide/rustup-home:ro,Z" "-e" "SOURCE_DIR=/opt/rustwide/workdir" "-e" "CARGO_TARGET_DIR=/opt/rustwide/target" "-e" "CARGO_INCREMENTAL=0" "-e" "RUST_BACKTRACE=full" "-e" "RUSTFLAGS=--cap-lints=warn" "-e" "RUSTDOCFLAGS=--cap-lints=warn" "-e" "CARGO_HOME=/opt/rustwide/cargo-home" "-e" "RUSTUP_HOME=/opt/rustwide/rustup-home" "-w" "/opt/rustwide/workdir" "-m" "1610612736" "--user" "0:0" "--network" "none" "ghcr.io/rust-lang/crates-build-env/linux@sha256:5ff2268d62e97bff2cde7d5815dd6ed5b47097566f13b8d0ca110b04b60e07ed" "/opt/rustwide/cargo-home/bin/cargo" "+1.69.0" "test" "--frozen", kill_on_drop: false }`
[INFO] [stdout] 2f61dde1f7745ac820aeabea1730d419d51a66f444a7ed64521d14d54c6aaa42
[INFO] running `Command { std: "docker" "start" "-a" "2f61dde1f7745ac820aeabea1730d419d51a66f444a7ed64521d14d54c6aaa42", kill_on_drop: false }`
[INFO] [stderr]     Finished test [unoptimized + debuginfo] target(s) in 0.02s
[INFO] [stderr]      Running unittests src/lib.rs (/opt/rustwide/target/debug/deps/adblock-8100cbf0a1689661)
[INFO] [stdout] 
[INFO] [stdout] running 0 tests
[INFO] [stdout] 
[INFO] [stdout] test result: ok. 0 passed; 0 failed; 0 ignored; 0 measured; 0 filtered out; finished in 0.00s
[INFO] [stdout] 
[INFO] [stderr]    Doc-tests adblock
[INFO] [stderr] error[E0464]: multiple candidates for `rlib` dependency `adblock` found
[INFO] [stderr]  --> /opt/rustwide/workdir/src/lib.rs:1:5
[INFO] [stderr]   |
[INFO] [stderr] 1 | use adblock::engine::Engine;
[INFO] [stderr]   |     ^^^^^^^
[INFO] [stderr]   |
[INFO] [stderr]   = note: candidate #1: /opt/rustwide/target/debug/deps/libadblock.rlib
[INFO] [stderr]   = note: candidate #2: /opt/rustwide/target/debug/deps/libadblock-264ed69a8155fdcd.rlib
[INFO] [stderr] 
[INFO] [stderr] error[E0464]: multiple candidates for `rlib` dependency `adblock` found
[INFO] [stderr]  --> /opt/rustwide/workdir/src/lib.rs:2:5
[INFO] [stderr]   |
[INFO] [stderr] 2 | use adblock::resources::{Resource, ResourceType, MimeType};
[INFO] [stderr]   |     ^^^^^^^
[INFO] [stderr]   |
[INFO] [stderr]   = note: candidate #1: /opt/rustwide/target/debug/deps/libadblock.rlib
[INFO] [stderr]   = note: candidate #2: /opt/rustwide/target/debug/deps/libadblock-264ed69a8155fdcd.rlib
[INFO] [stderr] 
[INFO] [stderr] error[E0464]: multiple candidates for `rlib` dependency `adblock` found
[INFO] [stderr]   --> /opt/rustwide/workdir/src/lib.rs:26:10
[INFO] [stderr]    |
[INFO] [stderr] 26 |     impl adblock::url_parser::ResolvesDomain for RemoteResolverImpl {
[INFO] [stderr]    |          ^^^^^^^
[INFO] [stderr]    |
[INFO] [stderr]    = note: candidate #1: /opt/rustwide/target/debug/deps/libadblock.rlib
[INFO] [stderr]    = note: candidate #2: /opt/rustwide/target/debug/deps/libadblock-264ed69a8155fdcd.rlib
[INFO] [stderr] 
[INFO] [stderr] error[E0464]: multiple candidates for `rlib` dependency `adblock` found
[INFO] [stderr]   --> /opt/rustwide/workdir/src/lib.rs:41:5
[INFO] [stderr]    |
[INFO] [stderr] 41 |     adblock::url_parser::set_domain_resolver(Box::new(RemoteResolverImpl { remote_callback: resolver })).is_ok()
[INFO] [stderr]    |     ^^^^^^^
[INFO] [stderr]    |
[INFO] [stderr]    = note: candidate #1: /opt/rustwide/target/debug/deps/libadblock.rlib
[INFO] [stderr]    = note: candidate #2: /opt/rustwide/target/debug/deps/libadblock-264ed69a8155fdcd.rlib
[INFO] [stderr] 
[INFO] [stderr] error[E0464]: multiple candidates for `rlib` dependency `adblock` found
[INFO] [stderr]   --> /opt/rustwide/workdir/src/lib.rs:48:26
[INFO] [stderr]    |
[INFO] [stderr] 48 |     let mut filter_set = adblock::lists::FilterSet::new(false);
[INFO] [stderr]    |                          ^^^^^^^
[INFO] [stderr]    |
[INFO] [stderr]    = note: candidate #1: /opt/rustwide/target/debug/deps/libadblock.rlib
[INFO] [stderr]    = note: candidate #2: /opt/rustwide/target/debug/deps/libadblock-264ed69a8155fdcd.rlib
[INFO] [stderr] 
[INFO] [stderr] error[E0464]: multiple candidates for `rlib` dependency `adblock` found
[INFO] [stderr]   --> /opt/rustwide/workdir/src/lib.rs:49:40
[INFO] [stderr]    |
[INFO] [stderr] 49 |     filter_set.add_filter_list(&rules, adblock::lists::FilterFormat::Standard);
[INFO] [stderr]    |                                        ^^^^^^^
[INFO] [stderr]    |
[INFO] [stderr]    = note: candidate #1: /opt/rustwide/target/debug/deps/libadblock.rlib
[INFO] [stderr]    = note: candidate #2: /opt/rustwide/target/debug/deps/libadblock-264ed69a8155fdcd.rlib
[INFO] [stderr] 
[INFO] [stderr] error: aborting due to 6 previous errors
[INFO] [stderr] 
[INFO] [stderr] For more information about this error, try `rustc --explain E0464`.
[INFO] [stderr] error: doctest failed, to rerun pass `--doc`
[INFO] [stderr] 
[INFO] [stderr] Caused by:
[INFO] [stderr]   process didn't exit successfully: `rustdoc --edition=2018 --crate-type cdylib --crate-type staticlib --crate-type rlib --crate-name adblock --test /opt/rustwide/workdir/src/lib.rs -L dependency=/opt/rustwide/target/debug/deps -L dependency=/opt/rustwide/target/debug/deps --extern adblock=/opt/rustwide/target/debug/deps/libadblock-264ed69a8155fdcd.rlib --extern adblock=/opt/rustwide/target/debug/deps/libadblock.rlib --extern libc=/opt/rustwide/target/debug/deps/liblibc-ebac15a9b6d622c9.rlib --extern serde_json=/opt/rustwide/target/debug/deps/libserde_json-08175712fe7b4bb9.rlib -C embed-bitcode=no --cap-lints=warn --error-format human` (exit status: 1)
[INFO] running `Command { std: "docker" "inspect" "2f61dde1f7745ac820aeabea1730d419d51a66f444a7ed64521d14d54c6aaa42", kill_on_drop: false }`
[INFO] running `Command { std: "docker" "rm" "-f" "2f61dde1f7745ac820aeabea1730d419d51a66f444a7ed64521d14d54c6aaa42", kill_on_drop: false }`
[INFO] [stdout] 2f61dde1f7745ac820aeabea1730d419d51a66f444a7ed64521d14d54c6aaa42
