[INFO] cloning repository https://github.com/htrefil/rkvm
[INFO] running `Command { std: "git" "-c" "credential.helper=" "-c" "credential.helper=/workspace/cargo-home/bin/git-credential-null" "clone" "--bare" "https://github.com/htrefil/rkvm" "/workspace/cache/git-repos/https%3A%2F%2Fgithub.com%2Fhtrefil%2Frkvm", kill_on_drop: false }`
[INFO] [stderr] Cloning into bare repository '/workspace/cache/git-repos/https%3A%2F%2Fgithub.com%2Fhtrefil%2Frkvm'...
[INFO] running `Command { std: "git" "rev-parse" "HEAD", kill_on_drop: false }`
[INFO] [stdout] c01356e56c31fae35c67696ab26c471e1502d09a
[INFO] testing htrefil/rkvm against 1.69.0 for beta-1.70-1
[INFO] running `Command { std: "git" "clone" "/workspace/cache/git-repos/https%3A%2F%2Fgithub.com%2Fhtrefil%2Frkvm" "/workspace/builds/worker-0-tc1/source", kill_on_drop: false }`
[INFO] [stderr] Cloning into '/workspace/builds/worker-0-tc1/source'...
[INFO] [stderr] done.
[INFO] validating manifest of git repo https://github.com/htrefil/rkvm on toolchain 1.69.0
[INFO] running `Command { std: CARGO_HOME="/workspace/cargo-home" RUSTUP_HOME="/workspace/rustup-home" "/workspace/cargo-home/bin/cargo" "+1.69.0" "metadata" "--manifest-path" "Cargo.toml" "--no-deps", kill_on_drop: false }`
[INFO] started tweaking git repo https://github.com/htrefil/rkvm
[INFO] finished tweaking git repo https://github.com/htrefil/rkvm
[INFO] tweaked toml for git repo https://github.com/htrefil/rkvm written to /workspace/builds/worker-0-tc1/source/Cargo.toml
[INFO] crate git repo https://github.com/htrefil/rkvm already has a lockfile, it will not be regenerated
[INFO] running `Command { std: CARGO_HOME="/workspace/cargo-home" RUSTUP_HOME="/workspace/rustup-home" "/workspace/cargo-home/bin/cargo" "+1.69.0" "fetch" "--manifest-path" "Cargo.toml", kill_on_drop: false }`
[INFO] [stderr]  Downloading crates ...
[INFO] [stderr]   Downloaded inotify v0.10.0
[INFO] running `Command { std: "docker" "create" "-v" "/var/lib/crater-agent-workspace/builds/worker-0-tc1/target:/opt/rustwide/target:rw,Z" "-v" "/var/lib/crater-agent-workspace/builds/worker-0-tc1/source:/opt/rustwide/workdir:ro,Z" "-v" "/var/lib/crater-agent-workspace/cargo-home:/opt/rustwide/cargo-home:ro,Z" "-v" "/var/lib/crater-agent-workspace/rustup-home:/opt/rustwide/rustup-home:ro,Z" "-e" "SOURCE_DIR=/opt/rustwide/workdir" "-e" "CARGO_TARGET_DIR=/opt/rustwide/target" "-e" "CARGO_HOME=/opt/rustwide/cargo-home" "-e" "RUSTUP_HOME=/opt/rustwide/rustup-home" "-w" "/opt/rustwide/workdir" "-m" "1610612736" "--user" "0:0" "--network" "none" "ghcr.io/rust-lang/crates-build-env/linux@sha256:5ff2268d62e97bff2cde7d5815dd6ed5b47097566f13b8d0ca110b04b60e07ed" "/opt/rustwide/cargo-home/bin/cargo" "+1.69.0" "metadata" "--no-deps" "--format-version=1", kill_on_drop: false }`
[INFO] [stdout] 114f2ec62732f4600ce7e7b57312ccb36a958e771503ee52f66347bd9945d5c1
[INFO] running `Command { std: "docker" "start" "-a" "114f2ec62732f4600ce7e7b57312ccb36a958e771503ee52f66347bd9945d5c1", kill_on_drop: false }`
[INFO] running `Command { std: "docker" "inspect" "114f2ec62732f4600ce7e7b57312ccb36a958e771503ee52f66347bd9945d5c1", kill_on_drop: false }`
[INFO] running `Command { std: "docker" "rm" "-f" "114f2ec62732f4600ce7e7b57312ccb36a958e771503ee52f66347bd9945d5c1", kill_on_drop: false }`
[INFO] [stdout] 114f2ec62732f4600ce7e7b57312ccb36a958e771503ee52f66347bd9945d5c1
[INFO] running `Command { std: "docker" "create" "-v" "/var/lib/crater-agent-workspace/builds/worker-0-tc1/target:/opt/rustwide/target:rw,Z" "-v" "/var/lib/crater-agent-workspace/builds/worker-0-tc1/source:/opt/rustwide/workdir:ro,Z" "-v" "/var/lib/crater-agent-workspace/cargo-home:/opt/rustwide/cargo-home:ro,Z" "-v" "/var/lib/crater-agent-workspace/rustup-home:/opt/rustwide/rustup-home:ro,Z" "-e" "SOURCE_DIR=/opt/rustwide/workdir" "-e" "CARGO_TARGET_DIR=/opt/rustwide/target" "-e" "CARGO_INCREMENTAL=0" "-e" "RUST_BACKTRACE=full" "-e" "RUSTFLAGS=--cap-lints=warn" "-e" "RUSTDOCFLAGS=--cap-lints=warn" "-e" "CARGO_HOME=/opt/rustwide/cargo-home" "-e" "RUSTUP_HOME=/opt/rustwide/rustup-home" "-w" "/opt/rustwide/workdir" "-m" "1610612736" "--user" "0:0" "--network" "none" "ghcr.io/rust-lang/crates-build-env/linux@sha256:5ff2268d62e97bff2cde7d5815dd6ed5b47097566f13b8d0ca110b04b60e07ed" "/opt/rustwide/cargo-home/bin/cargo" "+1.69.0" "build" "--frozen" "--message-format=json", kill_on_drop: false }`
[INFO] [stdout] 0bb755af7d18cf41f1e06d2e365ea15537326e3ef1a54a5a0e07f3011db1e156
[INFO] running `Command { std: "docker" "start" "-a" "0bb755af7d18cf41f1e06d2e365ea15537326e3ef1a54a5a0e07f3011db1e156", kill_on_drop: false }`
[INFO] [stderr]    Compiling libc v0.2.141
[INFO] [stderr]    Compiling proc-macro2 v1.0.56
[INFO] [stderr]    Compiling io-lifetimes v1.0.10
[INFO] [stderr]    Compiling glob v0.3.1
[INFO] [stderr]    Compiling rustix v0.37.11
[INFO] [stderr]    Compiling prettyplease v0.2.4
[INFO] [stderr]    Compiling aho-corasick v0.7.20
[INFO] [stderr]    Compiling minimal-lexical v0.2.1
[INFO] [stderr]    Compiling regex-syntax v0.6.29
[INFO] [stderr]    Compiling linux-raw-sys v0.3.1
[INFO] [stderr]    Compiling clang-sys v1.6.1
[INFO] [stderr]    Compiling futures-channel v0.3.28
[INFO] [stderr]    Compiling serde v1.0.160
[INFO] [stderr]    Compiling quote v1.0.26
[INFO] [stderr]    Compiling nom v7.1.3
[INFO] [stderr]    Compiling syn v2.0.15
[INFO] [stderr]    Compiling tokio v1.27.0
[INFO] [stderr]    Compiling libloading v0.7.4
[INFO] [stderr]    Compiling futures-sink v0.3.28
[INFO] [stderr]    Compiling futures-util v0.3.28
[INFO] [stderr]    Compiling bindgen v0.65.1
[INFO] [stderr]    Compiling either v1.8.1
[INFO] [stderr]    Compiling lazy_static v1.4.0
[INFO] [stderr]    Compiling num_cpus v1.15.0
[INFO] [stderr]    Compiling which v4.4.0
[INFO] [stderr]    Compiling socket2 v0.4.9
[INFO] [stderr]    Compiling regex v1.7.3
[INFO] [stderr]    Compiling signal-hook-registry v1.4.1
[INFO] [stderr]    Compiling mio v0.8.6
[INFO] [stderr]    Compiling shlex v1.1.0
[INFO] [stderr]    Compiling cexpr v0.6.0
[INFO] [stderr]    Compiling utf8parse v0.2.1
[INFO] [stderr]    Compiling lazycell v1.3.0
[INFO] [stderr]    Compiling peeking_take_while v0.1.2
[INFO] [stderr]    Compiling rustc-hash v1.1.0
[INFO] [stderr]    Compiling ring v0.16.20
[INFO] [stderr]    Compiling anstyle-parse v0.2.0
[INFO] [stderr]    Compiling getrandom v0.2.9
[INFO] [stderr]    Compiling colorchoice v1.0.0
[INFO] [stderr]    Compiling anstyle-query v1.0.0
[INFO] [stderr]    Compiling subtle v2.4.1
[INFO] [stderr]    Compiling anstyle v1.0.0
[INFO] [stderr]    Compiling is-terminal v0.4.7
[INFO] [stderr]    Compiling digest v0.10.6
[INFO] [stderr]    Compiling rand_core v0.6.4
[INFO] [stderr]    Compiling anstream v0.3.0
[INFO] [stderr]    Compiling inotify-sys v0.1.5
[INFO] [stderr]    Compiling rustls v0.21.0
[INFO] [stderr]    Compiling clap_lex v0.4.1
[INFO] [stderr]    Compiling strsim v0.10.0
[INFO] [stderr]    Compiling heck v0.4.1
[INFO] [stderr]    Compiling clap_builder v4.2.2
[INFO] [stderr]    Compiling rand_chacha v0.3.1
[INFO] [stderr]    Compiling sct v0.7.0
[INFO] [stderr]    Compiling rustls-webpki v0.100.1
[INFO] [stderr]    Compiling cpufeatures v0.2.6
[INFO] [stderr]    Compiling sha2 v0.10.6
[INFO] [stderr]    Compiling rand v0.8.5
[INFO] [stderr]    Compiling hmac v0.12.1
[INFO] [stderr]    Compiling atty v0.2.14
[INFO] [stderr]    Compiling humantime v2.1.0
[INFO] [stderr]    Compiling fastrand v1.9.0
[INFO] [stderr]    Compiling env_logger v0.8.4
[INFO] [stderr]    Compiling tempfile v3.5.0
[INFO] [stderr]    Compiling serde_derive v1.0.160
[INFO] [stderr]    Compiling futures-macro v0.3.28
[INFO] [stderr]    Compiling tokio-macros v2.0.0
[INFO] [stderr]    Compiling thiserror-impl v1.0.40
[INFO] [stderr]    Compiling clap_derive v4.2.0
[INFO] [stderr]    Compiling thiserror v1.0.40
[INFO] [stderr]    Compiling async-trait v0.1.68
[INFO] [stderr]    Compiling clap v4.2.2
[INFO] [stderr]    Compiling rkvm-certificate-gen v0.3.0 (/opt/rustwide/workdir/rkvm-certificate-gen)
[INFO] [stderr]    Compiling rkvm-input v0.1.0 (/opt/rustwide/workdir/rkvm-input)
[INFO] [stderr]    Compiling futures-executor v0.3.28
[INFO] [stderr]    Compiling futures v0.3.28
[INFO] [stderr]    Compiling inotify v0.10.0
[INFO] [stderr]    Compiling tokio-rustls v0.24.0
[INFO] [stderr]    Compiling smallvec v1.10.0
[INFO] [stderr]    Compiling bincode v1.3.3
[INFO] [stderr]    Compiling toml v0.5.11
[INFO] [stderr]    Compiling rkvm-net v0.1.0 (/opt/rustwide/workdir/rkvm-net)
[INFO] [stderr]    Compiling rkvm-client v0.3.0 (/opt/rustwide/workdir/rkvm-client)
[INFO] [stderr]    Compiling rkvm-server v0.3.0 (/opt/rustwide/workdir/rkvm-server)
[INFO] [stderr]     Finished dev [unoptimized + debuginfo] target(s) in 57.82s
[INFO] running `Command { std: "docker" "inspect" "0bb755af7d18cf41f1e06d2e365ea15537326e3ef1a54a5a0e07f3011db1e156", kill_on_drop: false }`
[INFO] running `Command { std: "docker" "rm" "-f" "0bb755af7d18cf41f1e06d2e365ea15537326e3ef1a54a5a0e07f3011db1e156", kill_on_drop: false }`
[INFO] [stdout] 0bb755af7d18cf41f1e06d2e365ea15537326e3ef1a54a5a0e07f3011db1e156
[INFO] running `Command { std: "docker" "create" "-v" "/var/lib/crater-agent-workspace/builds/worker-0-tc1/target:/opt/rustwide/target:rw,Z" "-v" "/var/lib/crater-agent-workspace/builds/worker-0-tc1/source:/opt/rustwide/workdir:ro,Z" "-v" "/var/lib/crater-agent-workspace/cargo-home:/opt/rustwide/cargo-home:ro,Z" "-v" "/var/lib/crater-agent-workspace/rustup-home:/opt/rustwide/rustup-home:ro,Z" "-e" "SOURCE_DIR=/opt/rustwide/workdir" "-e" "CARGO_TARGET_DIR=/opt/rustwide/target" "-e" "CARGO_INCREMENTAL=0" "-e" "RUST_BACKTRACE=full" "-e" "RUSTFLAGS=--cap-lints=warn" "-e" "RUSTDOCFLAGS=--cap-lints=warn" "-e" "CARGO_HOME=/opt/rustwide/cargo-home" "-e" "RUSTUP_HOME=/opt/rustwide/rustup-home" "-w" "/opt/rustwide/workdir" "-m" "1610612736" "--user" "0:0" "--network" "none" "ghcr.io/rust-lang/crates-build-env/linux@sha256:5ff2268d62e97bff2cde7d5815dd6ed5b47097566f13b8d0ca110b04b60e07ed" "/opt/rustwide/cargo-home/bin/cargo" "+1.69.0" "test" "--frozen" "--no-run" "--message-format=json", kill_on_drop: false }`
[INFO] [stdout] cbdef141fe8da8d2df02b7c5543755eb8cf7e763236911006c645c921952f285
[INFO] running `Command { std: "docker" "start" "-a" "cbdef141fe8da8d2df02b7c5543755eb8cf7e763236911006c645c921952f285", kill_on_drop: false }`
[INFO] [stderr]    Compiling rkvm-net v0.1.0 (/opt/rustwide/workdir/rkvm-net)
[INFO] [stderr]    Compiling rkvm-certificate-gen v0.3.0 (/opt/rustwide/workdir/rkvm-certificate-gen)
[INFO] [stderr]    Compiling rkvm-server v0.3.0 (/opt/rustwide/workdir/rkvm-server)
[INFO] [stderr]    Compiling rkvm-client v0.3.0 (/opt/rustwide/workdir/rkvm-client)
[INFO] [stderr]    Compiling rkvm-input v0.1.0 (/opt/rustwide/workdir/rkvm-input)
[INFO] [stderr]     Finished test [unoptimized + debuginfo] target(s) in 3.45s
[INFO] running `Command { std: "docker" "inspect" "cbdef141fe8da8d2df02b7c5543755eb8cf7e763236911006c645c921952f285", kill_on_drop: false }`
[INFO] running `Command { std: "docker" "rm" "-f" "cbdef141fe8da8d2df02b7c5543755eb8cf7e763236911006c645c921952f285", kill_on_drop: false }`
[INFO] [stdout] cbdef141fe8da8d2df02b7c5543755eb8cf7e763236911006c645c921952f285
[INFO] running `Command { std: "docker" "create" "-v" "/var/lib/crater-agent-workspace/builds/worker-0-tc1/target:/opt/rustwide/target:rw,Z" "-v" "/var/lib/crater-agent-workspace/builds/worker-0-tc1/source:/opt/rustwide/workdir:ro,Z" "-v" "/var/lib/crater-agent-workspace/cargo-home:/opt/rustwide/cargo-home:ro,Z" "-v" "/var/lib/crater-agent-workspace/rustup-home:/opt/rustwide/rustup-home:ro,Z" "-e" "SOURCE_DIR=/opt/rustwide/workdir" "-e" "CARGO_TARGET_DIR=/opt/rustwide/target" "-e" "CARGO_INCREMENTAL=0" "-e" "RUST_BACKTRACE=full" "-e" "RUSTFLAGS=--cap-lints=warn" "-e" "RUSTDOCFLAGS=--cap-lints=warn" "-e" "CARGO_HOME=/opt/rustwide/cargo-home" "-e" "RUSTUP_HOME=/opt/rustwide/rustup-home" "-w" "/opt/rustwide/workdir" "-m" "1610612736" "--user" "0:0" "--network" "none" "ghcr.io/rust-lang/crates-build-env/linux@sha256:5ff2268d62e97bff2cde7d5815dd6ed5b47097566f13b8d0ca110b04b60e07ed" "/opt/rustwide/cargo-home/bin/cargo" "+1.69.0" "test" "--frozen", kill_on_drop: false }`
[INFO] [stdout] 3b48d2ae186a7a1ea13c06748d3282a4598d13b0268bee4560e8c87eaf7d28af
[INFO] running `Command { std: "docker" "start" "-a" "3b48d2ae186a7a1ea13c06748d3282a4598d13b0268bee4560e8c87eaf7d28af", kill_on_drop: false }`
[INFO] [stderr]     Blocking waiting for file lock on package cache
[INFO] [stderr]     Finished test [unoptimized + debuginfo] target(s) in 0.32s
[INFO] [stderr]      Running unittests src/main.rs (/opt/rustwide/target/debug/deps/rkvm_certificate_gen-3fd53dab46e1181a)
[INFO] [stderr]      Running unittests src/main.rs (/opt/rustwide/target/debug/deps/rkvm_client-a54bfe57db157f4a)
[INFO] [stdout] 
[INFO] [stdout] running 0 tests
[INFO] [stdout] 
[INFO] [stdout] test result: ok. 0 passed; 0 failed; 0 ignored; 0 measured; 0 filtered out; finished in 0.00s
[INFO] [stdout] 
[INFO] [stdout] 
[INFO] [stdout] running 0 tests
[INFO] [stdout] 
[INFO] [stdout] test result: ok. 0 passed; 0 failed; 0 ignored; 0 measured; 0 filtered out; finished in 0.00s
[INFO] [stdout] 
[INFO] [stderr]      Running unittests src/lib.rs (/opt/rustwide/target/debug/deps/rkvm_input-0cc9dfdb794df276)
[INFO] [stdout] 
[INFO] [stdout] running 44 tests
[INFO] [stdout] test glue::bindgen_test_layout___kernel_fd_set ... ok
[INFO] [stdout] test glue::bindgen_test_layout___kernel_fsid_t ... ok
[INFO] [stdout] test glue::bindgen_test_layout___atomic_wide_counter__bindgen_ty_1 ... ok
[INFO] [stdout] test glue::bindgen_test_layout___once_flag ... ok
[INFO] [stdout] test glue::bindgen_test_layout___fsid_t ... ok
[INFO] [stdout] test glue::bindgen_test_layout___atomic_wide_counter ... ok
[INFO] [stdout] test glue::bindgen_test_layout___pthread_cond_s ... ok
[INFO] [stdout] test glue::bindgen_test_layout___pthread_internal_list ... ok
[INFO] [stdout] test glue::bindgen_test_layout___va_list_tag ... ok
[INFO] [stdout] test glue::bindgen_test_layout___pthread_rwlock_arch_t ... ok
[INFO] [stdout] test glue::bindgen_test_layout_ff_effect ... ok
[INFO] [stdout] test glue::bindgen_test_layout___pthread_internal_slist ... ok
[INFO] [stdout] test glue::bindgen_test_layout_ff_envelope ... ok
[INFO] [stdout] test glue::bindgen_test_layout_ff_effect__bindgen_ty_1 ... ok
[INFO] [stdout] test glue::bindgen_test_layout_ff_ramp_effect ... ok
[INFO] [stdout] test glue::bindgen_test_layout___pthread_mutex_s ... ok
[INFO] [stdout] test glue::bindgen_test_layout_ff_condition_effect ... ok
[INFO] [stdout] test glue::bindgen_test_layout_ff_constant_effect ... ok
[INFO] [stdout] test glue::bindgen_test_layout_ff_rumble_effect ... ok
[INFO] [stdout] test glue::bindgen_test_layout_input_event ... ok
[INFO] [stdout] test glue::bindgen_test_layout_input_absinfo ... ok
[INFO] [stdout] test glue::bindgen_test_layout___sigset_t ... ok
[INFO] [stdout] test glue::bindgen_test_layout_ff_periodic_effect ... ok
[INFO] [stdout] test glue::bindgen_test_layout_ff_replay ... ok
[INFO] [stdout] test glue::bindgen_test_layout_ff_trigger ... ok
[INFO] [stdout] test glue::bindgen_test_layout_fd_set ... ok
[INFO] [stdout] test glue::bindgen_test_layout_input_id ... ok
[INFO] [stdout] test glue::bindgen_test_layout_pthread_barrierattr_t ... ok
[INFO] [stdout] test glue::bindgen_test_layout_itimerval ... ok
[INFO] [stdout] test glue::bindgen_test_layout_pthread_attr_t ... ok
[INFO] [stdout] test glue::bindgen_test_layout_input_keymap_entry ... ok
[INFO] [stdout] test glue::bindgen_test_layout_input_mask ... ok
[INFO] [stdout] test glue::bindgen_test_layout_pthread_condattr_t ... ok
[INFO] [stdout] test glue::bindgen_test_layout_pthread_rwlockattr_t ... ok
[INFO] [stdout] test glue::bindgen_test_layout_pthread_mutexattr_t ... ok
[INFO] [stderr]      Running unittests src/lib.rs (/opt/rustwide/target/debug/deps/rkvm_net-8d59337071513484)
[INFO] [stdout] test glue::bindgen_test_layout_timespec ... ok
[INFO] [stdout] test glue::bindgen_test_layout_timezone ... ok
[INFO] [stdout] test glue::bindgen_test_layout_pthread_barrier_t ... ok
[INFO] [stdout] test glue::bindgen_test_layout_pthread_cond_t ... ok
[INFO] [stdout] test glue::bindgen_test_layout_timeval ... ok
[INFO] [stdout] test glue::bindgen_test_layout_pthread_rwlock_t ... ok
[INFO] [stdout] test glue::bindgen_test_layout_pthread_mutex_t ... ok
[INFO] [stdout] test glue::bindgen_test_layout_termio ... ok
[INFO] [stdout] test glue::bindgen_test_layout_winsize ... ok
[INFO] [stdout] 
[INFO] [stdout] test result: ok. 44 passed; 0 failed; 0 ignored; 0 measured; 0 filtered out; finished in 0.06s
[INFO] [stdout] 
[INFO] [stderr]      Running unittests src/main.rs (/opt/rustwide/target/debug/deps/rkvm_server-0bfca0c78da469f0)
[INFO] [stdout] 
[INFO] [stdout] running 0 tests
[INFO] [stdout] 
[INFO] [stdout] test result: ok. 0 passed; 0 failed; 0 ignored; 0 measured; 0 filtered out; finished in 0.00s
[INFO] [stdout] 
[INFO] [stdout] 
[INFO] [stdout] running 0 tests
[INFO] [stdout] 
[INFO] [stdout] test result: ok. 0 passed; 0 failed; 0 ignored; 0 measured; 0 filtered out; finished in 0.00s
[INFO] [stdout] 
[INFO] [stderr]    Doc-tests rkvm-input
[INFO] [stdout] 
[INFO] [stdout] running 2 tests
[INFO] [stdout] test /opt/rustwide/target/debug/build/rkvm-input-aa813936f9c450d1/out/glue.rs - glue::libevdev_event_is_code (line 8) ... FAILED
[INFO] [stdout] test /opt/rustwide/target/debug/build/rkvm-input-aa813936f9c450d1/out/glue.rs - glue::libevdev_event_is_type (line 8) ... FAILED
[INFO] [stdout] 
[INFO] [stdout] failures:
[INFO] [stdout] 
[INFO] [stdout] ---- /opt/rustwide/target/debug/build/rkvm-input-aa813936f9c450d1/out/glue.rs - glue::libevdev_event_is_code (line 8) stdout ----
[INFO] [stdout] error: expected one of `!`, `.`, `::`, `;`, `?`, `{`, `}`, or an operator, found `->`
[INFO] [stdout]  --> /opt/rustwide/target/debug/build/rkvm-input-aa813936f9c450d1/out/glue.rs:9:3
[INFO] [stdout]   |
[INFO] [stdout] 3 | ev->type == type && ev->code == code
[INFO] [stdout]   |   ^^ expected one of 8 possible tokens
[INFO] [stdout] 
[INFO] [stdout] error: aborting due to previous error
[INFO] [stdout] 
[INFO] [stdout] Couldn't compile the test.
[INFO] [stdout] ---- /opt/rustwide/target/debug/build/rkvm-input-aa813936f9c450d1/out/glue.rs - glue::libevdev_event_is_type (line 8) stdout ----
[INFO] [stdout] error: expected one of `!`, `.`, `::`, `;`, `?`, `{`, `}`, or an operator, found `->`
[INFO] [stdout]  --> /opt/rustwide/target/debug/build/rkvm-input-aa813936f9c450d1/out/glue.rs:9:3
[INFO] [stdout]   |
[INFO] [stdout] 3 | ev->type == type
[INFO] [stdout]   |   ^^ expected one of 8 possible tokens
[INFO] [stdout] 
[INFO] [stdout] error: aborting due to previous error
[INFO] [stdout] 
[INFO] [stdout] Couldn't compile the test.
[INFO] [stdout] 
[INFO] [stdout] failures:
[INFO] [stdout]     /opt/rustwide/target/debug/build/rkvm-input-aa813936f9c450d1/out/glue.rs - glue::libevdev_event_is_code (line 8)
[INFO] [stdout]     /opt/rustwide/target/debug/build/rkvm-input-aa813936f9c450d1/out/glue.rs - glue::libevdev_event_is_type (line 8)
[INFO] [stdout] 
[INFO] [stdout] test result: FAILED. 0 passed; 2 failed; 0 ignored; 0 measured; 0 filtered out; finished in 0.07s
[INFO] [stdout] 
[INFO] [stderr] error: doctest failed, to rerun pass `-p rkvm-input --doc`
[INFO] running `Command { std: "docker" "inspect" "3b48d2ae186a7a1ea13c06748d3282a4598d13b0268bee4560e8c87eaf7d28af", kill_on_drop: false }`
[INFO] running `Command { std: "docker" "rm" "-f" "3b48d2ae186a7a1ea13c06748d3282a4598d13b0268bee4560e8c87eaf7d28af", kill_on_drop: false }`
[INFO] [stdout] 3b48d2ae186a7a1ea13c06748d3282a4598d13b0268bee4560e8c87eaf7d28af
