[INFO] cloning repository https://github.com/hongyanwang/trusted-xuper-rust-sdk
[INFO] running `Command { std: "git" "-c" "credential.helper=" "-c" "credential.helper=/workspace/cargo-home/bin/git-credential-null" "clone" "--bare" "https://github.com/hongyanwang/trusted-xuper-rust-sdk" "/workspace/cache/git-repos/https%3A%2F%2Fgithub.com%2Fhongyanwang%2Ftrusted-xuper-rust-sdk", kill_on_drop: false }`
[INFO] [stderr] Cloning into bare repository '/workspace/cache/git-repos/https%3A%2F%2Fgithub.com%2Fhongyanwang%2Ftrusted-xuper-rust-sdk'...
[INFO] running `Command { std: "git" "rev-parse" "HEAD", kill_on_drop: false }`
[INFO] [stdout] ff2239a5a0407356aa44a399418766248e7d9c0b
[INFO] testing hongyanwang/trusted-xuper-rust-sdk against beta-2023-04-20 for beta-1.70-1
[INFO] running `Command { std: "git" "clone" "/workspace/cache/git-repos/https%3A%2F%2Fgithub.com%2Fhongyanwang%2Ftrusted-xuper-rust-sdk" "/workspace/builds/worker-3-tc2/source", kill_on_drop: false }`
[INFO] [stderr] Cloning into '/workspace/builds/worker-3-tc2/source'...
[INFO] [stderr] done.
[INFO] validating manifest of git repo https://github.com/hongyanwang/trusted-xuper-rust-sdk on toolchain beta-2023-04-20
[INFO] running `Command { std: CARGO_HOME="/workspace/cargo-home" RUSTUP_HOME="/workspace/rustup-home" "/workspace/cargo-home/bin/cargo" "+beta-2023-04-20" "metadata" "--manifest-path" "Cargo.toml" "--no-deps", kill_on_drop: false }`
[INFO] started tweaking git repo https://github.com/hongyanwang/trusted-xuper-rust-sdk
[INFO] finished tweaking git repo https://github.com/hongyanwang/trusted-xuper-rust-sdk
[INFO] tweaked toml for git repo https://github.com/hongyanwang/trusted-xuper-rust-sdk written to /workspace/builds/worker-3-tc2/source/Cargo.toml
[INFO] crate git repo https://github.com/hongyanwang/trusted-xuper-rust-sdk already has a lockfile, it will not be regenerated
[INFO] running `Command { std: CARGO_HOME="/workspace/cargo-home" RUSTUP_HOME="/workspace/rustup-home" "/workspace/cargo-home/bin/cargo" "+beta-2023-04-20" "fetch" "--manifest-path" "Cargo.toml", kill_on_drop: false }`
[INFO] [stderr]     Updating crates.io index
[INFO] [stderr]  Downloading crates ...
[INFO] [stderr]   Downloaded base64 v0.12.1
[INFO] [stderr]   Downloaded unix_socket v0.5.0
[INFO] [stderr]   Downloaded log-ndc v0.2.0
[INFO] [stderr]   Downloaded protoc v2.14.0
[INFO] [stderr]   Downloaded protoc-rust v2.14.0
[INFO] [stderr]   Downloaded protoc-rust-grpc v0.8.1
[INFO] [stderr]   Downloaded tls-api v0.4.0
[INFO] [stderr]   Downloaded tls-api-stub v0.4.0
[INFO] [stderr]   Downloaded grpc v0.8.1
[INFO] [stderr]   Downloaded grpc-protobuf v0.8.1
[INFO] [stderr]   Downloaded grpc-compiler v0.8.1
[INFO] [stderr]   Downloaded protobuf-codegen v2.14.0
[INFO] [stderr]   Downloaded serde_repr v0.1.5
[INFO] [stderr]   Downloaded httpbis v0.9.0
[INFO] running `Command { std: "docker" "create" "-v" "/var/lib/crater-agent-workspace/builds/worker-3-tc2/target:/opt/rustwide/target:rw,Z" "-v" "/var/lib/crater-agent-workspace/builds/worker-3-tc2/source:/opt/rustwide/workdir:ro,Z" "-v" "/var/lib/crater-agent-workspace/cargo-home:/opt/rustwide/cargo-home:ro,Z" "-v" "/var/lib/crater-agent-workspace/rustup-home:/opt/rustwide/rustup-home:ro,Z" "-e" "SOURCE_DIR=/opt/rustwide/workdir" "-e" "CARGO_TARGET_DIR=/opt/rustwide/target" "-e" "CARGO_HOME=/opt/rustwide/cargo-home" "-e" "RUSTUP_HOME=/opt/rustwide/rustup-home" "-w" "/opt/rustwide/workdir" "-m" "1610612736" "--user" "0:0" "--network" "none" "ghcr.io/rust-lang/crates-build-env/linux@sha256:5ff2268d62e97bff2cde7d5815dd6ed5b47097566f13b8d0ca110b04b60e07ed" "/opt/rustwide/cargo-home/bin/cargo" "+beta-2023-04-20" "metadata" "--no-deps" "--format-version=1", kill_on_drop: false }`
[INFO] [stdout] d9c57e4b823c9da613cdd52731f36e69d724beb29a5e8b7491eeb053a0d4a7ab
[INFO] running `Command { std: "docker" "start" "-a" "d9c57e4b823c9da613cdd52731f36e69d724beb29a5e8b7491eeb053a0d4a7ab", kill_on_drop: false }`
[INFO] running `Command { std: "docker" "inspect" "d9c57e4b823c9da613cdd52731f36e69d724beb29a5e8b7491eeb053a0d4a7ab", kill_on_drop: false }`
[INFO] running `Command { std: "docker" "rm" "-f" "d9c57e4b823c9da613cdd52731f36e69d724beb29a5e8b7491eeb053a0d4a7ab", kill_on_drop: false }`
[INFO] [stdout] d9c57e4b823c9da613cdd52731f36e69d724beb29a5e8b7491eeb053a0d4a7ab
[INFO] running `Command { std: "docker" "create" "-v" "/var/lib/crater-agent-workspace/builds/worker-3-tc2/target:/opt/rustwide/target:rw,Z" "-v" "/var/lib/crater-agent-workspace/builds/worker-3-tc2/source:/opt/rustwide/workdir:ro,Z" "-v" "/var/lib/crater-agent-workspace/cargo-home:/opt/rustwide/cargo-home:ro,Z" "-v" "/var/lib/crater-agent-workspace/rustup-home:/opt/rustwide/rustup-home:ro,Z" "-e" "SOURCE_DIR=/opt/rustwide/workdir" "-e" "CARGO_TARGET_DIR=/opt/rustwide/target" "-e" "CARGO_INCREMENTAL=0" "-e" "RUST_BACKTRACE=full" "-e" "RUSTFLAGS=--cap-lints=warn" "-e" "RUSTDOCFLAGS=--cap-lints=warn" "-e" "CARGO_HOME=/opt/rustwide/cargo-home" "-e" "RUSTUP_HOME=/opt/rustwide/rustup-home" "-w" "/opt/rustwide/workdir" "-m" "1610612736" "--user" "0:0" "--network" "none" "ghcr.io/rust-lang/crates-build-env/linux@sha256:5ff2268d62e97bff2cde7d5815dd6ed5b47097566f13b8d0ca110b04b60e07ed" "/opt/rustwide/cargo-home/bin/cargo" "+beta-2023-04-20" "build" "--frozen" "--message-format=json", kill_on_drop: false }`
[INFO] [stdout] cc507de60c491e05f158c803b72756fa4d9de47e788cc18b3f294815e5bcaad2
[INFO] running `Command { std: "docker" "start" "-a" "cc507de60c491e05f158c803b72756fa4d9de47e788cc18b3f294815e5bcaad2", kill_on_drop: false }`
[INFO] [stderr]    Compiling libc v0.2.71
[INFO] [stderr]    Compiling proc-macro2 v1.0.18
[INFO] [stderr]    Compiling unicode-xid v0.2.0
[INFO] [stderr]    Compiling syn v1.0.30
[INFO] [stderr]    Compiling log v0.4.8
[INFO] [stderr]    Compiling serde v1.0.111
[INFO] [stderr]    Compiling memchr v2.3.3
[INFO] [stderr]    Compiling bytes v0.5.4
[INFO] [stderr]    Compiling getrandom v0.1.14
[INFO] [stderr]    Compiling autocfg v1.0.0
[INFO] [stderr]    Compiling protobuf v2.14.0
[INFO] [stderr]    Compiling once_cell v1.4.0
[INFO] [stderr]    Compiling proc-macro-nested v0.1.5
[INFO] [stderr]    Compiling ppv-lite86 v0.2.8
[INFO] [stderr]    Compiling iovec v0.1.4
[INFO] [stderr]    Compiling net2 v0.2.34
[INFO] [stderr]    Compiling quote v1.0.7
[INFO] [stderr]    Compiling rand v0.4.6
[INFO] [stderr]    Compiling proc-macro-hack v0.5.16
[INFO] [stderr]    Compiling rand_core v0.5.1
[INFO] [stderr]    Compiling mio v0.6.22
[INFO] [stderr]    Compiling futures-core v0.3.5
[INFO] [stderr]    Compiling rand_chacha v0.2.2
[INFO] [stderr]    Compiling futures-sink v0.3.5
[INFO] [stderr]    Compiling futures-task v0.3.5
[INFO] [stderr]    Compiling remove_dir_all v0.5.2
[INFO] [stderr]    Compiling futures-channel v0.3.5
[INFO] [stderr]    Compiling rand v0.7.3
[INFO] [stderr]    Compiling futures-io v0.3.5
[INFO] [stderr]    Compiling mio-uds v0.6.8
[INFO] [stderr]    Compiling pin-project-lite v0.1.7
[INFO] [stderr]    Compiling num-traits v0.2.11
[INFO] [stderr]    Compiling tokio v0.2.21
[INFO] [stderr]    Compiling rand_core v0.4.2
[INFO] [stderr]    Compiling num-integer v0.1.42
[INFO] [stderr]    Compiling protoc v2.14.0
[INFO] [stderr]    Compiling rand_core v0.3.1
[INFO] [stderr]    Compiling tempfile v3.1.0
[INFO] [stderr]    Compiling httpbis v0.9.0
[INFO] [stderr]    Compiling cc v1.0.54
[INFO] [stderr]    Compiling gcc v0.3.55
[INFO] [stderr]    Compiling void v1.0.2
[INFO] [stderr]    Compiling rand v0.5.6
[INFO] [stderr]    Compiling tempdir v0.3.7
[INFO] [stderr]    Compiling num-bigint v0.2.6
[INFO] [stderr]    Compiling unix_socket v0.5.0
[INFO] [stderr]    Compiling log-ndc v0.2.0
[INFO] [stderr]    Compiling rust-crypto v0.2.36
[INFO] [stderr]    Compiling safemem v0.3.3
[INFO] [stderr]    Compiling base64 v0.9.3
[INFO] [stderr]    Compiling ring v0.16.14
[INFO] [stderr]    Compiling rand v0.3.23
[INFO] [stderr]    Compiling time v0.1.43
[INFO] [stderr]    Compiling aho-corasick v0.7.10
[INFO] [stderr]    Compiling regex-syntax v0.6.18
[INFO] [stderr]    Compiling tls-api v0.4.0
[INFO] [stderr]    Compiling linked-hash-map v0.5.3
[INFO] [stderr]    Compiling tls-api-stub v0.4.0
[INFO] [stderr]    Compiling untrusted v0.7.1
[INFO] [stderr]    Compiling itoa v0.4.5
[INFO] [stderr]    Compiling spin v0.5.2
[INFO] [stderr]    Compiling rustc-serialize v0.3.24
[INFO] [stderr]    Compiling yaml-rust v0.4.4
[INFO] [stderr]    Compiling bytes v0.4.12
[INFO] [stderr]    Compiling base58 v0.1.0
[INFO] [stderr]    Compiling dtoa v0.4.5
[INFO] [stderr]    Compiling hex v0.4.2
[INFO] [stderr]    Compiling base64 v0.12.1
[INFO] [stderr]    Compiling regex v1.3.9
[INFO] [stderr]    Compiling serde_derive v1.0.111
[INFO] [stderr]    Compiling pin-project-internal v0.4.20
[INFO] [stderr]    Compiling futures-macro v0.3.5
[INFO] [stderr]    Compiling serde_repr v0.1.5
[INFO] [stderr]    Compiling pin-project v0.4.20
[INFO] [stderr]    Compiling futures-util v0.3.5
[INFO] [stderr]    Compiling futures-executor v0.3.5
[INFO] [stderr]    Compiling futures v0.3.5
[INFO] [stderr]    Compiling serde_json v1.0.53
[INFO] [stderr]    Compiling serde_yaml v0.8.12
[INFO] [stderr]    Compiling xchain_crypto v0.1.0 (/opt/rustwide/workdir/xchain-crypto)
[INFO] [stdout] warning: unnecessary braces around block return value
[INFO] [stdout]   --> xchain-crypto/src/hdwallet/languages.rs:10:41
[INFO] [stdout]    |
[INFO] [stdout] 10 |     static ref WORDLIST_S_CH: WordMap = { load_wordlist(include_str!("langs/simplified_chinese.txt")) };
[INFO] [stdout]    |                                         ^^                                                           ^^
[INFO] [stdout]    |
[INFO] [stdout]    = note: `#[warn(unused_braces)]` on by default
[INFO] [stdout] help: remove these braces
[INFO] [stdout]    |
[INFO] [stdout] 10 -     static ref WORDLIST_S_CH: WordMap = { load_wordlist(include_str!("langs/simplified_chinese.txt")) };
[INFO] [stdout] 10 +     static ref WORDLIST_S_CH: WordMap = load_wordlist(include_str!("langs/simplified_chinese.txt"));
[INFO] [stdout]    |
[INFO] [stdout] 
[INFO] [stdout] 
[INFO] [stdout] warning: unnecessary braces around block return value
[INFO] [stdout]   --> xchain-crypto/src/hdwallet/languages.rs:11:39
[INFO] [stdout]    |
[INFO] [stdout] 11 |     static ref WORDLIST_EN: WordMap = { load_wordlist(include_str!("langs/english.txt")) };
[INFO] [stdout]    |                                       ^^                                                ^^
[INFO] [stdout]    |
[INFO] [stdout] help: remove these braces
[INFO] [stdout]    |
[INFO] [stdout] 11 -     static ref WORDLIST_EN: WordMap = { load_wordlist(include_str!("langs/english.txt")) };
[INFO] [stdout] 11 +     static ref WORDLIST_EN: WordMap = load_wordlist(include_str!("langs/english.txt"));
[INFO] [stdout]    |
[INFO] [stdout] 
[INFO] [stdout] 
[INFO] [stdout] warning: unnecessary braces around block return value
[INFO] [stdout]   --> xchain-crypto/src/hdwallet/rand.rs:11:9
[INFO] [stdout]    |
[INFO] [stdout] 11 |         { num_bigint::BigInt::from_i32(2048).unwrap() };
[INFO] [stdout]    |         ^^                                           ^^
[INFO] [stdout]    |
[INFO] [stdout] help: remove these braces
[INFO] [stdout]    |
[INFO] [stdout] 11 -         { num_bigint::BigInt::from_i32(2048).unwrap() };
[INFO] [stdout] 11 +         num_bigint::BigInt::from_i32(2048).unwrap();
[INFO] [stdout]    |
[INFO] [stdout] 
[INFO] [stdout] 
[INFO] [stdout] warning: unnecessary braces around block return value
[INFO] [stdout]   --> xchain-crypto/src/hdwallet/rand.rs:13:9
[INFO] [stdout]    |
[INFO] [stdout] 13 |         { num_bigint::BigInt::from_i32(2047).unwrap() };
[INFO] [stdout]    |         ^^                                           ^^
[INFO] [stdout]    |
[INFO] [stdout] help: remove these braces
[INFO] [stdout]    |
[INFO] [stdout] 13 -         { num_bigint::BigInt::from_i32(2047).unwrap() };
[INFO] [stdout] 13 +         num_bigint::BigInt::from_i32(2047).unwrap();
[INFO] [stdout]    |
[INFO] [stdout] 
[INFO] [stdout] 
[INFO] [stdout] warning: unnecessary braces around block return value
[INFO] [stdout]   --> xchain-crypto/src/hdwallet/rand.rs:14:54
[INFO] [stdout]    |
[INFO] [stdout] 14 |     pub static ref BIGINT_ZERO: num_bigint::BigInt = { num_traits::Zero::zero() };
[INFO] [stdout]    |                                                      ^^                        ^^
[INFO] [stdout]    |
[INFO] [stdout] help: remove these braces
[INFO] [stdout]    |
[INFO] [stdout] 14 -     pub static ref BIGINT_ZERO: num_bigint::BigInt = { num_traits::Zero::zero() };
[INFO] [stdout] 14 +     pub static ref BIGINT_ZERO: num_bigint::BigInt = num_traits::Zero::zero();
[INFO] [stdout]    |
[INFO] [stdout] 
[INFO] [stdout] 
[INFO] [stdout] warning: unnecessary braces around block return value
[INFO] [stdout]   --> xchain-crypto/src/hdwallet/rand.rs:15:53
[INFO] [stdout]    |
[INFO] [stdout] 15 |     pub static ref BIGINT_ONE: num_bigint::BigInt = { num_traits::One::one() };
[INFO] [stdout]    |                                                     ^^                      ^^
[INFO] [stdout]    |
[INFO] [stdout] help: remove these braces
[INFO] [stdout]    |
[INFO] [stdout] 15 -     pub static ref BIGINT_ONE: num_bigint::BigInt = { num_traits::One::one() };
[INFO] [stdout] 15 +     pub static ref BIGINT_ONE: num_bigint::BigInt = num_traits::One::one();
[INFO] [stdout]    |
[INFO] [stdout] 
[INFO] [stdout] 
[INFO] [stdout] warning: unnecessary braces around block return value
[INFO] [stdout]   --> xchain-crypto/src/hdwallet/rand.rs:16:53
[INFO] [stdout]    |
[INFO] [stdout] 16 |     pub static ref BIGINT_TWO: num_bigint::BigInt = { num_bigint::BigInt::from_i32(2).unwrap() };
[INFO] [stdout]    |                                                     ^^                                        ^^
[INFO] [stdout]    |
[INFO] [stdout] help: remove these braces
[INFO] [stdout]    |
[INFO] [stdout] 16 -     pub static ref BIGINT_TWO: num_bigint::BigInt = { num_bigint::BigInt::from_i32(2).unwrap() };
[INFO] [stdout] 16 +     pub static ref BIGINT_TWO: num_bigint::BigInt = num_bigint::BigInt::from_i32(2).unwrap();
[INFO] [stdout]    |
[INFO] [stdout] 
[INFO] [stdout] 
[INFO] [stdout] warning: unnecessary parentheses around match arm expression
[INFO] [stdout]   --> xchain-crypto/src/errors.rs:81:44
[INFO] [stdout]    |
[INFO] [stdout] 81 |         ErrorKind::ErrInvalidEntropyLength => ("Entropy length must within [128, 256] and be multiples of 32"),
[INFO] [stdout]    |                                               ^                                                              ^
[INFO] [stdout]    |
[INFO] [stdout]    = note: `#[warn(unused_parens)]` on by default
[INFO] [stdout] help: remove these parentheses
[INFO] [stdout]    |
[INFO] [stdout] 81 -         ErrorKind::ErrInvalidEntropyLength => ("Entropy length must within [128, 256] and be multiples of 32"),
[INFO] [stdout] 81 +         ErrorKind::ErrInvalidEntropyLength => "Entropy length must within [128, 256] and be multiples of 32",
[INFO] [stdout]    |
[INFO] [stdout] 
[INFO] [stdout] 
[INFO] [stdout] warning: unnecessary parentheses around match arm expression
[INFO] [stdout]   --> xchain-crypto/src/errors.rs:84:44
[INFO] [stdout]    |
[INFO] [stdout] 84 |         ErrorKind::ErrStrengthNotSupported => ("This strength has not been supported yet."),
[INFO] [stdout]    |                                               ^                                           ^
[INFO] [stdout]    |
[INFO] [stdout] help: remove these parentheses
[INFO] [stdout]    |
[INFO] [stdout] 84 -         ErrorKind::ErrStrengthNotSupported => ("This strength has not been supported yet."),
[INFO] [stdout] 84 +         ErrorKind::ErrStrengthNotSupported => "This strength has not been supported yet.",
[INFO] [stdout]    |
[INFO] [stdout] 
[INFO] [stdout] 
[INFO] [stdout] warning: unnecessary parentheses around match arm expression
[INFO] [stdout]   --> xchain-crypto/src/errors.rs:88:44
[INFO] [stdout]    |
[INFO] [stdout] 88 |         ErrorKind::ErrLanguageNotSupported => ("This language has not been supported yet."),
[INFO] [stdout]    |                                               ^                                           ^
[INFO] [stdout]    |
[INFO] [stdout] help: remove these parentheses
[INFO] [stdout]    |
[INFO] [stdout] 88 -         ErrorKind::ErrLanguageNotSupported => ("This language has not been supported yet."),
[INFO] [stdout] 88 +         ErrorKind::ErrLanguageNotSupported => "This language has not been supported yet.",
[INFO] [stdout]    |
[INFO] [stdout] 
[INFO] [stdout] 
[INFO] [stdout] warning: unnecessary parentheses around match arm expression
[INFO] [stdout]   --> xchain-crypto/src/errors.rs:90:43
[INFO] [stdout]    |
[INFO] [stdout] 90 | ...cNumNotValid => ("The number of words in the Mnemonic sentence is not valid. It must be within [12, 15, 18, 21, 24]"),
[INFO] [stdout]    |                    ^                                                                                                   ^
[INFO] [stdout]    |
[INFO] [stdout] help: remove these parentheses
[INFO] [stdout]    |
[INFO] [stdout] 90 -         ErrorKind::ErrMnemonicNumNotValid => ("The number of words in the Mnemonic sentence is not valid. It must be within [12, 15, 18, 21, 24]"),
[INFO] [stdout] 90 +         ErrorKind::ErrMnemonicNumNotValid => "The number of words in the Mnemonic sentence is not valid. It must be within [12, 15, 18, 21, 24]",
[INFO] [stdout]    |
[INFO] [stdout] 
[INFO] [stdout] 
[INFO] [stdout] warning: unnecessary parentheses around match arm expression
[INFO] [stdout]   --> xchain-crypto/src/errors.rs:92:49
[INFO] [stdout]    |
[INFO] [stdout] 92 |         ErrorKind::ErrMnemonicChecksumIncorrect => ("The checksum within the Mnemonic sentence incorrect"),
[INFO] [stdout]    |                                                    ^                                                     ^
[INFO] [stdout]    |
[INFO] [stdout] help: remove these parentheses
[INFO] [stdout]    |
[INFO] [stdout] 92 -         ErrorKind::ErrMnemonicChecksumIncorrect => ("The checksum within the Mnemonic sentence incorrect"),
[INFO] [stdout] 92 +         ErrorKind::ErrMnemonicChecksumIncorrect => "The checksum within the Mnemonic sentence incorrect",
[INFO] [stdout]    |
[INFO] [stdout] 
[INFO] [stdout] 
[INFO] [stderr]    Compiling grpc v0.8.1
[INFO] [stdout] warning: 12 warnings emitted
[INFO] [stdout] 
[INFO] [stdout] 
[INFO] [stderr]    Compiling protobuf-codegen v2.14.0
[INFO] [stderr]    Compiling grpc-protobuf v0.8.1
[INFO] [stderr]    Compiling protoc-rust v2.14.0
[INFO] [stderr]    Compiling grpc-compiler v0.8.1
[INFO] [stderr]    Compiling protoc-rust-grpc v0.8.1
[INFO] [stderr]    Compiling xchain_node_sdk v0.1.0 (/opt/rustwide/workdir/xchain-node-sdk)
[INFO] [stdout] warning: `extern` fn uses type `std::result::Result<(), errors::Error>`, which is not FFI-safe
[INFO] [stdout]   --> xchain-node-sdk/src/ocall.rs:13:6
[INFO] [stdout]    |
[INFO] [stdout] 13 | ) -> Result<()> {
[INFO] [stdout]    |      ^^^^^^^^^^ not FFI-safe
[INFO] [stdout]    |
[INFO] [stdout]    = help: consider adding a `#[repr(C)]`, `#[repr(transparent)]`, or integer `#[repr(...)]` attribute to this enum
[INFO] [stdout]    = note: enum has no representation hint
[INFO] [stdout]    = note: `#[warn(improper_ctypes_definitions)]` on by default
[INFO] [stdout] 
[INFO] [stdout] 
[INFO] [stdout] warning: `extern` fn uses type `EndorserRequest`, which is not FFI-safe
[INFO] [stdout]   --> xchain-node-sdk/src/ocall.rs:27:13
[INFO] [stdout]    |
[INFO] [stdout] 27 |     en_req: xendorser::EndorserRequest,
[INFO] [stdout]    |             ^^^^^^^^^^^^^^^^^^^^^^^^^^ not FFI-safe
[INFO] [stdout]    |
[INFO] [stdout]    = help: consider adding a `#[repr(C)]` or `#[repr(transparent)]` attribute to this struct
[INFO] [stdout]    = note: this struct has unspecified layout
[INFO] [stdout] note: the type is defined here
[INFO] [stdout]   --> xchain-node-sdk/src/protos/xendorser.rs:31:1
[INFO] [stdout]    |
[INFO] [stdout] 31 | pub struct EndorserRequest {
[INFO] [stdout]    | ^^^^^^^^^^^^^^^^^^^^^^^^^^
[INFO] [stdout] 
[INFO] [stdout] 
[INFO] [stdout] warning: `extern` fn uses type `std::result::Result<EndorserResponse, errors::Error>`, which is not FFI-safe
[INFO] [stdout]   --> xchain-node-sdk/src/ocall.rs:28:6
[INFO] [stdout]    |
[INFO] [stdout] 28 | ) -> Result<xendorser::EndorserResponse> {
[INFO] [stdout]    |      ^^^^^^^^^^^^^^^^^^^^^^^^^^^^^^^^^^^ not FFI-safe
[INFO] [stdout]    |
[INFO] [stdout]    = help: consider adding a `#[repr(C)]`, `#[repr(transparent)]`, or integer `#[repr(...)]` attribute to this enum
[INFO] [stdout]    = note: enum has no representation hint
[INFO] [stdout] 
[INFO] [stdout] 
[INFO] [stdout] warning: `extern` fn uses type `std::result::Result<(), errors::Error>`, which is not FFI-safe
[INFO] [stdout]   --> xchain-node-sdk/src/ocall.rs:38:6
[INFO] [stdout]    |
[INFO] [stdout] 38 | ) -> Result<()> {
[INFO] [stdout]    |      ^^^^^^^^^^ not FFI-safe
[INFO] [stdout]    |
[INFO] [stdout]    = help: consider adding a `#[repr(C)]`, `#[repr(transparent)]`, or integer `#[repr(...)]` attribute to this enum
[INFO] [stdout]    = note: enum has no representation hint
[INFO] [stdout] 
[INFO] [stdout] 
[INFO] [stdout] warning: `extern` fn uses type `std::result::Result<TxStatus, errors::Error>`, which is not FFI-safe
[INFO] [stdout]   --> xchain-node-sdk/src/ocall.rs:48:6
[INFO] [stdout]    |
[INFO] [stdout] 48 | ) -> Result<xchain::TxStatus> {
[INFO] [stdout]    |      ^^^^^^^^^^^^^^^^^^^^^^^^ not FFI-safe
[INFO] [stdout]    |
[INFO] [stdout]    = help: consider adding a `#[repr(C)]`, `#[repr(transparent)]`, or integer `#[repr(...)]` attribute to this enum
[INFO] [stdout]    = note: enum has no representation hint
[INFO] [stdout] 
[INFO] [stdout] 
[INFO] [stdout] warning: `extern` fn uses type `InvokeRPCRequest`, which is not FFI-safe
[INFO] [stdout]      --> xchain-node-sdk/src/ocall.rs:57:10
[INFO] [stdout]       |
[INFO] [stdout] 57    |     req: xchain::InvokeRPCRequest,
[INFO] [stdout]       |          ^^^^^^^^^^^^^^^^^^^^^^^^ not FFI-safe
[INFO] [stdout]       |
[INFO] [stdout]       = help: consider adding a `#[repr(C)]` or `#[repr(transparent)]` attribute to this struct
[INFO] [stdout]       = note: this struct has unspecified layout
[INFO] [stdout] note: the type is defined here
[INFO] [stdout]      --> xchain-node-sdk/src/protos/xchain.rs:17618:1
[INFO] [stdout]       |
[INFO] [stdout] 17618 | pub struct InvokeRPCRequest {
[INFO] [stdout]       | ^^^^^^^^^^^^^^^^^^^^^^^^^^^
[INFO] [stdout] 
[INFO] [stdout] 
[INFO] [stdout] warning: `extern` fn uses type `std::result::Result<InvokeRPCResponse, errors::Error>`, which is not FFI-safe
[INFO] [stdout]   --> xchain-node-sdk/src/ocall.rs:58:6
[INFO] [stdout]    |
[INFO] [stdout] 58 | ) -> Result<xchain::InvokeRPCResponse> {
[INFO] [stdout]    |      ^^^^^^^^^^^^^^^^^^^^^^^^^^^^^^^^^ not FFI-safe
[INFO] [stdout]    |
[INFO] [stdout]    = help: consider adding a `#[repr(C)]`, `#[repr(transparent)]`, or integer `#[repr(...)]` attribute to this enum
[INFO] [stdout]    = note: enum has no representation hint
[INFO] [stdout] 
[INFO] [stdout] 
[INFO] [stderr]    Compiling xuper-client-sdk v0.1.0 (/opt/rustwide/workdir/xchain-client-sdk)
[INFO] [stdout] warning: 7 warnings emitted
[INFO] [stdout] 
[INFO] [stdout] 
[INFO] [stderr]     Finished dev [unoptimized + debuginfo] target(s) in 1m 28s
[INFO] [stderr] warning: the following packages contain code that will be rejected by a future version of Rust: rustc-serialize v0.3.24
[INFO] [stderr] note: to see what the problems were, use the option `--future-incompat-report`, or run `cargo report future-incompatibilities --id 2`
[INFO] running `Command { std: "docker" "inspect" "cc507de60c491e05f158c803b72756fa4d9de47e788cc18b3f294815e5bcaad2", kill_on_drop: false }`
[INFO] running `Command { std: "docker" "rm" "-f" "cc507de60c491e05f158c803b72756fa4d9de47e788cc18b3f294815e5bcaad2", kill_on_drop: false }`
[INFO] [stdout] cc507de60c491e05f158c803b72756fa4d9de47e788cc18b3f294815e5bcaad2
[INFO] running `Command { std: "docker" "create" "-v" "/var/lib/crater-agent-workspace/builds/worker-3-tc2/target:/opt/rustwide/target:rw,Z" "-v" "/var/lib/crater-agent-workspace/builds/worker-3-tc2/source:/opt/rustwide/workdir:ro,Z" "-v" "/var/lib/crater-agent-workspace/cargo-home:/opt/rustwide/cargo-home:ro,Z" "-v" "/var/lib/crater-agent-workspace/rustup-home:/opt/rustwide/rustup-home:ro,Z" "-e" "SOURCE_DIR=/opt/rustwide/workdir" "-e" "CARGO_TARGET_DIR=/opt/rustwide/target" "-e" "CARGO_INCREMENTAL=0" "-e" "RUST_BACKTRACE=full" "-e" "RUSTFLAGS=--cap-lints=warn" "-e" "RUSTDOCFLAGS=--cap-lints=warn" "-e" "CARGO_HOME=/opt/rustwide/cargo-home" "-e" "RUSTUP_HOME=/opt/rustwide/rustup-home" "-w" "/opt/rustwide/workdir" "-m" "1610612736" "--user" "0:0" "--network" "none" "ghcr.io/rust-lang/crates-build-env/linux@sha256:5ff2268d62e97bff2cde7d5815dd6ed5b47097566f13b8d0ca110b04b60e07ed" "/opt/rustwide/cargo-home/bin/cargo" "+beta-2023-04-20" "test" "--frozen" "--no-run" "--message-format=json", kill_on_drop: false }`
[INFO] [stdout] 1a0ae25436f0a1fefccf37cace9acb6ab4b35fc610e03d82dff48b9ef0ead9d1
[INFO] running `Command { std: "docker" "start" "-a" "1a0ae25436f0a1fefccf37cace9acb6ab4b35fc610e03d82dff48b9ef0ead9d1", kill_on_drop: false }`
[INFO] [stdout] warning: unnecessary braces around block return value
[INFO] [stdout]   --> xchain-crypto/src/hdwallet/languages.rs:10:41
[INFO] [stdout]    |
[INFO] [stdout] 10 |     static ref WORDLIST_S_CH: WordMap = { load_wordlist(include_str!("langs/simplified_chinese.txt")) };
[INFO] [stdout]    |                                         ^^                                                           ^^
[INFO] [stdout]    |
[INFO] [stdout]    = note: `#[warn(unused_braces)]` on by default
[INFO] [stdout] help: remove these braces
[INFO] [stdout]    |
[INFO] [stdout] 10 -     static ref WORDLIST_S_CH: WordMap = { load_wordlist(include_str!("langs/simplified_chinese.txt")) };
[INFO] [stdout] 10 +     static ref WORDLIST_S_CH: WordMap = load_wordlist(include_str!("langs/simplified_chinese.txt"));
[INFO] [stdout]    |
[INFO] [stdout] 
[INFO] [stdout] 
[INFO] [stdout] warning: unnecessary braces around block return value
[INFO] [stdout]   --> xchain-crypto/src/hdwallet/languages.rs:11:39
[INFO] [stdout]    |
[INFO] [stdout] 11 |     static ref WORDLIST_EN: WordMap = { load_wordlist(include_str!("langs/english.txt")) };
[INFO] [stdout]    |                                       ^^                                                ^^
[INFO] [stdout]    |
[INFO] [stdout] help: remove these braces
[INFO] [stdout]    |
[INFO] [stdout] 11 -     static ref WORDLIST_EN: WordMap = { load_wordlist(include_str!("langs/english.txt")) };
[INFO] [stdout] 11 +     static ref WORDLIST_EN: WordMap = load_wordlist(include_str!("langs/english.txt"));
[INFO] [stdout]    |
[INFO] [stdout] 
[INFO] [stdout] 
[INFO] [stderr]    Compiling xchain_crypto v0.1.0 (/opt/rustwide/workdir/xchain-crypto)
[INFO] [stdout] warning: unnecessary braces around block return value
[INFO] [stdout]   --> xchain-crypto/src/hdwallet/rand.rs:11:9
[INFO] [stdout]    |
[INFO] [stdout] 11 |         { num_bigint::BigInt::from_i32(2048).unwrap() };
[INFO] [stdout]    |         ^^                                           ^^
[INFO] [stdout]    |
[INFO] [stdout] help: remove these braces
[INFO] [stdout]    |
[INFO] [stdout] 11 -         { num_bigint::BigInt::from_i32(2048).unwrap() };
[INFO] [stdout] 11 +         num_bigint::BigInt::from_i32(2048).unwrap();
[INFO] [stdout]    |
[INFO] [stdout] 
[INFO] [stdout] 
[INFO] [stdout] warning: unnecessary braces around block return value
[INFO] [stdout]   --> xchain-crypto/src/hdwallet/rand.rs:13:9
[INFO] [stdout]    |
[INFO] [stdout] 13 |         { num_bigint::BigInt::from_i32(2047).unwrap() };
[INFO] [stdout]    |         ^^                                           ^^
[INFO] [stdout]    |
[INFO] [stdout] help: remove these braces
[INFO] [stdout]    |
[INFO] [stdout] 13 -         { num_bigint::BigInt::from_i32(2047).unwrap() };
[INFO] [stdout] 13 +         num_bigint::BigInt::from_i32(2047).unwrap();
[INFO] [stdout]    |
[INFO] [stdout] 
[INFO] [stdout] 
[INFO] [stdout] warning: unnecessary braces around block return value
[INFO] [stdout]   --> xchain-crypto/src/hdwallet/rand.rs:14:54
[INFO] [stdout]    |
[INFO] [stdout] 14 |     pub static ref BIGINT_ZERO: num_bigint::BigInt = { num_traits::Zero::zero() };
[INFO] [stdout]    |                                                      ^^                        ^^
[INFO] [stdout]    |
[INFO] [stdout] help: remove these braces
[INFO] [stdout]    |
[INFO] [stdout] 14 -     pub static ref BIGINT_ZERO: num_bigint::BigInt = { num_traits::Zero::zero() };
[INFO] [stdout] 14 +     pub static ref BIGINT_ZERO: num_bigint::BigInt = num_traits::Zero::zero();
[INFO] [stdout]    |
[INFO] [stdout] 
[INFO] [stdout] 
[INFO] [stdout] warning: unnecessary braces around block return value
[INFO] [stdout]   --> xchain-crypto/src/hdwallet/rand.rs:15:53
[INFO] [stdout]    |
[INFO] [stdout] 15 |     pub static ref BIGINT_ONE: num_bigint::BigInt = { num_traits::One::one() };
[INFO] [stdout]    |                                                     ^^                      ^^
[INFO] [stdout]    |
[INFO] [stdout] help: remove these braces
[INFO] [stdout]    |
[INFO] [stdout] 15 -     pub static ref BIGINT_ONE: num_bigint::BigInt = { num_traits::One::one() };
[INFO] [stdout] 15 +     pub static ref BIGINT_ONE: num_bigint::BigInt = num_traits::One::one();
[INFO] [stdout]    |
[INFO] [stdout] 
[INFO] [stdout] 
[INFO] [stdout] warning: unnecessary braces around block return value
[INFO] [stdout]   --> xchain-crypto/src/hdwallet/rand.rs:16:53
[INFO] [stdout]    |
[INFO] [stdout] 16 |     pub static ref BIGINT_TWO: num_bigint::BigInt = { num_bigint::BigInt::from_i32(2).unwrap() };
[INFO] [stdout]    |                                                     ^^                                        ^^
[INFO] [stdout]    |
[INFO] [stdout] help: remove these braces
[INFO] [stdout]    |
[INFO] [stdout] 16 -     pub static ref BIGINT_TWO: num_bigint::BigInt = { num_bigint::BigInt::from_i32(2).unwrap() };
[INFO] [stdout] 16 +     pub static ref BIGINT_TWO: num_bigint::BigInt = num_bigint::BigInt::from_i32(2).unwrap();
[INFO] [stdout]    |
[INFO] [stdout] 
[INFO] [stdout] 
[INFO] [stdout] warning: unnecessary parentheses around match arm expression
[INFO] [stdout]   --> xchain-crypto/src/errors.rs:81:44
[INFO] [stdout]    |
[INFO] [stdout] 81 |         ErrorKind::ErrInvalidEntropyLength => ("Entropy length must within [128, 256] and be multiples of 32"),
[INFO] [stdout]    |                                               ^                                                              ^
[INFO] [stdout]    |
[INFO] [stdout]    = note: `#[warn(unused_parens)]` on by default
[INFO] [stdout] help: remove these parentheses
[INFO] [stdout]    |
[INFO] [stdout] 81 -         ErrorKind::ErrInvalidEntropyLength => ("Entropy length must within [128, 256] and be multiples of 32"),
[INFO] [stdout] 81 +         ErrorKind::ErrInvalidEntropyLength => "Entropy length must within [128, 256] and be multiples of 32",
[INFO] [stdout]    |
[INFO] [stdout] 
[INFO] [stdout] 
[INFO] [stdout] warning: unnecessary parentheses around match arm expression
[INFO] [stdout]   --> xchain-crypto/src/errors.rs:84:44
[INFO] [stdout]    |
[INFO] [stdout] 84 |         ErrorKind::ErrStrengthNotSupported => ("This strength has not been supported yet."),
[INFO] [stdout]    |                                               ^                                           ^
[INFO] [stdout]    |
[INFO] [stdout] help: remove these parentheses
[INFO] [stdout]    |
[INFO] [stdout] 84 -         ErrorKind::ErrStrengthNotSupported => ("This strength has not been supported yet."),
[INFO] [stdout] 84 +         ErrorKind::ErrStrengthNotSupported => "This strength has not been supported yet.",
[INFO] [stdout]    |
[INFO] [stdout] 
[INFO] [stdout] 
[INFO] [stdout] warning: unnecessary parentheses around match arm expression
[INFO] [stdout]   --> xchain-crypto/src/errors.rs:88:44
[INFO] [stdout]    |
[INFO] [stdout] 88 |         ErrorKind::ErrLanguageNotSupported => ("This language has not been supported yet."),
[INFO] [stdout]    |                                               ^                                           ^
[INFO] [stdout]    |
[INFO] [stdout] help: remove these parentheses
[INFO] [stdout]    |
[INFO] [stdout] 88 -         ErrorKind::ErrLanguageNotSupported => ("This language has not been supported yet."),
[INFO] [stdout] 88 +         ErrorKind::ErrLanguageNotSupported => "This language has not been supported yet.",
[INFO] [stdout]    |
[INFO] [stdout] 
[INFO] [stdout] 
[INFO] [stdout] warning: unnecessary parentheses around match arm expression
[INFO] [stdout]   --> xchain-crypto/src/errors.rs:90:43
[INFO] [stdout]    |
[INFO] [stdout] 90 | ...cNumNotValid => ("The number of words in the Mnemonic sentence is not valid. It must be within [12, 15, 18, 21, 24]"),
[INFO] [stdout]    |                    ^                                                                                                   ^
[INFO] [stdout]    |
[INFO] [stdout] help: remove these parentheses
[INFO] [stdout]    |
[INFO] [stdout] 90 -         ErrorKind::ErrMnemonicNumNotValid => ("The number of words in the Mnemonic sentence is not valid. It must be within [12, 15, 18, 21, 24]"),
[INFO] [stdout] 90 +         ErrorKind::ErrMnemonicNumNotValid => "The number of words in the Mnemonic sentence is not valid. It must be within [12, 15, 18, 21, 24]",
[INFO] [stdout]    |
[INFO] [stdout] 
[INFO] [stdout] 
[INFO] [stdout] warning: unnecessary parentheses around match arm expression
[INFO] [stdout]   --> xchain-crypto/src/errors.rs:92:49
[INFO] [stdout]    |
[INFO] [stdout] 92 |         ErrorKind::ErrMnemonicChecksumIncorrect => ("The checksum within the Mnemonic sentence incorrect"),
[INFO] [stdout]    |                                                    ^                                                     ^
[INFO] [stdout]    |
[INFO] [stdout] help: remove these parentheses
[INFO] [stdout]    |
[INFO] [stdout] 92 -         ErrorKind::ErrMnemonicChecksumIncorrect => ("The checksum within the Mnemonic sentence incorrect"),
[INFO] [stdout] 92 +         ErrorKind::ErrMnemonicChecksumIncorrect => "The checksum within the Mnemonic sentence incorrect",
[INFO] [stdout]    |
[INFO] [stdout] 
[INFO] [stdout] 
[INFO] [stdout] warning: 12 warnings emitted
[INFO] [stdout] 
[INFO] [stdout] 
[INFO] [stdout] warning: `extern` fn uses type `std::result::Result<(), errors::Error>`, which is not FFI-safe
[INFO] [stdout]   --> xchain-node-sdk/src/ocall.rs:13:6
[INFO] [stdout]    |
[INFO] [stdout] 13 | ) -> Result<()> {
[INFO] [stdout]    |      ^^^^^^^^^^ not FFI-safe
[INFO] [stdout]    |
[INFO] [stdout]    = help: consider adding a `#[repr(C)]`, `#[repr(transparent)]`, or integer `#[repr(...)]` attribute to this enum
[INFO] [stdout]    = note: enum has no representation hint
[INFO] [stdout]    = note: `#[warn(improper_ctypes_definitions)]` on by default
[INFO] [stdout] 
[INFO] [stdout] 
[INFO] [stdout] warning: `extern` fn uses type `EndorserRequest`, which is not FFI-safe
[INFO] [stdout]   --> xchain-node-sdk/src/ocall.rs:27:13
[INFO] [stdout]    |
[INFO] [stdout] 27 |     en_req: xendorser::EndorserRequest,
[INFO] [stdout]    |             ^^^^^^^^^^^^^^^^^^^^^^^^^^ not FFI-safe
[INFO] [stdout]    |
[INFO] [stdout]    = help: consider adding a `#[repr(C)]` or `#[repr(transparent)]` attribute to this struct
[INFO] [stdout]    = note: this struct has unspecified layout
[INFO] [stdout] note: the type is defined here
[INFO] [stdout]   --> xchain-node-sdk/src/protos/xendorser.rs:31:1
[INFO] [stdout]    |
[INFO] [stdout] 31 | pub struct EndorserRequest {
[INFO] [stdout]    | ^^^^^^^^^^^^^^^^^^^^^^^^^^
[INFO] [stdout] 
[INFO] [stdout] 
[INFO] [stderr]    Compiling xchain_node_sdk v0.1.0 (/opt/rustwide/workdir/xchain-node-sdk)
[INFO] [stdout] warning: `extern` fn uses type `std::result::Result<EndorserResponse, errors::Error>`, which is not FFI-safe
[INFO] [stdout]   --> xchain-node-sdk/src/ocall.rs:28:6
[INFO] [stdout]    |
[INFO] [stdout] 28 | ) -> Result<xendorser::EndorserResponse> {
[INFO] [stdout]    |      ^^^^^^^^^^^^^^^^^^^^^^^^^^^^^^^^^^^ not FFI-safe
[INFO] [stdout]    |
[INFO] [stdout]    = help: consider adding a `#[repr(C)]`, `#[repr(transparent)]`, or integer `#[repr(...)]` attribute to this enum
[INFO] [stdout]    = note: enum has no representation hint
[INFO] [stdout] 
[INFO] [stdout] 
[INFO] [stderr]    Compiling xuper-client-sdk v0.1.0 (/opt/rustwide/workdir/xchain-client-sdk)
[INFO] [stdout] warning: `extern` fn uses type `std::result::Result<(), errors::Error>`, which is not FFI-safe
[INFO] [stdout]   --> xchain-node-sdk/src/ocall.rs:38:6
[INFO] [stdout]    |
[INFO] [stdout] 38 | ) -> Result<()> {
[INFO] [stdout]    |      ^^^^^^^^^^ not FFI-safe
[INFO] [stdout]    |
[INFO] [stdout]    = help: consider adding a `#[repr(C)]`, `#[repr(transparent)]`, or integer `#[repr(...)]` attribute to this enum
[INFO] [stdout]    = note: enum has no representation hint
[INFO] [stdout] 
[INFO] [stdout] 
[INFO] [stdout] warning: `extern` fn uses type `std::result::Result<TxStatus, errors::Error>`, which is not FFI-safe
[INFO] [stdout]   --> xchain-node-sdk/src/ocall.rs:48:6
[INFO] [stdout]    |
[INFO] [stdout] 48 | ) -> Result<xchain::TxStatus> {
[INFO] [stdout]    |      ^^^^^^^^^^^^^^^^^^^^^^^^ not FFI-safe
[INFO] [stdout]    |
[INFO] [stdout]    = help: consider adding a `#[repr(C)]`, `#[repr(transparent)]`, or integer `#[repr(...)]` attribute to this enum
[INFO] [stdout]    = note: enum has no representation hint
[INFO] [stdout] 
[INFO] [stdout] 
[INFO] [stdout] warning: `extern` fn uses type `InvokeRPCRequest`, which is not FFI-safe
[INFO] [stdout]      --> xchain-node-sdk/src/ocall.rs:57:10
[INFO] [stdout]       |
[INFO] [stdout] 57    |     req: xchain::InvokeRPCRequest,
[INFO] [stdout]       |          ^^^^^^^^^^^^^^^^^^^^^^^^ not FFI-safe
[INFO] [stdout]       |
[INFO] [stdout]       = help: consider adding a `#[repr(C)]` or `#[repr(transparent)]` attribute to this struct
[INFO] [stdout]       = note: this struct has unspecified layout
[INFO] [stdout] note: the type is defined here
[INFO] [stdout]      --> xchain-node-sdk/src/protos/xchain.rs:17618:1
[INFO] [stdout]       |
[INFO] [stdout] 17618 | pub struct InvokeRPCRequest {
[INFO] [stdout]       | ^^^^^^^^^^^^^^^^^^^^^^^^^^^
[INFO] [stdout] 
[INFO] [stdout] 
[INFO] [stdout] warning: `extern` fn uses type `std::result::Result<InvokeRPCResponse, errors::Error>`, which is not FFI-safe
[INFO] [stdout]   --> xchain-node-sdk/src/ocall.rs:58:6
[INFO] [stdout]    |
[INFO] [stdout] 58 | ) -> Result<xchain::InvokeRPCResponse> {
[INFO] [stdout]    |      ^^^^^^^^^^^^^^^^^^^^^^^^^^^^^^^^^ not FFI-safe
[INFO] [stdout]    |
[INFO] [stdout]    = help: consider adding a `#[repr(C)]`, `#[repr(transparent)]`, or integer `#[repr(...)]` attribute to this enum
[INFO] [stdout]    = note: enum has no representation hint
[INFO] [stdout] 
[INFO] [stdout] 
[INFO] [stdout] warning: 7 warnings emitted
[INFO] [stdout] 
[INFO] [stdout] 
[INFO] [stdout] warning: unnecessary braces around block return value
[INFO] [stdout]   --> xchain-crypto/src/hdwallet/languages.rs:10:41
[INFO] [stdout]    |
[INFO] [stdout] 10 |     static ref WORDLIST_S_CH: WordMap = { load_wordlist(include_str!("langs/simplified_chinese.txt")) };
[INFO] [stdout]    |                                         ^^                                                           ^^
[INFO] [stdout]    |
[INFO] [stdout]    = note: `#[warn(unused_braces)]` on by default
[INFO] [stdout] help: remove these braces
[INFO] [stdout]    |
[INFO] [stdout] 10 -     static ref WORDLIST_S_CH: WordMap = { load_wordlist(include_str!("langs/simplified_chinese.txt")) };
[INFO] [stdout] 10 +     static ref WORDLIST_S_CH: WordMap = load_wordlist(include_str!("langs/simplified_chinese.txt"));
[INFO] [stdout]    |
[INFO] [stdout] 
[INFO] [stdout] 
[INFO] [stdout] warning: unnecessary braces around block return value
[INFO] [stdout]   --> xchain-crypto/src/hdwallet/languages.rs:11:39
[INFO] [stdout]    |
[INFO] [stdout] 11 |     static ref WORDLIST_EN: WordMap = { load_wordlist(include_str!("langs/english.txt")) };
[INFO] [stdout]    |                                       ^^                                                ^^
[INFO] [stdout]    |
[INFO] [stdout] help: remove these braces
[INFO] [stdout]    |
[INFO] [stdout] 11 -     static ref WORDLIST_EN: WordMap = { load_wordlist(include_str!("langs/english.txt")) };
[INFO] [stdout] 11 +     static ref WORDLIST_EN: WordMap = load_wordlist(include_str!("langs/english.txt"));
[INFO] [stdout]    |
[INFO] [stdout] 
[INFO] [stdout] 
[INFO] [stdout] warning: unnecessary braces around block return value
[INFO] [stdout]   --> xchain-crypto/src/hdwallet/rand.rs:11:9
[INFO] [stdout]    |
[INFO] [stdout] 11 |         { num_bigint::BigInt::from_i32(2048).unwrap() };
[INFO] [stdout]    |         ^^                                           ^^
[INFO] [stdout]    |
[INFO] [stdout] help: remove these braces
[INFO] [stdout]    |
[INFO] [stdout] 11 -         { num_bigint::BigInt::from_i32(2048).unwrap() };
[INFO] [stdout] 11 +         num_bigint::BigInt::from_i32(2048).unwrap();
[INFO] [stdout]    |
[INFO] [stdout] 
[INFO] [stdout] 
[INFO] [stdout] warning: unnecessary braces around block return value
[INFO] [stdout]   --> xchain-crypto/src/hdwallet/rand.rs:13:9
[INFO] [stdout]    |
[INFO] [stdout] 13 |         { num_bigint::BigInt::from_i32(2047).unwrap() };
[INFO] [stdout]    |         ^^                                           ^^
[INFO] [stdout]    |
[INFO] [stdout] help: remove these braces
[INFO] [stdout]    |
[INFO] [stdout] 13 -         { num_bigint::BigInt::from_i32(2047).unwrap() };
[INFO] [stdout] 13 +         num_bigint::BigInt::from_i32(2047).unwrap();
[INFO] [stdout]    |
[INFO] [stdout] 
[INFO] [stdout] 
[INFO] [stdout] warning: unnecessary braces around block return value
[INFO] [stdout]   --> xchain-crypto/src/hdwallet/rand.rs:14:54
[INFO] [stdout]    |
[INFO] [stdout] 14 |     pub static ref BIGINT_ZERO: num_bigint::BigInt = { num_traits::Zero::zero() };
[INFO] [stdout]    |                                                      ^^                        ^^
[INFO] [stdout]    |
[INFO] [stdout] help: remove these braces
[INFO] [stdout]    |
[INFO] [stdout] 14 -     pub static ref BIGINT_ZERO: num_bigint::BigInt = { num_traits::Zero::zero() };
[INFO] [stdout] 14 +     pub static ref BIGINT_ZERO: num_bigint::BigInt = num_traits::Zero::zero();
[INFO] [stdout]    |
[INFO] [stdout] 
[INFO] [stdout] 
[INFO] [stdout] warning: unnecessary braces around block return value
[INFO] [stdout]   --> xchain-crypto/src/hdwallet/rand.rs:15:53
[INFO] [stdout]    |
[INFO] [stdout] 15 |     pub static ref BIGINT_ONE: num_bigint::BigInt = { num_traits::One::one() };
[INFO] [stdout]    |                                                     ^^                      ^^
[INFO] [stdout]    |
[INFO] [stdout] help: remove these braces
[INFO] [stdout]    |
[INFO] [stdout] 15 -     pub static ref BIGINT_ONE: num_bigint::BigInt = { num_traits::One::one() };
[INFO] [stdout] 15 +     pub static ref BIGINT_ONE: num_bigint::BigInt = num_traits::One::one();
[INFO] [stdout]    |
[INFO] [stdout] 
[INFO] [stdout] 
[INFO] [stdout] warning: unnecessary braces around block return value
[INFO] [stdout]   --> xchain-crypto/src/hdwallet/rand.rs:16:53
[INFO] [stdout]    |
[INFO] [stdout] 16 |     pub static ref BIGINT_TWO: num_bigint::BigInt = { num_bigint::BigInt::from_i32(2).unwrap() };
[INFO] [stdout]    |                                                     ^^                                        ^^
[INFO] [stdout]    |
[INFO] [stdout] help: remove these braces
[INFO] [stdout]    |
[INFO] [stdout] 16 -     pub static ref BIGINT_TWO: num_bigint::BigInt = { num_bigint::BigInt::from_i32(2).unwrap() };
[INFO] [stdout] 16 +     pub static ref BIGINT_TWO: num_bigint::BigInt = num_bigint::BigInt::from_i32(2).unwrap();
[INFO] [stdout]    |
[INFO] [stdout] 
[INFO] [stdout] 
[INFO] [stdout] warning: duplicated attribute
[INFO] [stdout]     --> xchain-crypto/src/arithmetic/bigint.rs:1309:5
[INFO] [stdout]      |
[INFO] [stdout] 1309 |     #[test]
[INFO] [stdout]      |     ^^^^^^^
[INFO] [stdout]      |
[INFO] [stdout]      = note: `#[warn(duplicate_macro_attributes)]` on by default
[INFO] [stdout] 
[INFO] [stdout] 
[INFO] [stdout] warning: unnecessary parentheses around match arm expression
[INFO] [stdout]   --> xchain-crypto/src/errors.rs:81:44
[INFO] [stdout]    |
[INFO] [stdout] 81 |         ErrorKind::ErrInvalidEntropyLength => ("Entropy length must within [128, 256] and be multiples of 32"),
[INFO] [stdout]    |                                               ^                                                              ^
[INFO] [stdout]    |
[INFO] [stdout]    = note: `#[warn(unused_parens)]` on by default
[INFO] [stdout] help: remove these parentheses
[INFO] [stdout]    |
[INFO] [stdout] 81 -         ErrorKind::ErrInvalidEntropyLength => ("Entropy length must within [128, 256] and be multiples of 32"),
[INFO] [stdout] 81 +         ErrorKind::ErrInvalidEntropyLength => "Entropy length must within [128, 256] and be multiples of 32",
[INFO] [stdout]    |
[INFO] [stdout] 
[INFO] [stdout] 
[INFO] [stdout] warning: unnecessary parentheses around match arm expression
[INFO] [stdout]   --> xchain-crypto/src/errors.rs:84:44
[INFO] [stdout]    |
[INFO] [stdout] 84 |         ErrorKind::ErrStrengthNotSupported => ("This strength has not been supported yet."),
[INFO] [stdout]    |                                               ^                                           ^
[INFO] [stdout]    |
[INFO] [stdout] help: remove these parentheses
[INFO] [stdout]    |
[INFO] [stdout] 84 -         ErrorKind::ErrStrengthNotSupported => ("This strength has not been supported yet."),
[INFO] [stdout] 84 +         ErrorKind::ErrStrengthNotSupported => "This strength has not been supported yet.",
[INFO] [stdout]    |
[INFO] [stdout] 
[INFO] [stdout] 
[INFO] [stdout] warning: unnecessary parentheses around match arm expression
[INFO] [stdout]   --> xchain-crypto/src/errors.rs:88:44
[INFO] [stdout]    |
[INFO] [stdout] 88 |         ErrorKind::ErrLanguageNotSupported => ("This language has not been supported yet."),
[INFO] [stdout]    |                                               ^                                           ^
[INFO] [stdout]    |
[INFO] [stdout] help: remove these parentheses
[INFO] [stdout]    |
[INFO] [stdout] 88 -         ErrorKind::ErrLanguageNotSupported => ("This language has not been supported yet."),
[INFO] [stdout] 88 +         ErrorKind::ErrLanguageNotSupported => "This language has not been supported yet.",
[INFO] [stdout]    |
[INFO] [stdout] 
[INFO] [stdout] 
[INFO] [stdout] warning: unnecessary parentheses around match arm expression
[INFO] [stdout]   --> xchain-crypto/src/errors.rs:90:43
[INFO] [stdout]    |
[INFO] [stdout] 90 | ...cNumNotValid => ("The number of words in the Mnemonic sentence is not valid. It must be within [12, 15, 18, 21, 24]"),
[INFO] [stdout]    |                    ^                                                                                                   ^
[INFO] [stdout]    |
[INFO] [stdout] help: remove these parentheses
[INFO] [stdout]    |
[INFO] [stdout] 90 -         ErrorKind::ErrMnemonicNumNotValid => ("The number of words in the Mnemonic sentence is not valid. It must be within [12, 15, 18, 21, 24]"),
[INFO] [stdout] 90 +         ErrorKind::ErrMnemonicNumNotValid => "The number of words in the Mnemonic sentence is not valid. It must be within [12, 15, 18, 21, 24]",
[INFO] [stdout]    |
[INFO] [stdout] 
[INFO] [stdout] 
[INFO] [stdout] warning: unnecessary parentheses around match arm expression
[INFO] [stdout]   --> xchain-crypto/src/errors.rs:92:49
[INFO] [stdout]    |
[INFO] [stdout] 92 |         ErrorKind::ErrMnemonicChecksumIncorrect => ("The checksum within the Mnemonic sentence incorrect"),
[INFO] [stdout]    |                                                    ^                                                     ^
[INFO] [stdout]    |
[INFO] [stdout] help: remove these parentheses
[INFO] [stdout]    |
[INFO] [stdout] 92 -         ErrorKind::ErrMnemonicChecksumIncorrect => ("The checksum within the Mnemonic sentence incorrect"),
[INFO] [stdout] 92 +         ErrorKind::ErrMnemonicChecksumIncorrect => "The checksum within the Mnemonic sentence incorrect",
[INFO] [stdout]    |
[INFO] [stdout] 
[INFO] [stdout] 
[INFO] [stdout] warning: 13 warnings emitted
[INFO] [stdout] 
[INFO] [stdout] 
[INFO] [stdout] warning: `extern` fn uses type `std::result::Result<(), errors::Error>`, which is not FFI-safe
[INFO] [stdout]   --> xchain-node-sdk/src/ocall.rs:13:6
[INFO] [stdout]    |
[INFO] [stdout] 13 | ) -> Result<()> {
[INFO] [stdout]    |      ^^^^^^^^^^ not FFI-safe
[INFO] [stdout]    |
[INFO] [stdout]    = help: consider adding a `#[repr(C)]`, `#[repr(transparent)]`, or integer `#[repr(...)]` attribute to this enum
[INFO] [stdout]    = note: enum has no representation hint
[INFO] [stdout]    = note: `#[warn(improper_ctypes_definitions)]` on by default
[INFO] [stdout] 
[INFO] [stdout] 
[INFO] [stdout] warning: `extern` fn uses type `EndorserRequest`, which is not FFI-safe
[INFO] [stdout]   --> xchain-node-sdk/src/ocall.rs:27:13
[INFO] [stdout]    |
[INFO] [stdout] 27 |     en_req: xendorser::EndorserRequest,
[INFO] [stdout]    |             ^^^^^^^^^^^^^^^^^^^^^^^^^^ not FFI-safe
[INFO] [stdout]    |
[INFO] [stdout]    = help: consider adding a `#[repr(C)]` or `#[repr(transparent)]` attribute to this struct
[INFO] [stdout]    = note: this struct has unspecified layout
[INFO] [stdout] note: the type is defined here
[INFO] [stdout]   --> xchain-node-sdk/src/protos/xendorser.rs:31:1
[INFO] [stdout]    |
[INFO] [stdout] 31 | pub struct EndorserRequest {
[INFO] [stdout]    | ^^^^^^^^^^^^^^^^^^^^^^^^^^
[INFO] [stdout] 
[INFO] [stdout] 
[INFO] [stdout] warning: `extern` fn uses type `std::result::Result<EndorserResponse, errors::Error>`, which is not FFI-safe
[INFO] [stdout]   --> xchain-node-sdk/src/ocall.rs:28:6
[INFO] [stdout]    |
[INFO] [stdout] 28 | ) -> Result<xendorser::EndorserResponse> {
[INFO] [stdout]    |      ^^^^^^^^^^^^^^^^^^^^^^^^^^^^^^^^^^^ not FFI-safe
[INFO] [stdout]    |
[INFO] [stdout]    = help: consider adding a `#[repr(C)]`, `#[repr(transparent)]`, or integer `#[repr(...)]` attribute to this enum
[INFO] [stdout]    = note: enum has no representation hint
[INFO] [stdout] 
[INFO] [stdout] 
[INFO] [stdout] warning: `extern` fn uses type `std::result::Result<(), errors::Error>`, which is not FFI-safe
[INFO] [stdout]   --> xchain-node-sdk/src/ocall.rs:38:6
[INFO] [stdout]    |
[INFO] [stdout] 38 | ) -> Result<()> {
[INFO] [stdout]    |      ^^^^^^^^^^ not FFI-safe
[INFO] [stdout]    |
[INFO] [stdout]    = help: consider adding a `#[repr(C)]`, `#[repr(transparent)]`, or integer `#[repr(...)]` attribute to this enum
[INFO] [stdout]    = note: enum has no representation hint
[INFO] [stdout] 
[INFO] [stdout] 
[INFO] [stdout] warning: `extern` fn uses type `std::result::Result<TxStatus, errors::Error>`, which is not FFI-safe
[INFO] [stdout]   --> xchain-node-sdk/src/ocall.rs:48:6
[INFO] [stdout]    |
[INFO] [stdout] 48 | ) -> Result<xchain::TxStatus> {
[INFO] [stdout]    |      ^^^^^^^^^^^^^^^^^^^^^^^^ not FFI-safe
[INFO] [stdout]    |
[INFO] [stdout]    = help: consider adding a `#[repr(C)]`, `#[repr(transparent)]`, or integer `#[repr(...)]` attribute to this enum
[INFO] [stdout]    = note: enum has no representation hint
[INFO] [stdout] 
[INFO] [stdout] 
[INFO] [stdout] warning: `extern` fn uses type `InvokeRPCRequest`, which is not FFI-safe
[INFO] [stdout]      --> xchain-node-sdk/src/ocall.rs:57:10
[INFO] [stdout]       |
[INFO] [stdout] 57    |     req: xchain::InvokeRPCRequest,
[INFO] [stdout]       |          ^^^^^^^^^^^^^^^^^^^^^^^^ not FFI-safe
[INFO] [stdout]       |
[INFO] [stdout]       = help: consider adding a `#[repr(C)]` or `#[repr(transparent)]` attribute to this struct
[INFO] [stdout]       = note: this struct has unspecified layout
[INFO] [stdout] note: the type is defined here
[INFO] [stdout]      --> xchain-node-sdk/src/protos/xchain.rs:17618:1
[INFO] [stdout]       |
[INFO] [stdout] 17618 | pub struct InvokeRPCRequest {
[INFO] [stdout]       | ^^^^^^^^^^^^^^^^^^^^^^^^^^^
[INFO] [stdout] 
[INFO] [stdout] 
[INFO] [stdout] warning: `extern` fn uses type `std::result::Result<InvokeRPCResponse, errors::Error>`, which is not FFI-safe
[INFO] [stdout]   --> xchain-node-sdk/src/ocall.rs:58:6
[INFO] [stdout]    |
[INFO] [stdout] 58 | ) -> Result<xchain::InvokeRPCResponse> {
[INFO] [stdout]    |      ^^^^^^^^^^^^^^^^^^^^^^^^^^^^^^^^^ not FFI-safe
[INFO] [stdout]    |
[INFO] [stdout]    = help: consider adding a `#[repr(C)]`, `#[repr(transparent)]`, or integer `#[repr(...)]` attribute to this enum
[INFO] [stdout]    = note: enum has no representation hint
[INFO] [stdout] 
[INFO] [stdout] 
[INFO] [stdout] warning: 7 warnings emitted
[INFO] [stdout] 
[INFO] [stdout] 
[INFO] [stderr]     Finished test [unoptimized + debuginfo] target(s) in 18.37s
[INFO] [stderr] warning: the following packages contain code that will be rejected by a future version of Rust: rustc-serialize v0.3.24
[INFO] [stderr] note: to see what the problems were, use the option `--future-incompat-report`, or run `cargo report future-incompatibilities --id 2`
[INFO] running `Command { std: "docker" "inspect" "1a0ae25436f0a1fefccf37cace9acb6ab4b35fc610e03d82dff48b9ef0ead9d1", kill_on_drop: false }`
[INFO] running `Command { std: "docker" "rm" "-f" "1a0ae25436f0a1fefccf37cace9acb6ab4b35fc610e03d82dff48b9ef0ead9d1", kill_on_drop: false }`
[INFO] [stdout] 1a0ae25436f0a1fefccf37cace9acb6ab4b35fc610e03d82dff48b9ef0ead9d1
[INFO] running `Command { std: "docker" "create" "-v" "/var/lib/crater-agent-workspace/builds/worker-3-tc2/target:/opt/rustwide/target:rw,Z" "-v" "/var/lib/crater-agent-workspace/builds/worker-3-tc2/source:/opt/rustwide/workdir:ro,Z" "-v" "/var/lib/crater-agent-workspace/cargo-home:/opt/rustwide/cargo-home:ro,Z" "-v" "/var/lib/crater-agent-workspace/rustup-home:/opt/rustwide/rustup-home:ro,Z" "-e" "SOURCE_DIR=/opt/rustwide/workdir" "-e" "CARGO_TARGET_DIR=/opt/rustwide/target" "-e" "CARGO_INCREMENTAL=0" "-e" "RUST_BACKTRACE=full" "-e" "RUSTFLAGS=--cap-lints=warn" "-e" "RUSTDOCFLAGS=--cap-lints=warn" "-e" "CARGO_HOME=/opt/rustwide/cargo-home" "-e" "RUSTUP_HOME=/opt/rustwide/rustup-home" "-w" "/opt/rustwide/workdir" "-m" "1610612736" "--user" "0:0" "--network" "none" "ghcr.io/rust-lang/crates-build-env/linux@sha256:5ff2268d62e97bff2cde7d5815dd6ed5b47097566f13b8d0ca110b04b60e07ed" "/opt/rustwide/cargo-home/bin/cargo" "+beta-2023-04-20" "test" "--frozen", kill_on_drop: false }`
[INFO] [stdout] dabdbdda2ba061a87a7aa8e0e549903be52146e926feff3d44b5fd85be2bcdf7
[INFO] running `Command { std: "docker" "start" "-a" "dabdbdda2ba061a87a7aa8e0e549903be52146e926feff3d44b5fd85be2bcdf7", kill_on_drop: false }`
[INFO] [stderr] warning: unnecessary braces around block return value
[INFO] [stderr]   --> xchain-crypto/src/hdwallet/languages.rs:10:41
[INFO] [stderr]    |
[INFO] [stderr] 10 |     static ref WORDLIST_S_CH: WordMap = { load_wordlist(include_str!("langs/simplified_chinese.txt")) };
[INFO] [stderr]    |                                         ^^                                                           ^^
[INFO] [stderr]    |
[INFO] [stderr]    = note: `#[warn(unused_braces)]` on by default
[INFO] [stderr] help: remove these braces
[INFO] [stderr]    |
[INFO] [stderr] 10 -     static ref WORDLIST_S_CH: WordMap = { load_wordlist(include_str!("langs/simplified_chinese.txt")) };
[INFO] [stderr] 10 +     static ref WORDLIST_S_CH: WordMap = load_wordlist(include_str!("langs/simplified_chinese.txt"));
[INFO] [stderr]    |
[INFO] [stderr] 
[INFO] [stderr] warning: unnecessary braces around block return value
[INFO] [stderr]   --> xchain-crypto/src/hdwallet/languages.rs:11:39
[INFO] [stderr]    |
[INFO] [stderr] 11 |     static ref WORDLIST_EN: WordMap = { load_wordlist(include_str!("langs/english.txt")) };
[INFO] [stderr]    |                                       ^^                                                ^^
[INFO] [stderr]    |
[INFO] [stderr] help: remove these braces
[INFO] [stderr]    |
[INFO] [stderr] 11 -     static ref WORDLIST_EN: WordMap = { load_wordlist(include_str!("langs/english.txt")) };
[INFO] [stderr] 11 +     static ref WORDLIST_EN: WordMap = load_wordlist(include_str!("langs/english.txt"));
[INFO] [stderr]    |
[INFO] [stderr] 
[INFO] [stderr] warning: unnecessary braces around block return value
[INFO] [stderr]   --> xchain-crypto/src/hdwallet/rand.rs:11:9
[INFO] [stderr]    |
[INFO] [stderr] 11 |         { num_bigint::BigInt::from_i32(2048).unwrap() };
[INFO] [stderr]    |         ^^                                           ^^
[INFO] [stderr]    |
[INFO] [stderr] help: remove these braces
[INFO] [stderr]    |
[INFO] [stderr] 11 -         { num_bigint::BigInt::from_i32(2048).unwrap() };
[INFO] [stderr] 11 +         num_bigint::BigInt::from_i32(2048).unwrap();
[INFO] [stderr]    |
[INFO] [stderr] 
[INFO] [stderr] warning: unnecessary braces around block return value
[INFO] [stderr]   --> xchain-crypto/src/hdwallet/rand.rs:13:9
[INFO] [stderr]    |
[INFO] [stderr] 13 |         { num_bigint::BigInt::from_i32(2047).unwrap() };
[INFO] [stderr]    |         ^^                                           ^^
[INFO] [stderr]    |
[INFO] [stderr] help: remove these braces
[INFO] [stderr]    |
[INFO] [stderr] 13 -         { num_bigint::BigInt::from_i32(2047).unwrap() };
[INFO] [stderr] 13 +         num_bigint::BigInt::from_i32(2047).unwrap();
[INFO] [stderr]    |
[INFO] [stderr] 
[INFO] [stderr] warning: unnecessary braces around block return value
[INFO] [stderr]   --> xchain-crypto/src/hdwallet/rand.rs:14:54
[INFO] [stderr]    |
[INFO] [stderr] 14 |     pub static ref BIGINT_ZERO: num_bigint::BigInt = { num_traits::Zero::zero() };
[INFO] [stderr]    |                                                      ^^                        ^^
[INFO] [stderr]    |
[INFO] [stderr] help: remove these braces
[INFO] [stderr]    |
[INFO] [stderr] 14 -     pub static ref BIGINT_ZERO: num_bigint::BigInt = { num_traits::Zero::zero() };
[INFO] [stderr] 14 +     pub static ref BIGINT_ZERO: num_bigint::BigInt = num_traits::Zero::zero();
[INFO] [stderr]    |
[INFO] [stderr] 
[INFO] [stderr] warning: unnecessary braces around block return value
[INFO] [stderr]   --> xchain-crypto/src/hdwallet/rand.rs:15:53
[INFO] [stderr]    |
[INFO] [stderr] 15 |     pub static ref BIGINT_ONE: num_bigint::BigInt = { num_traits::One::one() };
[INFO] [stderr]    |                                                     ^^                      ^^
[INFO] [stderr]    |
[INFO] [stderr] help: remove these braces
[INFO] [stderr]    |
[INFO] [stderr] 15 -     pub static ref BIGINT_ONE: num_bigint::BigInt = { num_traits::One::one() };
[INFO] [stderr] 15 +     pub static ref BIGINT_ONE: num_bigint::BigInt = num_traits::One::one();
[INFO] [stderr]    |
[INFO] [stderr] 
[INFO] [stderr] warning: unnecessary braces around block return value
[INFO] [stderr]   --> xchain-crypto/src/hdwallet/rand.rs:16:53
[INFO] [stderr]    |
[INFO] [stderr] 16 |     pub static ref BIGINT_TWO: num_bigint::BigInt = { num_bigint::BigInt::from_i32(2).unwrap() };
[INFO] [stderr]    |                                                     ^^                                        ^^
[INFO] [stderr]    |
[INFO] [stderr] help: remove these braces
[INFO] [stderr]    |
[INFO] [stderr] 16 -     pub static ref BIGINT_TWO: num_bigint::BigInt = { num_bigint::BigInt::from_i32(2).unwrap() };
[INFO] [stderr] 16 +     pub static ref BIGINT_TWO: num_bigint::BigInt = num_bigint::BigInt::from_i32(2).unwrap();
[INFO] [stderr]    |
[INFO] [stderr] 
[INFO] [stderr] warning: unnecessary parentheses around match arm expression
[INFO] [stderr]   --> xchain-crypto/src/errors.rs:81:44
[INFO] [stderr]    |
[INFO] [stderr] 81 |         ErrorKind::ErrInvalidEntropyLength => ("Entropy length must within [128, 256] and be multiples of 32"),
[INFO] [stderr]    |                                               ^                                                              ^
[INFO] [stderr]    |
[INFO] [stderr]    = note: `#[warn(unused_parens)]` on by default
[INFO] [stderr] help: remove these parentheses
[INFO] [stderr]    |
[INFO] [stderr] 81 -         ErrorKind::ErrInvalidEntropyLength => ("Entropy length must within [128, 256] and be multiples of 32"),
[INFO] [stderr] 81 +         ErrorKind::ErrInvalidEntropyLength => "Entropy length must within [128, 256] and be multiples of 32",
[INFO] [stderr]    |
[INFO] [stderr] 
[INFO] [stderr] warning: unnecessary parentheses around match arm expression
[INFO] [stderr]   --> xchain-crypto/src/errors.rs:84:44
[INFO] [stderr]    |
[INFO] [stderr] 84 |         ErrorKind::ErrStrengthNotSupported => ("This strength has not been supported yet."),
[INFO] [stderr]    |                                               ^                                           ^
[INFO] [stderr]    |
[INFO] [stderr] help: remove these parentheses
[INFO] [stderr]    |
[INFO] [stderr] 84 -         ErrorKind::ErrStrengthNotSupported => ("This strength has not been supported yet."),
[INFO] [stderr] 84 +         ErrorKind::ErrStrengthNotSupported => "This strength has not been supported yet.",
[INFO] [stderr]    |
[INFO] [stderr] 
[INFO] [stderr] warning: unnecessary parentheses around match arm expression
[INFO] [stderr]   --> xchain-crypto/src/errors.rs:88:44
[INFO] [stderr]    |
[INFO] [stderr] 88 |         ErrorKind::ErrLanguageNotSupported => ("This language has not been supported yet."),
[INFO] [stderr]    |                                               ^                                           ^
[INFO] [stderr]    |
[INFO] [stderr] help: remove these parentheses
[INFO] [stderr]    |
[INFO] [stderr] 88 -         ErrorKind::ErrLanguageNotSupported => ("This language has not been supported yet."),
[INFO] [stderr] 88 +         ErrorKind::ErrLanguageNotSupported => "This language has not been supported yet.",
[INFO] [stderr]    |
[INFO] [stderr] 
[INFO] [stderr] warning: unnecessary parentheses around match arm expression
[INFO] [stderr]   --> xchain-crypto/src/errors.rs:90:43
[INFO] [stderr]    |
[INFO] [stderr] 90 | ...cNumNotValid => ("The number of words in the Mnemonic sentence is not valid. It must be within [12, 15, 18, 21, 24]"),
[INFO] [stderr]    |                    ^                                                                                                   ^
[INFO] [stderr]    |
[INFO] [stderr] help: remove these parentheses
[INFO] [stderr]    |
[INFO] [stderr] 90 -         ErrorKind::ErrMnemonicNumNotValid => ("The number of words in the Mnemonic sentence is not valid. It must be within [12, 15, 18, 21, 24]"),
[INFO] [stderr] 90 +         ErrorKind::ErrMnemonicNumNotValid => "The number of words in the Mnemonic sentence is not valid. It must be within [12, 15, 18, 21, 24]",
[INFO] [stderr]    |
[INFO] [stderr] 
[INFO] [stderr] warning: unnecessary parentheses around match arm expression
[INFO] [stderr]   --> xchain-crypto/src/errors.rs:92:49
[INFO] [stderr]    |
[INFO] [stderr] 92 |         ErrorKind::ErrMnemonicChecksumIncorrect => ("The checksum within the Mnemonic sentence incorrect"),
[INFO] [stderr]    |                                                    ^                                                     ^
[INFO] [stderr]    |
[INFO] [stderr] help: remove these parentheses
[INFO] [stderr]    |
[INFO] [stderr] 92 -         ErrorKind::ErrMnemonicChecksumIncorrect => ("The checksum within the Mnemonic sentence incorrect"),
[INFO] [stderr] 92 +         ErrorKind::ErrMnemonicChecksumIncorrect => "The checksum within the Mnemonic sentence incorrect",
[INFO] [stderr]    |
[INFO] [stderr] 
[INFO] [stderr] warning: duplicated attribute
[INFO] [stderr]     --> xchain-crypto/src/arithmetic/bigint.rs:1309:5
[INFO] [stderr]      |
[INFO] [stderr] 1309 |     #[test]
[INFO] [stderr]      |     ^^^^^^^
[INFO] [stderr]      |
[INFO] [stderr]      = note: `#[warn(duplicate_macro_attributes)]` on by default
[INFO] [stderr] 
[INFO] [stderr] warning: `xchain_crypto` (lib) generated 12 warnings (run `cargo fix --lib -p xchain_crypto` to apply 12 suggestions)
[INFO] [stderr] warning: `xchain_crypto` (lib test) generated 13 warnings (12 duplicates)
[INFO] [stderr] warning: `extern` fn uses type `std::result::Result<(), errors::Error>`, which is not FFI-safe
[INFO] [stderr]   --> xchain-node-sdk/src/ocall.rs:13:6
[INFO] [stderr]    |
[INFO] [stderr] 13 | ) -> Result<()> {
[INFO] [stderr]    |      ^^^^^^^^^^ not FFI-safe
[INFO] [stderr]    |
[INFO] [stderr]    = help: consider adding a `#[repr(C)]`, `#[repr(transparent)]`, or integer `#[repr(...)]` attribute to this enum
[INFO] [stderr]    = note: enum has no representation hint
[INFO] [stderr]    = note: `#[warn(improper_ctypes_definitions)]` on by default
[INFO] [stderr] 
[INFO] [stderr] warning: `extern` fn uses type `EndorserRequest`, which is not FFI-safe
[INFO] [stderr]   --> xchain-node-sdk/src/ocall.rs:27:13
[INFO] [stderr]    |
[INFO] [stderr] 27 |     en_req: xendorser::EndorserRequest,
[INFO] [stderr]    |             ^^^^^^^^^^^^^^^^^^^^^^^^^^ not FFI-safe
[INFO] [stderr]    |
[INFO] [stderr]    = help: consider adding a `#[repr(C)]` or `#[repr(transparent)]` attribute to this struct
[INFO] [stderr]    = note: this struct has unspecified layout
[INFO] [stderr] note: the type is defined here
[INFO] [stderr]   --> xchain-node-sdk/src/protos/xendorser.rs:31:1
[INFO] [stderr]    |
[INFO] [stderr] 31 | pub struct EndorserRequest {
[INFO] [stderr]    | ^^^^^^^^^^^^^^^^^^^^^^^^^^
[INFO] [stderr] 
[INFO] [stderr] warning: `extern` fn uses type `std::result::Result<EndorserResponse, errors::Error>`, which is not FFI-safe
[INFO] [stderr]   --> xchain-node-sdk/src/ocall.rs:28:6
[INFO] [stderr]    |
[INFO] [stderr] 28 | ) -> Result<xendorser::EndorserResponse> {
[INFO] [stderr]    |      ^^^^^^^^^^^^^^^^^^^^^^^^^^^^^^^^^^^ not FFI-safe
[INFO] [stderr]    |
[INFO] [stderr]    = help: consider adding a `#[repr(C)]`, `#[repr(transparent)]`, or integer `#[repr(...)]` attribute to this enum
[INFO] [stderr]    = note: enum has no representation hint
[INFO] [stderr] 
[INFO] [stderr] warning: `extern` fn uses type `std::result::Result<(), errors::Error>`, which is not FFI-safe
[INFO] [stderr]   --> xchain-node-sdk/src/ocall.rs:38:6
[INFO] [stderr]    |
[INFO] [stderr] 38 | ) -> Result<()> {
[INFO] [stderr]    |      ^^^^^^^^^^ not FFI-safe
[INFO] [stderr]    |
[INFO] [stderr]    = help: consider adding a `#[repr(C)]`, `#[repr(transparent)]`, or integer `#[repr(...)]` attribute to this enum
[INFO] [stderr]    = note: enum has no representation hint
[INFO] [stderr] 
[INFO] [stderr] warning: `extern` fn uses type `std::result::Result<TxStatus, errors::Error>`, which is not FFI-safe
[INFO] [stderr]   --> xchain-node-sdk/src/ocall.rs:48:6
[INFO] [stderr]    |
[INFO] [stderr] 48 | ) -> Result<xchain::TxStatus> {
[INFO] [stderr]    |      ^^^^^^^^^^^^^^^^^^^^^^^^ not FFI-safe
[INFO] [stderr]    |
[INFO] [stderr]    = help: consider adding a `#[repr(C)]`, `#[repr(transparent)]`, or integer `#[repr(...)]` attribute to this enum
[INFO] [stderr]    = note: enum has no representation hint
[INFO] [stderr] 
[INFO] [stderr] warning: `extern` fn uses type `InvokeRPCRequest`, which is not FFI-safe
[INFO] [stderr]      --> xchain-node-sdk/src/ocall.rs:57:10
[INFO] [stderr]       |
[INFO] [stderr] 57    |     req: xchain::InvokeRPCRequest,
[INFO] [stderr]       |          ^^^^^^^^^^^^^^^^^^^^^^^^ not FFI-safe
[INFO] [stderr]       |
[INFO] [stderr]       = help: consider adding a `#[repr(C)]` or `#[repr(transparent)]` attribute to this struct
[INFO] [stderr]       = note: this struct has unspecified layout
[INFO] [stderr] note: the type is defined here
[INFO] [stderr]      --> xchain-node-sdk/src/protos/xchain.rs:17618:1
[INFO] [stderr]       |
[INFO] [stderr] 17618 | pub struct InvokeRPCRequest {
[INFO] [stderr]       | ^^^^^^^^^^^^^^^^^^^^^^^^^^^
[INFO] [stderr] 
[INFO] [stderr] warning: `extern` fn uses type `std::result::Result<InvokeRPCResponse, errors::Error>`, which is not FFI-safe
[INFO] [stderr]   --> xchain-node-sdk/src/ocall.rs:58:6
[INFO] [stderr]    |
[INFO] [stderr] 58 | ) -> Result<xchain::InvokeRPCResponse> {
[INFO] [stderr]    |      ^^^^^^^^^^^^^^^^^^^^^^^^^^^^^^^^^ not FFI-safe
[INFO] [stderr]    |
[INFO] [stderr]    = help: consider adding a `#[repr(C)]`, `#[repr(transparent)]`, or integer `#[repr(...)]` attribute to this enum
[INFO] [stderr]    = note: enum has no representation hint
[INFO] [stderr] 
[INFO] [stderr] warning: `xchain_node_sdk` (lib) generated 7 warnings
[INFO] [stderr] warning: `xchain_node_sdk` (lib test) generated 7 warnings (7 duplicates)
[INFO] [stderr]     Finished test [unoptimized + debuginfo] target(s) in 0.11s
[INFO] [stderr] warning: the following packages contain code that will be rejected by a future version of Rust: rustc-serialize v0.3.24
[INFO] [stderr] note: to see what the problems were, use the option `--future-incompat-report`, or run `cargo report future-incompatibilities --id 2`
[INFO] [stderr]      Running unittests src/lib.rs (/opt/rustwide/target/debug/deps/xchain_crypto-83a9dc1dcf17a103)
[INFO] [stdout] 
[INFO] [stdout] running 67 tests
[INFO] [stdout] test account::json_key::test_json_public ... ok
[INFO] [stdout] test account::json_key::test_del_quote ... ok
[INFO] [stdout] test arithmetic::bigint::tests::test_elem_exp_consttime ... ok
[INFO] [stdout] test account::account::tests::test_create_account ... ok
[INFO] [stdout] test account::json_key::test_json_private ... ok
[INFO] [stdout] test arithmetic::bigint::tests::test_elem_squared ... ok
[INFO] [stdout] test arithmetic::bigint::tests::test_elem_reduced_once ... ok
[INFO] [stdout] test arithmetic::bigint::tests::test_public_exponent_debug ... ok
[INFO] [stdout] test account::account::tests::test_open_and_save_account ... ok
[INFO] [stdout] test bssl::tests::result::size_and_alignment ... ok
[INFO] [stdout] test c::tests::test_libc_compatible ... ok
[INFO] [stdout] test ec::suite_b::ecies::tests::test_aes ... ok
[INFO] [stdout] test ec::suite_b::ecies::tests::test_ecies ... ok
[INFO] [stdout] test ec::suite_b::ecdsa::digest_scalar::tests::test ... ok
[INFO] [stdout] test account::account::tests::test_check_account ... ok
[INFO] [stdout] test arithmetic::bigint::tests::test_elem_reduced ... ok
[INFO] [stdout] test ec::suite_b::ops::tests::p256_elem_neg_test ... ok
[INFO] [stdout] test ec::suite_b::ops::tests::p256_elem_mul_test ... ok
[INFO] [stdout] test ec::suite_b::ops::tests::p256_point_double_test ... ok
[INFO] [stdout] test ec::suite_b::ops::tests::p256_point_mul_serialized_test ... ok
[INFO] [stdout] test arithmetic::bigint::tests::test_modulus_debug ... ok
[INFO] [stdout] test bssl::tests::result::semantics ... ok
[INFO] [stdout] test arithmetic::bigint::tests::test_elem_mul ... ok
[INFO] [stdout] test ec::suite_b::ops::tests::p256_q_minus_n_plus_n_equals_0_test ... ok
[INFO] [stdout] test ec::suite_b::ops::tests::p256_point_sum_mixed_test ... ok
[INFO] [stdout] test ec::suite_b::ops::tests::p256_point_sum_test ... ok
[INFO] [stdout] test ec::suite_b::ops::tests::p256_point_mul_base_test ... ok
[INFO] [stdout] test arithmetic::bigint::tests::test_elem_mul ... ok
[INFO] [stdout] test ec::suite_b::ops::tests::p256_scalar_mul_test ... ok
[INFO] [stdout] test ec::suite_b::ops::tests::p256_scalar_square_test ... ok
[INFO] [stdout] test ec::suite_b::ops::tests::p256_elem_add_test ... ok
[INFO] [stdout] test ec::suite_b::ops::tests::p384_elem_mul_test ... ok
[INFO] [stdout] test ec::suite_b::ops::tests::p384_point_double_test ... ok
[INFO] [stdout] test ec::suite_b::ops::tests::p384_elem_div_by_2_test ... ok
[INFO] [stdout] test ec::suite_b::ops::tests::p384_elem_neg_test ... ok
[INFO] [stdout] test ec::suite_b::ops::tests::p384_q_minus_n_plus_n_equals_0_test ... ok
[INFO] [stdout] test ec::suite_b::ops::tests::p384_point_sum_test ... ok
[INFO] [stdout] test ec::suite_b::ops::tests::p384_scalar_mul_test ... ok
[INFO] [stdout] test ec::suite_b::public_key::tests::parse_uncompressed_point_test ... ok
[INFO] [stdout] test ec::suite_b::ops::tests::p256_scalar_inv_to_mont_zero_panic_test - should panic ... ok
[INFO] [stdout] test ec::suite_b::ops::tests::p384_scalar_inv_to_mont_zero_panic_test - should panic ... ok
[INFO] [stdout] test limb::tests::test_big_endian_from_limbs_same_length ... ok
[INFO] [stdout] test limb::tests::test_limbs_are_even ... ok
[INFO] [stdout] test ec::suite_b::ops::tests::p384_elem_add_test ... ok
[INFO] [stdout] test limb::tests::test_limbs_equal_limb ... ok
[INFO] [stdout] test limb::tests::test_big_endian_from_limbs_fewer_limbs - should panic ... ok
[INFO] [stdout] test limb::tests::test_limbs_minimal_bits ... ok
[INFO] [stdout] test limb::tests::test_parse_big_endian_and_pad_consttime ... ok
[INFO] [stdout] test sign::ecdsa::tests::test_public_sig ... ok
[INFO] [stdout] test ec::suite_b::ops::tests::p384_elem_sub_test ... ok
[INFO] [stdout] test limb::tests::test_limbs_are_zero ... ok
[INFO] [stdout] test limb::tests::test_limbs_less_than_limb_constant_time ... ok
[INFO] [stdout] test test::tests::first_err - should panic ... ok
[INFO] [stdout] test test::tests::first_panic - should panic ... ok
[INFO] [stdout] test test::tests::last_panic - should panic ... ok
[INFO] [stdout] test test::tests::middle_panic - should panic ... ok
[INFO] [stdout] test test::tests::one_err - should panic ... ok
[INFO] [stdout] test test::tests::middle_err - should panic ... ok
[INFO] [stdout] test test::tests::one_ok ... ok
[INFO] [stdout] test test::tests::syntax_error - should panic ... ok
[INFO] [stdout] test test::tests::one_panics - should panic ... ok
[INFO] [stdout] test sign::ecdsa::tests::test_sign ... ok
[INFO] [stdout] test sign::ecdsa::tests::test_seed_private_public ... ok
[INFO] [stdout] test test::tests::last_err - should panic ... ok
[INFO] [stdout] test ec::suite_b::ops::tests::p256_point_mul_test ... ok
[INFO] [stdout] test ec::suite_b::ops::tests::p384_point_mul_test ... ok
[INFO] [stdout] test ec::suite_b::ops::tests::p384_point_mul_base_test ... ok
[INFO] [stdout] 
[INFO] [stdout] test result: ok. 67 passed; 0 failed; 0 ignored; 0 measured; 0 filtered out; finished in 1.14s
[INFO] [stdout] 
[INFO] [stderr]      Running unittests src/lib.rs (/opt/rustwide/target/debug/deps/xchain_node_sdk-46464b85fc7dbd64)
[INFO] [stdout] 
[INFO] [stdout] running 0 tests
[INFO] [stdout] 
[INFO] [stdout] test result: ok. 0 passed; 0 failed; 0 ignored; 0 measured; 0 filtered out; finished in 0.00s
[INFO] [stdout] 
[INFO] [stderr]      Running unittests src/lib.rs (/opt/rustwide/target/debug/deps/xuper_client_sdk-61f5e57605158232)
[INFO] [stdout] 
[INFO] [stdout] running 4 tests
[INFO] [stdout] test wallet::tests::test_load_account ... ok
[INFO] [stdout] test contract::tests::test_query ... FAILED
[INFO] [stdout] test contract::tests::test_contract ... FAILED
[INFO] [stdout] test transfer::tests::test_transfer ... FAILED
[INFO] [stdout] 
[INFO] [stdout] failures:
[INFO] [stdout] 
[INFO] [stdout] ---- contract::tests::test_query stdout ----
[INFO] [stdout] thread 'contract::tests::test_query' panicked at 'called `Result::unwrap()` on an `Err` value: Http(ClientDied(None))', xchain-node-sdk/src/xchain.rs:93:45
[INFO] [stdout] stack backtrace:
[INFO] [stdout]    0:     0x55f690c40eba - std::backtrace_rs::backtrace::libunwind::trace::h2f05d0192276a8f6
[INFO] [stdout]                                at /rustc/1b7dd2252b99671ce5d1cb9664c5f8636329436d/library/std/src/../../backtrace/src/backtrace/libunwind.rs:93:5
[INFO] [stdout]    1:     0x55f690c40eba - std::backtrace_rs::backtrace::trace_unsynchronized::hedc23dff7a1af150
[INFO] [stdout]                                at /rustc/1b7dd2252b99671ce5d1cb9664c5f8636329436d/library/std/src/../../backtrace/src/backtrace/mod.rs:66:5
[INFO] [stdout]    2:     0x55f690c40eba - std::sys_common::backtrace::_print_fmt::h17541ef7592f3ce2
[INFO] [stdout]                                at /rustc/1b7dd2252b99671ce5d1cb9664c5f8636329436d/library/std/src/sys_common/backtrace.rs:65:5
[INFO] [stdout]    3:     0x55f690c40eba - <std::sys_common::backtrace::_print::DisplayBacktrace as core::fmt::Display>::fmt::h20f75df5ab0c0792
[INFO] [stdout]                                at /rustc/1b7dd2252b99671ce5d1cb9664c5f8636329436d/library/std/src/sys_common/backtrace.rs:44:22
[INFO] [stdout]    4:     0x55f690c69e5f - core::fmt::write::h78109e6f466b3af6
[INFO] [stdout]                                at /rustc/1b7dd2252b99671ce5d1cb9664c5f8636329436d/library/core/src/fmt/mod.rs:1254:17
[INFO] [stdout]    5:     0x55f690c3d405 - std::io::Write::write_fmt::hd24bfb68a1b35a25
[INFO] [stdout]                                at /rustc/1b7dd2252b99671ce5d1cb9664c5f8636329436d/library/std/src/io/mod.rs:1698:15
[INFO] [stdout]    6:     0x55f690c40c85 - std::sys_common::backtrace::_print::h8dac57a9f8fbf9a5
[INFO] [stdout]                                at /rustc/1b7dd2252b99671ce5d1cb9664c5f8636329436d/library/std/src/sys_common/backtrace.rs:47:5
[INFO] [stdout]    7:     0x55f690c40c85 - std::sys_common::backtrace::print::hf9ecbf41d1aa712f
[INFO] [stdout]                                at /rustc/1b7dd2252b99671ce5d1cb9664c5f8636329436d/library/std/src/sys_common/backtrace.rs:34:9
[INFO] [stdout]    8:     0x55f690c4293e - std::panicking::default_hook::{{closure}}::h04c07acfc84ca028
[INFO] [stdout]                                at /rustc/1b7dd2252b99671ce5d1cb9664c5f8636329436d/library/std/src/panicking.rs:269:22
[INFO] [stdout]    9:     0x55f690c42671 - std::panicking::default_hook::h01f6bb23e1eceb2c
[INFO] [stdout]                                at /rustc/1b7dd2252b99671ce5d1cb9664c5f8636329436d/library/std/src/panicking.rs:285:9
[INFO] [stdout]   10:     0x55f69063399b - <alloc::boxed::Box<F,A> as core::ops::function::Fn<Args>>::call::h87fe9f7b2fd49e4c
[INFO] [stdout]                                at /rustc/1b7dd2252b99671ce5d1cb9664c5f8636329436d/library/alloc/src/boxed.rs:1987:9
[INFO] [stdout]   11:     0x55f69063399b - test::test_main::{{closure}}::he94d679243a7531b
[INFO] [stdout]                                at /rustc/1b7dd2252b99671ce5d1cb9664c5f8636329436d/library/test/src/lib.rs:134:21
[INFO] [stdout]   12:     0x55f690c43024 - <alloc::boxed::Box<F,A> as core::ops::function::Fn<Args>>::call::h3f2d6d8b14c4769f
[INFO] [stdout]                                at /rustc/1b7dd2252b99671ce5d1cb9664c5f8636329436d/library/alloc/src/boxed.rs:1987:9
[INFO] [stdout]   13:     0x55f690c43024 - std::panicking::rust_panic_with_hook::h2bb3722bbaf2f6df
[INFO] [stdout]                                at /rustc/1b7dd2252b99671ce5d1cb9664c5f8636329436d/library/std/src/panicking.rs:695:13
[INFO] [stdout]   14:     0x55f690c42d99 - std::panicking::begin_panic_handler::{{closure}}::h91bc7f36a4be011b
[INFO] [stdout]                                at /rustc/1b7dd2252b99671ce5d1cb9664c5f8636329436d/library/std/src/panicking.rs:582:13
[INFO] [stdout]   15:     0x55f690c41326 - std::sys_common::backtrace::__rust_end_short_backtrace::h8b3d3717114f9e59
[INFO] [stdout]                                at /rustc/1b7dd2252b99671ce5d1cb9664c5f8636329436d/library/std/src/sys_common/backtrace.rs:150:18
[INFO] [stdout]   16:     0x55f690c42af2 - rust_begin_unwind
[INFO] [stdout]                                at /rustc/1b7dd2252b99671ce5d1cb9664c5f8636329436d/library/std/src/panicking.rs:578:5
[INFO] [stdout]   17:     0x55f6905852c3 - core::panicking::panic_fmt::hfd368e3fbdabea26
[INFO] [stdout]                                at /rustc/1b7dd2252b99671ce5d1cb9664c5f8636329436d/library/core/src/panicking.rs:67:14
[INFO] [stdout]   18:     0x55f690585863 - core::result::unwrap_failed::he54eb4b2f125b26f
[INFO] [stdout]                                at /rustc/1b7dd2252b99671ce5d1cb9664c5f8636329436d/library/core/src/result.rs:1687:5
[INFO] [stdout]   19:     0x55f6906f28af - core::result::Result<T,E>::unwrap::h032c778ea2dff159
[INFO] [stdout]                                at /rustc/1b7dd2252b99671ce5d1cb9664c5f8636329436d/library/core/src/result.rs:1089:23
[INFO] [stdout]   20:     0x55f69070568d - xchain_node_sdk::xchain::XChainClient::pre_exec::h9b763f63847a018b
[INFO] [stdout]                                at /opt/rustwide/workdir/xchain-node-sdk/src/xchain.rs:93:20
[INFO] [stdout]   21:     0x55f69073122a - ocall_xchain_pre_exec
[INFO] [stdout]                                at /opt/rustwide/workdir/xchain-node-sdk/src/ocall.rs:62:5
[INFO] [stdout]   22:     0x55f6905fd657 - xuper_client_sdk::contract::query_contract::hc853fc30cb54fc48
[INFO] [stdout]                                at /opt/rustwide/workdir/xchain-client-sdk/src/contract.rs:129:5
[INFO] [stdout]   23:     0x55f6905fa28c - xuper_client_sdk::contract::tests::test_query::h96a42de16e727b0f
[INFO] [stdout]                                at /opt/rustwide/workdir/xchain-client-sdk/src/contract.rs:191:20
[INFO] [stdout]   24:     0x55f6905f9be7 - xuper_client_sdk::contract::tests::test_query::{{closure}}::h5dd3d88f180ca180
[INFO] [stdout]                                at /opt/rustwide/workdir/xchain-client-sdk/src/contract.rs:173:21
[INFO] [stdout]   25:     0x55f6905d0a55 - core::ops::function::FnOnce::call_once::h543473d69f38c5ec
[INFO] [stdout]                                at /rustc/1b7dd2252b99671ce5d1cb9664c5f8636329436d/library/core/src/ops/function.rs:250:5
[INFO] [stdout]   26:     0x55f69063886f - core::ops::function::FnOnce::call_once::ha6a70e79f7481a7e
[INFO] [stdout]                                at /rustc/1b7dd2252b99671ce5d1cb9664c5f8636329436d/library/core/src/ops/function.rs:250:5
[INFO] [stdout]   27:     0x55f69063886f - test::__rust_begin_short_backtrace::hce33033019b61e69
[INFO] [stdout]                                at /rustc/1b7dd2252b99671ce5d1cb9664c5f8636329436d/library/test/src/lib.rs:655:18
[INFO] [stdout]   28:     0x55f69060605c - test::run_test::{{closure}}::h858d3528838ae3e5
[INFO] [stdout]                                at /rustc/1b7dd2252b99671ce5d1cb9664c5f8636329436d/library/test/src/lib.rs:646:30
[INFO] [stdout]   29:     0x55f69060605c - core::ops::function::FnOnce::call_once{{vtable.shim}}::he8ac2b00f01ae79e
[INFO] [stdout]                                at /rustc/1b7dd2252b99671ce5d1cb9664c5f8636329436d/library/core/src/ops/function.rs:250:5
[INFO] [stdout]   30:     0x55f690637946 - <alloc::boxed::Box<F,A> as core::ops::function::FnOnce<Args>>::call_once::h8093d25b522725ef
[INFO] [stdout]                                at /rustc/1b7dd2252b99671ce5d1cb9664c5f8636329436d/library/alloc/src/boxed.rs:1973:9
[INFO] [stdout]   31:     0x55f690637946 - <core::panic::unwind_safe::AssertUnwindSafe<F> as core::ops::function::FnOnce<()>>::call_once::h5c334c204e4a3913
[INFO] [stdout]                                at /rustc/1b7dd2252b99671ce5d1cb9664c5f8636329436d/library/core/src/panic/unwind_safe.rs:271:9
[INFO] [stdout]   32:     0x55f690637946 - std::panicking::try::do_call::ha8b740c7b9478074
[INFO] [stdout]                                at /rustc/1b7dd2252b99671ce5d1cb9664c5f8636329436d/library/std/src/panicking.rs:485:40
[INFO] [stdout]   33:     0x55f690637946 - std::panicking::try::h5d34f63d0e41b64e
[INFO] [stdout]                                at /rustc/1b7dd2252b99671ce5d1cb9664c5f8636329436d/library/std/src/panicking.rs:449:19
[INFO] [stdout]   34:     0x55f690637946 - std::panic::catch_unwind::hcfbb511e1aa7fc67
[INFO] [stdout]                                at /rustc/1b7dd2252b99671ce5d1cb9664c5f8636329436d/library/std/src/panic.rs:140:14
[INFO] [stdout]   35:     0x55f690637946 - test::run_test_in_process::h9abda90f802eaf21
[INFO] [stdout]                                at /rustc/1b7dd2252b99671ce5d1cb9664c5f8636329436d/library/test/src/lib.rs:678:27
[INFO] [stdout]   36:     0x55f690637946 - test::run_test::run_test_inner::{{closure}}::h0f058de91f6c6edf
[INFO] [stdout]                                at /rustc/1b7dd2252b99671ce5d1cb9664c5f8636329436d/library/test/src/lib.rs:572:39
[INFO] [stdout]   37:     0x55f690600865 - test::run_test::run_test_inner::{{closure}}::h5ca48a4c59c6c1fb
[INFO] [stdout]                                at /rustc/1b7dd2252b99671ce5d1cb9664c5f8636329436d/library/test/src/lib.rs:599:37
[INFO] [stdout]   38:     0x55f690600865 - std::sys_common::backtrace::__rust_begin_short_backtrace::h32bd51e1495d4a33
[INFO] [stdout]                                at /rustc/1b7dd2252b99671ce5d1cb9664c5f8636329436d/library/std/src/sys_common/backtrace.rs:134:18
[INFO] [stdout]   39:     0x55f690605da1 - std::thread::Builder::spawn_unchecked_::{{closure}}::{{closure}}::hc086fae9b128b2db
[INFO] [stdout]                                at /rustc/1b7dd2252b99671ce5d1cb9664c5f8636329436d/library/std/src/thread/mod.rs:526:17
[INFO] [stdout]   40:     0x55f690605da1 - <core::panic::unwind_safe::AssertUnwindSafe<F> as core::ops::function::FnOnce<()>>::call_once::hb66571888d270d43
[INFO] [stdout]                                at /rustc/1b7dd2252b99671ce5d1cb9664c5f8636329436d/library/core/src/panic/unwind_safe.rs:271:9
[INFO] [stdout]   41:     0x55f690605da1 - std::panicking::try::do_call::h4fa2ef4f6e51fecf
[INFO] [stdout]                                at /rustc/1b7dd2252b99671ce5d1cb9664c5f8636329436d/library/std/src/panicking.rs:485:40
[INFO] [stdout]   42:     0x55f690605da1 - std::panicking::try::h1e9e22b8584489b5
[INFO] [stdout]                                at /rustc/1b7dd2252b99671ce5d1cb9664c5f8636329436d/library/std/src/panicking.rs:449:19
[INFO] [stdout]   43:     0x55f690605da1 - std::panic::catch_unwind::h44698a3de0e0769e
[INFO] [stdout]                                at /rustc/1b7dd2252b99671ce5d1cb9664c5f8636329436d/library/std/src/panic.rs:140:14
[INFO] [stdout]   44:     0x55f690605da1 - std::thread::Builder::spawn_unchecked_::{{closure}}::h50153abde3fe239e
[INFO] [stdout]                                at /rustc/1b7dd2252b99671ce5d1cb9664c5f8636329436d/library/std/src/thread/mod.rs:525:30
[INFO] [stdout]   45:     0x55f690605da1 - core::ops::function::FnOnce::call_once{{vtable.shim}}::hbe5bbf6f38394364
[INFO] [stdout]                                at /rustc/1b7dd2252b99671ce5d1cb9664c5f8636329436d/library/core/src/ops/function.rs:250:5
[INFO] [stdout]   46:     0x55f690c47575 - <alloc::boxed::Box<F,A> as core::ops::function::FnOnce<Args>>::call_once::h0d83cb2920a49046
[INFO] [stdout]                                at /rustc/1b7dd2252b99671ce5d1cb9664c5f8636329436d/library/alloc/src/boxed.rs:1973:9
[INFO] [stdout]   47:     0x55f690c47575 - <alloc::boxed::Box<F,A> as core::ops::function::FnOnce<Args>>::call_once::hbe0a008aa7d9ef59
[INFO] [stdout]                                at /rustc/1b7dd2252b99671ce5d1cb9664c5f8636329436d/library/alloc/src/boxed.rs:1973:9
[INFO] [stdout]   48:     0x55f690c47575 - std::sys::unix::thread::Thread::new::thread_start::h3a466996bdf6b1f9
[INFO] [stdout]                                at /rustc/1b7dd2252b99671ce5d1cb9664c5f8636329436d/library/std/src/sys/unix/thread.rs:108:17
[INFO] [stdout]   49:     0x7f1c7f703b43 - <unknown>
[INFO] [stdout]   50:     0x7f1c7f794bb4 - __clone
[INFO] [stdout]   51:                0x0 - <unknown>
[INFO] [stdout] 
[INFO] [stdout] ---- contract::tests::test_contract stdout ----
[INFO] [stdout] contract txid: Err(Custom { kind: ParseError, error: Http(ClientDied(None)) })
[INFO] [stdout] thread 'contract::tests::test_contract' panicked at 'assertion failed: `(left == right)`
[INFO] [stdout]   left: `false`,
[INFO] [stdout]  right: `true`', xchain-client-sdk/src/contract.rs:162:9
[INFO] [stdout] stack backtrace:
[INFO] [stdout]    0:     0x55f690c40eba - std::backtrace_rs::backtrace::libunwind::trace::h2f05d0192276a8f6
[INFO] [stdout]                                at /rustc/1b7dd2252b99671ce5d1cb9664c5f8636329436d/library/std/src/../../backtrace/src/backtrace/libunwind.rs:93:5
[INFO] [stdout]    1:     0x55f690c40eba - std::backtrace_rs::backtrace::trace_unsynchronized::hedc23dff7a1af150
[INFO] [stdout]                                at /rustc/1b7dd2252b99671ce5d1cb9664c5f8636329436d/library/std/src/../../backtrace/src/backtrace/mod.rs:66:5
[INFO] [stdout]    2:     0x55f690c40eba - std::sys_common::backtrace::_print_fmt::h17541ef7592f3ce2
[INFO] [stdout]                                at /rustc/1b7dd2252b99671ce5d1cb9664c5f8636329436d/library/std/src/sys_common/backtrace.rs:65:5
[INFO] [stdout]    3:     0x55f690c40eba - <std::sys_common::backtrace::_print::DisplayBacktrace as core::fmt::Display>::fmt::h20f75df5ab0c0792
[INFO] [stdout]                                at /rustc/1b7dd2252b99671ce5d1cb9664c5f8636329436d/library/std/src/sys_common/backtrace.rs:44:22
[INFO] [stdout]    4:     0x55f690c69e5f - core::fmt::write::h78109e6f466b3af6
[INFO] [stdout]                                at /rustc/1b7dd2252b99671ce5d1cb9664c5f8636329436d/library/core/src/fmt/mod.rs:1254:17
[INFO] [stdout]    5:     0x55f690c3d405 - std::io::Write::write_fmt::hd24bfb68a1b35a25
[INFO] [stdout]                                at /rustc/1b7dd2252b99671ce5d1cb9664c5f8636329436d/library/std/src/io/mod.rs:1698:15
[INFO] [stdout]    6:     0x55f690c40c85 - std::sys_common::backtrace::_print::h8dac57a9f8fbf9a5
[INFO] [stdout]                                at /rustc/1b7dd2252b99671ce5d1cb9664c5f8636329436d/library/std/src/sys_common/backtrace.rs:47:5
[INFO] [stdout]    7:     0x55f690c40c85 - std::sys_common::backtrace::print::hf9ecbf41d1aa712f
[INFO] [stdout]                                at /rustc/1b7dd2252b99671ce5d1cb9664c5f8636329436d/library/std/src/sys_common/backtrace.rs:34:9
[INFO] [stdout]    8:     0x55f690c4293e - std::panicking::default_hook::{{closure}}::h04c07acfc84ca028
[INFO] [stdout]                                at /rustc/1b7dd2252b99671ce5d1cb9664c5f8636329436d/library/std/src/panicking.rs:269:22
[INFO] [stdout]    9:     0x55f690c42671 - std::panicking::default_hook::h01f6bb23e1eceb2c
[INFO] [stdout]                                at /rustc/1b7dd2252b99671ce5d1cb9664c5f8636329436d/library/std/src/panicking.rs:285:9
[INFO] [stdout]   10:     0x55f69063399b - <alloc::boxed::Box<F,A> as core::ops::function::Fn<Args>>::call::h87fe9f7b2fd49e4c
[INFO] [stdout]                                at /rustc/1b7dd2252b99671ce5d1cb9664c5f8636329436d/library/alloc/src/boxed.rs:1987:9
[INFO] [stdout]   11:     0x55f69063399b - test::test_main::{{closure}}::he94d679243a7531b
[INFO] [stdout]                                at /rustc/1b7dd2252b99671ce5d1cb9664c5f8636329436d/library/test/src/lib.rs:134:21
[INFO] [stdout]   12:     0x55f690c43024 - <alloc::boxed::Box<F,A> as core::ops::function::Fn<Args>>::call::h3f2d6d8b14c4769f
[INFO] [stdout]                                at /rustc/1b7dd2252b99671ce5d1cb9664c5f8636329436d/library/alloc/src/boxed.rs:1987:9
[INFO] [stdout]   13:     0x55f690c43024 - std::panicking::rust_panic_with_hook::h2bb3722bbaf2f6df
[INFO] [stdout]                                at /rustc/1b7dd2252b99671ce5d1cb9664c5f8636329436d/library/std/src/panicking.rs:695:13
[INFO] [stdout]   14:     0x55f690c42d99 - std::panicking::begin_panic_handler::{{closure}}::h91bc7f36a4be011b
[INFO] [stdout]                                at /rustc/1b7dd2252b99671ce5d1cb9664c5f8636329436d/library/std/src/panicking.rs:582:13
[INFO] [stdout]   15:     0x55f690c41326 - std::sys_common::backtrace::__rust_end_short_backtrace::h8b3d3717114f9e59
[INFO] [stdout]                                at /rustc/1b7dd2252b99671ce5d1cb9664c5f8636329436d/library/std/src/sys_common/backtrace.rs:150:18
[INFO] [stdout]   16:     0x55f690c42af2 - rust_begin_unwind
[INFO] [stdout]                                at /rustc/1b7dd2252b99671ce5d1cb9664c5f8636329436d/library/std/src/panicking.rs:578:5
[INFO] [stdout]   17:     0x55f6905852c3 - core::panicking::panic_fmt::hfd368e3fbdabea26
[INFO] [stdout]                                at /rustc/1b7dd2252b99671ce5d1cb9664c5f8636329436d/library/core/src/panicking.rs:67:14
[INFO] [stdout]   18:     0x55f6905856ef - core::panicking::assert_failed_inner::haef49168e1798a91
[INFO] [stdout]   19:     0x55f690a6723a - core::panicking::assert_failed::h2dff7402d5004577
[INFO] [stdout]                                at /rustc/1b7dd2252b99671ce5d1cb9664c5f8636329436d/library/core/src/panicking.rs:228:5
[INFO] [stdout]   20:     0x55f6905f9875 - xuper_client_sdk::contract::tests::test_contract::hbde3354e66a74dbe
[INFO] [stdout]                                at /opt/rustwide/workdir/xchain-client-sdk/src/contract.rs:162:9
[INFO] [stdout]   21:     0x55f6905f9037 - xuper_client_sdk::contract::tests::test_contract::{{closure}}::hf821c68c378eb4ab
[INFO] [stdout]                                at /opt/rustwide/workdir/xchain-client-sdk/src/contract.rs:140:24
[INFO] [stdout]   22:     0x55f6905d0de5 - core::ops::function::FnOnce::call_once::hdb64ed019e8f6b30
[INFO] [stdout]                                at /rustc/1b7dd2252b99671ce5d1cb9664c5f8636329436d/library/core/src/ops/function.rs:250:5
[INFO] [stdout]   23:     0x55f69063886f - core::ops::function::FnOnce::call_once::ha6a70e79f7481a7e
[INFO] [stdout]                                at /rustc/1b7dd2252b99671ce5d1cb9664c5f8636329436d/library/core/src/ops/function.rs:250:5
[INFO] [stdout]   24:     0x55f69063886f - test::__rust_begin_short_backtrace::hce33033019b61e69
[INFO] [stdout]                                at /rustc/1b7dd2252b99671ce5d1cb9664c5f8636329436d/library/test/src/lib.rs:655:18
[INFO] [stdout]   25:     0x55f69060605c - test::run_test::{{closure}}::h858d3528838ae3e5
[INFO] [stdout]                                at /rustc/1b7dd2252b99671ce5d1cb9664c5f8636329436d/library/test/src/lib.rs:646:30
[INFO] [stdout]   26:     0x55f69060605c - core::ops::function::FnOnce::call_once{{vtable.shim}}::he8ac2b00f01ae79e
[INFO] [stdout]                                at /rustc/1b7dd2252b99671ce5d1cb9664c5f8636329436d/library/core/src/ops/function.rs:250:5
[INFO] [stdout]   27:     0x55f690637946 - <alloc::boxed::Box<F,A> as core::ops::function::FnOnce<Args>>::call_once::h8093d25b522725ef
[INFO] [stdout]                                at /rustc/1b7dd2252b99671ce5d1cb9664c5f8636329436d/library/alloc/src/boxed.rs:1973:9
[INFO] [stdout]   28:     0x55f690637946 - <core::panic::unwind_safe::AssertUnwindSafe<F> as core::ops::function::FnOnce<()>>::call_once::h5c334c204e4a3913
[INFO] [stdout]                                at /rustc/1b7dd2252b99671ce5d1cb9664c5f8636329436d/library/core/src/panic/unwind_safe.rs:271:9
[INFO] [stdout]   29:     0x55f690637946 - std::panicking::try::do_call::ha8b740c7b9478074
[INFO] [stdout]                                at /rustc/1b7dd2252b99671ce5d1cb9664c5f8636329436d/library/std/src/panicking.rs:485:40
[INFO] [stdout]   30:     0x55f690637946 - std::panicking::try::h5d34f63d0e41b64e
[INFO] [stdout]                                at /rustc/1b7dd2252b99671ce5d1cb9664c5f8636329436d/library/std/src/panicking.rs:449:19
[INFO] [stdout]   31:     0x55f690637946 - std::panic::catch_unwind::hcfbb511e1aa7fc67
[INFO] [stdout]                                at /rustc/1b7dd2252b99671ce5d1cb9664c5f8636329436d/library/std/src/panic.rs:140:14
[INFO] [stdout]   32:     0x55f690637946 - test::run_test_in_process::h9abda90f802eaf21
[INFO] [stdout]                                at /rustc/1b7dd2252b99671ce5d1cb9664c5f8636329436d/library/test/src/lib.rs:678:27
[INFO] [stdout]   33:     0x55f690637946 - test::run_test::run_test_inner::{{closure}}::h0f058de91f6c6edf
[INFO] [stdout]                                at /rustc/1b7dd2252b99671ce5d1cb9664c5f8636329436d/library/test/src/lib.rs:572:39
[INFO] [stdout]   34:     0x55f690600865 - test::run_test::run_test_inner::{{closure}}::h5ca48a4c59c6c1fb
[INFO] [stdout]                                at /rustc/1b7dd2252b99671ce5d1cb9664c5f8636329436d/library/test/src/lib.rs:599:37
[INFO] [stdout]   35:     0x55f690600865 - std::sys_common::backtrace::__rust_begin_short_backtrace::h32bd51e1495d4a33
[INFO] [stdout]                                at /rustc/1b7dd2252b99671ce5d1cb9664c5f8636329436d/library/std/src/sys_common/backtrace.rs:134:18
[INFO] [stdout]   36:     0x55f690605da1 - std::thread::Builder::spawn_unchecked_::{{closure}}::{{closure}}::hc086fae9b128b2db
[INFO] [stdout]                                at /rustc/1b7dd2252b99671ce5d1cb9664c5f8636329436d/library/std/src/thread/mod.rs:526:17
[INFO] [stdout]   37:     0x55f690605da1 - <core::panic::unwind_safe::AssertUnwindSafe<F> as core::ops::function::FnOnce<()>>::call_once::hb66571888d270d43
[INFO] [stdout]                                at /rustc/1b7dd2252b99671ce5d1cb9664c5f8636329436d/library/core/src/panic/unwind_safe.rs:271:9
[INFO] [stdout]   38:     0x55f690605da1 - std::panicking::try::do_call::h4fa2ef4f6e51fecf
[INFO] [stdout]                                at /rustc/1b7dd2252b99671ce5d1cb9664c5f8636329436d/library/std/src/panicking.rs:485:40
[INFO] [stdout]   39:     0x55f690605da1 - std::panicking::try::h1e9e22b8584489b5
[INFO] [stdout]                                at /rustc/1b7dd2252b99671ce5d1cb9664c5f8636329436d/library/std/src/panicking.rs:449:19
[INFO] [stdout]   40:     0x55f690605da1 - std::panic::catch_unwind::h44698a3de0e0769e
[INFO] [stdout]                                at /rustc/1b7dd2252b99671ce5d1cb9664c5f8636329436d/library/std/src/panic.rs:140:14
[INFO] [stdout]   41:     0x55f690605da1 - std::thread::Builder::spawn_unchecked_::{{closure}}::h50153abde3fe239e
[INFO] [stdout]                                at /rustc/1b7dd2252b99671ce5d1cb9664c5f8636329436d/library/std/src/thread/mod.rs:525:30
[INFO] [stdout]   42:     0x55f690605da1 - core::ops::function::FnOnce::call_once{{vtable.shim}}::hbe5bbf6f38394364
[INFO] [stdout]                                at /rustc/1b7dd2252b99671ce5d1cb9664c5f8636329436d/library/core/src/ops/function.rs:250:5
[INFO] [stdout]   43:     0x55f690c47575 - <alloc::boxed::Box<F,A> as core::ops::function::FnOnce<Args>>::call_once::h0d83cb2920a49046
[INFO] [stdout]                                at /rustc/1b7dd2252b99671ce5d1cb9664c5f8636329436d/library/alloc/src/boxed.rs:1973:9
[INFO] [stdout]   44:     0x55f690c47575 - <alloc::boxed::Box<F,A> as core::ops::function::FnOnce<Args>>::call_once::hbe0a008aa7d9ef59
[INFO] [stdout]                                at /rustc/1b7dd2252b99671ce5d1cb9664c5f8636329436d/library/alloc/src/boxed.rs:1973:9
[INFO] [stdout]   45:     0x55f690c47575 - std::sys::unix::thread::Thread::new::thread_start::h3a466996bdf6b1f9
[INFO] [stdout]                                at /rustc/1b7dd2252b99671ce5d1cb9664c5f8636329436d/library/std/src/sys/unix/thread.rs:108:17
[INFO] [stdout]   46:     0x7f1c7f703b43 - <unknown>
[INFO] [stdout]   47:     0x7f1c7f794bb4 - __clone
[INFO] [stdout]   48:                0x0 - <unknown>
[INFO] [stdout] 
[INFO] [stdout] ---- transfer::tests::test_transfer stdout ----
[INFO] [stdout] transfer res: Err(Custom { kind: ParseError, error: Http(ClientDied(None)) })
[INFO] [stdout] thread 'transfer::tests::test_transfer' panicked at 'assertion failed: `(left == right)`
[INFO] [stdout]   left: `false`,
[INFO] [stdout]  right: `true`', xchain-client-sdk/src/transfer.rs:98:9
[INFO] [stdout] stack backtrace:
[INFO] [stdout]    0:     0x55f690c40eba - std::backtrace_rs::backtrace::libunwind::trace::h2f05d0192276a8f6
[INFO] [stdout]                                at /rustc/1b7dd2252b99671ce5d1cb9664c5f8636329436d/library/std/src/../../backtrace/src/backtrace/libunwind.rs:93:5
[INFO] [stdout]    1:     0x55f690c40eba - std::backtrace_rs::backtrace::trace_unsynchronized::hedc23dff7a1af150
[INFO] [stdout]                                at /rustc/1b7dd2252b99671ce5d1cb9664c5f8636329436d/library/std/src/../../backtrace/src/backtrace/mod.rs:66:5
[INFO] [stdout]    2:     0x55f690c40eba - std::sys_common::backtrace::_print_fmt::h17541ef7592f3ce2
[INFO] [stdout]                                at /rustc/1b7dd2252b99671ce5d1cb9664c5f8636329436d/library/std/src/sys_common/backtrace.rs:65:5
[INFO] [stdout]    3:     0x55f690c40eba - <std::sys_common::backtrace::_print::DisplayBacktrace as core::fmt::Display>::fmt::h20f75df5ab0c0792
[INFO] [stdout]                                at /rustc/1b7dd2252b99671ce5d1cb9664c5f8636329436d/library/std/src/sys_common/backtrace.rs:44:22
[INFO] [stdout]    4:     0x55f690c69e5f - core::fmt::write::h78109e6f466b3af6
[INFO] [stdout]                                at /rustc/1b7dd2252b99671ce5d1cb9664c5f8636329436d/library/core/src/fmt/mod.rs:1254:17
[INFO] [stdout]    5:     0x55f690c3d405 - std::io::Write::write_fmt::hd24bfb68a1b35a25
[INFO] [stdout]                                at /rustc/1b7dd2252b99671ce5d1cb9664c5f8636329436d/library/std/src/io/mod.rs:1698:15
[INFO] [stdout]    6:     0x55f690c40c85 - std::sys_common::backtrace::_print::h8dac57a9f8fbf9a5
[INFO] [stdout]                                at /rustc/1b7dd2252b99671ce5d1cb9664c5f8636329436d/library/std/src/sys_common/backtrace.rs:47:5
[INFO] [stdout]    7:     0x55f690c40c85 - std::sys_common::backtrace::print::hf9ecbf41d1aa712f
[INFO] [stdout]                                at /rustc/1b7dd2252b99671ce5d1cb9664c5f8636329436d/library/std/src/sys_common/backtrace.rs:34:9
[INFO] [stdout]    8:     0x55f690c4293e - std::panicking::default_hook::{{closure}}::h04c07acfc84ca028
[INFO] [stdout]                                at /rustc/1b7dd2252b99671ce5d1cb9664c5f8636329436d/library/std/src/panicking.rs:269:22
[INFO] [stdout]    9:     0x55f690c42671 - std::panicking::default_hook::h01f6bb23e1eceb2c
[INFO] [stdout]                                at /rustc/1b7dd2252b99671ce5d1cb9664c5f8636329436d/library/std/src/panicking.rs:285:9
[INFO] [stdout]   10:     0x55f69063399b - <alloc::boxed::Box<F,A> as core::ops::function::Fn<Args>>::call::h87fe9f7b2fd49e4c
[INFO] [stdout]                                at /rustc/1b7dd2252b99671ce5d1cb9664c5f8636329436d/library/alloc/src/boxed.rs:1987:9
[INFO] [stdout]   11:     0x55f69063399b - test::test_main::{{closure}}::he94d679243a7531b
[INFO] [stdout]                                at /rustc/1b7dd2252b99671ce5d1cb9664c5f8636329436d/library/test/src/lib.rs:134:21
[INFO] [stdout]   12:     0x55f690c43024 - <alloc::boxed::Box<F,A> as core::ops::function::Fn<Args>>::call::h3f2d6d8b14c4769f
[INFO] [stdout]                                at /rustc/1b7dd2252b99671ce5d1cb9664c5f8636329436d/library/alloc/src/boxed.rs:1987:9
[INFO] [stdout]   13:     0x55f690c43024 - std::panicking::rust_panic_with_hook::h2bb3722bbaf2f6df
[INFO] [stdout]                                at /rustc/1b7dd2252b99671ce5d1cb9664c5f8636329436d/library/std/src/panicking.rs:695:13
[INFO] [stdout]   14:     0x55f690c42d99 - std::panicking::begin_panic_handler::{{closure}}::h91bc7f36a4be011b
[INFO] [stdout]                                at /rustc/1b7dd2252b99671ce5d1cb9664c5f8636329436d/library/std/src/panicking.rs:582:13
[INFO] [stdout]   15:     0x55f690c41326 - std::sys_common::backtrace::__rust_end_short_backtrace::h8b3d3717114f9e59
[INFO] [stdout]                                at /rustc/1b7dd2252b99671ce5d1cb9664c5f8636329436d/library/std/src/sys_common/backtrace.rs:150:18
[INFO] [stdout]   16:     0x55f690c42af2 - rust_begin_unwind
[INFO] [stdout]                                at /rustc/1b7dd2252b99671ce5d1cb9664c5f8636329436d/library/std/src/panicking.rs:578:5
[INFO] [stdout]   17:     0x55f6905852c3 - core::panicking::panic_fmt::hfd368e3fbdabea26
[INFO] [stdout]                                at /rustc/1b7dd2252b99671ce5d1cb9664c5f8636329436d/library/core/src/panicking.rs:67:14
[INFO] [stdout]   18:     0x55f6905856ef - core::panicking::assert_failed_inner::haef49168e1798a91
[INFO] [stdout]   19:     0x55f690a6723a - core::panicking::assert_failed::h2dff7402d5004577
[INFO] [stdout]                                at /rustc/1b7dd2252b99671ce5d1cb9664c5f8636329436d/library/core/src/panicking.rs:228:5
[INFO] [stdout]   20:     0x55f6905f51e9 - xuper_client_sdk::transfer::tests::test_transfer::hac36196ee8dd876d
[INFO] [stdout]                                at /opt/rustwide/workdir/xchain-client-sdk/src/transfer.rs:98:9
[INFO] [stdout]   21:     0x55f6905f49e7 - xuper_client_sdk::transfer::tests::test_transfer::{{closure}}::h105a60366efe71d0
[INFO] [stdout]                                at /opt/rustwide/workdir/xchain-client-sdk/src/transfer.rs:77:24
[INFO] [stdout]   22:     0x55f6905d0e85 - core::ops::function::FnOnce::call_once::hecc703219b4f7fc7
[INFO] [stdout]                                at /rustc/1b7dd2252b99671ce5d1cb9664c5f8636329436d/library/core/src/ops/function.rs:250:5
[INFO] [stdout]   23:     0x55f69063886f - core::ops::function::FnOnce::call_once::ha6a70e79f7481a7e
[INFO] [stdout]                                at /rustc/1b7dd2252b99671ce5d1cb9664c5f8636329436d/library/core/src/ops/function.rs:250:5
[INFO] [stdout]   24:     0x55f69063886f - test::__rust_begin_short_backtrace::hce33033019b61e69
[INFO] [stdout]                                at /rustc/1b7dd2252b99671ce5d1cb9664c5f8636329436d/library/test/src/lib.rs:655:18
[INFO] [stdout]   25:     0x55f69060605c - test::run_test::{{closure}}::h858d3528838ae3e5
[INFO] [stdout]                                at /rustc/1b7dd2252b99671ce5d1cb9664c5f8636329436d/library/test/src/lib.rs:646:30
[INFO] [stdout]   26:     0x55f69060605c - core::ops::function::FnOnce::call_once{{vtable.shim}}::he8ac2b00f01ae79e
[INFO] [stdout]                                at /rustc/1b7dd2252b99671ce5d1cb9664c5f8636329436d/library/core/src/ops/function.rs:250:5
[INFO] [stdout]   27:     0x55f690637946 - <alloc::boxed::Box<F,A> as core::ops::function::FnOnce<Args>>::call_once::h8093d25b522725ef
[INFO] [stdout]                                at /rustc/1b7dd2252b99671ce5d1cb9664c5f8636329436d/library/alloc/src/boxed.rs:1973:9
[INFO] [stdout]   28:     0x55f690637946 - <core::panic::unwind_safe::AssertUnwindSafe<F> as core::ops::function::FnOnce<()>>::call_once::h5c334c204e4a3913
[INFO] [stdout]                                at /rustc/1b7dd2252b99671ce5d1cb9664c5f8636329436d/library/core/src/panic/unwind_safe.rs:271:9
[INFO] [stdout]   29:     0x55f690637946 - std::panicking::try::do_call::ha8b740c7b9478074
[INFO] [stdout]                                at /rustc/1b7dd2252b99671ce5d1cb9664c5f8636329436d/library/std/src/panicking.rs:485:40
[INFO] [stdout]   30:     0x55f690637946 - std::panicking::try::h5d34f63d0e41b64e
[INFO] [stdout]                                at /rustc/1b7dd2252b99671ce5d1cb9664c5f8636329436d/library/std/src/panicking.rs:449:19
[INFO] [stdout]   31:     0x55f690637946 - std::panic::catch_unwind::hcfbb511e1aa7fc67
[INFO] [stdout]                                at /rustc/1b7dd2252b99671ce5d1cb9664c5f8636329436d/library/std/src/panic.rs:140:14
[INFO] [stdout]   32:     0x55f690637946 - test::run_test_in_process::h9abda90f802eaf21
[INFO] [stdout]                                at /rustc/1b7dd2252b99671ce5d1cb9664c5f8636329436d/library/test/src/lib.rs:678:27
[INFO] [stdout]   33:     0x55f690637946 - test::run_test::run_test_inner::{{closure}}::h0f058de91f6c6edf
[INFO] [stdout]                                at /rustc/1b7dd2252b99671ce5d1cb9664c5f8636329436d/library/test/src/lib.rs:572:39
[INFO] [stdout]   34:     0x55f690600865 - test::run_test::run_test_inner::{{closure}}::h5ca48a4c59c6c1fb
[INFO] [stdout]                                at /rustc/1b7dd2252b99671ce5d1cb9664c5f8636329436d/library/test/src/lib.rs:599:37
[INFO] [stdout]   35:     0x55f690600865 - std::sys_common::backtrace::__rust_begin_short_backtrace::h32bd51e1495d4a33
[INFO] [stdout]                                at /rustc/1b7dd2252b99671ce5d1cb9664c5f8636329436d/library/std/src/sys_common/backtrace.rs:134:18
[INFO] [stdout]   36:     0x55f690605da1 - std::thread::Builder::spawn_unchecked_::{{closure}}::{{closure}}::hc086fae9b128b2db
[INFO] [stdout]                                at /rustc/1b7dd2252b99671ce5d1cb9664c5f8636329436d/library/std/src/thread/mod.rs:526:17
[INFO] [stdout]   37:     0x55f690605da1 - <core::panic::unwind_safe::AssertUnwindSafe<F> as core::ops::function::FnOnce<()>>::call_once::hb66571888d270d43
[INFO] [stdout]                                at /rustc/1b7dd2252b99671ce5d1cb9664c5f8636329436d/library/core/src/panic/unwind_safe.rs:271:9
[INFO] [stdout]   38:     0x55f690605da1 - std::panicking::try::do_call::h4fa2ef4f6e51fecf
[INFO] [stdout]                                at /rustc/1b7dd2252b99671ce5d1cb9664c5f8636329436d/library/std/src/panicking.rs:485:40
[INFO] [stdout]   39:     0x55f690605da1 - std::panicking::try::h1e9e22b8584489b5
[INFO] [stdout]                                at /rustc/1b7dd2252b99671ce5d1cb9664c5f8636329436d/library/std/src/panicking.rs:449:19
[INFO] [stdout]   40:     0x55f690605da1 - std::panic::catch_unwind::h44698a3de0e0769e
[INFO] [stdout]                                at /rustc/1b7dd2252b99671ce5d1cb9664c5f8636329436d/library/std/src/panic.rs:140:14
[INFO] [stdout]   41:     0x55f690605da1 - std::thread::Builder::spawn_unchecked_::{{closure}}::h50153abde3fe239e
[INFO] [stdout]                                at /rustc/1b7dd2252b99671ce5d1cb9664c5f8636329436d/library/std/src/thread/mod.rs:525:30
[INFO] [stdout]   42:     0x55f690605da1 - core::ops::function::FnOnce::call_once{{vtable.shim}}::hbe5bbf6f38394364
[INFO] [stdout]                                at /rustc/1b7dd2252b99671ce5d1cb9664c5f8636329436d/library/core/src/ops/function.rs:250:5
[INFO] [stdout]   43:     0x55f690c47575 - <alloc::boxed::Box<F,A> as core::ops::function::FnOnce<Args>>::call_once::h0d83cb2920a49046
[INFO] [stdout]                                at /rustc/1b7dd2252b99671ce5d1cb9664c5f8636329436d/library/alloc/src/boxed.rs:1973:9
[INFO] [stdout]   44:     0x55f690c47575 - <alloc::boxed::Box<F,A> as core::ops::function::FnOnce<Args>>::call_once::hbe0a008aa7d9ef59
[INFO] [stdout]                                at /rustc/1b7dd2252b99671ce5d1cb9664c5f8636329436d/library/alloc/src/boxed.rs:1973:9
[INFO] [stdout]   45:     0x55f690c47575 - std::sys::unix::thread::Thread::new::thread_start::h3a466996bdf6b1f9
[INFO] [stdout]                                at /rustc/1b7dd2252b99671ce5d1cb9664c5f8636329436d/library/std/src/sys/unix/thread.rs:108:17
[INFO] [stdout]   46:     0x7f1c7f703b43 - <unknown>
[INFO] [stdout]   47:     0x7f1c7f794bb4 - __clone
[INFO] [stdout]   48:                0x0 - <unknown>
[INFO] [stdout] 
[INFO] [stdout] 
[INFO] [stdout] failures:
[INFO] [stdout]     contract::tests::test_contract
[INFO] [stdout]     contract::tests::test_query
[INFO] [stdout]     transfer::tests::test_transfer
[INFO] [stdout] 
[INFO] [stdout] test result: FAILED. 1 passed; 3 failed; 0 ignored; 0 measured; 0 filtered out; finished in 0.09s
[INFO] [stdout] 
[INFO] [stderr] error: test failed, to rerun pass `-p xuper-client-sdk --lib`
[INFO] running `Command { std: "docker" "inspect" "dabdbdda2ba061a87a7aa8e0e549903be52146e926feff3d44b5fd85be2bcdf7", kill_on_drop: false }`
[INFO] running `Command { std: "docker" "rm" "-f" "dabdbdda2ba061a87a7aa8e0e549903be52146e926feff3d44b5fd85be2bcdf7", kill_on_drop: false }`
[INFO] [stdout] dabdbdda2ba061a87a7aa8e0e549903be52146e926feff3d44b5fd85be2bcdf7
