[INFO] cloning repository https://github.com/hello-wahyu/photoproduction-template
[INFO] running `Command { std: "git" "-c" "credential.helper=" "-c" "credential.helper=/workspace/cargo-home/bin/git-credential-null" "clone" "--bare" "https://github.com/hello-wahyu/photoproduction-template" "/workspace/cache/git-repos/https%3A%2F%2Fgithub.com%2Fhello-wahyu%2Fphotoproduction-template", kill_on_drop: false }`
[INFO] [stderr] Cloning into bare repository '/workspace/cache/git-repos/https%3A%2F%2Fgithub.com%2Fhello-wahyu%2Fphotoproduction-template'...
[INFO] running `Command { std: "git" "rev-parse" "HEAD", kill_on_drop: false }`
[INFO] [stdout] e935af131e7289d19c06a833e4fb0baafe891d51
[INFO] testing hello-wahyu/photoproduction-template against 1.69.0 for beta-1.70-1
[INFO] running `Command { std: "git" "clone" "/workspace/cache/git-repos/https%3A%2F%2Fgithub.com%2Fhello-wahyu%2Fphotoproduction-template" "/workspace/builds/worker-7-tc1/source", kill_on_drop: false }`
[INFO] [stderr] Cloning into '/workspace/builds/worker-7-tc1/source'...
[INFO] [stderr] done.
[INFO] validating manifest of git repo https://github.com/hello-wahyu/photoproduction-template on toolchain 1.69.0
[INFO] running `Command { std: CARGO_HOME="/workspace/cargo-home" RUSTUP_HOME="/workspace/rustup-home" "/workspace/cargo-home/bin/cargo" "+1.69.0" "metadata" "--manifest-path" "Cargo.toml" "--no-deps", kill_on_drop: false }`
[INFO] started tweaking git repo https://github.com/hello-wahyu/photoproduction-template
[INFO] finished tweaking git repo https://github.com/hello-wahyu/photoproduction-template
[INFO] tweaked toml for git repo https://github.com/hello-wahyu/photoproduction-template written to /workspace/builds/worker-7-tc1/source/Cargo.toml
[INFO] crate git repo https://github.com/hello-wahyu/photoproduction-template already has a lockfile, it will not be regenerated
[INFO] running `Command { std: CARGO_HOME="/workspace/cargo-home" RUSTUP_HOME="/workspace/rustup-home" "/workspace/cargo-home/bin/cargo" "+1.69.0" "fetch" "--manifest-path" "Cargo.toml", kill_on_drop: false }`
[INFO] [stderr]     Updating git repository `https://github.com/hello-wahyu/hep-framework`
[INFO] [stderr]  Downloading crates ...
[INFO] [stderr]   Downloaded unroll v0.1.5
[INFO] running `Command { std: "docker" "create" "-v" "/var/lib/crater-agent-workspace/builds/worker-7-tc1/target:/opt/rustwide/target:rw,Z" "-v" "/var/lib/crater-agent-workspace/builds/worker-7-tc1/source:/opt/rustwide/workdir:ro,Z" "-v" "/var/lib/crater-agent-workspace/cargo-home:/opt/rustwide/cargo-home:ro,Z" "-v" "/var/lib/crater-agent-workspace/rustup-home:/opt/rustwide/rustup-home:ro,Z" "-e" "SOURCE_DIR=/opt/rustwide/workdir" "-e" "CARGO_TARGET_DIR=/opt/rustwide/target" "-e" "CARGO_HOME=/opt/rustwide/cargo-home" "-e" "RUSTUP_HOME=/opt/rustwide/rustup-home" "-w" "/opt/rustwide/workdir" "-m" "1610612736" "--user" "0:0" "--network" "none" "ghcr.io/rust-lang/crates-build-env/linux@sha256:5ff2268d62e97bff2cde7d5815dd6ed5b47097566f13b8d0ca110b04b60e07ed" "/opt/rustwide/cargo-home/bin/cargo" "+1.69.0" "metadata" "--no-deps" "--format-version=1", kill_on_drop: false }`
[INFO] [stdout] c30afb2ed14f576cc74571ebd7a8a3b36b10d2a2f6635dd366e9e1cf94abb8f2
[INFO] running `Command { std: "docker" "start" "-a" "c30afb2ed14f576cc74571ebd7a8a3b36b10d2a2f6635dd366e9e1cf94abb8f2", kill_on_drop: false }`
[INFO] running `Command { std: "docker" "inspect" "c30afb2ed14f576cc74571ebd7a8a3b36b10d2a2f6635dd366e9e1cf94abb8f2", kill_on_drop: false }`
[INFO] running `Command { std: "docker" "rm" "-f" "c30afb2ed14f576cc74571ebd7a8a3b36b10d2a2f6635dd366e9e1cf94abb8f2", kill_on_drop: false }`
[INFO] [stdout] c30afb2ed14f576cc74571ebd7a8a3b36b10d2a2f6635dd366e9e1cf94abb8f2
[INFO] running `Command { std: "docker" "create" "-v" "/var/lib/crater-agent-workspace/builds/worker-7-tc1/target:/opt/rustwide/target:rw,Z" "-v" "/var/lib/crater-agent-workspace/builds/worker-7-tc1/source:/opt/rustwide/workdir:ro,Z" "-v" "/var/lib/crater-agent-workspace/cargo-home:/opt/rustwide/cargo-home:ro,Z" "-v" "/var/lib/crater-agent-workspace/rustup-home:/opt/rustwide/rustup-home:ro,Z" "-e" "SOURCE_DIR=/opt/rustwide/workdir" "-e" "CARGO_TARGET_DIR=/opt/rustwide/target" "-e" "CARGO_INCREMENTAL=0" "-e" "RUST_BACKTRACE=full" "-e" "RUSTFLAGS=--cap-lints=warn" "-e" "RUSTDOCFLAGS=--cap-lints=warn" "-e" "CARGO_HOME=/opt/rustwide/cargo-home" "-e" "RUSTUP_HOME=/opt/rustwide/rustup-home" "-w" "/opt/rustwide/workdir" "-m" "1610612736" "--user" "0:0" "--network" "none" "ghcr.io/rust-lang/crates-build-env/linux@sha256:5ff2268d62e97bff2cde7d5815dd6ed5b47097566f13b8d0ca110b04b60e07ed" "/opt/rustwide/cargo-home/bin/cargo" "+1.69.0" "build" "--frozen" "--message-format=json", kill_on_drop: false }`
[INFO] [stdout] 8a834ab1b9480b0710d2db62e73c408c6ab7e58832a04c14f8a8b8cd4586de07
[INFO] running `Command { std: "docker" "start" "-a" "8a834ab1b9480b0710d2db62e73c408c6ab7e58832a04c14f8a8b8cd4586de07", kill_on_drop: false }`
[INFO] [stderr]    Compiling proc-macro2 v1.0.26
[INFO] [stderr]    Compiling unicode-xid v0.2.1
[INFO] [stderr]    Compiling syn v1.0.71
[INFO] [stderr]    Compiling helper_macros v0.1.0 (/opt/rustwide/workdir/helper/macros)
[INFO] [stderr]    Compiling quote v1.0.9
[INFO] [stderr]    Compiling unroll v0.1.5
[INFO] [stderr]    Compiling hep-framework v0.5.0 (https://github.com/hello-wahyu/hep-framework?branch=main#cda4661e)
[INFO] [stderr]    Compiling photo_kaonstar v0.7.0 (/opt/rustwide/workdir/calc)
[INFO] [stderr]    Compiling calc_builder v0.1.0 (/opt/rustwide/workdir/helper/builder)
[INFO] [stderr]    Compiling compute v0.1.0 (/opt/rustwide/workdir/routines/compute)
[INFO] [stderr]     Finished dev [unoptimized + debuginfo] target(s) in 7.98s
[INFO] running `Command { std: "docker" "inspect" "8a834ab1b9480b0710d2db62e73c408c6ab7e58832a04c14f8a8b8cd4586de07", kill_on_drop: false }`
[INFO] running `Command { std: "docker" "rm" "-f" "8a834ab1b9480b0710d2db62e73c408c6ab7e58832a04c14f8a8b8cd4586de07", kill_on_drop: false }`
[INFO] [stdout] 8a834ab1b9480b0710d2db62e73c408c6ab7e58832a04c14f8a8b8cd4586de07
[INFO] running `Command { std: "docker" "create" "-v" "/var/lib/crater-agent-workspace/builds/worker-7-tc1/target:/opt/rustwide/target:rw,Z" "-v" "/var/lib/crater-agent-workspace/builds/worker-7-tc1/source:/opt/rustwide/workdir:ro,Z" "-v" "/var/lib/crater-agent-workspace/cargo-home:/opt/rustwide/cargo-home:ro,Z" "-v" "/var/lib/crater-agent-workspace/rustup-home:/opt/rustwide/rustup-home:ro,Z" "-e" "SOURCE_DIR=/opt/rustwide/workdir" "-e" "CARGO_TARGET_DIR=/opt/rustwide/target" "-e" "CARGO_INCREMENTAL=0" "-e" "RUST_BACKTRACE=full" "-e" "RUSTFLAGS=--cap-lints=warn" "-e" "RUSTDOCFLAGS=--cap-lints=warn" "-e" "CARGO_HOME=/opt/rustwide/cargo-home" "-e" "RUSTUP_HOME=/opt/rustwide/rustup-home" "-w" "/opt/rustwide/workdir" "-m" "1610612736" "--user" "0:0" "--network" "none" "ghcr.io/rust-lang/crates-build-env/linux@sha256:5ff2268d62e97bff2cde7d5815dd6ed5b47097566f13b8d0ca110b04b60e07ed" "/opt/rustwide/cargo-home/bin/cargo" "+1.69.0" "test" "--frozen" "--no-run" "--message-format=json", kill_on_drop: false }`
[INFO] [stdout] 501b8da06624b4f4acabc36a27c6708ad7f5ea82aa24541c33bfba41e153182f
[INFO] running `Command { std: "docker" "start" "-a" "501b8da06624b4f4acabc36a27c6708ad7f5ea82aa24541c33bfba41e153182f", kill_on_drop: false }`
[INFO] [stderr]    Compiling helper_macros v0.1.0 (/opt/rustwide/workdir/helper/macros)
[INFO] [stderr]    Compiling photo_kaonstar v0.7.0 (/opt/rustwide/workdir/calc)
[INFO] [stderr]    Compiling calc_builder v0.1.0 (/opt/rustwide/workdir/helper/builder)
[INFO] [stderr]    Compiling compute v0.1.0 (/opt/rustwide/workdir/routines/compute)
[INFO] [stderr]     Finished test [unoptimized + debuginfo] target(s) in 0.85s
[INFO] running `Command { std: "docker" "inspect" "501b8da06624b4f4acabc36a27c6708ad7f5ea82aa24541c33bfba41e153182f", kill_on_drop: false }`
[INFO] running `Command { std: "docker" "rm" "-f" "501b8da06624b4f4acabc36a27c6708ad7f5ea82aa24541c33bfba41e153182f", kill_on_drop: false }`
[INFO] [stdout] 501b8da06624b4f4acabc36a27c6708ad7f5ea82aa24541c33bfba41e153182f
[INFO] running `Command { std: "docker" "create" "-v" "/var/lib/crater-agent-workspace/builds/worker-7-tc1/target:/opt/rustwide/target:rw,Z" "-v" "/var/lib/crater-agent-workspace/builds/worker-7-tc1/source:/opt/rustwide/workdir:ro,Z" "-v" "/var/lib/crater-agent-workspace/cargo-home:/opt/rustwide/cargo-home:ro,Z" "-v" "/var/lib/crater-agent-workspace/rustup-home:/opt/rustwide/rustup-home:ro,Z" "-e" "SOURCE_DIR=/opt/rustwide/workdir" "-e" "CARGO_TARGET_DIR=/opt/rustwide/target" "-e" "CARGO_INCREMENTAL=0" "-e" "RUST_BACKTRACE=full" "-e" "RUSTFLAGS=--cap-lints=warn" "-e" "RUSTDOCFLAGS=--cap-lints=warn" "-e" "CARGO_HOME=/opt/rustwide/cargo-home" "-e" "RUSTUP_HOME=/opt/rustwide/rustup-home" "-w" "/opt/rustwide/workdir" "-m" "1610612736" "--user" "0:0" "--network" "none" "ghcr.io/rust-lang/crates-build-env/linux@sha256:5ff2268d62e97bff2cde7d5815dd6ed5b47097566f13b8d0ca110b04b60e07ed" "/opt/rustwide/cargo-home/bin/cargo" "+1.69.0" "test" "--frozen", kill_on_drop: false }`
[INFO] [stdout] 1805ce35b5785fcce796e1a0c1047c033989ac274a6eda214691ca943849b3ef
[INFO] running `Command { std: "docker" "start" "-a" "1805ce35b5785fcce796e1a0c1047c033989ac274a6eda214691ca943849b3ef", kill_on_drop: false }`
[INFO] [stderr]     Finished test [unoptimized + debuginfo] target(s) in 0.02s
[INFO] [stderr]      Running unittests src/lib.rs (/opt/rustwide/target/debug/deps/calc_builder-a9e7e6486fd81ee3)
[INFO] [stdout] 
[INFO] [stdout] running 0 tests
[INFO] [stdout] 
[INFO] [stdout] test result: ok. 0 passed; 0 failed; 0 ignored; 0 measured; 0 filtered out; finished in 0.00s
[INFO] [stdout] 
[INFO] [stderr]      Running unittests src/main.rs (/opt/rustwide/target/debug/deps/compute-89c49626079e5073)
[INFO] [stdout] 
[INFO] [stderr]      Running unittests src/lib.rs (/opt/rustwide/target/debug/deps/helper_macros-160ed306cb5099ed)
[INFO] [stdout] running 0 tests
[INFO] [stdout] 
[INFO] [stdout] test result: ok. 0 passed; 0 failed; 0 ignored; 0 measured; 0 filtered out; finished in 0.00s
[INFO] [stdout] 
[INFO] [stdout] 
[INFO] [stdout] running 0 tests
[INFO] [stdout] 
[INFO] [stdout] test result: ok. 0 passed; 0 failed; 0 ignored; 0 measured; 0 filtered out; finished in 0.00s
[INFO] [stdout] 
[INFO] [stderr]      Running unittests src/lib.rs (/opt/rustwide/target/debug/deps/photo_kaonstar-4651e5e422b0d1ba)
[INFO] [stdout] 
[INFO] [stdout] running 0 tests
[INFO] [stdout] 
[INFO] [stdout] test result: ok. 0 passed; 0 failed; 0 ignored; 0 measured; 0 filtered out; finished in 0.00s
[INFO] [stdout] 
[INFO] [stderr]    Doc-tests calc_builder
[INFO] [stdout] 
[INFO] [stderr]    Doc-tests helper_macros
[INFO] [stdout] running 0 tests
[INFO] [stdout] 
[INFO] [stdout] test result: ok. 0 passed; 0 failed; 0 ignored; 0 measured; 0 filtered out; finished in 0.00s
[INFO] [stdout] 
[INFO] [stdout] 
[INFO] [stdout] running 4 tests
[INFO] [stdout] test src/lib.rs - for_each (line 10) ... FAILED
[INFO] [stdout] test src/lib.rs - for_eachs (line 41) ... FAILED
[INFO] [stdout] test src/lib.rs - for_eachs (line 37) ... FAILED
[INFO] [stdout] test src/lib.rs - for_each (line 6) ... FAILED
[INFO] [stdout] 
[INFO] [stderr] error: doctest failed, to rerun pass `-p helper_macros --doc`
[INFO] [stdout] failures:
[INFO] [stdout] 
[INFO] [stdout] ---- src/lib.rs - for_each (line 10) stdout ----
[INFO] [stdout] error[E0425]: cannot find value `n` in this scope
[INFO] [stdout]  --> src/lib.rs:11:13
[INFO] [stdout]   |
[INFO] [stdout] 3 | for a in 0..n {
[INFO] [stdout]   |             ^ not found in this scope
[INFO] [stdout]   |
[INFO] [stdout] help: you might have meant to write `.` instead of `..`
[INFO] [stdout]   |
[INFO] [stdout] 3 - for a in 0..n {
[INFO] [stdout] 3 + for a in 0.n {
[INFO] [stdout]   |
[INFO] [stdout] 
[INFO] [stdout] error[E0425]: cannot find value `n` in this scope
[INFO] [stdout]  --> src/lib.rs:12:17
[INFO] [stdout]   |
[INFO] [stdout] 4 |     for b in 0..n {
[INFO] [stdout]   |                 ^
[INFO] [stdout]   |
[INFO] [stdout] help: a local variable with a similar name exists
[INFO] [stdout]   |
[INFO] [stdout] 4 |     for b in 0..a {
[INFO] [stdout]   |                 ~
[INFO] [stdout] help: you might have meant to write `.` instead of `..`
[INFO] [stdout]   |
[INFO] [stdout] 4 -     for b in 0..n {
[INFO] [stdout] 4 +     for b in 0.n {
[INFO] [stdout]   |
[INFO] [stdout] 
[INFO] [stdout] error[E0425]: cannot find function `do_something` in this scope
[INFO] [stdout]  --> src/lib.rs:14:13
[INFO] [stdout]   |
[INFO] [stdout] 6 |             do_something()
[INFO] [stdout]   |             ^^^^^^^^^^^^ not found in this scope
[INFO] [stdout] 
[INFO] [stdout] error: aborting due to 3 previous errors
[INFO] [stdout] 
[INFO] [stdout] For more information about this error, try `rustc --explain E0425`.
[INFO] [stdout] Couldn't compile the test.
[INFO] [stdout] ---- src/lib.rs - for_eachs (line 41) stdout ----
[INFO] [stdout] error[E0425]: cannot find value `n1` in this scope
[INFO] [stdout]  --> src/lib.rs:42:13
[INFO] [stdout]   |
[INFO] [stdout] 3 | for a in 0..n1 {
[INFO] [stdout]   |             ^^ not found in this scope
[INFO] [stdout]   |
[INFO] [stdout] help: you might have meant to write `.` instead of `..`
[INFO] [stdout]   |
[INFO] [stdout] 3 - for a in 0..n1 {
[INFO] [stdout] 3 + for a in 0.n1 {
[INFO] [stdout]   |
[INFO] [stdout] 
[INFO] [stdout] error[E0425]: cannot find value `n2` in this scope
[INFO] [stdout]  --> src/lib.rs:43:17
[INFO] [stdout]   |
[INFO] [stdout] 4 |     for b in 0..n2 {
[INFO] [stdout]   |                 ^^ not found in this scope
[INFO] [stdout]   |
[INFO] [stdout] help: you might have meant to write `.` instead of `..`
[INFO] [stdout]   |
[INFO] [stdout] 4 -     for b in 0..n2 {
[INFO] [stdout] 4 +     for b in 0.n2 {
[INFO] [stdout]   |
[INFO] [stdout] 
[INFO] [stdout] error[E0425]: cannot find function `do_something` in this scope
[INFO] [stdout]  --> src/lib.rs:45:13
[INFO] [stdout]   |
[INFO] [stdout] 6 |             do_something()
[INFO] [stdout]   |             ^^^^^^^^^^^^ not found in this scope
[INFO] [stdout] 
[INFO] [stdout] error: aborting due to 3 previous errors
[INFO] [stdout] 
[INFO] [stdout] For more information about this error, try `rustc --explain E0425`.
[INFO] [stdout] Couldn't compile the test.
[INFO] [stdout] ---- src/lib.rs - for_eachs (line 37) stdout ----
[INFO] [stdout] error: cannot find macro `for_eachs` in this scope
[INFO] [stdout]  --> src/lib.rs:38:1
[INFO] [stdout]   |
[INFO] [stdout] 3 | for_eachs!{ (a, b, ...) in [0..n1, 0..n2, ...] => { do_something() }}
[INFO] [stdout]   | ^^^^^^^^^
[INFO] [stdout]   |
[INFO] [stdout]   = help: consider importing this macro:
[INFO] [stdout]           helper_macros::for_eachs
[INFO] [stdout] 
[INFO] [stdout] error: aborting due to previous error
[INFO] [stdout] 
[INFO] [stdout] Couldn't compile the test.
[INFO] [stdout] ---- src/lib.rs - for_each (line 6) stdout ----
[INFO] [stdout] error: cannot find macro `for_each` in this scope
[INFO] [stdout]  --> src/lib.rs:7:1
[INFO] [stdout]   |
[INFO] [stdout] 3 | for_each!{ (a, b, ...) in [0..n] => { do_something() }}
[INFO] [stdout]   | ^^^^^^^^
[INFO] [stdout]   |
[INFO] [stdout]   = help: consider importing this macro:
[INFO] [stdout]           helper_macros::for_each
[INFO] [stdout] 
[INFO] [stdout] error: aborting due to previous error
[INFO] [stdout] 
[INFO] [stdout] Couldn't compile the test.
[INFO] [stdout] 
[INFO] [stdout] failures:
[INFO] [stdout]     src/lib.rs - for_each (line 10)
[INFO] [stdout]     src/lib.rs - for_each (line 6)
[INFO] [stdout]     src/lib.rs - for_eachs (line 37)
[INFO] [stdout]     src/lib.rs - for_eachs (line 41)
[INFO] [stdout] 
[INFO] [stdout] test result: FAILED. 0 passed; 4 failed; 0 ignored; 0 measured; 0 filtered out; finished in 0.14s
[INFO] [stdout] 
[INFO] running `Command { std: "docker" "inspect" "1805ce35b5785fcce796e1a0c1047c033989ac274a6eda214691ca943849b3ef", kill_on_drop: false }`
[INFO] running `Command { std: "docker" "rm" "-f" "1805ce35b5785fcce796e1a0c1047c033989ac274a6eda214691ca943849b3ef", kill_on_drop: false }`
[INFO] [stdout] 1805ce35b5785fcce796e1a0c1047c033989ac274a6eda214691ca943849b3ef
