[INFO] cloning repository https://github.com/hashida-fj/nlp100knock
[INFO] running `Command { std: "git" "-c" "credential.helper=" "-c" "credential.helper=/workspace/cargo-home/bin/git-credential-null" "clone" "--bare" "https://github.com/hashida-fj/nlp100knock" "/workspace/cache/git-repos/https%3A%2F%2Fgithub.com%2Fhashida-fj%2Fnlp100knock", kill_on_drop: false }`
[INFO] [stderr] Cloning into bare repository '/workspace/cache/git-repos/https%3A%2F%2Fgithub.com%2Fhashida-fj%2Fnlp100knock'...
[INFO] running `Command { std: "git" "rev-parse" "HEAD", kill_on_drop: false }`
[INFO] [stdout] da8cb690da7460013ccf044366c78fb8469bb023
[INFO] testing hashida-fj/nlp100knock against beta-2023-04-20 for beta-1.70-1
[INFO] running `Command { std: "git" "clone" "/workspace/cache/git-repos/https%3A%2F%2Fgithub.com%2Fhashida-fj%2Fnlp100knock" "/workspace/builds/worker-2-tc2/source", kill_on_drop: false }`
[INFO] [stderr] Cloning into '/workspace/builds/worker-2-tc2/source'...
[INFO] [stderr] done.
[INFO] validating manifest of git repo https://github.com/hashida-fj/nlp100knock on toolchain beta-2023-04-20
[INFO] running `Command { std: CARGO_HOME="/workspace/cargo-home" RUSTUP_HOME="/workspace/rustup-home" "/workspace/cargo-home/bin/cargo" "+beta-2023-04-20" "metadata" "--manifest-path" "Cargo.toml" "--no-deps", kill_on_drop: false }`
[INFO] started tweaking git repo https://github.com/hashida-fj/nlp100knock
[INFO] finished tweaking git repo https://github.com/hashida-fj/nlp100knock
[INFO] tweaked toml for git repo https://github.com/hashida-fj/nlp100knock written to /workspace/builds/worker-2-tc2/source/Cargo.toml
[INFO] crate git repo https://github.com/hashida-fj/nlp100knock already has a lockfile, it will not be regenerated
[INFO] running `Command { std: CARGO_HOME="/workspace/cargo-home" RUSTUP_HOME="/workspace/rustup-home" "/workspace/cargo-home/bin/cargo" "+beta-2023-04-20" "fetch" "--manifest-path" "Cargo.toml", kill_on_drop: false }`
[INFO] running `Command { std: "docker" "create" "-v" "/var/lib/crater-agent-workspace/builds/worker-2-tc2/target:/opt/rustwide/target:rw,Z" "-v" "/var/lib/crater-agent-workspace/builds/worker-2-tc2/source:/opt/rustwide/workdir:ro,Z" "-v" "/var/lib/crater-agent-workspace/cargo-home:/opt/rustwide/cargo-home:ro,Z" "-v" "/var/lib/crater-agent-workspace/rustup-home:/opt/rustwide/rustup-home:ro,Z" "-e" "SOURCE_DIR=/opt/rustwide/workdir" "-e" "CARGO_TARGET_DIR=/opt/rustwide/target" "-e" "CARGO_HOME=/opt/rustwide/cargo-home" "-e" "RUSTUP_HOME=/opt/rustwide/rustup-home" "-w" "/opt/rustwide/workdir" "-m" "1610612736" "--user" "0:0" "--network" "none" "ghcr.io/rust-lang/crates-build-env/linux@sha256:5ff2268d62e97bff2cde7d5815dd6ed5b47097566f13b8d0ca110b04b60e07ed" "/opt/rustwide/cargo-home/bin/cargo" "+beta-2023-04-20" "metadata" "--no-deps" "--format-version=1", kill_on_drop: false }`
[INFO] [stdout] a9b034b0411851dcd8b9bbc4e3195c33bbc4430b42d367c7c05df8e57712e183
[INFO] running `Command { std: "docker" "start" "-a" "a9b034b0411851dcd8b9bbc4e3195c33bbc4430b42d367c7c05df8e57712e183", kill_on_drop: false }`
[INFO] running `Command { std: "docker" "inspect" "a9b034b0411851dcd8b9bbc4e3195c33bbc4430b42d367c7c05df8e57712e183", kill_on_drop: false }`
[INFO] running `Command { std: "docker" "rm" "-f" "a9b034b0411851dcd8b9bbc4e3195c33bbc4430b42d367c7c05df8e57712e183", kill_on_drop: false }`
[INFO] [stdout] a9b034b0411851dcd8b9bbc4e3195c33bbc4430b42d367c7c05df8e57712e183
[INFO] running `Command { std: "docker" "create" "-v" "/var/lib/crater-agent-workspace/builds/worker-2-tc2/target:/opt/rustwide/target:rw,Z" "-v" "/var/lib/crater-agent-workspace/builds/worker-2-tc2/source:/opt/rustwide/workdir:ro,Z" "-v" "/var/lib/crater-agent-workspace/cargo-home:/opt/rustwide/cargo-home:ro,Z" "-v" "/var/lib/crater-agent-workspace/rustup-home:/opt/rustwide/rustup-home:ro,Z" "-e" "SOURCE_DIR=/opt/rustwide/workdir" "-e" "CARGO_TARGET_DIR=/opt/rustwide/target" "-e" "CARGO_INCREMENTAL=0" "-e" "RUST_BACKTRACE=full" "-e" "RUSTFLAGS=--cap-lints=warn" "-e" "RUSTDOCFLAGS=--cap-lints=warn" "-e" "CARGO_HOME=/opt/rustwide/cargo-home" "-e" "RUSTUP_HOME=/opt/rustwide/rustup-home" "-w" "/opt/rustwide/workdir" "-m" "1610612736" "--user" "0:0" "--network" "none" "ghcr.io/rust-lang/crates-build-env/linux@sha256:5ff2268d62e97bff2cde7d5815dd6ed5b47097566f13b8d0ca110b04b60e07ed" "/opt/rustwide/cargo-home/bin/cargo" "+beta-2023-04-20" "build" "--frozen" "--message-format=json", kill_on_drop: false }`
[INFO] [stdout] 07e69198f8b8d574664ac1c5101de033826195ae1c0b59d8ae52cac0f19d0ef6
[INFO] running `Command { std: "docker" "start" "-a" "07e69198f8b8d574664ac1c5101de033826195ae1c0b59d8ae52cac0f19d0ef6", kill_on_drop: false }`
[INFO] [stderr]    Compiling proc-macro2 v1.0.34
[INFO] [stderr]    Compiling unicode-xid v0.2.2
[INFO] [stderr]    Compiling libc v0.2.108
[INFO] [stderr]    Compiling memchr v2.4.1
[INFO] [stderr]    Compiling syn v1.0.83
[INFO] [stderr]    Compiling serde_derive v1.0.132
[INFO] [stderr]    Compiling version_check v0.9.3
[INFO] [stderr]    Compiling serde v1.0.132
[INFO] [stderr]    Compiling ppv-lite86 v0.2.15
[INFO] [stderr]    Compiling nom v7.1.0
[INFO] [stderr]    Compiling serde_json v1.0.73
[INFO] [stderr]    Compiling regex-syntax v0.6.25
[INFO] [stderr]    Compiling itoa v1.0.1
[INFO] [stderr]    Compiling ryu v1.0.9
[INFO] [stderr]    Compiling minimal-lexical v0.2.1
[INFO] [stderr]    Compiling aho-corasick v0.7.18
[INFO] [stderr]    Compiling quote v1.0.10
[INFO] [stderr]    Compiling getrandom v0.2.3
[INFO] [stderr]    Compiling rand_core v0.6.3
[INFO] [stderr]    Compiling rand_chacha v0.3.1
[INFO] [stderr]    Compiling rand v0.8.4
[INFO] [stderr]    Compiling regex v1.5.4
[INFO] [stderr]    Compiling nlp100knock v0.1.0 (/opt/rustwide/workdir)
[INFO] [stdout] warning: `#[macro_use]` only has an effect on `extern crate` and modules
[INFO] [stdout]  --> src/section3.rs:1:1
[INFO] [stdout]   |
[INFO] [stdout] 1 | #[macro_use]
[INFO] [stdout]   | ^^^^^^^^^^^^
[INFO] [stdout]   |
[INFO] [stdout]   = note: `#[warn(unused_attributes)]` on by default
[INFO] [stdout] 
[INFO] [stdout] 
[INFO] [stdout] warning: unused variable: `articles`
[INFO] [stdout]    --> src/section3.rs:151:9
[INFO] [stdout]     |
[INFO] [stdout] 151 |     let articles = load_articles(Path::new("./assets/jawiki-country.json")).unwrap();
[INFO] [stdout]     |         ^^^^^^^^ help: if this is intentional, prefix it with an underscore: `_articles`
[INFO] [stdout]     |
[INFO] [stdout]     = note: `#[warn(unused_variables)]` on by default
[INFO] [stdout] 
[INFO] [stdout] 
[INFO] [stdout] warning: function `from_hex` is never used
[INFO] [stdout]   --> src/section3.rs:38:4
[INFO] [stdout]    |
[INFO] [stdout] 38 | fn from_hex(input: &str) -> Result<u8, std::num::ParseIntError> {
[INFO] [stdout]    |    ^^^^^^^^
[INFO] [stdout]    |
[INFO] [stdout]    = note: `#[warn(dead_code)]` on by default
[INFO] [stdout] 
[INFO] [stdout] 
[INFO] [stdout] warning: function `is_hex_digit` is never used
[INFO] [stdout]   --> src/section3.rs:42:4
[INFO] [stdout]    |
[INFO] [stdout] 42 | fn is_hex_digit(c: char) -> bool {
[INFO] [stdout]    |    ^^^^^^^^^^^^
[INFO] [stdout] 
[INFO] [stdout] 
[INFO] [stdout] warning: function `hex_primary` is never used
[INFO] [stdout]   --> src/section3.rs:46:4
[INFO] [stdout]    |
[INFO] [stdout] 46 | fn hex_primary(input: &str) -> IResult<&str, u8> {
[INFO] [stdout]    |    ^^^^^^^^^^^
[INFO] [stdout] 
[INFO] [stdout] 
[INFO] [stdout] warning: function `hex_color` is never used
[INFO] [stdout]   --> src/section3.rs:50:4
[INFO] [stdout]    |
[INFO] [stdout] 50 | fn hex_color(input: &str) -> IResult<&str, Color> {
[INFO] [stdout]    |    ^^^^^^^^^
[INFO] [stdout] 
[INFO] [stdout] 
[INFO] [stdout] warning: function `category` is never used
[INFO] [stdout]   --> src/section3.rs:76:4
[INFO] [stdout]    |
[INFO] [stdout] 76 | fn category(body: &String) {
[INFO] [stdout]    |    ^^^^^^^^
[INFO] [stdout] 
[INFO] [stdout] 
[INFO] [stdout] warning: function `category_name` is never used
[INFO] [stdout]   --> src/section3.rs:83:4
[INFO] [stdout]    |
[INFO] [stdout] 83 | fn category_name(body: &String) {
[INFO] [stdout]    |    ^^^^^^^^^^^^^
[INFO] [stdout] 
[INFO] [stdout] 
[INFO] [stdout] warning: function `section` is never used
[INFO] [stdout]   --> src/section3.rs:90:4
[INFO] [stdout]    |
[INFO] [stdout] 90 | fn section(body: &String) {
[INFO] [stdout]    |    ^^^^^^^
[INFO] [stdout] 
[INFO] [stdout] 
[INFO] [stdout] warning: function `regexp_test` is never used
[INFO] [stdout]    --> src/section3.rs:102:4
[INFO] [stdout]     |
[INFO] [stdout] 102 | fn regexp_test() {
[INFO] [stdout]     |    ^^^^^^^^^^^
[INFO] [stdout] 
[INFO] [stdout] 
[INFO] [stdout] warning: struct `BasicInfomation` is never constructed
[INFO] [stdout]    --> src/section3.rs:111:8
[INFO] [stdout]     |
[INFO] [stdout] 111 | struct BasicInfomation {}
[INFO] [stdout]     |        ^^^^^^^^^^^^^^^
[INFO] [stdout] 
[INFO] [stdout] 
[INFO] [stdout] warning: field `pos1` is never read
[INFO] [stdout]   --> src/section4.rs:10:5
[INFO] [stdout]    |
[INFO] [stdout] 6  | pub struct Token {
[INFO] [stdout]    |            ----- field in this struct
[INFO] [stdout] ...
[INFO] [stdout] 10 |     pos1: String,
[INFO] [stdout]    |     ^^^^
[INFO] [stdout]    |
[INFO] [stdout]    = note: `Token` has a derived impl for the trait `Debug`, but this is intentionally ignored during dead code analysis
[INFO] [stdout] 
[INFO] [stdout] 
[INFO] [stdout] warning: 12 warnings emitted
[INFO] [stdout] 
[INFO] [stdout] 
[INFO] [stderr]     Finished dev [unoptimized + debuginfo] target(s) in 25.44s
[INFO] running `Command { std: "docker" "inspect" "07e69198f8b8d574664ac1c5101de033826195ae1c0b59d8ae52cac0f19d0ef6", kill_on_drop: false }`
[INFO] running `Command { std: "docker" "rm" "-f" "07e69198f8b8d574664ac1c5101de033826195ae1c0b59d8ae52cac0f19d0ef6", kill_on_drop: false }`
[INFO] [stdout] 07e69198f8b8d574664ac1c5101de033826195ae1c0b59d8ae52cac0f19d0ef6
[INFO] running `Command { std: "docker" "create" "-v" "/var/lib/crater-agent-workspace/builds/worker-2-tc2/target:/opt/rustwide/target:rw,Z" "-v" "/var/lib/crater-agent-workspace/builds/worker-2-tc2/source:/opt/rustwide/workdir:ro,Z" "-v" "/var/lib/crater-agent-workspace/cargo-home:/opt/rustwide/cargo-home:ro,Z" "-v" "/var/lib/crater-agent-workspace/rustup-home:/opt/rustwide/rustup-home:ro,Z" "-e" "SOURCE_DIR=/opt/rustwide/workdir" "-e" "CARGO_TARGET_DIR=/opt/rustwide/target" "-e" "CARGO_INCREMENTAL=0" "-e" "RUST_BACKTRACE=full" "-e" "RUSTFLAGS=--cap-lints=warn" "-e" "RUSTDOCFLAGS=--cap-lints=warn" "-e" "CARGO_HOME=/opt/rustwide/cargo-home" "-e" "RUSTUP_HOME=/opt/rustwide/rustup-home" "-w" "/opt/rustwide/workdir" "-m" "1610612736" "--user" "0:0" "--network" "none" "ghcr.io/rust-lang/crates-build-env/linux@sha256:5ff2268d62e97bff2cde7d5815dd6ed5b47097566f13b8d0ca110b04b60e07ed" "/opt/rustwide/cargo-home/bin/cargo" "+beta-2023-04-20" "test" "--frozen" "--no-run" "--message-format=json", kill_on_drop: false }`
[INFO] [stdout] 9c0c056b79337c020ba4232c1a24725fb4dc3c8edcb60b98bb8bbce27142c57d
[INFO] running `Command { std: "docker" "start" "-a" "9c0c056b79337c020ba4232c1a24725fb4dc3c8edcb60b98bb8bbce27142c57d", kill_on_drop: false }`
[INFO] [stderr]    Compiling nlp100knock v0.1.0 (/opt/rustwide/workdir)
[INFO] [stdout] warning: `#[macro_use]` only has an effect on `extern crate` and modules
[INFO] [stdout]  --> src/section3.rs:1:1
[INFO] [stdout]   |
[INFO] [stdout] 1 | #[macro_use]
[INFO] [stdout]   | ^^^^^^^^^^^^
[INFO] [stdout]   |
[INFO] [stdout]   = note: `#[warn(unused_attributes)]` on by default
[INFO] [stdout] 
[INFO] [stdout] 
[INFO] [stdout] warning: unused variable: `articles`
[INFO] [stdout]    --> src/section3.rs:151:9
[INFO] [stdout]     |
[INFO] [stdout] 151 |     let articles = load_articles(Path::new("./assets/jawiki-country.json")).unwrap();
[INFO] [stdout]     |         ^^^^^^^^ help: if this is intentional, prefix it with an underscore: `_articles`
[INFO] [stdout]     |
[INFO] [stdout]     = note: `#[warn(unused_variables)]` on by default
[INFO] [stdout] 
[INFO] [stdout] 
[INFO] [stdout] warning: function `from_hex` is never used
[INFO] [stdout]   --> src/section3.rs:38:4
[INFO] [stdout]    |
[INFO] [stdout] 38 | fn from_hex(input: &str) -> Result<u8, std::num::ParseIntError> {
[INFO] [stdout]    |    ^^^^^^^^
[INFO] [stdout]    |
[INFO] [stdout]    = note: `#[warn(dead_code)]` on by default
[INFO] [stdout] 
[INFO] [stdout] 
[INFO] [stdout] warning: function `is_hex_digit` is never used
[INFO] [stdout]   --> src/section3.rs:42:4
[INFO] [stdout]    |
[INFO] [stdout] 42 | fn is_hex_digit(c: char) -> bool {
[INFO] [stdout]    |    ^^^^^^^^^^^^
[INFO] [stdout] 
[INFO] [stdout] 
[INFO] [stdout] warning: function `hex_primary` is never used
[INFO] [stdout]   --> src/section3.rs:46:4
[INFO] [stdout]    |
[INFO] [stdout] 46 | fn hex_primary(input: &str) -> IResult<&str, u8> {
[INFO] [stdout]    |    ^^^^^^^^^^^
[INFO] [stdout] 
[INFO] [stdout] 
[INFO] [stdout] warning: function `hex_color` is never used
[INFO] [stdout]   --> src/section3.rs:50:4
[INFO] [stdout]    |
[INFO] [stdout] 50 | fn hex_color(input: &str) -> IResult<&str, Color> {
[INFO] [stdout]    |    ^^^^^^^^^
[INFO] [stdout] 
[INFO] [stdout] 
[INFO] [stdout] warning: function `category` is never used
[INFO] [stdout]   --> src/section3.rs:76:4
[INFO] [stdout]    |
[INFO] [stdout] 76 | fn category(body: &String) {
[INFO] [stdout]    |    ^^^^^^^^
[INFO] [stdout] 
[INFO] [stdout] 
[INFO] [stdout] warning: function `category_name` is never used
[INFO] [stdout]   --> src/section3.rs:83:4
[INFO] [stdout]    |
[INFO] [stdout] 83 | fn category_name(body: &String) {
[INFO] [stdout]    |    ^^^^^^^^^^^^^
[INFO] [stdout] 
[INFO] [stdout] 
[INFO] [stdout] warning: function `section` is never used
[INFO] [stdout]   --> src/section3.rs:90:4
[INFO] [stdout]    |
[INFO] [stdout] 90 | fn section(body: &String) {
[INFO] [stdout]    |    ^^^^^^^
[INFO] [stdout] 
[INFO] [stdout] 
[INFO] [stdout] warning: function `regexp_test` is never used
[INFO] [stdout]    --> src/section3.rs:102:4
[INFO] [stdout]     |
[INFO] [stdout] 102 | fn regexp_test() {
[INFO] [stdout]     |    ^^^^^^^^^^^
[INFO] [stdout] 
[INFO] [stdout] 
[INFO] [stdout] warning: struct `BasicInfomation` is never constructed
[INFO] [stdout]    --> src/section3.rs:111:8
[INFO] [stdout]     |
[INFO] [stdout] 111 | struct BasicInfomation {}
[INFO] [stdout]     |        ^^^^^^^^^^^^^^^
[INFO] [stdout] 
[INFO] [stdout] 
[INFO] [stdout] warning: field `pos1` is never read
[INFO] [stdout]   --> src/section4.rs:10:5
[INFO] [stdout]    |
[INFO] [stdout] 6  | pub struct Token {
[INFO] [stdout]    |            ----- field in this struct
[INFO] [stdout] ...
[INFO] [stdout] 10 |     pos1: String,
[INFO] [stdout]    |     ^^^^
[INFO] [stdout]    |
[INFO] [stdout]    = note: `Token` has a derived impl for the trait `Debug`, but this is intentionally ignored during dead code analysis
[INFO] [stdout] 
[INFO] [stdout] 
[INFO] [stdout] warning: 12 warnings emitted
[INFO] [stdout] 
[INFO] [stdout] 
[INFO] [stdout] warning: `#[macro_use]` only has an effect on `extern crate` and modules
[INFO] [stdout]  --> src/section3.rs:1:1
[INFO] [stdout]   |
[INFO] [stdout] 1 | #[macro_use]
[INFO] [stdout]   | ^^^^^^^^^^^^
[INFO] [stdout]   |
[INFO] [stdout]   = note: `#[warn(unused_attributes)]` on by default
[INFO] [stdout] 
[INFO] [stdout] 
[INFO] [stdout] warning: unused variable: `articles`
[INFO] [stdout]    --> src/section3.rs:151:9
[INFO] [stdout]     |
[INFO] [stdout] 151 |     let articles = load_articles(Path::new("./assets/jawiki-country.json")).unwrap();
[INFO] [stdout]     |         ^^^^^^^^ help: if this is intentional, prefix it with an underscore: `_articles`
[INFO] [stdout]     |
[INFO] [stdout]     = note: `#[warn(unused_variables)]` on by default
[INFO] [stdout] 
[INFO] [stdout] 
[INFO] [stdout] warning: function `category` is never used
[INFO] [stdout]   --> src/section3.rs:76:4
[INFO] [stdout]    |
[INFO] [stdout] 76 | fn category(body: &String) {
[INFO] [stdout]    |    ^^^^^^^^
[INFO] [stdout]    |
[INFO] [stdout]    = note: `#[warn(dead_code)]` on by default
[INFO] [stdout] 
[INFO] [stdout] 
[INFO] [stdout] warning: function `category_name` is never used
[INFO] [stdout]   --> src/section3.rs:83:4
[INFO] [stdout]    |
[INFO] [stdout] 83 | fn category_name(body: &String) {
[INFO] [stdout]    |    ^^^^^^^^^^^^^
[INFO] [stdout] 
[INFO] [stdout] 
[INFO] [stdout] warning: function `section` is never used
[INFO] [stdout]   --> src/section3.rs:90:4
[INFO] [stdout]    |
[INFO] [stdout] 90 | fn section(body: &String) {
[INFO] [stdout]    |    ^^^^^^^
[INFO] [stdout] 
[INFO] [stdout] 
[INFO] [stdout] warning: function `regexp_test` is never used
[INFO] [stdout]    --> src/section3.rs:102:4
[INFO] [stdout]     |
[INFO] [stdout] 102 | fn regexp_test() {
[INFO] [stdout]     |    ^^^^^^^^^^^
[INFO] [stdout] 
[INFO] [stdout] 
[INFO] [stdout] warning: struct `BasicInfomation` is never constructed
[INFO] [stdout]    --> src/section3.rs:111:8
[INFO] [stdout]     |
[INFO] [stdout] 111 | struct BasicInfomation {}
[INFO] [stdout]     |        ^^^^^^^^^^^^^^^
[INFO] [stdout] 
[INFO] [stdout] 
[INFO] [stdout] warning: field `pos1` is never read
[INFO] [stdout]   --> src/section4.rs:10:5
[INFO] [stdout]    |
[INFO] [stdout] 6  | pub struct Token {
[INFO] [stdout]    |            ----- field in this struct
[INFO] [stdout] ...
[INFO] [stdout] 10 |     pos1: String,
[INFO] [stdout]    |     ^^^^
[INFO] [stdout]    |
[INFO] [stdout]    = note: `Token` has a derived impl for the trait `Debug`, but this is intentionally ignored during dead code analysis
[INFO] [stdout] 
[INFO] [stdout] 
[INFO] [stdout] warning: 8 warnings emitted
[INFO] [stdout] 
[INFO] [stdout] 
[INFO] [stderr]     Finished test [unoptimized + debuginfo] target(s) in 1.30s
[INFO] running `Command { std: "docker" "inspect" "9c0c056b79337c020ba4232c1a24725fb4dc3c8edcb60b98bb8bbce27142c57d", kill_on_drop: false }`
[INFO] running `Command { std: "docker" "rm" "-f" "9c0c056b79337c020ba4232c1a24725fb4dc3c8edcb60b98bb8bbce27142c57d", kill_on_drop: false }`
[INFO] [stdout] 9c0c056b79337c020ba4232c1a24725fb4dc3c8edcb60b98bb8bbce27142c57d
[INFO] running `Command { std: "docker" "create" "-v" "/var/lib/crater-agent-workspace/builds/worker-2-tc2/target:/opt/rustwide/target:rw,Z" "-v" "/var/lib/crater-agent-workspace/builds/worker-2-tc2/source:/opt/rustwide/workdir:ro,Z" "-v" "/var/lib/crater-agent-workspace/cargo-home:/opt/rustwide/cargo-home:ro,Z" "-v" "/var/lib/crater-agent-workspace/rustup-home:/opt/rustwide/rustup-home:ro,Z" "-e" "SOURCE_DIR=/opt/rustwide/workdir" "-e" "CARGO_TARGET_DIR=/opt/rustwide/target" "-e" "CARGO_INCREMENTAL=0" "-e" "RUST_BACKTRACE=full" "-e" "RUSTFLAGS=--cap-lints=warn" "-e" "RUSTDOCFLAGS=--cap-lints=warn" "-e" "CARGO_HOME=/opt/rustwide/cargo-home" "-e" "RUSTUP_HOME=/opt/rustwide/rustup-home" "-w" "/opt/rustwide/workdir" "-m" "1610612736" "--user" "0:0" "--network" "none" "ghcr.io/rust-lang/crates-build-env/linux@sha256:5ff2268d62e97bff2cde7d5815dd6ed5b47097566f13b8d0ca110b04b60e07ed" "/opt/rustwide/cargo-home/bin/cargo" "+beta-2023-04-20" "test" "--frozen", kill_on_drop: false }`
[INFO] [stdout] 50bc8c9e1068db0242b71610e70795b516e3deef402349650abc93fdb4bdd92a
[INFO] running `Command { std: "docker" "start" "-a" "50bc8c9e1068db0242b71610e70795b516e3deef402349650abc93fdb4bdd92a", kill_on_drop: false }`
[INFO] [stderr]     Blocking waiting for file lock on package cache
[INFO] [stderr] warning: `#[macro_use]` only has an effect on `extern crate` and modules
[INFO] [stderr]  --> src/section3.rs:1:1
[INFO] [stderr]   |
[INFO] [stderr] 1 | #[macro_use]
[INFO] [stderr]   | ^^^^^^^^^^^^
[INFO] [stderr]   |
[INFO] [stderr]   = note: `#[warn(unused_attributes)]` on by default
[INFO] [stderr] 
[INFO] [stderr] warning: unused variable: `articles`
[INFO] [stderr]    --> src/section3.rs:151:9
[INFO] [stderr]     |
[INFO] [stderr] 151 |     let articles = load_articles(Path::new("./assets/jawiki-country.json")).unwrap();
[INFO] [stderr]     |         ^^^^^^^^ help: if this is intentional, prefix it with an underscore: `_articles`
[INFO] [stderr]     |
[INFO] [stderr]     = note: `#[warn(unused_variables)]` on by default
[INFO] [stderr] 
[INFO] [stderr] warning: function `from_hex` is never used
[INFO] [stderr]   --> src/section3.rs:38:4
[INFO] [stderr]    |
[INFO] [stderr] 38 | fn from_hex(input: &str) -> Result<u8, std::num::ParseIntError> {
[INFO] [stderr]    |    ^^^^^^^^
[INFO] [stderr]    |
[INFO] [stderr]    = note: `#[warn(dead_code)]` on by default
[INFO] [stderr] 
[INFO] [stderr] warning: function `is_hex_digit` is never used
[INFO] [stderr]   --> src/section3.rs:42:4
[INFO] [stderr]    |
[INFO] [stderr] 42 | fn is_hex_digit(c: char) -> bool {
[INFO] [stderr]    |    ^^^^^^^^^^^^
[INFO] [stderr] 
[INFO] [stderr] warning: function `hex_primary` is never used
[INFO] [stderr]   --> src/section3.rs:46:4
[INFO] [stderr]    |
[INFO] [stderr] 46 | fn hex_primary(input: &str) -> IResult<&str, u8> {
[INFO] [stderr]    |    ^^^^^^^^^^^
[INFO] [stderr] 
[INFO] [stderr] warning: function `hex_color` is never used
[INFO] [stderr]   --> src/section3.rs:50:4
[INFO] [stderr]    |
[INFO] [stderr] 50 | fn hex_color(input: &str) -> IResult<&str, Color> {
[INFO] [stderr]    |    ^^^^^^^^^
[INFO] [stderr] 
[INFO] [stderr] warning: function `category` is never used
[INFO] [stderr]   --> src/section3.rs:76:4
[INFO] [stderr]    |
[INFO] [stderr] 76 | fn category(body: &String) {
[INFO] [stderr]    |    ^^^^^^^^
[INFO] [stderr] 
[INFO] [stderr] warning: function `category_name` is never used
[INFO] [stderr]   --> src/section3.rs:83:4
[INFO] [stderr]    |
[INFO] [stderr] 83 | fn category_name(body: &String) {
[INFO] [stderr]    |    ^^^^^^^^^^^^^
[INFO] [stderr] 
[INFO] [stderr] warning: function `section` is never used
[INFO] [stderr]   --> src/section3.rs:90:4
[INFO] [stderr]    |
[INFO] [stderr] 90 | fn section(body: &String) {
[INFO] [stderr]    |    ^^^^^^^
[INFO] [stderr] 
[INFO] [stderr] warning: function `regexp_test` is never used
[INFO] [stderr]    --> src/section3.rs:102:4
[INFO] [stderr]     |
[INFO] [stderr] 102 | fn regexp_test() {
[INFO] [stderr]     |    ^^^^^^^^^^^
[INFO] [stderr] 
[INFO] [stderr] warning: struct `BasicInfomation` is never constructed
[INFO] [stderr]    --> src/section3.rs:111:8
[INFO] [stderr]     |
[INFO] [stderr] 111 | struct BasicInfomation {}
[INFO] [stderr]     |        ^^^^^^^^^^^^^^^
[INFO] [stderr] 
[INFO] [stderr] warning: field `pos1` is never read
[INFO] [stderr]   --> src/section4.rs:10:5
[INFO] [stderr]    |
[INFO] [stderr] 6  | pub struct Token {
[INFO] [stderr]    |            ----- field in this struct
[INFO] [stderr] ...
[INFO] [stderr] 10 |     pos1: String,
[INFO] [stderr]    |     ^^^^
[INFO] [stderr]    |
[INFO] [stderr]    = note: `Token` has a derived impl for the trait `Debug`, but this is intentionally ignored during dead code analysis
[INFO] [stderr] 
[INFO] [stderr] warning: function `category` is never used
[INFO] [stderr]   --> src/section3.rs:76:4
[INFO] [stderr]    |
[INFO] [stderr] 76 | fn category(body: &String) {
[INFO] [stderr]    |    ^^^^^^^^
[INFO] [stderr]    |
[INFO] [stderr]    = note: `#[warn(dead_code)]` on by default
[INFO] [stderr] 
[INFO] [stderr] warning: `nlp100knock` (lib) generated 12 warnings (run `cargo fix --lib -p nlp100knock` to apply 1 suggestion)
[INFO] [stderr] warning: `nlp100knock` (lib test) generated 8 warnings (7 duplicates)
[INFO] [stderr]     Finished test [unoptimized + debuginfo] target(s) in 0.28s
[INFO] [stderr]      Running unittests src/lib.rs (/opt/rustwide/target/debug/deps/nlp100knock-e3a8d2ab100d23e5)
[INFO] [stdout] 
[INFO] [stdout] running 2 tests
[INFO] [stdout] test section3::parse_color ... ok
[INFO] [stderr] error: test failed, to rerun pass `--lib`
[INFO] [stdout] test section3::regexp ... FAILED
[INFO] [stdout] 
[INFO] [stdout] failures:
[INFO] [stdout] 
[INFO] [stdout] ---- section3::regexp stdout ----
[INFO] [stdout] thread 'section3::regexp' panicked at 'assertion failed: `(left == right)`
[INFO] [stdout]   left: `"|key2=fuga\n"`,
[INFO] [stdout]  right: `"."`', src/section3.rs:179:5
[INFO] [stdout] stack backtrace:
[INFO] [stdout]    0:     0x55f6d269e97a - std::backtrace_rs::backtrace::libunwind::trace::h2f05d0192276a8f6
[INFO] [stdout]                                at /rustc/1b7dd2252b99671ce5d1cb9664c5f8636329436d/library/std/src/../../backtrace/src/backtrace/libunwind.rs:93:5
[INFO] [stdout]    1:     0x55f6d269e97a - std::backtrace_rs::backtrace::trace_unsynchronized::hedc23dff7a1af150
[INFO] [stdout]                                at /rustc/1b7dd2252b99671ce5d1cb9664c5f8636329436d/library/std/src/../../backtrace/src/backtrace/mod.rs:66:5
[INFO] [stdout]    2:     0x55f6d269e97a - std::sys_common::backtrace::_print_fmt::h17541ef7592f3ce2
[INFO] [stdout]                                at /rustc/1b7dd2252b99671ce5d1cb9664c5f8636329436d/library/std/src/sys_common/backtrace.rs:65:5
[INFO] [stdout]    3:     0x55f6d269e97a - <std::sys_common::backtrace::_print::DisplayBacktrace as core::fmt::Display>::fmt::h20f75df5ab0c0792
[INFO] [stdout]                                at /rustc/1b7dd2252b99671ce5d1cb9664c5f8636329436d/library/std/src/sys_common/backtrace.rs:44:22
[INFO] [stdout]    4:     0x55f6d26c28ef - core::fmt::write::h78109e6f466b3af6
[INFO] [stdout]                                at /rustc/1b7dd2252b99671ce5d1cb9664c5f8636329436d/library/core/src/fmt/mod.rs:1254:17
[INFO] [stdout]    5:     0x55f6d269bcc5 - std::io::Write::write_fmt::hd24bfb68a1b35a25
[INFO] [stdout]                                at /rustc/1b7dd2252b99671ce5d1cb9664c5f8636329436d/library/std/src/io/mod.rs:1698:15
[INFO] [stdout]    6:     0x55f6d269e745 - std::sys_common::backtrace::_print::h8dac57a9f8fbf9a5
[INFO] [stdout]                                at /rustc/1b7dd2252b99671ce5d1cb9664c5f8636329436d/library/std/src/sys_common/backtrace.rs:47:5
[INFO] [stdout]    7:     0x55f6d269e745 - std::sys_common::backtrace::print::hf9ecbf41d1aa712f
[INFO] [stdout]                                at /rustc/1b7dd2252b99671ce5d1cb9664c5f8636329436d/library/std/src/sys_common/backtrace.rs:34:9
[INFO] [stdout]    8:     0x55f6d26a03fe - std::panicking::default_hook::{{closure}}::h04c07acfc84ca028
[INFO] [stdout]                                at /rustc/1b7dd2252b99671ce5d1cb9664c5f8636329436d/library/std/src/panicking.rs:269:22
[INFO] [stdout]    9:     0x55f6d26a0131 - std::panicking::default_hook::h01f6bb23e1eceb2c
[INFO] [stdout]                                at /rustc/1b7dd2252b99671ce5d1cb9664c5f8636329436d/library/std/src/panicking.rs:285:9
[INFO] [stdout]   10:     0x55f6d24f887b - <alloc::boxed::Box<F,A> as core::ops::function::Fn<Args>>::call::h87fe9f7b2fd49e4c
[INFO] [stdout]                                at /rustc/1b7dd2252b99671ce5d1cb9664c5f8636329436d/library/alloc/src/boxed.rs:1987:9
[INFO] [stdout]   11:     0x55f6d24f887b - test::test_main::{{closure}}::he94d679243a7531b
[INFO] [stdout]                                at /rustc/1b7dd2252b99671ce5d1cb9664c5f8636329436d/library/test/src/lib.rs:134:21
[INFO] [stdout]   12:     0x55f6d26a0ae4 - <alloc::boxed::Box<F,A> as core::ops::function::Fn<Args>>::call::h3f2d6d8b14c4769f
[INFO] [stdout]                                at /rustc/1b7dd2252b99671ce5d1cb9664c5f8636329436d/library/alloc/src/boxed.rs:1987:9
[INFO] [stdout]   13:     0x55f6d26a0ae4 - std::panicking::rust_panic_with_hook::h2bb3722bbaf2f6df
[INFO] [stdout]                                at /rustc/1b7dd2252b99671ce5d1cb9664c5f8636329436d/library/std/src/panicking.rs:695:13
[INFO] [stdout]   14:     0x55f6d26a0859 - std::panicking::begin_panic_handler::{{closure}}::h91bc7f36a4be011b
[INFO] [stdout]                                at /rustc/1b7dd2252b99671ce5d1cb9664c5f8636329436d/library/std/src/panicking.rs:582:13
[INFO] [stdout]   15:     0x55f6d269ede6 - std::sys_common::backtrace::__rust_end_short_backtrace::h8b3d3717114f9e59
[INFO] [stdout]                                at /rustc/1b7dd2252b99671ce5d1cb9664c5f8636329436d/library/std/src/sys_common/backtrace.rs:150:18
[INFO] [stdout]   16:     0x55f6d26a05b2 - rust_begin_unwind
[INFO] [stdout]                                at /rustc/1b7dd2252b99671ce5d1cb9664c5f8636329436d/library/std/src/panicking.rs:578:5
[INFO] [stdout]   17:     0x55f6d24bf063 - core::panicking::panic_fmt::hfd368e3fbdabea26
[INFO] [stdout]                                at /rustc/1b7dd2252b99671ce5d1cb9664c5f8636329436d/library/core/src/panicking.rs:67:14
[INFO] [stdout]   18:     0x55f6d24bf48f - core::panicking::assert_failed_inner::haef49168e1798a91
[INFO] [stdout]   19:     0x55f6d24c1cba - core::panicking::assert_failed::ha029016e51b9f7e9
[INFO] [stdout]                                at /rustc/1b7dd2252b99671ce5d1cb9664c5f8636329436d/library/core/src/panicking.rs:228:5
[INFO] [stdout]   20:     0x55f6d24c063a - nlp100knock::section3::regexp::hb0db80f629979f40
[INFO] [stdout]                                at /opt/rustwide/workdir/src/section3.rs:179:5
[INFO] [stdout]   21:     0x55f6d24c03e7 - nlp100knock::section3::regexp::{{closure}}::h9d59d6f83e8cb0ce
[INFO] [stdout]                                at /opt/rustwide/workdir/src/section3.rs:170:13
[INFO] [stdout]   22:     0x55f6d24c1415 - core::ops::function::FnOnce::call_once::hdb73be6f812bf433
[INFO] [stdout]                                at /rustc/1b7dd2252b99671ce5d1cb9664c5f8636329436d/library/core/src/ops/function.rs:250:5
[INFO] [stdout]   23:     0x55f6d24fd74f - core::ops::function::FnOnce::call_once::ha6a70e79f7481a7e
[INFO] [stdout]                                at /rustc/1b7dd2252b99671ce5d1cb9664c5f8636329436d/library/core/src/ops/function.rs:250:5
[INFO] [stdout]   24:     0x55f6d24fd74f - test::__rust_begin_short_backtrace::hce33033019b61e69
[INFO] [stdout]                                at /rustc/1b7dd2252b99671ce5d1cb9664c5f8636329436d/library/test/src/lib.rs:655:18
[INFO] [stdout]   25:     0x55f6d24caf3c - test::run_test::{{closure}}::h858d3528838ae3e5
[INFO] [stdout]                                at /rustc/1b7dd2252b99671ce5d1cb9664c5f8636329436d/library/test/src/lib.rs:646:30
[INFO] [stdout]   26:     0x55f6d24caf3c - core::ops::function::FnOnce::call_once{{vtable.shim}}::he8ac2b00f01ae79e
[INFO] [stdout]                                at /rustc/1b7dd2252b99671ce5d1cb9664c5f8636329436d/library/core/src/ops/function.rs:250:5
[INFO] [stdout]   27:     0x55f6d24fc826 - <alloc::boxed::Box<F,A> as core::ops::function::FnOnce<Args>>::call_once::h8093d25b522725ef
[INFO] [stdout]                                at /rustc/1b7dd2252b99671ce5d1cb9664c5f8636329436d/library/alloc/src/boxed.rs:1973:9
[INFO] [stdout]   28:     0x55f6d24fc826 - <core::panic::unwind_safe::AssertUnwindSafe<F> as core::ops::function::FnOnce<()>>::call_once::h5c334c204e4a3913
[INFO] [stdout]                                at /rustc/1b7dd2252b99671ce5d1cb9664c5f8636329436d/library/core/src/panic/unwind_safe.rs:271:9
[INFO] [stdout]   29:     0x55f6d24fc826 - std::panicking::try::do_call::ha8b740c7b9478074
[INFO] [stdout]                                at /rustc/1b7dd2252b99671ce5d1cb9664c5f8636329436d/library/std/src/panicking.rs:485:40
[INFO] [stdout]   30:     0x55f6d24fc826 - std::panicking::try::h5d34f63d0e41b64e
[INFO] [stdout]                                at /rustc/1b7dd2252b99671ce5d1cb9664c5f8636329436d/library/std/src/panicking.rs:449:19
[INFO] [stdout]   31:     0x55f6d24fc826 - std::panic::catch_unwind::hcfbb511e1aa7fc67
[INFO] [stdout]                                at /rustc/1b7dd2252b99671ce5d1cb9664c5f8636329436d/library/std/src/panic.rs:140:14
[INFO] [stdout]   32:     0x55f6d24fc826 - test::run_test_in_process::h9abda90f802eaf21
[INFO] [stdout]                                at /rustc/1b7dd2252b99671ce5d1cb9664c5f8636329436d/library/test/src/lib.rs:678:27
[INFO] [stdout]   33:     0x55f6d24fc826 - test::run_test::run_test_inner::{{closure}}::h0f058de91f6c6edf
[INFO] [stdout]                                at /rustc/1b7dd2252b99671ce5d1cb9664c5f8636329436d/library/test/src/lib.rs:572:39
[INFO] [stdout]   34:     0x55f6d24c5745 - test::run_test::run_test_inner::{{closure}}::h5ca48a4c59c6c1fb
[INFO] [stdout]                                at /rustc/1b7dd2252b99671ce5d1cb9664c5f8636329436d/library/test/src/lib.rs:599:37
[INFO] [stdout]   35:     0x55f6d24c5745 - std::sys_common::backtrace::__rust_begin_short_backtrace::h32bd51e1495d4a33
[INFO] [stdout]                                at /rustc/1b7dd2252b99671ce5d1cb9664c5f8636329436d/library/std/src/sys_common/backtrace.rs:134:18
[INFO] [stdout]   36:     0x55f6d24cac81 - std::thread::Builder::spawn_unchecked_::{{closure}}::{{closure}}::hc086fae9b128b2db
[INFO] [stdout]                                at /rustc/1b7dd2252b99671ce5d1cb9664c5f8636329436d/library/std/src/thread/mod.rs:526:17
[INFO] [stdout]   37:     0x55f6d24cac81 - <core::panic::unwind_safe::AssertUnwindSafe<F> as core::ops::function::FnOnce<()>>::call_once::hb66571888d270d43
[INFO] [stdout]                                at /rustc/1b7dd2252b99671ce5d1cb9664c5f8636329436d/library/core/src/panic/unwind_safe.rs:271:9
[INFO] [stdout]   38:     0x55f6d24cac81 - std::panicking::try::do_call::h4fa2ef4f6e51fecf
[INFO] [stdout]                                at /rustc/1b7dd2252b99671ce5d1cb9664c5f8636329436d/library/std/src/panicking.rs:485:40
[INFO] [stdout]   39:     0x55f6d24cac81 - std::panicking::try::h1e9e22b8584489b5
[INFO] [stdout]                                at /rustc/1b7dd2252b99671ce5d1cb9664c5f8636329436d/library/std/src/panicking.rs:449:19
[INFO] [stdout]   40:     0x55f6d24cac81 - std::panic::catch_unwind::h44698a3de0e0769e
[INFO] [stdout]                                at /rustc/1b7dd2252b99671ce5d1cb9664c5f8636329436d/library/std/src/panic.rs:140:14
[INFO] [stdout]   41:     0x55f6d24cac81 - std::thread::Builder::spawn_unchecked_::{{closure}}::h50153abde3fe239e
[INFO] [stdout]                                at /rustc/1b7dd2252b99671ce5d1cb9664c5f8636329436d/library/std/src/thread/mod.rs:525:30
[INFO] [stdout]   42:     0x55f6d24cac81 - core::ops::function::FnOnce::call_once{{vtable.shim}}::hbe5bbf6f38394364
[INFO] [stdout]                                at /rustc/1b7dd2252b99671ce5d1cb9664c5f8636329436d/library/core/src/ops/function.rs:250:5
[INFO] [stdout]   43:     0x55f6d26a4fb5 - <alloc::boxed::Box<F,A> as core::ops::function::FnOnce<Args>>::call_once::h0d83cb2920a49046
[INFO] [stdout]                                at /rustc/1b7dd2252b99671ce5d1cb9664c5f8636329436d/library/alloc/src/boxed.rs:1973:9
[INFO] [stdout]   44:     0x55f6d26a4fb5 - <alloc::boxed::Box<F,A> as core::ops::function::FnOnce<Args>>::call_once::hbe0a008aa7d9ef59
[INFO] [stdout]                                at /rustc/1b7dd2252b99671ce5d1cb9664c5f8636329436d/library/alloc/src/boxed.rs:1973:9
[INFO] [stdout]   45:     0x55f6d26a4fb5 - std::sys::unix::thread::Thread::new::thread_start::h3a466996bdf6b1f9
[INFO] [stdout]                                at /rustc/1b7dd2252b99671ce5d1cb9664c5f8636329436d/library/std/src/sys/unix/thread.rs:108:17
[INFO] [stdout]   46:     0x7fd443c70b43 - <unknown>
[INFO] [stdout]   47:     0x7fd443d01bb4 - __clone
[INFO] [stdout]   48:                0x0 - <unknown>
[INFO] [stdout] 
[INFO] [stdout] 
[INFO] [stdout] failures:
[INFO] [stdout]     section3::regexp
[INFO] [stdout] 
[INFO] [stdout] test result: FAILED. 1 passed; 1 failed; 0 ignored; 0 measured; 0 filtered out; finished in 0.02s
[INFO] [stdout] 
[INFO] running `Command { std: "docker" "inspect" "50bc8c9e1068db0242b71610e70795b516e3deef402349650abc93fdb4bdd92a", kill_on_drop: false }`
[INFO] running `Command { std: "docker" "rm" "-f" "50bc8c9e1068db0242b71610e70795b516e3deef402349650abc93fdb4bdd92a", kill_on_drop: false }`
[INFO] [stdout] 50bc8c9e1068db0242b71610e70795b516e3deef402349650abc93fdb4bdd92a
