[INFO] cloning repository https://github.com/harrystb/hb_html
[INFO] running `Command { std: "git" "-c" "credential.helper=" "-c" "credential.helper=/workspace/cargo-home/bin/git-credential-null" "clone" "--bare" "https://github.com/harrystb/hb_html" "/workspace/cache/git-repos/https%3A%2F%2Fgithub.com%2Fharrystb%2Fhb_html", kill_on_drop: false }`
[INFO] [stderr] Cloning into bare repository '/workspace/cache/git-repos/https%3A%2F%2Fgithub.com%2Fharrystb%2Fhb_html'...
[INFO] running `Command { std: "git" "rev-parse" "HEAD", kill_on_drop: false }`
[INFO] [stdout] f674673e0b226a9529a625445cf6f685c85f8def
[INFO] testing harrystb/hb_html against 1.69.0 for beta-1.70-1
[INFO] running `Command { std: "git" "clone" "/workspace/cache/git-repos/https%3A%2F%2Fgithub.com%2Fharrystb%2Fhb_html" "/workspace/builds/worker-3-tc1/source", kill_on_drop: false }`
[INFO] [stderr] Cloning into '/workspace/builds/worker-3-tc1/source'...
[INFO] [stderr] done.
[INFO] validating manifest of git repo https://github.com/harrystb/hb_html on toolchain 1.69.0
[INFO] running `Command { std: CARGO_HOME="/workspace/cargo-home" RUSTUP_HOME="/workspace/rustup-home" "/workspace/cargo-home/bin/cargo" "+1.69.0" "metadata" "--manifest-path" "Cargo.toml" "--no-deps", kill_on_drop: false }`
[INFO] started tweaking git repo https://github.com/harrystb/hb_html
[INFO] finished tweaking git repo https://github.com/harrystb/hb_html
[INFO] tweaked toml for git repo https://github.com/harrystb/hb_html written to /workspace/builds/worker-3-tc1/source/Cargo.toml
[INFO] crate git repo https://github.com/harrystb/hb_html already has a lockfile, it will not be regenerated
[INFO] running `Command { std: CARGO_HOME="/workspace/cargo-home" RUSTUP_HOME="/workspace/rustup-home" "/workspace/cargo-home/bin/cargo" "+1.69.0" "fetch" "--manifest-path" "Cargo.toml", kill_on_drop: false }`
[INFO] [stderr]  Downloading crates ...
[INFO] [stderr]   Downloaded hb_macros v0.1.3
[INFO] running `Command { std: "docker" "create" "-v" "/var/lib/crater-agent-workspace/builds/worker-3-tc1/target:/opt/rustwide/target:rw,Z" "-v" "/var/lib/crater-agent-workspace/builds/worker-3-tc1/source:/opt/rustwide/workdir:ro,Z" "-v" "/var/lib/crater-agent-workspace/cargo-home:/opt/rustwide/cargo-home:ro,Z" "-v" "/var/lib/crater-agent-workspace/rustup-home:/opt/rustwide/rustup-home:ro,Z" "-e" "SOURCE_DIR=/opt/rustwide/workdir" "-e" "CARGO_TARGET_DIR=/opt/rustwide/target" "-e" "CARGO_HOME=/opt/rustwide/cargo-home" "-e" "RUSTUP_HOME=/opt/rustwide/rustup-home" "-w" "/opt/rustwide/workdir" "-m" "1610612736" "--user" "0:0" "--network" "none" "ghcr.io/rust-lang/crates-build-env/linux@sha256:5ff2268d62e97bff2cde7d5815dd6ed5b47097566f13b8d0ca110b04b60e07ed" "/opt/rustwide/cargo-home/bin/cargo" "+1.69.0" "metadata" "--no-deps" "--format-version=1", kill_on_drop: false }`
[INFO] [stdout] aa1bc709999ddd8c425e785de8d7e9ababb2d9936052d363b8877f3c077905ec
[INFO] running `Command { std: "docker" "start" "-a" "aa1bc709999ddd8c425e785de8d7e9ababb2d9936052d363b8877f3c077905ec", kill_on_drop: false }`
[INFO] running `Command { std: "docker" "inspect" "aa1bc709999ddd8c425e785de8d7e9ababb2d9936052d363b8877f3c077905ec", kill_on_drop: false }`
[INFO] running `Command { std: "docker" "rm" "-f" "aa1bc709999ddd8c425e785de8d7e9ababb2d9936052d363b8877f3c077905ec", kill_on_drop: false }`
[INFO] [stdout] aa1bc709999ddd8c425e785de8d7e9ababb2d9936052d363b8877f3c077905ec
[INFO] running `Command { std: "docker" "create" "-v" "/var/lib/crater-agent-workspace/builds/worker-3-tc1/target:/opt/rustwide/target:rw,Z" "-v" "/var/lib/crater-agent-workspace/builds/worker-3-tc1/source:/opt/rustwide/workdir:ro,Z" "-v" "/var/lib/crater-agent-workspace/cargo-home:/opt/rustwide/cargo-home:ro,Z" "-v" "/var/lib/crater-agent-workspace/rustup-home:/opt/rustwide/rustup-home:ro,Z" "-e" "SOURCE_DIR=/opt/rustwide/workdir" "-e" "CARGO_TARGET_DIR=/opt/rustwide/target" "-e" "CARGO_INCREMENTAL=0" "-e" "RUST_BACKTRACE=full" "-e" "RUSTFLAGS=--cap-lints=warn" "-e" "RUSTDOCFLAGS=--cap-lints=warn" "-e" "CARGO_HOME=/opt/rustwide/cargo-home" "-e" "RUSTUP_HOME=/opt/rustwide/rustup-home" "-w" "/opt/rustwide/workdir" "-m" "1610612736" "--user" "0:0" "--network" "none" "ghcr.io/rust-lang/crates-build-env/linux@sha256:5ff2268d62e97bff2cde7d5815dd6ed5b47097566f13b8d0ca110b04b60e07ed" "/opt/rustwide/cargo-home/bin/cargo" "+1.69.0" "build" "--frozen" "--message-format=json", kill_on_drop: false }`
[INFO] [stdout] 494e8a9f8c48f175eb343ae4869cac954f1d22716838f404b2e61907118d7cf4
[INFO] running `Command { std: "docker" "start" "-a" "494e8a9f8c48f175eb343ae4869cac954f1d22716838f404b2e61907118d7cf4", kill_on_drop: false }`
[INFO] [stderr]    Compiling proc-macro2 v1.0.39
[INFO] [stderr]    Compiling unicode-ident v1.0.0
[INFO] [stderr]    Compiling syn v1.0.95
[INFO] [stderr]    Compiling hb_webrecipe v0.1.0 (/opt/rustwide/workdir/hb_webrecipe)
[INFO] [stderr]    Compiling quote v1.0.18
[INFO] [stderr]    Compiling hb_macros v0.1.3
[INFO] [stderr]    Compiling hb_macros v0.1.3 (/opt/rustwide/workdir/hb_macros)
[INFO] [stderr]    Compiling hb_error v0.1.2 (/opt/rustwide/workdir/hb_error)
[INFO] [stderr]    Compiling hb_parse v0.1.0 (/opt/rustwide/workdir/hb_parse)
[INFO] [stdout] warning: unused import: `std::any::TypeId`
[INFO] [stdout]  --> hb_parse/src/parser_funcs.rs:5:5
[INFO] [stdout]   |
[INFO] [stdout] 5 | use std::any::TypeId;
[INFO] [stdout]   |     ^^^^^^^^^^^^^^^^
[INFO] [stdout]   |
[INFO] [stdout]   = note: `#[warn(unused_imports)]` on by default
[INFO] [stdout] 
[INFO] [stdout] 
[INFO] [stdout] warning: unused imports: `Add`, `Mul`, `Rem`, `Sub`
[INFO] [stdout]  --> hb_parse/src/parser_funcs.rs:7:16
[INFO] [stdout]   |
[INFO] [stdout] 7 | use std::ops::{Add, Mul, Rem, Sub};
[INFO] [stdout]   |                ^^^  ^^^  ^^^  ^^^
[INFO] [stdout] 
[INFO] [stdout] 
[INFO] [stdout] warning: unused variable: `i`
[INFO] [stdout]    --> hb_parse/src/parser_funcs.rs:138:26
[INFO] [stdout]     |
[INFO] [stdout] 138 |                 Ok(Some((i, c))) => {
[INFO] [stdout]     |                          ^ help: if this is intentional, prefix it with an underscore: `_i`
[INFO] [stdout]     |
[INFO] [stdout]     = note: `#[warn(unused_variables)]` on by default
[INFO] [stdout] 
[INFO] [stdout] 
[INFO] [stdout] warning: unused variable: `val`
[INFO] [stdout]    --> hb_parse/src/parser_funcs.rs:622:42
[INFO] [stdout]     |
[INFO] [stdout] 622 |     fn match_bracket_contents(&mut self, val: &str) -> ParseResult<bool> {
[INFO] [stdout]     |                                          ^^^ help: if this is intentional, prefix it with an underscore: `_val`
[INFO] [stdout] 
[INFO] [stdout] 
[INFO] [stdout] warning: unused variable: `val`
[INFO] [stdout]    --> hb_parse/src/parser_funcs.rs:626:70
[INFO] [stdout]     |
[INFO] [stdout] 626 |     fn match_float<N: ParsableFloats + Display + FromStr>(&mut self, val: N) -> ParseResult<bool> {
[INFO] [stdout]     |                                                                      ^^^ help: if this is intentional, prefix it with an underscore: `_val`
[INFO] [stdout] 
[INFO] [stdout] 
[INFO] [stdout] warning: unused variable: `val`
[INFO] [stdout]    --> hb_parse/src/parser_funcs.rs:630:32
[INFO] [stdout]     |
[INFO] [stdout] 630 |     fn match_symbol(&mut self, val: char) -> ParseResult<bool> {
[INFO] [stdout]     |                                ^^^ help: if this is intentional, prefix it with an underscore: `_val`
[INFO] [stdout] 
[INFO] [stdout] 
[INFO] [stdout] warning: unused `Result` that must be used
[INFO] [stdout]    --> hb_parse/src/parser_funcs.rs:129:21
[INFO] [stdout]     |
[INFO] [stdout] 129 |                     self.set_pointer_loc(start_i);
[INFO] [stdout]     |                     ^^^^^^^^^^^^^^^^^^^^^^^^^^^^^
[INFO] [stdout]     |
[INFO] [stdout]     = note: this `Result` may be an `Err` variant, which should be handled
[INFO] [stdout]     = note: `#[warn(unused_must_use)]` on by default
[INFO] [stdout] 
[INFO] [stdout] 
[INFO] [stdout] warning: unused `Result` that must be used
[INFO] [stdout]    --> hb_parse/src/parser_funcs.rs:156:17
[INFO] [stdout]     |
[INFO] [stdout] 156 |                 self.set_pointer_loc(start_i);
[INFO] [stdout]     |                 ^^^^^^^^^^^^^^^^^^^^^^^^^^^^^
[INFO] [stdout]     |
[INFO] [stdout]     = note: this `Result` may be an `Err` variant, which should be handled
[INFO] [stdout] 
[INFO] [stdout] 
[INFO] [stdout] warning: bounds on generic parameters are not enforced in type aliases
[INFO] [stdout]    --> hb_parse/src/parser_funcs.rs:306:21
[INFO] [stdout]     |
[INFO] [stdout] 306 |     fn parse_num<N: ParsableNums + ParsableInts + std::str::FromStr>(&mut self) -> ParseResult<N> {
[INFO] [stdout]     |                     ^^^^^^^^^^^^   ^^^^^^^^^^^^   ^^^^^^^^^^^^^^^^^
[INFO] [stdout]     |
[INFO] [stdout]     = note: `#[warn(type_alias_bounds)]` on by default
[INFO] [stdout] help: the bound will not be checked when the type alias is used, and should be removed
[INFO] [stdout]     |
[INFO] [stdout] 306 -     fn parse_num<N: ParsableNums + ParsableInts + std::str::FromStr>(&mut self) -> ParseResult<N> {
[INFO] [stdout] 306 +     fn parse_num<N>(&mut self) -> ParseResult<N> {
[INFO] [stdout]     |
[INFO] [stdout] 
[INFO] [stdout] 
[INFO] [stdout] warning: bounds on generic parameters are not enforced in type aliases
[INFO] [stdout]    --> hb_parse/src/parser_funcs.rs:345:23
[INFO] [stdout]     |
[INFO] [stdout] 345 |     fn parse_float<N: ParsableNums + ParsableFloats + std::str::FromStr>(
[INFO] [stdout]     |                       ^^^^^^^^^^^^   ^^^^^^^^^^^^^^   ^^^^^^^^^^^^^^^^^
[INFO] [stdout]     |
[INFO] [stdout] help: the bound will not be checked when the type alias is used, and should be removed
[INFO] [stdout]     |
[INFO] [stdout] 345 -     fn parse_float<N: ParsableNums + ParsableFloats + std::str::FromStr>(
[INFO] [stdout] 345 +     fn parse_float<N>(
[INFO] [stdout]     |
[INFO] [stdout] 
[INFO] [stdout] 
[INFO] [stderr]    Compiling hb_html v0.1.0 (/opt/rustwide/workdir/hb_html)
[INFO] [stdout] warning: unused import: `HtmlMatchError`
[INFO] [stdout]  --> hb_html/src/querying.rs:1:20
[INFO] [stdout]   |
[INFO] [stdout] 1 | use crate::error::{HtmlMatchError, ParseHtmlError};
[INFO] [stdout]   |                    ^^^^^^^^^^^^^^
[INFO] [stdout]   |
[INFO] [stdout]   = note: `#[warn(unused_imports)]` on by default
[INFO] [stdout] 
[INFO] [stdout] 
[INFO] [stdout] warning: unused imports: `HtmlDocument`, `HtmlTag`
[INFO] [stdout]  --> hb_html/src/querying.rs:4:47
[INFO] [stdout]   |
[INFO] [stdout] 4 |     CssSelectorRelationship, CssSelectorRule, HtmlDocument, HtmlNode, HtmlTag,
[INFO] [stdout]   |                                               ^^^^^^^^^^^^            ^^^^^^^
[INFO] [stdout] 
[INFO] [stdout] 
[INFO] [stdout] warning: unused import: `std::collections::HashMap`
[INFO] [stdout]  --> hb_html/src/querying.rs:6:5
[INFO] [stdout]   |
[INFO] [stdout] 6 | use std::collections::HashMap;
[INFO] [stdout]   |     ^^^^^^^^^^^^^^^^^^^^^^^^^
[INFO] [stdout] 
[INFO] [stdout] 
[INFO] [stdout] warning: unused import: `TryInto`
[INFO] [stdout]  --> hb_html/src/querying.rs:7:29
[INFO] [stdout]   |
[INFO] [stdout] 7 | use std::convert::{TryFrom, TryInto};
[INFO] [stdout]   |                             ^^^^^^^
[INFO] [stdout] 
[INFO] [stdout] 
[INFO] [stdout] warning: 10 warnings emitted
[INFO] [stdout] 
[INFO] [stdout] 
[INFO] [stdout] warning: unused variable: `current_relationship`
[INFO] [stdout]    --> hb_html/src/parsing.rs:802:13
[INFO] [stdout]     |
[INFO] [stdout] 802 |     let mut current_relationship = CssSelectorRelationshipType::Current;
[INFO] [stdout]     |             ^^^^^^^^^^^^^^^^^^^^ help: if this is intentional, prefix it with an underscore: `_current_relationship`
[INFO] [stdout]     |
[INFO] [stdout]     = note: `#[warn(unused_variables)]` on by default
[INFO] [stdout] 
[INFO] [stdout] 
[INFO] [stdout] warning: unused variable: `item`
[INFO] [stdout]    --> hb_html/src/parsing.rs:817:13
[INFO] [stdout]     |
[INFO] [stdout] 817 |         let item = match parse_css_selector_item(&mut selector_chs)? {
[INFO] [stdout]     |             ^^^^ help: if this is intentional, prefix it with an underscore: `_item`
[INFO] [stdout] 
[INFO] [stdout] 
[INFO] [stdout] warning: unused variable: `i`
[INFO] [stdout]   --> hb_html/src/parsing_new.rs:67:25
[INFO] [stdout]    |
[INFO] [stdout] 67 |         while let Some((i, c)) = self.next()? {
[INFO] [stdout]    |                         ^ help: if this is intentional, prefix it with an underscore: `_i`
[INFO] [stdout] 
[INFO] [stdout] 
[INFO] [stdout] warning: variable does not need to be mutable
[INFO] [stdout]    --> hb_html/src/objects.rs:146:13
[INFO] [stdout]     |
[INFO] [stdout] 146 |         let mut buffer = String::new();
[INFO] [stdout]     |             ----^^^^^^
[INFO] [stdout]     |             |
[INFO] [stdout]     |             help: remove this `mut`
[INFO] [stdout]     |
[INFO] [stdout]     = note: `#[warn(unused_mut)]` on by default
[INFO] [stdout] 
[INFO] [stdout] 
[INFO] [stdout] warning: variable does not need to be mutable
[INFO] [stdout]    --> hb_html/src/parsing.rs:802:9
[INFO] [stdout]     |
[INFO] [stdout] 802 |     let mut current_relationship = CssSelectorRelationshipType::Current;
[INFO] [stdout]     |         ----^^^^^^^^^^^^^^^^^^^^
[INFO] [stdout]     |         |
[INFO] [stdout]     |         help: remove this `mut`
[INFO] [stdout] 
[INFO] [stdout] 
[INFO] [stdout] warning: variable does not need to be mutable
[INFO] [stdout]     --> hb_html/src/querying.rs:3142:13
[INFO] [stdout]      |
[INFO] [stdout] 3142 |         let mut results = self.results.clone();
[INFO] [stdout]      |             ----^^^^^^^
[INFO] [stdout]      |             |
[INFO] [stdout]      |             help: remove this `mut`
[INFO] [stdout] 
[INFO] [stdout] 
[INFO] [stdout] warning: unused `Result` that must be used
[INFO] [stdout]    --> hb_html/src/objects.rs:354:9
[INFO] [stdout]     |
[INFO] [stdout] 354 |         query.find_str(selector);
[INFO] [stdout]     |         ^^^^^^^^^^^^^^^^^^^^^^^^
[INFO] [stdout]     |
[INFO] [stdout]     = note: this `Result` may be an `Err` variant, which should be handled
[INFO] [stdout]     = note: `#[warn(unused_must_use)]` on by default
[INFO] [stdout] 
[INFO] [stdout] 
[INFO] [stdout] warning: 11 warnings emitted
[INFO] [stdout] 
[INFO] [stdout] 
[INFO] [stderr]     Finished dev [unoptimized + debuginfo] target(s) in 10.64s
[INFO] running `Command { std: "docker" "inspect" "494e8a9f8c48f175eb343ae4869cac954f1d22716838f404b2e61907118d7cf4", kill_on_drop: false }`
[INFO] running `Command { std: "docker" "rm" "-f" "494e8a9f8c48f175eb343ae4869cac954f1d22716838f404b2e61907118d7cf4", kill_on_drop: false }`
[INFO] [stdout] 494e8a9f8c48f175eb343ae4869cac954f1d22716838f404b2e61907118d7cf4
[INFO] running `Command { std: "docker" "create" "-v" "/var/lib/crater-agent-workspace/builds/worker-3-tc1/target:/opt/rustwide/target:rw,Z" "-v" "/var/lib/crater-agent-workspace/builds/worker-3-tc1/source:/opt/rustwide/workdir:ro,Z" "-v" "/var/lib/crater-agent-workspace/cargo-home:/opt/rustwide/cargo-home:ro,Z" "-v" "/var/lib/crater-agent-workspace/rustup-home:/opt/rustwide/rustup-home:ro,Z" "-e" "SOURCE_DIR=/opt/rustwide/workdir" "-e" "CARGO_TARGET_DIR=/opt/rustwide/target" "-e" "CARGO_INCREMENTAL=0" "-e" "RUST_BACKTRACE=full" "-e" "RUSTFLAGS=--cap-lints=warn" "-e" "RUSTDOCFLAGS=--cap-lints=warn" "-e" "CARGO_HOME=/opt/rustwide/cargo-home" "-e" "RUSTUP_HOME=/opt/rustwide/rustup-home" "-w" "/opt/rustwide/workdir" "-m" "1610612736" "--user" "0:0" "--network" "none" "ghcr.io/rust-lang/crates-build-env/linux@sha256:5ff2268d62e97bff2cde7d5815dd6ed5b47097566f13b8d0ca110b04b60e07ed" "/opt/rustwide/cargo-home/bin/cargo" "+1.69.0" "test" "--frozen" "--no-run" "--message-format=json", kill_on_drop: false }`
[INFO] [stdout] 296eba0d6e264ceee9676986ffc361c03b2f0af0bdf073fafc7ef95b5bef42f2
[INFO] running `Command { std: "docker" "start" "-a" "296eba0d6e264ceee9676986ffc361c03b2f0af0bdf073fafc7ef95b5bef42f2", kill_on_drop: false }`
[INFO] [stderr]    Compiling libc v0.2.126
[INFO] [stderr]    Compiling log v0.4.17
[INFO] [stderr]    Compiling pin-project-lite v0.2.9
[INFO] [stderr]    Compiling memchr v2.5.0
[INFO] [stderr]    Compiling cc v1.0.73
[INFO] [stderr]    Compiling pkg-config v0.3.25
[INFO] [stderr]    Compiling futures-core v0.3.21
[INFO] [stderr]    Compiling bytes v1.1.0
[INFO] [stderr]    Compiling once_cell v1.11.0
[INFO] [stderr]    Compiling itoa v1.0.2
[INFO] [stderr]    Compiling futures-task v0.3.21
[INFO] [stderr]    Compiling tracing-core v0.1.26
[INFO] [stderr]    Compiling tracing-attributes v0.1.21
[INFO] [stderr]    Compiling indexmap v1.8.1
[INFO] [stderr]    Compiling openssl v0.10.40
[INFO] [stderr]    Compiling futures-util v0.3.21
[INFO] [stderr]    Compiling socket2 v0.4.4
[INFO] [stderr]    Compiling mio v0.8.3
[INFO] [stderr]    Compiling num_cpus v1.13.1
[INFO] [stderr]    Compiling http v0.2.7
[INFO] [stdout] warning: unused import: `std::any::TypeId`
[INFO] [stdout]  --> hb_parse/src/parser_funcs.rs:5:5
[INFO] [stdout]   |
[INFO] [stdout] 5 | use std::any::TypeId;
[INFO] [stdout]   |     ^^^^^^^^^^^^^^^^
[INFO] [stdout]   |
[INFO] [stdout]   = note: `#[warn(unused_imports)]` on by default
[INFO] [stdout] 
[INFO] [stdout] 
[INFO] [stdout] warning: unused imports: `Add`, `Mul`, `Rem`, `Sub`
[INFO] [stdout]  --> hb_parse/src/parser_funcs.rs:7:16
[INFO] [stdout]   |
[INFO] [stdout] 7 | use std::ops::{Add, Mul, Rem, Sub};
[INFO] [stdout]   |                ^^^  ^^^  ^^^  ^^^
[INFO] [stdout] 
[INFO] [stdout] 
[INFO] [stdout] warning: unused variable: `i`
[INFO] [stdout]    --> hb_parse/src/parser_funcs.rs:138:26
[INFO] [stdout]     |
[INFO] [stdout] 138 |                 Ok(Some((i, c))) => {
[INFO] [stdout]     |                          ^ help: if this is intentional, prefix it with an underscore: `_i`
[INFO] [stdout]     |
[INFO] [stdout]     = note: `#[warn(unused_variables)]` on by default
[INFO] [stdout] 
[INFO] [stdout] 
[INFO] [stdout] warning: unused variable: `val`
[INFO] [stdout]    --> hb_parse/src/parser_funcs.rs:622:42
[INFO] [stdout]     |
[INFO] [stdout] 622 |     fn match_bracket_contents(&mut self, val: &str) -> ParseResult<bool> {
[INFO] [stdout]     |                                          ^^^ help: if this is intentional, prefix it with an underscore: `_val`
[INFO] [stdout] 
[INFO] [stdout] 
[INFO] [stdout] warning: unused variable: `val`
[INFO] [stdout]    --> hb_parse/src/parser_funcs.rs:626:70
[INFO] [stdout]     |
[INFO] [stdout] 626 |     fn match_float<N: ParsableFloats + Display + FromStr>(&mut self, val: N) -> ParseResult<bool> {
[INFO] [stdout]     |                                                                      ^^^ help: if this is intentional, prefix it with an underscore: `_val`
[INFO] [stdout] 
[INFO] [stdout] 
[INFO] [stdout] warning: unused variable: `val`
[INFO] [stdout]    --> hb_parse/src/parser_funcs.rs:630:32
[INFO] [stdout]     |
[INFO] [stdout] 630 |     fn match_symbol(&mut self, val: char) -> ParseResult<bool> {
[INFO] [stdout]     |                                ^^^ help: if this is intentional, prefix it with an underscore: `_val`
[INFO] [stdout] 
[INFO] [stdout] 
[INFO] [stdout] warning: unused `Result` that must be used
[INFO] [stdout]    --> hb_parse/src/parser_funcs.rs:129:21
[INFO] [stdout]     |
[INFO] [stdout] 129 |                     self.set_pointer_loc(start_i);
[INFO] [stdout]     |                     ^^^^^^^^^^^^^^^^^^^^^^^^^^^^^
[INFO] [stdout]     |
[INFO] [stdout]     = note: this `Result` may be an `Err` variant, which should be handled
[INFO] [stdout]     = note: `#[warn(unused_must_use)]` on by default
[INFO] [stdout] 
[INFO] [stdout] 
[INFO] [stdout] warning: unused `Result` that must be used
[INFO] [stdout]    --> hb_parse/src/parser_funcs.rs:156:17
[INFO] [stdout]     |
[INFO] [stdout] 156 |                 self.set_pointer_loc(start_i);
[INFO] [stdout]     |                 ^^^^^^^^^^^^^^^^^^^^^^^^^^^^^
[INFO] [stdout]     |
[INFO] [stdout]     = note: this `Result` may be an `Err` variant, which should be handled
[INFO] [stdout] 
[INFO] [stdout] 
[INFO] [stdout] warning: bounds on generic parameters are not enforced in type aliases
[INFO] [stdout]    --> hb_parse/src/parser_funcs.rs:306:21
[INFO] [stdout]     |
[INFO] [stdout] 306 |     fn parse_num<N: ParsableNums + ParsableInts + std::str::FromStr>(&mut self) -> ParseResult<N> {
[INFO] [stdout]     |                     ^^^^^^^^^^^^   ^^^^^^^^^^^^   ^^^^^^^^^^^^^^^^^
[INFO] [stdout]     |
[INFO] [stdout]     = note: `#[warn(type_alias_bounds)]` on by default
[INFO] [stdout] help: the bound will not be checked when the type alias is used, and should be removed
[INFO] [stdout]     |
[INFO] [stdout] 306 -     fn parse_num<N: ParsableNums + ParsableInts + std::str::FromStr>(&mut self) -> ParseResult<N> {
[INFO] [stdout] 306 +     fn parse_num<N>(&mut self) -> ParseResult<N> {
[INFO] [stdout]     |
[INFO] [stdout] 
[INFO] [stdout] 
[INFO] [stdout] warning: bounds on generic parameters are not enforced in type aliases
[INFO] [stdout]    --> hb_parse/src/parser_funcs.rs:345:23
[INFO] [stdout]     |
[INFO] [stdout] 345 |     fn parse_float<N: ParsableNums + ParsableFloats + std::str::FromStr>(
[INFO] [stdout]     |                       ^^^^^^^^^^^^   ^^^^^^^^^^^^^^   ^^^^^^^^^^^^^^^^^
[INFO] [stdout]     |
[INFO] [stdout] help: the bound will not be checked when the type alias is used, and should be removed
[INFO] [stdout]     |
[INFO] [stdout] 345 -     fn parse_float<N: ParsableNums + ParsableFloats + std::str::FromStr>(
[INFO] [stdout] 345 +     fn parse_float<N>(
[INFO] [stdout]     |
[INFO] [stdout] 
[INFO] [stdout] 
[INFO] [stdout] warning: 10 warnings emitted
[INFO] [stdout] 
[INFO] [stdout] 
[INFO] [stderr]    Compiling openssl-macros v0.1.0
[INFO] [stderr]    Compiling openssl-sys v0.9.73
[INFO] [stderr]    Compiling matches v0.1.9
[INFO] [stderr]    Compiling tinyvec_macros v0.1.0
[INFO] [stderr]    Compiling slab v0.4.6
[INFO] [stderr]    Compiling tokio v1.18.2
[INFO] [stderr]    Compiling futures-io v0.3.21
[INFO] [stderr]    Compiling httparse v1.7.1
[INFO] [stderr]    Compiling native-tls v0.2.10
[INFO] [stderr]    Compiling futures-channel v0.3.21
[INFO] [stderr]    Compiling futures-sink v0.3.21
[INFO] [stderr]    Compiling serde v1.0.137
[INFO] [stderr]    Compiling tinyvec v1.6.0
[INFO] [stderr]    Compiling tracing v0.1.34
[INFO] [stderr]    Compiling try-lock v0.2.3
[INFO] [stderr]    Compiling openssl-probe v0.1.5
[INFO] [stderr]    Compiling want v0.3.0
[INFO] [stderr]    Compiling form_urlencoded v1.0.1
[INFO] [stderr]    Compiling http-body v0.4.5
[INFO] [stderr]    Compiling unicode-normalization v0.1.19
[INFO] [stderr]    Compiling ryu v1.0.10
[INFO] [stderr]    Compiling unicode-bidi v0.3.8
[INFO] [stderr]    Compiling tower-service v0.3.1
[INFO] [stderr]    Compiling encoding_rs v0.8.31
[INFO] [stderr]    Compiling httpdate v1.0.2
[INFO] [stderr]    Compiling serde_json v1.0.81
[INFO] [stderr]    Compiling idna v0.2.3
[INFO] [stderr]    Compiling ipnet v2.5.0
[INFO] [stderr]    Compiling base64 v0.13.0
[INFO] [stderr]    Compiling mime v0.3.16
[INFO] [stderr]    Compiling url v2.2.2
[INFO] [stdout] warning: unused import: `HtmlMatchError`
[INFO] [stdout]  --> hb_html/src/querying.rs:1:20
[INFO] [stdout]   |
[INFO] [stdout] 1 | use crate::error::{HtmlMatchError, ParseHtmlError};
[INFO] [stdout]   |                    ^^^^^^^^^^^^^^
[INFO] [stdout]   |
[INFO] [stdout]   = note: `#[warn(unused_imports)]` on by default
[INFO] [stdout] 
[INFO] [stdout] 
[INFO] [stdout] warning: unused imports: `HtmlDocument`, `HtmlTag`
[INFO] [stdout]  --> hb_html/src/querying.rs:4:47
[INFO] [stdout]   |
[INFO] [stdout] 4 |     CssSelectorRelationship, CssSelectorRule, HtmlDocument, HtmlNode, HtmlTag,
[INFO] [stdout]   |                                               ^^^^^^^^^^^^            ^^^^^^^
[INFO] [stdout] 
[INFO] [stdout] 
[INFO] [stdout] warning: unused import: `std::collections::HashMap`
[INFO] [stdout]  --> hb_html/src/querying.rs:6:5
[INFO] [stdout]   |
[INFO] [stdout] 6 | use std::collections::HashMap;
[INFO] [stdout]   |     ^^^^^^^^^^^^^^^^^^^^^^^^^
[INFO] [stdout] 
[INFO] [stdout] 
[INFO] [stdout] warning: unused import: `TryInto`
[INFO] [stdout]  --> hb_html/src/querying.rs:7:29
[INFO] [stdout]   |
[INFO] [stdout] 7 | use std::convert::{TryFrom, TryInto};
[INFO] [stdout]   |                             ^^^^^^^
[INFO] [stdout] 
[INFO] [stdout] 
[INFO] [stdout] warning: unused variable: `current_relationship`
[INFO] [stdout]    --> hb_html/src/parsing.rs:802:13
[INFO] [stdout]     |
[INFO] [stdout] 802 |     let mut current_relationship = CssSelectorRelationshipType::Current;
[INFO] [stdout]     |             ^^^^^^^^^^^^^^^^^^^^ help: if this is intentional, prefix it with an underscore: `_current_relationship`
[INFO] [stdout]     |
[INFO] [stdout]     = note: `#[warn(unused_variables)]` on by default
[INFO] [stdout] 
[INFO] [stdout] 
[INFO] [stdout] warning: unused variable: `item`
[INFO] [stdout]    --> hb_html/src/parsing.rs:817:13
[INFO] [stdout]     |
[INFO] [stdout] 817 |         let item = match parse_css_selector_item(&mut selector_chs)? {
[INFO] [stdout]     |             ^^^^ help: if this is intentional, prefix it with an underscore: `_item`
[INFO] [stdout] 
[INFO] [stdout] 
[INFO] [stdout] warning: unused variable: `i`
[INFO] [stdout]   --> hb_html/src/parsing_new.rs:67:25
[INFO] [stdout]    |
[INFO] [stdout] 67 |         while let Some((i, c)) = self.next()? {
[INFO] [stdout]    |                         ^ help: if this is intentional, prefix it with an underscore: `_i`
[INFO] [stdout] 
[INFO] [stdout] 
[INFO] [stdout] warning: variable does not need to be mutable
[INFO] [stdout]    --> hb_html/src/objects.rs:146:13
[INFO] [stdout]     |
[INFO] [stdout] 146 |         let mut buffer = String::new();
[INFO] [stdout]     |             ----^^^^^^
[INFO] [stdout]     |             |
[INFO] [stdout]     |             help: remove this `mut`
[INFO] [stdout]     |
[INFO] [stdout]     = note: `#[warn(unused_mut)]` on by default
[INFO] [stdout] 
[INFO] [stdout] 
[INFO] [stdout] warning: variable does not need to be mutable
[INFO] [stdout]    --> hb_html/src/parsing.rs:802:9
[INFO] [stdout]     |
[INFO] [stdout] 802 |     let mut current_relationship = CssSelectorRelationshipType::Current;
[INFO] [stdout]     |         ----^^^^^^^^^^^^^^^^^^^^
[INFO] [stdout]     |         |
[INFO] [stdout]     |         help: remove this `mut`
[INFO] [stdout] 
[INFO] [stdout] 
[INFO] [stdout] warning: variable does not need to be mutable
[INFO] [stdout]     --> hb_html/src/querying.rs:3142:13
[INFO] [stdout]      |
[INFO] [stdout] 3142 |         let mut results = self.results.clone();
[INFO] [stdout]      |             ----^^^^^^^
[INFO] [stdout]      |             |
[INFO] [stdout]      |             help: remove this `mut`
[INFO] [stdout] 
[INFO] [stdout] 
[INFO] [stdout] warning: unused `Result` that must be used
[INFO] [stdout]    --> hb_html/src/objects.rs:354:9
[INFO] [stdout]     |
[INFO] [stdout] 354 |         query.find_str(selector);
[INFO] [stdout]     |         ^^^^^^^^^^^^^^^^^^^^^^^^
[INFO] [stdout]     |
[INFO] [stdout]     = note: this `Result` may be an `Err` variant, which should be handled
[INFO] [stdout]     = note: `#[warn(unused_must_use)]` on by default
[INFO] [stdout] 
[INFO] [stdout] 
[INFO] [stdout] warning: 11 warnings emitted
[INFO] [stdout] 
[INFO] [stdout] 
[INFO] [stderr]    Compiling hb_macros v0.1.3 (/opt/rustwide/workdir/hb_macros)
[INFO] [stderr]    Compiling tokio-util v0.7.2
[INFO] [stderr]    Compiling h2 v0.3.13
[INFO] [stderr]    Compiling tokio-native-tls v0.3.0
[INFO] [stderr]    Compiling serde_urlencoded v0.7.1
[INFO] [stderr]    Compiling hb_parse v0.1.0 (/opt/rustwide/workdir/hb_parse)
[INFO] [stdout] warning: unused import: `hb_parse::error::ParseError`
[INFO] [stdout]  --> hb_parse/examples/parsex.rs:1:5
[INFO] [stdout]   |
[INFO] [stdout] 1 | use hb_parse::error::ParseError;
[INFO] [stdout]   |     ^^^^^^^^^^^^^^^^^^^^^^^^^^^
[INFO] [stdout]   |
[INFO] [stdout]   = note: `#[warn(unused_imports)]` on by default
[INFO] [stdout] 
[INFO] [stdout] 
[INFO] [stdout] warning: unused import: `SourceEmpty`
[INFO] [stdout]  --> hb_parse/examples/parsex.rs:2:39
[INFO] [stdout]   |
[INFO] [stdout] 2 | use hb_parse::{CommonParserFunctions, SourceEmpty, StrParser};
[INFO] [stdout]   |                                       ^^^^^^^^^^^
[INFO] [stdout] 
[INFO] [stdout] 
[INFO] [stdout] warning: 2 warnings emitted
[INFO] [stdout] 
[INFO] [stdout] 
[INFO] [stderr]    Compiling hb_error v0.1.2 (/opt/rustwide/workdir/hb_error)
[INFO] [stdout] warning: unused import: `std::any::TypeId`
[INFO] [stdout]  --> hb_parse/src/parser_funcs.rs:5:5
[INFO] [stdout]   |
[INFO] [stdout] 5 | use std::any::TypeId;
[INFO] [stdout]   |     ^^^^^^^^^^^^^^^^
[INFO] [stdout]   |
[INFO] [stdout]   = note: `#[warn(unused_imports)]` on by default
[INFO] [stdout] 
[INFO] [stdout] 
[INFO] [stdout] warning: unused imports: `Add`, `Mul`, `Rem`, `Sub`
[INFO] [stdout]  --> hb_parse/src/parser_funcs.rs:7:16
[INFO] [stdout]   |
[INFO] [stdout] 7 | use std::ops::{Add, Mul, Rem, Sub};
[INFO] [stdout]   |                ^^^  ^^^  ^^^  ^^^
[INFO] [stdout] 
[INFO] [stdout] 
[INFO] [stdout] warning: unused variable: `i`
[INFO] [stdout]    --> hb_parse/src/parser_funcs.rs:138:26
[INFO] [stdout]     |
[INFO] [stdout] 138 |                 Ok(Some((i, c))) => {
[INFO] [stdout]     |                          ^ help: if this is intentional, prefix it with an underscore: `_i`
[INFO] [stdout]     |
[INFO] [stdout]     = note: `#[warn(unused_variables)]` on by default
[INFO] [stdout] 
[INFO] [stdout] 
[INFO] [stdout] warning: unused variable: `val`
[INFO] [stdout]    --> hb_parse/src/parser_funcs.rs:622:42
[INFO] [stdout]     |
[INFO] [stdout] 622 |     fn match_bracket_contents(&mut self, val: &str) -> ParseResult<bool> {
[INFO] [stdout]     |                                          ^^^ help: if this is intentional, prefix it with an underscore: `_val`
[INFO] [stdout] 
[INFO] [stdout] 
[INFO] [stdout] warning: unused variable: `val`
[INFO] [stdout]    --> hb_parse/src/parser_funcs.rs:626:70
[INFO] [stdout]     |
[INFO] [stdout] 626 |     fn match_float<N: ParsableFloats + Display + FromStr>(&mut self, val: N) -> ParseResult<bool> {
[INFO] [stdout]     |                                                                      ^^^ help: if this is intentional, prefix it with an underscore: `_val`
[INFO] [stdout] 
[INFO] [stdout] 
[INFO] [stdout] warning: unused variable: `val`
[INFO] [stdout]    --> hb_parse/src/parser_funcs.rs:630:32
[INFO] [stdout]     |
[INFO] [stdout] 630 |     fn match_symbol(&mut self, val: char) -> ParseResult<bool> {
[INFO] [stdout]     |                                ^^^ help: if this is intentional, prefix it with an underscore: `_val`
[INFO] [stdout] 
[INFO] [stdout] 
[INFO] [stdout] warning: unused `Result` that must be used
[INFO] [stdout]    --> hb_parse/src/parser_funcs.rs:129:21
[INFO] [stdout]     |
[INFO] [stdout] 129 |                     self.set_pointer_loc(start_i);
[INFO] [stdout]     |                     ^^^^^^^^^^^^^^^^^^^^^^^^^^^^^
[INFO] [stdout]     |
[INFO] [stdout]     = note: this `Result` may be an `Err` variant, which should be handled
[INFO] [stdout]     = note: `#[warn(unused_must_use)]` on by default
[INFO] [stdout] 
[INFO] [stdout] 
[INFO] [stdout] warning: unused `Result` that must be used
[INFO] [stdout]    --> hb_parse/src/parser_funcs.rs:156:17
[INFO] [stdout]     |
[INFO] [stdout] 156 |                 self.set_pointer_loc(start_i);
[INFO] [stdout]     |                 ^^^^^^^^^^^^^^^^^^^^^^^^^^^^^
[INFO] [stdout]     |
[INFO] [stdout]     = note: this `Result` may be an `Err` variant, which should be handled
[INFO] [stdout] 
[INFO] [stdout] 
[INFO] [stdout] warning: bounds on generic parameters are not enforced in type aliases
[INFO] [stdout]    --> hb_parse/src/parser_funcs.rs:306:21
[INFO] [stdout]     |
[INFO] [stdout] 306 |     fn parse_num<N: ParsableNums + ParsableInts + std::str::FromStr>(&mut self) -> ParseResult<N> {
[INFO] [stdout]     |                     ^^^^^^^^^^^^   ^^^^^^^^^^^^   ^^^^^^^^^^^^^^^^^
[INFO] [stdout]     |
[INFO] [stdout]     = note: `#[warn(type_alias_bounds)]` on by default
[INFO] [stdout] help: the bound will not be checked when the type alias is used, and should be removed
[INFO] [stdout]     |
[INFO] [stdout] 306 -     fn parse_num<N: ParsableNums + ParsableInts + std::str::FromStr>(&mut self) -> ParseResult<N> {
[INFO] [stdout] 306 +     fn parse_num<N>(&mut self) -> ParseResult<N> {
[INFO] [stdout]     |
[INFO] [stdout] 
[INFO] [stdout] 
[INFO] [stdout] warning: bounds on generic parameters are not enforced in type aliases
[INFO] [stdout]    --> hb_parse/src/parser_funcs.rs:345:23
[INFO] [stdout]     |
[INFO] [stdout] 345 |     fn parse_float<N: ParsableNums + ParsableFloats + std::str::FromStr>(
[INFO] [stdout]     |                       ^^^^^^^^^^^^   ^^^^^^^^^^^^^^   ^^^^^^^^^^^^^^^^^
[INFO] [stdout]     |
[INFO] [stdout] help: the bound will not be checked when the type alias is used, and should be removed
[INFO] [stdout]     |
[INFO] [stdout] 345 -     fn parse_float<N: ParsableNums + ParsableFloats + std::str::FromStr>(
[INFO] [stdout] 345 +     fn parse_float<N>(
[INFO] [stdout]     |
[INFO] [stdout] 
[INFO] [stdout] 
[INFO] [stderr]    Compiling hb_webrecipe v0.1.0 (/opt/rustwide/workdir/hb_webrecipe)
[INFO] [stdout] warning: 10 warnings emitted
[INFO] [stdout] 
[INFO] [stdout] 
[INFO] [stderr]    Compiling hyper v0.14.18
[INFO] [stderr]    Compiling hyper-tls v0.5.0
[INFO] [stderr]    Compiling reqwest v0.11.10
[INFO] [stderr]    Compiling hb_html v0.1.0 (/opt/rustwide/workdir/hb_html)
[INFO] [stdout] warning: unused import: `HtmlMatchError`
[INFO] [stdout]  --> hb_html/src/querying.rs:1:20
[INFO] [stdout]   |
[INFO] [stdout] 1 | use crate::error::{HtmlMatchError, ParseHtmlError};
[INFO] [stdout]   |                    ^^^^^^^^^^^^^^
[INFO] [stdout]   |
[INFO] [stdout]   = note: `#[warn(unused_imports)]` on by default
[INFO] [stdout] 
[INFO] [stdout] 
[INFO] [stdout] warning: unused import: `TryInto`
[INFO] [stdout]  --> hb_html/src/querying.rs:7:29
[INFO] [stdout]   |
[INFO] [stdout] 7 | use std::convert::{TryFrom, TryInto};
[INFO] [stdout]   |                             ^^^^^^^
[INFO] [stdout] 
[INFO] [stdout] 
[INFO] [stdout] warning: unused variable: `current_relationship`
[INFO] [stdout]    --> hb_html/src/parsing.rs:802:13
[INFO] [stdout]     |
[INFO] [stdout] 802 |     let mut current_relationship = CssSelectorRelationshipType::Current;
[INFO] [stdout]     |             ^^^^^^^^^^^^^^^^^^^^ help: if this is intentional, prefix it with an underscore: `_current_relationship`
[INFO] [stdout]     |
[INFO] [stdout]     = note: `#[warn(unused_variables)]` on by default
[INFO] [stdout] 
[INFO] [stdout] 
[INFO] [stdout] warning: unused variable: `item`
[INFO] [stdout]    --> hb_html/src/parsing.rs:817:13
[INFO] [stdout]     |
[INFO] [stdout] 817 |         let item = match parse_css_selector_item(&mut selector_chs)? {
[INFO] [stdout]     |             ^^^^ help: if this is intentional, prefix it with an underscore: `_item`
[INFO] [stdout] 
[INFO] [stdout] 
[INFO] [stdout] warning: unused variable: `i`
[INFO] [stdout]   --> hb_html/src/parsing_new.rs:67:25
[INFO] [stdout]    |
[INFO] [stdout] 67 |         while let Some((i, c)) = self.next()? {
[INFO] [stdout]    |                         ^ help: if this is intentional, prefix it with an underscore: `_i`
[INFO] [stdout] 
[INFO] [stdout] 
[INFO] [stdout] warning: unused variable: `dummy`
[INFO] [stdout]     --> hb_html/src/querying.rs:1596:13
[INFO] [stdout]      |
[INFO] [stdout] 1596 |         let dummy = HtmlNode::Comment(" ".to_owned());
[INFO] [stdout]      |             ^^^^^ help: if this is intentional, prefix it with an underscore: `_dummy`
[INFO] [stdout] 
[INFO] [stdout] 
[INFO] [stdout] warning: variable does not need to be mutable
[INFO] [stdout]    --> hb_html/src/objects.rs:146:13
[INFO] [stdout]     |
[INFO] [stdout] 146 |         let mut buffer = String::new();
[INFO] [stdout]     |             ----^^^^^^
[INFO] [stdout]     |             |
[INFO] [stdout]     |             help: remove this `mut`
[INFO] [stdout]     |
[INFO] [stdout]     = note: `#[warn(unused_mut)]` on by default
[INFO] [stdout] 
[INFO] [stdout] 
[INFO] [stdout] warning: variable does not need to be mutable
[INFO] [stdout]    --> hb_html/src/parsing.rs:802:9
[INFO] [stdout]     |
[INFO] [stdout] 802 |     let mut current_relationship = CssSelectorRelationshipType::Current;
[INFO] [stdout]     |         ----^^^^^^^^^^^^^^^^^^^^
[INFO] [stdout]     |         |
[INFO] [stdout]     |         help: remove this `mut`
[INFO] [stdout] 
[INFO] [stdout] 
[INFO] [stdout] warning: variable does not need to be mutable
[INFO] [stdout]     --> hb_html/src/querying.rs:3142:13
[INFO] [stdout]      |
[INFO] [stdout] 3142 |         let mut results = self.results.clone();
[INFO] [stdout]      |             ----^^^^^^^
[INFO] [stdout]      |             |
[INFO] [stdout]      |             help: remove this `mut`
[INFO] [stdout] 
[INFO] [stdout] 
[INFO] [stdout] warning: unused `Result` that must be used
[INFO] [stdout]    --> hb_html/src/objects.rs:354:9
[INFO] [stdout]     |
[INFO] [stdout] 354 |         query.find_str(selector);
[INFO] [stdout]     |         ^^^^^^^^^^^^^^^^^^^^^^^^
[INFO] [stdout]     |
[INFO] [stdout]     = note: this `Result` may be an `Err` variant, which should be handled
[INFO] [stdout]     = note: `#[warn(unused_must_use)]` on by default
[INFO] [stdout] 
[INFO] [stdout] 
[INFO] [stdout] warning: unused `Result` that must be used
[INFO] [stdout]     --> hb_html/src/querying.rs:1180:9
[INFO] [stdout]      |
[INFO] [stdout] 1180 |         q.find_str("div");
[INFO] [stdout]      |         ^^^^^^^^^^^^^^^^^
[INFO] [stdout]      |
[INFO] [stdout]      = note: this `Result` may be an `Err` variant, which should be handled
[INFO] [stdout] 
[INFO] [stdout] 
[INFO] [stdout] warning: 11 warnings emitted
[INFO] [stdout] 
[INFO] [stdout] 
[INFO] [stderr]     Finished test [unoptimized + debuginfo] target(s) in 22.77s
[INFO] running `Command { std: "docker" "inspect" "296eba0d6e264ceee9676986ffc361c03b2f0af0bdf073fafc7ef95b5bef42f2", kill_on_drop: false }`
[INFO] running `Command { std: "docker" "rm" "-f" "296eba0d6e264ceee9676986ffc361c03b2f0af0bdf073fafc7ef95b5bef42f2", kill_on_drop: false }`
[INFO] [stdout] 296eba0d6e264ceee9676986ffc361c03b2f0af0bdf073fafc7ef95b5bef42f2
[INFO] running `Command { std: "docker" "create" "-v" "/var/lib/crater-agent-workspace/builds/worker-3-tc1/target:/opt/rustwide/target:rw,Z" "-v" "/var/lib/crater-agent-workspace/builds/worker-3-tc1/source:/opt/rustwide/workdir:ro,Z" "-v" "/var/lib/crater-agent-workspace/cargo-home:/opt/rustwide/cargo-home:ro,Z" "-v" "/var/lib/crater-agent-workspace/rustup-home:/opt/rustwide/rustup-home:ro,Z" "-e" "SOURCE_DIR=/opt/rustwide/workdir" "-e" "CARGO_TARGET_DIR=/opt/rustwide/target" "-e" "CARGO_INCREMENTAL=0" "-e" "RUST_BACKTRACE=full" "-e" "RUSTFLAGS=--cap-lints=warn" "-e" "RUSTDOCFLAGS=--cap-lints=warn" "-e" "CARGO_HOME=/opt/rustwide/cargo-home" "-e" "RUSTUP_HOME=/opt/rustwide/rustup-home" "-w" "/opt/rustwide/workdir" "-m" "1610612736" "--user" "0:0" "--network" "none" "ghcr.io/rust-lang/crates-build-env/linux@sha256:5ff2268d62e97bff2cde7d5815dd6ed5b47097566f13b8d0ca110b04b60e07ed" "/opt/rustwide/cargo-home/bin/cargo" "+1.69.0" "test" "--frozen", kill_on_drop: false }`
[INFO] [stdout] 181edcd952c7be00834717b51566f1f413812f654cff8441f358684f71ec668f
[INFO] running `Command { std: "docker" "start" "-a" "181edcd952c7be00834717b51566f1f413812f654cff8441f358684f71ec668f", kill_on_drop: false }`
[INFO] [stderr] warning: unused import: `std::any::TypeId`
[INFO] [stderr]  --> hb_parse/src/parser_funcs.rs:5:5
[INFO] [stderr]   |
[INFO] [stderr] 5 | use std::any::TypeId;
[INFO] [stderr]   |     ^^^^^^^^^^^^^^^^
[INFO] [stderr]   |
[INFO] [stderr]   = note: `#[warn(unused_imports)]` on by default
[INFO] [stderr] 
[INFO] [stderr] warning: unused imports: `Add`, `Mul`, `Rem`, `Sub`
[INFO] [stderr]  --> hb_parse/src/parser_funcs.rs:7:16
[INFO] [stderr]   |
[INFO] [stderr] 7 | use std::ops::{Add, Mul, Rem, Sub};
[INFO] [stderr]   |                ^^^  ^^^  ^^^  ^^^
[INFO] [stderr] 
[INFO] [stderr] warning: unused variable: `i`
[INFO] [stderr]    --> hb_parse/src/parser_funcs.rs:138:26
[INFO] [stderr]     |
[INFO] [stderr] 138 |                 Ok(Some((i, c))) => {
[INFO] [stderr]     |                          ^ help: if this is intentional, prefix it with an underscore: `_i`
[INFO] [stderr]     |
[INFO] [stderr]     = note: `#[warn(unused_variables)]` on by default
[INFO] [stderr] 
[INFO] [stderr] warning: unused variable: `val`
[INFO] [stderr]    --> hb_parse/src/parser_funcs.rs:622:42
[INFO] [stderr]     |
[INFO] [stderr] 622 |     fn match_bracket_contents(&mut self, val: &str) -> ParseResult<bool> {
[INFO] [stderr]     |                                          ^^^ help: if this is intentional, prefix it with an underscore: `_val`
[INFO] [stderr] 
[INFO] [stderr] warning: unused variable: `val`
[INFO] [stderr]    --> hb_parse/src/parser_funcs.rs:626:70
[INFO] [stderr]     |
[INFO] [stderr] 626 |     fn match_float<N: ParsableFloats + Display + FromStr>(&mut self, val: N) -> ParseResult<bool> {
[INFO] [stderr]     |                                                                      ^^^ help: if this is intentional, prefix it with an underscore: `_val`
[INFO] [stderr] 
[INFO] [stderr] warning: unused variable: `val`
[INFO] [stderr]    --> hb_parse/src/parser_funcs.rs:630:32
[INFO] [stderr]     |
[INFO] [stderr] 630 |     fn match_symbol(&mut self, val: char) -> ParseResult<bool> {
[INFO] [stderr]     |                                ^^^ help: if this is intentional, prefix it with an underscore: `_val`
[INFO] [stderr] 
[INFO] [stderr] warning: unused `Result` that must be used
[INFO] [stderr]    --> hb_parse/src/parser_funcs.rs:129:21
[INFO] [stderr]     |
[INFO] [stderr] 129 |                     self.set_pointer_loc(start_i);
[INFO] [stderr]     |                     ^^^^^^^^^^^^^^^^^^^^^^^^^^^^^
[INFO] [stderr]     |
[INFO] [stderr]     = note: this `Result` may be an `Err` variant, which should be handled
[INFO] [stderr]     = note: `#[warn(unused_must_use)]` on by default
[INFO] [stderr] 
[INFO] [stderr] warning: unused `Result` that must be used
[INFO] [stderr]    --> hb_parse/src/parser_funcs.rs:156:17
[INFO] [stderr]     |
[INFO] [stderr] 156 |                 self.set_pointer_loc(start_i);
[INFO] [stderr]     |                 ^^^^^^^^^^^^^^^^^^^^^^^^^^^^^
[INFO] [stderr]     |
[INFO] [stderr]     = note: this `Result` may be an `Err` variant, which should be handled
[INFO] [stderr] 
[INFO] [stderr] warning: bounds on generic parameters are not enforced in type aliases
[INFO] [stderr]    --> hb_parse/src/parser_funcs.rs:306:21
[INFO] [stderr]     |
[INFO] [stderr] 306 |     fn parse_num<N: ParsableNums + ParsableInts + std::str::FromStr>(&mut self) -> ParseResult<N> {
[INFO] [stderr]     |                     ^^^^^^^^^^^^   ^^^^^^^^^^^^   ^^^^^^^^^^^^^^^^^
[INFO] [stderr]     |
[INFO] [stderr]     = note: `#[warn(type_alias_bounds)]` on by default
[INFO] [stderr] help: the bound will not be checked when the type alias is used, and should be removed
[INFO] [stderr]     |
[INFO] [stderr] 306 -     fn parse_num<N: ParsableNums + ParsableInts + std::str::FromStr>(&mut self) -> ParseResult<N> {
[INFO] [stderr] 306 +     fn parse_num<N>(&mut self) -> ParseResult<N> {
[INFO] [stderr]     |
[INFO] [stderr] 
[INFO] [stderr] warning: bounds on generic parameters are not enforced in type aliases
[INFO] [stderr]    --> hb_parse/src/parser_funcs.rs:345:23
[INFO] [stderr]     |
[INFO] [stderr] 345 |     fn parse_float<N: ParsableNums + ParsableFloats + std::str::FromStr>(
[INFO] [stderr]     |                       ^^^^^^^^^^^^   ^^^^^^^^^^^^^^   ^^^^^^^^^^^^^^^^^
[INFO] [stderr]     |
[INFO] [stderr] help: the bound will not be checked when the type alias is used, and should be removed
[INFO] [stderr]     |
[INFO] [stderr] 345 -     fn parse_float<N: ParsableNums + ParsableFloats + std::str::FromStr>(
[INFO] [stderr] 345 +     fn parse_float<N>(
[INFO] [stderr]     |
[INFO] [stderr] 
[INFO] [stderr] warning: `hb_parse` (lib) generated 10 warnings (run `cargo fix --lib -p hb_parse` to apply 8 suggestions)
[INFO] [stderr] warning: unused import: `HtmlMatchError`
[INFO] [stderr]  --> hb_html/src/querying.rs:1:20
[INFO] [stderr]   |
[INFO] [stderr] 1 | use crate::error::{HtmlMatchError, ParseHtmlError};
[INFO] [stderr]   |                    ^^^^^^^^^^^^^^
[INFO] [stderr]   |
[INFO] [stderr]   = note: `#[warn(unused_imports)]` on by default
[INFO] [stderr] 
[INFO] [stderr] warning: unused imports: `HtmlDocument`, `HtmlTag`
[INFO] [stderr]  --> hb_html/src/querying.rs:4:47
[INFO] [stderr]   |
[INFO] [stderr] 4 |     CssSelectorRelationship, CssSelectorRule, HtmlDocument, HtmlNode, HtmlTag,
[INFO] [stderr]   |                                               ^^^^^^^^^^^^            ^^^^^^^
[INFO] [stderr] 
[INFO] [stderr] warning: unused import: `std::collections::HashMap`
[INFO] [stderr]  --> hb_html/src/querying.rs:6:5
[INFO] [stderr]   |
[INFO] [stderr] 6 | use std::collections::HashMap;
[INFO] [stderr]   |     ^^^^^^^^^^^^^^^^^^^^^^^^^
[INFO] [stderr] 
[INFO] [stderr] warning: unused import: `TryInto`
[INFO] [stderr]  --> hb_html/src/querying.rs:7:29
[INFO] [stderr]   |
[INFO] [stderr] 7 | use std::convert::{TryFrom, TryInto};
[INFO] [stderr]   |                             ^^^^^^^
[INFO] [stderr] 
[INFO] [stderr] warning: unused variable: `current_relationship`
[INFO] [stderr]    --> hb_html/src/parsing.rs:802:13
[INFO] [stderr]     |
[INFO] [stderr] 802 |     let mut current_relationship = CssSelectorRelationshipType::Current;
[INFO] [stderr]     |             ^^^^^^^^^^^^^^^^^^^^ help: if this is intentional, prefix it with an underscore: `_current_relationship`
[INFO] [stderr]     |
[INFO] [stderr]     = note: `#[warn(unused_variables)]` on by default
[INFO] [stderr] 
[INFO] [stderr] warning: unused variable: `item`
[INFO] [stderr]    --> hb_html/src/parsing.rs:817:13
[INFO] [stderr]     |
[INFO] [stderr] 817 |         let item = match parse_css_selector_item(&mut selector_chs)? {
[INFO] [stderr]     |             ^^^^ help: if this is intentional, prefix it with an underscore: `_item`
[INFO] [stderr] 
[INFO] [stderr] warning: unused variable: `i`
[INFO] [stderr]   --> hb_html/src/parsing_new.rs:67:25
[INFO] [stderr]    |
[INFO] [stderr] 67 |         while let Some((i, c)) = self.next()? {
[INFO] [stderr]    |                         ^ help: if this is intentional, prefix it with an underscore: `_i`
[INFO] [stderr] 
[INFO] [stderr] warning: variable does not need to be mutable
[INFO] [stderr]    --> hb_html/src/objects.rs:146:13
[INFO] [stderr]     |
[INFO] [stderr] 146 |         let mut buffer = String::new();
[INFO] [stderr]     |             ----^^^^^^
[INFO] [stderr]     |             |
[INFO] [stderr]     |             help: remove this `mut`
[INFO] [stderr]     |
[INFO] [stderr]     = note: `#[warn(unused_mut)]` on by default
[INFO] [stderr] 
[INFO] [stderr] warning: variable does not need to be mutable
[INFO] [stderr]    --> hb_html/src/parsing.rs:802:9
[INFO] [stderr]     |
[INFO] [stderr] 802 |     let mut current_relationship = CssSelectorRelationshipType::Current;
[INFO] [stderr]     |         ----^^^^^^^^^^^^^^^^^^^^
[INFO] [stderr]     |         |
[INFO] [stderr]     |         help: remove this `mut`
[INFO] [stderr] 
[INFO] [stderr] warning: variable does not need to be mutable
[INFO] [stderr]     --> hb_html/src/querying.rs:3142:13
[INFO] [stderr]      |
[INFO] [stderr] 3142 |         let mut results = self.results.clone();
[INFO] [stderr]      |             ----^^^^^^^
[INFO] [stderr]      |             |
[INFO] [stderr]      |             help: remove this `mut`
[INFO] [stderr] 
[INFO] [stderr] warning: unused `Result` that must be used
[INFO] [stderr]    --> hb_html/src/objects.rs:354:9
[INFO] [stderr]     |
[INFO] [stderr] 354 |         query.find_str(selector);
[INFO] [stderr]     |         ^^^^^^^^^^^^^^^^^^^^^^^^
[INFO] [stderr]     |
[INFO] [stderr]     = note: this `Result` may be an `Err` variant, which should be handled
[INFO] [stderr]     = note: `#[warn(unused_must_use)]` on by default
[INFO] [stderr] 
[INFO] [stderr] warning: `hb_html` (lib) generated 11 warnings (run `cargo fix --lib -p hb_html` to apply 10 suggestions)
[INFO] [stderr] warning: unused import: `hb_parse::error::ParseError`
[INFO] [stderr]  --> hb_parse/examples/parsex.rs:1:5
[INFO] [stderr]   |
[INFO] [stderr] 1 | use hb_parse::error::ParseError;
[INFO] [stderr]   |     ^^^^^^^^^^^^^^^^^^^^^^^^^^^
[INFO] [stderr]   |
[INFO] [stderr]   = note: `#[warn(unused_imports)]` on by default
[INFO] [stderr] 
[INFO] [stderr] warning: unused import: `SourceEmpty`
[INFO] [stderr]  --> hb_parse/examples/parsex.rs:2:39
[INFO] [stderr]   |
[INFO] [stderr] 2 | use hb_parse::{CommonParserFunctions, SourceEmpty, StrParser};
[INFO] [stderr]   |                                       ^^^^^^^^^^^
[INFO] [stderr] 
[INFO] [stderr] warning: `hb_parse` (example "parsex" test) generated 2 warnings (run `cargo fix --example "parsex" --tests` to apply 2 suggestions)
[INFO] [stderr] warning: `hb_parse` (lib test) generated 10 warnings (10 duplicates)
[INFO] [stderr] warning: unused variable: `dummy`
[INFO] [stderr]     --> hb_html/src/querying.rs:1596:13
[INFO] [stderr]      |
[INFO] [stderr] 1596 |         let dummy = HtmlNode::Comment(" ".to_owned());
[INFO] [stderr]      |             ^^^^^ help: if this is intentional, prefix it with an underscore: `_dummy`
[INFO] [stderr] 
[INFO] [stderr] warning: unused `Result` that must be used
[INFO] [stderr]     --> hb_html/src/querying.rs:1180:9
[INFO] [stderr]      |
[INFO] [stderr] 1180 |         q.find_str("div");
[INFO] [stderr]      |         ^^^^^^^^^^^^^^^^^
[INFO] [stderr]      |
[INFO] [stderr]      = note: this `Result` may be an `Err` variant, which should be handled
[INFO] [stderr] 
[INFO] [stderr] warning: `hb_html` (lib test) generated 11 warnings (9 duplicates) (run `cargo fix --lib -p hb_html --tests` to apply 1 suggestion)
[INFO] [stderr]     Finished test [unoptimized + debuginfo] target(s) in 0.06s
[INFO] [stderr]      Running unittests src/lib.rs (/opt/rustwide/target/debug/deps/hb_error-1a483a035ebc5d7c)
[INFO] [stdout] 
[INFO] [stdout] running 0 tests
[INFO] [stdout] 
[INFO] [stdout] test result: ok. 0 passed; 0 failed; 0 ignored; 0 measured; 0 filtered out; finished in 0.00s
[INFO] [stdout] 
[INFO] [stderr]      Running unittests src/lib.rs (/opt/rustwide/target/debug/deps/hb_html-51f7e507f49a54e2)
[INFO] [stdout] 
[INFO] [stdout] running 15 tests
[INFO] [stdout] test parsing::parse_css_selector_tests::parse_css_refiner_errors_test ... ok
[INFO] [stdout] test parsing::parse_css_selector_tests::parse_css_refiner_test ... ok
[INFO] [stdout] test objects::html_tag_tests::html_tag_to_html_string ... ok
[INFO] [stdout] test parsing::parse_css_selector_tests::parse_css_selector_relationship_test ... ok
[INFO] [stdout] test parsing::parse_css_selector_tests::parse_css_selector_item_test ... ok
[INFO] [stdout] test parsing::parse_css_selector_tests::parse_css_selector_rule_test ... ok
[INFO] [stdout] test parsing::parse_html_tag_tests::parse_html_end_tag_test ... ok
[INFO] [stdout] test parsing::parse_html_tag_tests::parse_html_comment_tag_test ... ok
[INFO] [stdout] test parsing::parse_iter_tests::parse_chars_test ... ok
[INFO] [stdout] test parsing::parse_html_tag_tests::parse_html_tag_errors ... ok
[INFO] [stdout] test parsing::parse_html_tag_tests::parse_html_start_tag_test ... ok
[INFO] [stdout] test parsing::parse_html_document_tests::parse_test_document ... ok
[INFO] [stdout] test querying::html_match_tests::html_matching_basic_test ... ok
[INFO] [stdout] test querying::html_match_tests::html_matching_specific_tests ... ok
[INFO] [stdout] test parsing_new::tests::parse_doctype_test ... FAILED
[INFO] [stdout] 
[INFO] [stdout] failures:
[INFO] [stdout] 
[INFO] [stdout] ---- parsing_new::tests::parse_doctype_test stdout ----
[INFO] [stdout] thread 'parsing_new::tests::parse_doctype_test' panicked at 'called `Result::unwrap()` on an `Err` value: could not parse doctype
[INFO] [stdout] ...because...could not read word
[INFO] [stdout] ...source error SourceInvalidState...', hb_html/src/parsing_new.rs:88:43
[INFO] [stdout] stack backtrace:
[INFO] [stdout]    0:     0x556420bededa - std::backtrace_rs::backtrace::libunwind::trace::ha9053a9a07ca49cb
[INFO] [stdout]                                at /rustc/84c898d65adf2f39a5a98507f1fe0ce10a2b8dbc/library/std/src/../../backtrace/src/backtrace/libunwind.rs:93:5
[INFO] [stdout]    1:     0x556420bededa - std::backtrace_rs::backtrace::trace_unsynchronized::h9c2852a457ad564e
[INFO] [stdout]                                at /rustc/84c898d65adf2f39a5a98507f1fe0ce10a2b8dbc/library/std/src/../../backtrace/src/backtrace/mod.rs:66:5
[INFO] [stdout]    2:     0x556420bededa - std::sys_common::backtrace::_print_fmt::h457936fbfaa0070f
[INFO] [stdout]                                at /rustc/84c898d65adf2f39a5a98507f1fe0ce10a2b8dbc/library/std/src/sys_common/backtrace.rs:65:5
[INFO] [stdout]    3:     0x556420bededa - <std::sys_common::backtrace::_print::DisplayBacktrace as core::fmt::Display>::fmt::h5779d7bf7f70cb0c
[INFO] [stdout]                                at /rustc/84c898d65adf2f39a5a98507f1fe0ce10a2b8dbc/library/std/src/sys_common/backtrace.rs:44:22
[INFO] [stdout]    4:     0x556420c1207e - core::fmt::write::h5a4baaff1bcd3eb5
[INFO] [stdout]                                at /rustc/84c898d65adf2f39a5a98507f1fe0ce10a2b8dbc/library/core/src/fmt/mod.rs:1232:17
[INFO] [stdout]    5:     0x556420beb355 - std::io::Write::write_fmt::h478f79c628ef31d1
[INFO] [stdout]                                at /rustc/84c898d65adf2f39a5a98507f1fe0ce10a2b8dbc/library/std/src/io/mod.rs:1684:15
[INFO] [stdout]    6:     0x556420bedca5 - std::sys_common::backtrace::_print::h5fcdc36060f177e8
[INFO] [stdout]                                at /rustc/84c898d65adf2f39a5a98507f1fe0ce10a2b8dbc/library/std/src/sys_common/backtrace.rs:47:5
[INFO] [stdout]    7:     0x556420bedca5 - std::sys_common::backtrace::print::h54ca9458b876c8bf
[INFO] [stdout]                                at /rustc/84c898d65adf2f39a5a98507f1fe0ce10a2b8dbc/library/std/src/sys_common/backtrace.rs:34:9
[INFO] [stdout]    8:     0x556420befa6f - std::panicking::default_hook::{{closure}}::hbe471161c7664ed6
[INFO] [stdout]                                at /rustc/84c898d65adf2f39a5a98507f1fe0ce10a2b8dbc/library/std/src/panicking.rs:271:22
[INFO] [stdout]    9:     0x556420bef72f - std::panicking::default_hook::ha3500da57aa4ac4f
[INFO] [stdout]                                at /rustc/84c898d65adf2f39a5a98507f1fe0ce10a2b8dbc/library/std/src/panicking.rs:287:9
[INFO] [stdout]   10:     0x556420bb7587 - <alloc::boxed::Box<F,A> as core::ops::function::Fn<Args>>::call::hdf1b89dd137ece34
[INFO] [stdout]                                at /rustc/84c898d65adf2f39a5a98507f1fe0ce10a2b8dbc/library/alloc/src/boxed.rs:2001:9
[INFO] [stdout]   11:     0x556420bb7587 - test::test_main::{{closure}}::h9081a79f20e75698
[INFO] [stdout]                                at /rustc/84c898d65adf2f39a5a98507f1fe0ce10a2b8dbc/library/test/src/lib.rs:135:21
[INFO] [stdout]   12:     0x556420bf019d - <alloc::boxed::Box<F,A> as core::ops::function::Fn<Args>>::call::h6507bddc3eebb4a5
[INFO] [stdout]                                at /rustc/84c898d65adf2f39a5a98507f1fe0ce10a2b8dbc/library/alloc/src/boxed.rs:2001:9
[INFO] [stdout]   13:     0x556420bf019d - std::panicking::rust_panic_with_hook::h50c09d000dc561d2
[INFO] [stdout]                                at /rustc/84c898d65adf2f39a5a98507f1fe0ce10a2b8dbc/library/std/src/panicking.rs:696:13
[INFO] [stdout]   14:     0x556420beff19 - std::panicking::begin_panic_handler::{{closure}}::h9e2b2176e00e0d9c
[INFO] [stdout]                                at /rustc/84c898d65adf2f39a5a98507f1fe0ce10a2b8dbc/library/std/src/panicking.rs:583:13
[INFO] [stdout]   15:     0x556420bee346 - std::sys_common::backtrace::__rust_end_short_backtrace::h5739b8e512c09d02
[INFO] [stdout]                                at /rustc/84c898d65adf2f39a5a98507f1fe0ce10a2b8dbc/library/std/src/sys_common/backtrace.rs:150:18
[INFO] [stdout]   16:     0x556420befc22 - rust_begin_unwind
[INFO] [stdout]                                at /rustc/84c898d65adf2f39a5a98507f1fe0ce10a2b8dbc/library/std/src/panicking.rs:579:5
[INFO] [stdout]   17:     0x556420aebb83 - core::panicking::panic_fmt::hf33a1475b4dc5c3e
[INFO] [stdout]                                at /rustc/84c898d65adf2f39a5a98507f1fe0ce10a2b8dbc/library/core/src/panicking.rs:64:14
[INFO] [stdout]   18:     0x556420aebfd3 - core::result::unwrap_failed::hdff5465d74574b44
[INFO] [stdout]                                at /rustc/84c898d65adf2f39a5a98507f1fe0ce10a2b8dbc/library/core/src/result.rs:1750:5
[INFO] [stdout]   19:     0x556420b24778 - core::result::Result<T,E>::unwrap::h115622f5a4ab1631
[INFO] [stdout]                                at /rustc/84c898d65adf2f39a5a98507f1fe0ce10a2b8dbc/library/core/src/result.rs:1090:23
[INFO] [stdout]   20:     0x556420b2b7e5 - hb_html::parsing_new::tests::parse_doctype_test::h801809846c223b9e
[INFO] [stdout]                                at /opt/rustwide/workdir/hb_html/src/parsing_new.rs:88:20
[INFO] [stdout]   21:     0x556420b2b767 - hb_html::parsing_new::tests::parse_doctype_test::{{closure}}::h5c186260be8bb932
[INFO] [stdout]                                at /opt/rustwide/workdir/hb_html/src/parsing_new.rs:86:29
[INFO] [stdout]   22:     0x556420b725f5 - core::ops::function::FnOnce::call_once::ha3f2fcfed5a01fd7
[INFO] [stdout]                                at /rustc/84c898d65adf2f39a5a98507f1fe0ce10a2b8dbc/library/core/src/ops/function.rs:250:5
[INFO] [stdout]   23:     0x556420bbc96f - core::ops::function::FnOnce::call_once::h7d969581be7d0075
[INFO] [stdout]                                at /rustc/84c898d65adf2f39a5a98507f1fe0ce10a2b8dbc/library/core/src/ops/function.rs:250:5
[INFO] [stdout]   24:     0x556420bbc96f - test::__rust_begin_short_backtrace::hca25a52684e56655
[INFO] [stdout]                                at /rustc/84c898d65adf2f39a5a98507f1fe0ce10a2b8dbc/library/test/src/lib.rs:656:18
[INFO] [stdout]   25:     0x556420b8df8c - test::run_test::{{closure}}::ha8ac744c4af1a4bb
[INFO] [stdout]                                at /rustc/84c898d65adf2f39a5a98507f1fe0ce10a2b8dbc/library/test/src/lib.rs:647:30
[INFO] [stdout]   26:     0x556420b8df8c - core::ops::function::FnOnce::call_once{{vtable.shim}}::h7b411a9ed45bdecf
[INFO] [stdout]                                at /rustc/84c898d65adf2f39a5a98507f1fe0ce10a2b8dbc/library/core/src/ops/function.rs:250:5
[INFO] [stdout]   27:     0x556420bbb936 - <alloc::boxed::Box<F,A> as core::ops::function::FnOnce<Args>>::call_once::hd05328869a8ed200
[INFO] [stdout]                                at /rustc/84c898d65adf2f39a5a98507f1fe0ce10a2b8dbc/library/alloc/src/boxed.rs:1987:9
[INFO] [stdout]   28:     0x556420bbb936 - <core::panic::unwind_safe::AssertUnwindSafe<F> as core::ops::function::FnOnce<()>>::call_once::h0c601ce20bd5b2be
[INFO] [stdout]                                at /rustc/84c898d65adf2f39a5a98507f1fe0ce10a2b8dbc/library/core/src/panic/unwind_safe.rs:271:9
[INFO] [stdout]   29:     0x556420bbb936 - std::panicking::try::do_call::ha4be5c164fe30854
[INFO] [stdout]                                at /rustc/84c898d65adf2f39a5a98507f1fe0ce10a2b8dbc/library/std/src/panicking.rs:487:40
[INFO] [stdout]   30:     0x556420bbb936 - std::panicking::try::h604546f3609af05f
[INFO] [stdout]                                at /rustc/84c898d65adf2f39a5a98507f1fe0ce10a2b8dbc/library/std/src/panicking.rs:451:19
[INFO] [stdout]   31:     0x556420bbb936 - std::panic::catch_unwind::h5bfa8afe44c9c2f9
[INFO] [stdout]                                at /rustc/84c898d65adf2f39a5a98507f1fe0ce10a2b8dbc/library/std/src/panic.rs:140:14
[INFO] [stdout]   32:     0x556420bbb936 - test::run_test_in_process::hd50dee55dd63e6aa
[INFO] [stdout]                                at /rustc/84c898d65adf2f39a5a98507f1fe0ce10a2b8dbc/library/test/src/lib.rs:679:27
[INFO] [stdout]   33:     0x556420bbb936 - test::run_test::run_test_inner::{{closure}}::h4aa0f433aa85cea8
[INFO] [stdout]                                at /rustc/84c898d65adf2f39a5a98507f1fe0ce10a2b8dbc/library/test/src/lib.rs:573:39
[INFO] [stdout]   34:     0x556420b88601 - test::run_test::run_test_inner::{{closure}}::had56431adf24b4d6
[INFO] [stdout]                                at /rustc/84c898d65adf2f39a5a98507f1fe0ce10a2b8dbc/library/test/src/lib.rs:600:37
[INFO] [stdout]   35:     0x556420b88601 - std::sys_common::backtrace::__rust_begin_short_backtrace::ha8d9890e0c73bf13
[INFO] [stdout]                                at /rustc/84c898d65adf2f39a5a98507f1fe0ce10a2b8dbc/library/std/src/sys_common/backtrace.rs:134:18
[INFO] [stdout]   36:     0x556420b8e01b - std::thread::Builder::spawn_unchecked_::{{closure}}::{{closure}}::h251832bcb4a95327
[INFO] [stdout]                                at /rustc/84c898d65adf2f39a5a98507f1fe0ce10a2b8dbc/library/std/src/thread/mod.rs:560:17
[INFO] [stdout]   37:     0x556420b8e01b - <core::panic::unwind_safe::AssertUnwindSafe<F> as core::ops::function::FnOnce<()>>::call_once::h8fdff598fa414831
[INFO] [stdout]                                at /rustc/84c898d65adf2f39a5a98507f1fe0ce10a2b8dbc/library/core/src/panic/unwind_safe.rs:271:9
[INFO] [stdout]   38:     0x556420b8e01b - std::panicking::try::do_call::h455dd2f7764a950f
[INFO] [stdout]                                at /rustc/84c898d65adf2f39a5a98507f1fe0ce10a2b8dbc/library/std/src/panicking.rs:487:40
[INFO] [stdout]   39:     0x556420b8e01b - std::panicking::try::had6f23b7b73ae72a
[INFO] [stdout]                                at /rustc/84c898d65adf2f39a5a98507f1fe0ce10a2b8dbc/library/std/src/panicking.rs:451:19
[INFO] [stdout]   40:     0x556420b8e01b - std::panic::catch_unwind::ha6a5ca3915b4dad0
[INFO] [stdout]                                at /rustc/84c898d65adf2f39a5a98507f1fe0ce10a2b8dbc/library/std/src/panic.rs:140:14
[INFO] [stdout]   41:     0x556420b8e01b - std::thread::Builder::spawn_unchecked_::{{closure}}::h883b72ef75da6231
[INFO] [stdout]                                at /rustc/84c898d65adf2f39a5a98507f1fe0ce10a2b8dbc/library/std/src/thread/mod.rs:559:30
[INFO] [stdout]   42:     0x556420b8e01b - core::ops::function::FnOnce::call_once{{vtable.shim}}::hb7dff73dc8bd2ccb
[INFO] [stdout]                                at /rustc/84c898d65adf2f39a5a98507f1fe0ce10a2b8dbc/library/core/src/ops/function.rs:250:5
[INFO] [stdout]   43:     0x556420bf4503 - <alloc::boxed::Box<F,A> as core::ops::function::FnOnce<Args>>::call_once::h39990b24eedef2ab
[INFO] [stdout]                                at /rustc/84c898d65adf2f39a5a98507f1fe0ce10a2b8dbc/library/alloc/src/boxed.rs:1987:9
[INFO] [stdout]   44:     0x556420bf4503 - <alloc::boxed::Box<F,A> as core::ops::function::FnOnce<Args>>::call_once::h01a027258444143b
[INFO] [stdout]                                at /rustc/84c898d65adf2f39a5a98507f1fe0ce10a2b8dbc/library/alloc/src/boxed.rs:1987:9
[INFO] [stdout]   45:     0x556420bf4503 - std::sys::unix::thread::Thread::new::thread_start::ha4f1cdd9c25884ba
[INFO] [stdout]                                at /rustc/84c898d65adf2f39a5a98507f1fe0ce10a2b8dbc/library/std/src/sys/unix/thread.rs:108:17
[INFO] [stdout]   46:     0x7f259780db43 - <unknown>
[INFO] [stdout]   47:     0x7f259789ebb4 - __clone
[INFO] [stdout]   48:                0x0 - <unknown>
[INFO] [stdout] 
[INFO] [stdout] 
[INFO] [stdout] failures:
[INFO] [stdout]     parsing_new::tests::parse_doctype_test
[INFO] [stdout] 
[INFO] [stdout] test result: FAILED. 14 passed; 1 failed; 0 ignored; 0 measured; 0 filtered out; finished in 0.01s
[INFO] [stdout] 
[INFO] [stderr] error: test failed, to rerun pass `-p hb_html --lib`
[INFO] running `Command { std: "docker" "inspect" "181edcd952c7be00834717b51566f1f413812f654cff8441f358684f71ec668f", kill_on_drop: false }`
[INFO] running `Command { std: "docker" "rm" "-f" "181edcd952c7be00834717b51566f1f413812f654cff8441f358684f71ec668f", kill_on_drop: false }`
[INFO] [stdout] 181edcd952c7be00834717b51566f1f413812f654cff8441f358684f71ec668f
