[INFO] cloning repository https://github.com/harpsword/socks5-rs
[INFO] running `Command { std: "git" "-c" "credential.helper=" "-c" "credential.helper=/workspace/cargo-home/bin/git-credential-null" "clone" "--bare" "https://github.com/harpsword/socks5-rs" "/workspace/cache/git-repos/https%3A%2F%2Fgithub.com%2Fharpsword%2Fsocks5-rs", kill_on_drop: false }`
[INFO] [stderr] Cloning into bare repository '/workspace/cache/git-repos/https%3A%2F%2Fgithub.com%2Fharpsword%2Fsocks5-rs'...
[INFO] running `Command { std: "git" "rev-parse" "HEAD", kill_on_drop: false }`
[INFO] [stdout] 835fd430d29145547f14a53ce0f1d4870478dde8
[INFO] testing harpsword/socks5-rs against 1.69.0 for beta-1.70-1
[INFO] running `Command { std: "git" "clone" "/workspace/cache/git-repos/https%3A%2F%2Fgithub.com%2Fharpsword%2Fsocks5-rs" "/workspace/builds/worker-2-tc1/source", kill_on_drop: false }`
[INFO] [stderr] Cloning into '/workspace/builds/worker-2-tc1/source'...
[INFO] [stderr] done.
[INFO] validating manifest of git repo https://github.com/harpsword/socks5-rs on toolchain 1.69.0
[INFO] running `Command { std: CARGO_HOME="/workspace/cargo-home" RUSTUP_HOME="/workspace/rustup-home" "/workspace/cargo-home/bin/cargo" "+1.69.0" "metadata" "--manifest-path" "Cargo.toml" "--no-deps", kill_on_drop: false }`
[INFO] started tweaking git repo https://github.com/harpsword/socks5-rs
[INFO] finished tweaking git repo https://github.com/harpsword/socks5-rs
[INFO] tweaked toml for git repo https://github.com/harpsword/socks5-rs written to /workspace/builds/worker-2-tc1/source/Cargo.toml
[INFO] crate git repo https://github.com/harpsword/socks5-rs already has a lockfile, it will not be regenerated
[INFO] running `Command { std: CARGO_HOME="/workspace/cargo-home" RUSTUP_HOME="/workspace/rustup-home" "/workspace/cargo-home/bin/cargo" "+1.69.0" "fetch" "--manifest-path" "Cargo.toml", kill_on_drop: false }`
[INFO] [stderr]  Downloading crates ...
[INFO] [stderr]   Downloaded log4rs v1.0.0
[INFO] running `Command { std: "docker" "create" "-v" "/var/lib/crater-agent-workspace/builds/worker-2-tc1/target:/opt/rustwide/target:rw,Z" "-v" "/var/lib/crater-agent-workspace/builds/worker-2-tc1/source:/opt/rustwide/workdir:ro,Z" "-v" "/var/lib/crater-agent-workspace/cargo-home:/opt/rustwide/cargo-home:ro,Z" "-v" "/var/lib/crater-agent-workspace/rustup-home:/opt/rustwide/rustup-home:ro,Z" "-e" "SOURCE_DIR=/opt/rustwide/workdir" "-e" "CARGO_TARGET_DIR=/opt/rustwide/target" "-e" "CARGO_HOME=/opt/rustwide/cargo-home" "-e" "RUSTUP_HOME=/opt/rustwide/rustup-home" "-w" "/opt/rustwide/workdir" "-m" "1610612736" "--user" "0:0" "--network" "none" "ghcr.io/rust-lang/crates-build-env/linux@sha256:5ff2268d62e97bff2cde7d5815dd6ed5b47097566f13b8d0ca110b04b60e07ed" "/opt/rustwide/cargo-home/bin/cargo" "+1.69.0" "metadata" "--no-deps" "--format-version=1", kill_on_drop: false }`
[INFO] [stdout] fcb57bc59de4d19dd83ca270bfe387b22245064582bf1eeda5df54b1f43751ae
[INFO] running `Command { std: "docker" "start" "-a" "fcb57bc59de4d19dd83ca270bfe387b22245064582bf1eeda5df54b1f43751ae", kill_on_drop: false }`
[INFO] running `Command { std: "docker" "inspect" "fcb57bc59de4d19dd83ca270bfe387b22245064582bf1eeda5df54b1f43751ae", kill_on_drop: false }`
[INFO] running `Command { std: "docker" "rm" "-f" "fcb57bc59de4d19dd83ca270bfe387b22245064582bf1eeda5df54b1f43751ae", kill_on_drop: false }`
[INFO] [stdout] fcb57bc59de4d19dd83ca270bfe387b22245064582bf1eeda5df54b1f43751ae
[INFO] running `Command { std: "docker" "create" "-v" "/var/lib/crater-agent-workspace/builds/worker-2-tc1/target:/opt/rustwide/target:rw,Z" "-v" "/var/lib/crater-agent-workspace/builds/worker-2-tc1/source:/opt/rustwide/workdir:ro,Z" "-v" "/var/lib/crater-agent-workspace/cargo-home:/opt/rustwide/cargo-home:ro,Z" "-v" "/var/lib/crater-agent-workspace/rustup-home:/opt/rustwide/rustup-home:ro,Z" "-e" "SOURCE_DIR=/opt/rustwide/workdir" "-e" "CARGO_TARGET_DIR=/opt/rustwide/target" "-e" "CARGO_INCREMENTAL=0" "-e" "RUST_BACKTRACE=full" "-e" "RUSTFLAGS=--cap-lints=warn" "-e" "RUSTDOCFLAGS=--cap-lints=warn" "-e" "CARGO_HOME=/opt/rustwide/cargo-home" "-e" "RUSTUP_HOME=/opt/rustwide/rustup-home" "-w" "/opt/rustwide/workdir" "-m" "1610612736" "--user" "0:0" "--network" "none" "ghcr.io/rust-lang/crates-build-env/linux@sha256:5ff2268d62e97bff2cde7d5815dd6ed5b47097566f13b8d0ca110b04b60e07ed" "/opt/rustwide/cargo-home/bin/cargo" "+1.69.0" "build" "--frozen" "--message-format=json", kill_on_drop: false }`
[INFO] [stdout] a3641c20e5ec192064fdd3e71e0b4e8033da72fbcfcf74578e27bc4dc496f86c
[INFO] running `Command { std: "docker" "start" "-a" "a3641c20e5ec192064fdd3e71e0b4e8033da72fbcfcf74578e27bc4dc496f86c", kill_on_drop: false }`
[INFO] [stderr]    Compiling proc-macro2 v1.0.36
[INFO] [stderr]    Compiling unicode-xid v0.2.2
[INFO] [stderr]    Compiling syn v1.0.86
[INFO] [stderr]    Compiling autocfg v1.1.0
[INFO] [stderr]    Compiling serde_derive v1.0.136
[INFO] [stderr]    Compiling serde v1.0.136
[INFO] [stderr]    Compiling memchr v2.4.1
[INFO] [stderr]    Compiling cfg-if v1.0.0
[INFO] [stderr]    Compiling parking_lot_core v0.8.5
[INFO] [stderr]    Compiling smallvec v1.8.0
[INFO] [stderr]    Compiling anyhow v1.0.56
[INFO] [stderr]    Compiling ryu v1.0.9
[INFO] [stderr]    Compiling log v0.4.14
[INFO] [stderr]    Compiling hashbrown v0.11.2
[INFO] [stderr]    Compiling serde_json v1.0.79
[INFO] [stderr]    Compiling instant v0.1.12
[INFO] [stderr]    Compiling linked-hash-map v0.5.4
[INFO] [stderr]    Compiling traitobject v0.1.0
[INFO] [stderr]    Compiling unsafe-any v0.4.2
[INFO] [stderr]    Compiling yaml-rust v0.4.5
[INFO] [stderr]    Compiling lock_api v0.4.6
[INFO] [stderr]    Compiling time v0.1.44
[INFO] [stderr]    Compiling itoa v1.0.1
[INFO] [stderr]    Compiling regex-syntax v0.6.25
[INFO] [stderr]    Compiling typemap v0.3.3
[INFO] [stderr]    Compiling thread-id v3.3.0
[INFO] [stderr]    Compiling fnv v1.0.7
[INFO] [stderr]    Compiling num-traits v0.2.14
[INFO] [stderr]    Compiling num-integer v0.1.44
[INFO] [stderr]    Compiling indexmap v1.8.0
[INFO] [stderr]    Compiling humantime v2.1.0
[INFO] [stderr]    Compiling log-mdc v0.1.0
[INFO] [stderr]    Compiling arc-swap v0.4.8
[INFO] [stderr]    Compiling bytes v1.1.0
[INFO] [stderr]    Compiling parking_lot v0.11.2
[INFO] [stderr]    Compiling aho-corasick v0.7.18
[INFO] [stderr]    Compiling quote v1.0.15
[INFO] [stderr]    Compiling ordered-float v2.10.0
[INFO] [stderr]    Compiling chrono v0.4.19
[INFO] [stderr]    Compiling regex v1.5.5
[INFO] [stderr]    Compiling toml v0.5.8
[INFO] [stderr]    Compiling thiserror-impl v1.0.30
[INFO] [stderr]    Compiling derivative v2.2.0
[INFO] [stderr]    Compiling thiserror v1.0.30
[INFO] [stderr]    Compiling proc-macro-crate v1.1.3
[INFO] [stderr]    Compiling num_enum_derive v0.5.7
[INFO] [stderr]    Compiling num_enum v0.5.7
[INFO] [stderr]    Compiling serde_yaml v0.8.23
[INFO] [stderr]    Compiling serde-value v0.7.0
[INFO] [stderr]    Compiling log4rs v1.0.0
[INFO] [stderr]    Compiling my_proxy v0.1.0 (/opt/rustwide/workdir)
[INFO] [stdout] warning: value assigned to `read_numbers` is never read
[INFO] [stdout]    --> src/socks5.rs:441:17
[INFO] [stdout]     |
[INFO] [stdout] 441 |         let mut read_numbers: usize = 0;
[INFO] [stdout]     |                 ^^^^^^^^^^^^
[INFO] [stdout]     |
[INFO] [stdout]     = help: maybe it is overwritten before being read?
[INFO] [stdout]     = note: `#[warn(unused_assignments)]` on by default
[INFO] [stdout] 
[INFO] [stdout] 
[INFO] [stdout] warning: 1 warning emitted
[INFO] [stdout] 
[INFO] [stdout] 
[INFO] [stderr]     Finished dev [unoptimized + debuginfo] target(s) in 16.43s
[INFO] [stderr] warning: the following packages contain code that will be rejected by a future version of Rust: traitobject v0.1.0
[INFO] [stderr] note: to see what the problems were, use the option `--future-incompat-report`, or run `cargo report future-incompatibilities --id 1`
[INFO] running `Command { std: "docker" "inspect" "a3641c20e5ec192064fdd3e71e0b4e8033da72fbcfcf74578e27bc4dc496f86c", kill_on_drop: false }`
[INFO] running `Command { std: "docker" "rm" "-f" "a3641c20e5ec192064fdd3e71e0b4e8033da72fbcfcf74578e27bc4dc496f86c", kill_on_drop: false }`
[INFO] [stdout] a3641c20e5ec192064fdd3e71e0b4e8033da72fbcfcf74578e27bc4dc496f86c
[INFO] running `Command { std: "docker" "create" "-v" "/var/lib/crater-agent-workspace/builds/worker-2-tc1/target:/opt/rustwide/target:rw,Z" "-v" "/var/lib/crater-agent-workspace/builds/worker-2-tc1/source:/opt/rustwide/workdir:ro,Z" "-v" "/var/lib/crater-agent-workspace/cargo-home:/opt/rustwide/cargo-home:ro,Z" "-v" "/var/lib/crater-agent-workspace/rustup-home:/opt/rustwide/rustup-home:ro,Z" "-e" "SOURCE_DIR=/opt/rustwide/workdir" "-e" "CARGO_TARGET_DIR=/opt/rustwide/target" "-e" "CARGO_INCREMENTAL=0" "-e" "RUST_BACKTRACE=full" "-e" "RUSTFLAGS=--cap-lints=warn" "-e" "RUSTDOCFLAGS=--cap-lints=warn" "-e" "CARGO_HOME=/opt/rustwide/cargo-home" "-e" "RUSTUP_HOME=/opt/rustwide/rustup-home" "-w" "/opt/rustwide/workdir" "-m" "1610612736" "--user" "0:0" "--network" "none" "ghcr.io/rust-lang/crates-build-env/linux@sha256:5ff2268d62e97bff2cde7d5815dd6ed5b47097566f13b8d0ca110b04b60e07ed" "/opt/rustwide/cargo-home/bin/cargo" "+1.69.0" "test" "--frozen" "--no-run" "--message-format=json", kill_on_drop: false }`
[INFO] [stdout] 4f7129cae9cefaf1a9a1e3c6fee32bb1d137b5e7b2f8468a0ef1d06217c62488
[INFO] running `Command { std: "docker" "start" "-a" "4f7129cae9cefaf1a9a1e3c6fee32bb1d137b5e7b2f8468a0ef1d06217c62488", kill_on_drop: false }`
[INFO] [stdout] warning: value assigned to `read_numbers` is never read
[INFO] [stdout]    --> src/socks5.rs:441:17
[INFO] [stdout]     |
[INFO] [stdout] 441 |         let mut read_numbers: usize = 0;
[INFO] [stdout]     |                 ^^^^^^^^^^^^
[INFO] [stdout]     |
[INFO] [stdout]     = help: maybe it is overwritten before being read?
[INFO] [stdout]     = note: `#[warn(unused_assignments)]` on by default
[INFO] [stdout] 
[INFO] [stdout] 
[INFO] [stderr]    Compiling my_proxy v0.1.0 (/opt/rustwide/workdir)
[INFO] [stdout] warning: 1 warning emitted
[INFO] [stdout] 
[INFO] [stdout] 
[INFO] [stdout] warning: value assigned to `read_numbers` is never read
[INFO] [stdout]    --> src/socks5.rs:441:17
[INFO] [stdout]     |
[INFO] [stdout] 441 |         let mut read_numbers: usize = 0;
[INFO] [stdout]     |                 ^^^^^^^^^^^^
[INFO] [stdout]     |
[INFO] [stdout]     = help: maybe it is overwritten before being read?
[INFO] [stdout]     = note: `#[warn(unused_assignments)]` on by default
[INFO] [stdout] 
[INFO] [stdout] 
[INFO] [stdout] warning: 1 warning emitted
[INFO] [stdout] 
[INFO] [stdout] 
[INFO] [stderr]     Finished test [unoptimized + debuginfo] target(s) in 0.38s
[INFO] [stderr] warning: the following packages contain code that will be rejected by a future version of Rust: traitobject v0.1.0
[INFO] [stderr]     Blocking waiting for file lock on package cache
[INFO] [stderr] note: to see what the problems were, use the option `--future-incompat-report`, or run `cargo report future-incompatibilities --id 1`
[INFO] running `Command { std: "docker" "inspect" "4f7129cae9cefaf1a9a1e3c6fee32bb1d137b5e7b2f8468a0ef1d06217c62488", kill_on_drop: false }`
[INFO] running `Command { std: "docker" "rm" "-f" "4f7129cae9cefaf1a9a1e3c6fee32bb1d137b5e7b2f8468a0ef1d06217c62488", kill_on_drop: false }`
[INFO] [stdout] 4f7129cae9cefaf1a9a1e3c6fee32bb1d137b5e7b2f8468a0ef1d06217c62488
[INFO] running `Command { std: "docker" "create" "-v" "/var/lib/crater-agent-workspace/builds/worker-2-tc1/target:/opt/rustwide/target:rw,Z" "-v" "/var/lib/crater-agent-workspace/builds/worker-2-tc1/source:/opt/rustwide/workdir:ro,Z" "-v" "/var/lib/crater-agent-workspace/cargo-home:/opt/rustwide/cargo-home:ro,Z" "-v" "/var/lib/crater-agent-workspace/rustup-home:/opt/rustwide/rustup-home:ro,Z" "-e" "SOURCE_DIR=/opt/rustwide/workdir" "-e" "CARGO_TARGET_DIR=/opt/rustwide/target" "-e" "CARGO_INCREMENTAL=0" "-e" "RUST_BACKTRACE=full" "-e" "RUSTFLAGS=--cap-lints=warn" "-e" "RUSTDOCFLAGS=--cap-lints=warn" "-e" "CARGO_HOME=/opt/rustwide/cargo-home" "-e" "RUSTUP_HOME=/opt/rustwide/rustup-home" "-w" "/opt/rustwide/workdir" "-m" "1610612736" "--user" "0:0" "--network" "none" "ghcr.io/rust-lang/crates-build-env/linux@sha256:5ff2268d62e97bff2cde7d5815dd6ed5b47097566f13b8d0ca110b04b60e07ed" "/opt/rustwide/cargo-home/bin/cargo" "+1.69.0" "test" "--frozen", kill_on_drop: false }`
[INFO] [stdout] c4150101e33f4f4e431cd338fff380cdeae17575ccb706d811d0f27c55fefcca
[INFO] running `Command { std: "docker" "start" "-a" "c4150101e33f4f4e431cd338fff380cdeae17575ccb706d811d0f27c55fefcca", kill_on_drop: false }`
[INFO] [stderr] warning: value assigned to `read_numbers` is never read
[INFO] [stderr]    --> src/socks5.rs:441:17
[INFO] [stderr]     |
[INFO] [stderr] 441 |         let mut read_numbers: usize = 0;
[INFO] [stderr]     |                 ^^^^^^^^^^^^
[INFO] [stderr]     |
[INFO] [stderr]     = help: maybe it is overwritten before being read?
[INFO] [stderr]     = note: `#[warn(unused_assignments)]` on by default
[INFO] [stderr] 
[INFO] [stderr] warning: `my_proxy` (lib) generated 1 warning
[INFO] [stderr] warning: `my_proxy` (lib test) generated 1 warning (1 duplicate)
[INFO] [stderr]     Finished test [unoptimized + debuginfo] target(s) in 0.04s
[INFO] [stderr] warning: the following packages contain code that will be rejected by a future version of Rust: traitobject v0.1.0
[INFO] [stderr] note: to see what the problems were, use the option `--future-incompat-report`, or run `cargo report future-incompatibilities --id 1`
[INFO] [stderr]      Running unittests src/lib.rs (/opt/rustwide/target/debug/deps/my_proxy-b44d7cb0295185ed)
[INFO] [stdout] 
[INFO] [stdout] running 3 tests
[INFO] [stdout] test exponent::tests::exponent_grow ... ok
[INFO] [stdout] test exponent::tests::exponent_reset ... ok
[INFO] [stdout] test exponent::tests::exponent_terminate ... ok
[INFO] [stdout] 
[INFO] [stdout] test result: ok. 3 passed; 0 failed; 0 ignored; 0 measured; 0 filtered out; finished in 0.00s
[INFO] [stdout] 
[INFO] [stderr]      Running unittests src/bin/client.rs (/opt/rustwide/target/debug/deps/client-c11ce772c7bd7308)
[INFO] [stdout] 
[INFO] [stdout] running 0 tests
[INFO] [stdout] 
[INFO] [stdout] test result: ok. 0 passed; 0 failed; 0 ignored; 0 measured; 0 filtered out; finished in 0.00s
[INFO] [stdout] 
[INFO] [stderr]      Running unittests src/bin/server.rs (/opt/rustwide/target/debug/deps/server-219d516a5eb4d296)
[INFO] [stdout] 
[INFO] [stdout] running 0 tests
[INFO] [stdout] 
[INFO] [stdout] test result: ok. 0 passed; 0 failed; 0 ignored; 0 measured; 0 filtered out; finished in 0.00s
[INFO] [stdout] 
[INFO] [stderr]    Doc-tests my_proxy
[INFO] [stdout] 
[INFO] [stdout] running 1 test
[INFO] [stdout] test src/exponent.rs - exponent::Exponent (line 5) ... FAILED
[INFO] [stdout] 
[INFO] [stdout] failures:
[INFO] [stdout] 
[INFO] [stdout] ---- src/exponent.rs - exponent::Exponent (line 5) stdout ----
[INFO] [stdout] error[E0425]: cannot find function `sleep` in this scope
[INFO] [stdout]   --> src/exponent.rs:13:5
[INFO] [stdout]    |
[INFO] [stdout] 10 |     sleep(exponent.now())
[INFO] [stdout]    |     ^^^^^ not found in this scope
[INFO] [stdout]    |
[INFO] [stdout] help: consider importing this function
[INFO] [stdout]    |
[INFO] [stdout] 3  | use std::thread::sleep;
[INFO] [stdout]    |
[INFO] [stdout] 
[INFO] [stdout] error[E0433]: failed to resolve: use of undeclared type `Exponent`
[INFO] [stdout]  --> src/exponent.rs:7:16
[INFO] [stdout]   |
[INFO] [stdout] 4 | let exponent = Exponent::new(20, 1.1, 10);
[INFO] [stdout]   |                ^^^^^^^^ use of undeclared type `Exponent`
[INFO] [stdout] 
[INFO] [stdout] error: aborting due to 2 previous errors
[INFO] [stdout] 
[INFO] [stdout] Some errors have detailed explanations: E0425, E0433.
[INFO] [stdout] For more information about an error, try `rustc --explain E0425`.
[INFO] [stdout] Couldn't compile the test.
[INFO] [stdout] 
[INFO] [stdout] failures:
[INFO] [stdout]     src/exponent.rs - exponent::Exponent (line 5)
[INFO] [stdout] 
[INFO] [stdout] test result: FAILED. 0 passed; 1 failed; 0 ignored; 0 measured; 0 filtered out; finished in 0.05s
[INFO] [stdout] 
[INFO] [stderr] error: doctest failed, to rerun pass `--doc`
[INFO] running `Command { std: "docker" "inspect" "c4150101e33f4f4e431cd338fff380cdeae17575ccb706d811d0f27c55fefcca", kill_on_drop: false }`
[INFO] running `Command { std: "docker" "rm" "-f" "c4150101e33f4f4e431cd338fff380cdeae17575ccb706d811d0f27c55fefcca", kill_on_drop: false }`
[INFO] [stdout] c4150101e33f4f4e431cd338fff380cdeae17575ccb706d811d0f27c55fefcca
