[INFO] cloning repository https://github.com/hank121314/GBF-Raid-Finder-RS
[INFO] running `Command { std: "git" "-c" "credential.helper=" "-c" "credential.helper=/workspace/cargo-home/bin/git-credential-null" "clone" "--bare" "https://github.com/hank121314/GBF-Raid-Finder-RS" "/workspace/cache/git-repos/https%3A%2F%2Fgithub.com%2Fhank121314%2FGBF-Raid-Finder-RS", kill_on_drop: false }`
[INFO] [stderr] Cloning into bare repository '/workspace/cache/git-repos/https%3A%2F%2Fgithub.com%2Fhank121314%2FGBF-Raid-Finder-RS'...
[INFO] running `Command { std: "git" "rev-parse" "HEAD", kill_on_drop: false }`
[INFO] [stdout] 44bc2006e891fe462e9f4cf02f18b1506cf7b071
[INFO] testing hank121314/GBF-Raid-Finder-RS against beta-2023-04-20 for beta-1.70-1
[INFO] running `Command { std: "git" "clone" "/workspace/cache/git-repos/https%3A%2F%2Fgithub.com%2Fhank121314%2FGBF-Raid-Finder-RS" "/workspace/builds/worker-4-tc2/source", kill_on_drop: false }`
[INFO] [stderr] Cloning into '/workspace/builds/worker-4-tc2/source'...
[INFO] [stderr] done.
[INFO] validating manifest of git repo https://github.com/hank121314/GBF-Raid-Finder-RS on toolchain beta-2023-04-20
[INFO] running `Command { std: CARGO_HOME="/workspace/cargo-home" RUSTUP_HOME="/workspace/rustup-home" "/workspace/cargo-home/bin/cargo" "+beta-2023-04-20" "metadata" "--manifest-path" "Cargo.toml" "--no-deps", kill_on_drop: false }`
[INFO] started tweaking git repo https://github.com/hank121314/GBF-Raid-Finder-RS
[INFO] finished tweaking git repo https://github.com/hank121314/GBF-Raid-Finder-RS
[INFO] tweaked toml for git repo https://github.com/hank121314/GBF-Raid-Finder-RS written to /workspace/builds/worker-4-tc2/source/Cargo.toml
[INFO] crate git repo https://github.com/hank121314/GBF-Raid-Finder-RS already has a lockfile, it will not be regenerated
[INFO] running `Command { std: CARGO_HOME="/workspace/cargo-home" RUSTUP_HOME="/workspace/rustup-home" "/workspace/cargo-home/bin/cargo" "+beta-2023-04-20" "fetch" "--manifest-path" "Cargo.toml", kill_on_drop: false }`
[INFO] [stderr]     Updating crates.io index
[INFO] [stderr]  Downloading crates ...
[INFO] [stderr]   Downloaded mozjpeg v0.9.1
[INFO] [stderr]   Downloaded nasm-rs v0.2.0
[INFO] [stderr]   Downloaded lodepng v3.4.6
[INFO] [stderr]   Downloaded futures-retry v0.6.0
[INFO] [stderr]   Downloaded imgref v1.9.1
[INFO] [stderr]   Downloaded mozjpeg-sys v1.0.0
[INFO] [stderr]   Downloaded arc-swap v0.4.8
[INFO] [stderr]   Downloaded prost-derive v0.8.0
[INFO] [stderr]   Downloaded log4rs v1.0.0
[INFO] [stderr]   Downloaded rexif v0.7.3
[INFO] [stderr]   Downloaded prost v0.8.0
[INFO] [stderr]   Downloaded fallible_collections v0.4.2
[INFO] [stderr]   Downloaded dssim v3.1.0
[INFO] [stderr]   Downloaded lcms2 v5.4.1
[INFO] [stderr]   Downloaded load_image v2.15.1
[INFO] [stderr]   Downloaded lcms2-sys v3.1.8
[INFO] running `Command { std: "docker" "create" "-v" "/var/lib/crater-agent-workspace/builds/worker-4-tc2/target:/opt/rustwide/target:rw,Z" "-v" "/var/lib/crater-agent-workspace/builds/worker-4-tc2/source:/opt/rustwide/workdir:ro,Z" "-v" "/var/lib/crater-agent-workspace/cargo-home:/opt/rustwide/cargo-home:ro,Z" "-v" "/var/lib/crater-agent-workspace/rustup-home:/opt/rustwide/rustup-home:ro,Z" "-e" "SOURCE_DIR=/opt/rustwide/workdir" "-e" "CARGO_TARGET_DIR=/opt/rustwide/target" "-e" "CARGO_HOME=/opt/rustwide/cargo-home" "-e" "RUSTUP_HOME=/opt/rustwide/rustup-home" "-w" "/opt/rustwide/workdir" "-m" "1610612736" "--user" "0:0" "--network" "none" "ghcr.io/rust-lang/crates-build-env/linux@sha256:5ff2268d62e97bff2cde7d5815dd6ed5b47097566f13b8d0ca110b04b60e07ed" "/opt/rustwide/cargo-home/bin/cargo" "+beta-2023-04-20" "metadata" "--no-deps" "--format-version=1", kill_on_drop: false }`
[INFO] [stdout] 0dcc816892c9953d6a3d7b8f713e88e8fbd030d5ab21d2299ade69f27d5b29c3
[INFO] running `Command { std: "docker" "start" "-a" "0dcc816892c9953d6a3d7b8f713e88e8fbd030d5ab21d2299ade69f27d5b29c3", kill_on_drop: false }`
[INFO] running `Command { std: "docker" "inspect" "0dcc816892c9953d6a3d7b8f713e88e8fbd030d5ab21d2299ade69f27d5b29c3", kill_on_drop: false }`
[INFO] running `Command { std: "docker" "rm" "-f" "0dcc816892c9953d6a3d7b8f713e88e8fbd030d5ab21d2299ade69f27d5b29c3", kill_on_drop: false }`
[INFO] [stdout] 0dcc816892c9953d6a3d7b8f713e88e8fbd030d5ab21d2299ade69f27d5b29c3
[INFO] running `Command { std: "docker" "create" "-v" "/var/lib/crater-agent-workspace/builds/worker-4-tc2/target:/opt/rustwide/target:rw,Z" "-v" "/var/lib/crater-agent-workspace/builds/worker-4-tc2/source:/opt/rustwide/workdir:ro,Z" "-v" "/var/lib/crater-agent-workspace/cargo-home:/opt/rustwide/cargo-home:ro,Z" "-v" "/var/lib/crater-agent-workspace/rustup-home:/opt/rustwide/rustup-home:ro,Z" "-e" "SOURCE_DIR=/opt/rustwide/workdir" "-e" "CARGO_TARGET_DIR=/opt/rustwide/target" "-e" "CARGO_INCREMENTAL=0" "-e" "RUST_BACKTRACE=full" "-e" "RUSTFLAGS=--cap-lints=warn" "-e" "RUSTDOCFLAGS=--cap-lints=warn" "-e" "CARGO_HOME=/opt/rustwide/cargo-home" "-e" "RUSTUP_HOME=/opt/rustwide/rustup-home" "-w" "/opt/rustwide/workdir" "-m" "1610612736" "--user" "0:0" "--network" "none" "ghcr.io/rust-lang/crates-build-env/linux@sha256:5ff2268d62e97bff2cde7d5815dd6ed5b47097566f13b8d0ca110b04b60e07ed" "/opt/rustwide/cargo-home/bin/cargo" "+beta-2023-04-20" "build" "--frozen" "--message-format=json", kill_on_drop: false }`
[INFO] [stdout] 2b1031fbdcbbe9ceca1788eb002fc99b10e7455a1253ff18728614c152443031
[INFO] running `Command { std: "docker" "start" "-a" "2b1031fbdcbbe9ceca1788eb002fc99b10e7455a1253ff18728614c152443031", kill_on_drop: false }`
[INFO] [stderr]    Compiling autocfg v1.0.1
[INFO] [stderr]    Compiling libc v0.2.98
[INFO] [stderr]    Compiling cfg-if v1.0.0
[INFO] [stderr]    Compiling proc-macro2 v1.0.28
[INFO] [stderr]    Compiling unicode-xid v0.2.2
[INFO] [stderr]    Compiling syn v1.0.74
[INFO] [stderr]    Compiling serde_derive v1.0.126
[INFO] [stderr]    Compiling serde v1.0.126
[INFO] [stderr]    Compiling memchr v2.4.0
[INFO] [stderr]    Compiling log v0.4.14
[INFO] [stderr]    Compiling lazy_static v1.4.0
[INFO] [stderr]    Compiling bytes v1.0.1
[INFO] [stderr]    Compiling version_check v0.9.3
[INFO] [stderr]    Compiling pin-project-lite v0.2.7
[INFO] [stderr]    Compiling futures-core v0.3.15
[INFO] [stderr]    Compiling pkg-config v0.3.19
[INFO] [stderr]    Compiling num-traits v0.2.14
[INFO] [stderr]    Compiling scopeguard v1.1.0
[INFO] [stderr]    Compiling itoa v0.4.7
[INFO] [stderr]    Compiling crossbeam-utils v0.8.5
[INFO] [stderr]    Compiling quote v1.0.9
[INFO] [stderr]    Compiling num_cpus v1.13.0
[INFO] [stderr]    Compiling jobserver v0.1.22
[INFO] [stderr]    Compiling proc-macro-hack v0.5.19
[INFO] [stderr]    Compiling cc v1.0.69
[INFO] [stderr]    Compiling memoffset v0.6.4
[INFO] [stderr]    Compiling tokio v1.9.0
[INFO] [stderr]    Compiling futures-macro v0.3.15
[INFO] [stderr]    Compiling futures-channel v0.3.15
[INFO] [stderr]    Compiling proc-macro-nested v0.1.7
[INFO] [stderr]    Compiling futures-task v0.3.15
[INFO] [stderr]    Compiling futures-sink v0.3.15
[INFO] [stderr]    Compiling futures-util v0.3.15
[INFO] [stderr]    Compiling crossbeam-epoch v0.9.5
[INFO] [stderr]    Compiling either v1.6.1
[INFO] [stderr]    Compiling rayon-core v1.9.1
[INFO] [stderr]    Compiling typenum v1.13.0
[INFO] [stderr]    Compiling slab v0.4.3
[INFO] [stderr]    Compiling futures-io v0.3.15
[INFO] [stderr]    Compiling pin-utils v0.1.0
[INFO] [stderr]    Compiling fnv v1.0.7
[INFO] [stderr]    Compiling generic-array v0.14.4
[INFO] [stderr]    Compiling num-integer v0.1.44
[INFO] [stderr]    Compiling http v0.2.4
[INFO] [stderr]    Compiling crossbeam-channel v0.5.1
[INFO] [stderr]    Compiling rayon v1.5.1
[INFO] [stderr]    Compiling crossbeam-deque v0.8.0
[INFO] [stderr]    Compiling ppv-lite86 v0.2.10
[INFO] [stderr]    Compiling dunce v1.0.2
[INFO] [stderr]    Compiling openssl-sys v0.9.65
[INFO] [stderr]    Compiling getrandom v0.2.3
[INFO] [stderr]    Compiling httparse v1.4.1
[INFO] [stderr]    Compiling tinyvec_macros v0.1.0
[INFO] [stderr]    Compiling bitflags v1.2.1
[INFO] [stderr]    Compiling rand_core v0.6.3
[INFO] [stderr]    Compiling tinyvec v1.3.1
[INFO] [stderr]    Compiling percent-encoding v2.1.0
[INFO] [stderr]    Compiling form_urlencoded v1.0.1
[INFO] [stderr]    Compiling rand_chacha v0.3.1
[INFO] [stderr]    Compiling unicode-bidi v0.3.5
[INFO] [stderr]    Compiling unicase v2.6.0
[INFO] [stderr]    Compiling num-bigint v0.4.0
[INFO] [stderr]    Compiling unicode-normalization v0.1.19
[INFO] [stderr]    Compiling indexmap v1.7.0
[INFO] [stderr]    Compiling getrandom v0.1.16
[INFO] [stderr]    Compiling ryu v1.0.5
[INFO] [stderr]    Compiling arrayvec v0.5.2
[INFO] [stderr]    Compiling idna v0.2.3
[INFO] [stderr]    Compiling rand v0.8.4
[INFO] [stderr]    Compiling digest v0.9.0
[INFO] [stderr]    Compiling tracing-core v0.1.18
[INFO] [stderr]    Compiling num-rational v0.4.0
[INFO] [stderr]    Compiling miniz_oxide v0.4.4
[INFO] [stderr]    Compiling num-iter v0.1.42
[INFO] [stderr]    Compiling foreign-types-shared v0.1.1
[INFO] [stderr]    Compiling nasm-rs v0.2.0
[INFO] [stderr]    Compiling hashbrown v0.11.2
[INFO] [stderr]    Compiling ahash v0.4.7
[INFO] [stderr]    Compiling bytemuck v1.7.0
[INFO] [stderr]    Compiling crc32fast v1.2.1
[INFO] [stderr]    Compiling openssl v0.10.35
[INFO] [stderr]    Compiling hashbrown v0.9.1
[INFO] [stderr]    Compiling rgb v0.8.27
[INFO] [stderr]    Compiling foreign-types v0.3.2
[INFO] [stderr]    Compiling mozjpeg-sys v1.0.0
[INFO] [stderr]    Compiling url v2.2.2
[INFO] [stderr]    Compiling block-buffer v0.9.0
[INFO] [stderr]    Compiling lcms2-sys v3.1.8
[INFO] [stderr]    Compiling try-lock v0.2.3
[INFO] [stderr]    Compiling base64 v0.13.0
[INFO] [stderr]    Compiling native-tls v0.2.7
[INFO] [stderr]    Compiling serde_json v1.0.64
[INFO] [stderr]    Compiling mime v0.3.16
[INFO] [stderr]    Compiling adler v1.0.2
[INFO] [stderr]    Compiling cpufeatures v0.1.5
[INFO] [stderr]    Compiling once_cell v1.8.0
[INFO] [stderr]    Compiling anyhow v1.0.42
[INFO] [stderr]    Compiling opaque-debug v0.3.0
[INFO] [stderr]    Compiling sha-1 v0.9.7
[INFO] [stderr]    Compiling mime_guess v2.0.3
[INFO] [stderr]    Compiling tokio-macros v1.3.0
[INFO] [stderr]    Compiling foreign-types-macros v0.2.1
[INFO] [stderr]    Compiling rand_core v0.5.1
[INFO] [stderr]    Compiling fallible_collections v0.4.2
[INFO] [stderr]    Compiling http-body v0.4.2
[INFO] [stderr]    Compiling num-complex v0.4.0
[INFO] [stderr]    Compiling itertools v0.10.1
[INFO] [stderr]    Compiling socket2 v0.4.0
[INFO] [stderr]    Compiling time v0.1.43
[INFO] [stderr]    Compiling openssl-probe v0.1.4
[INFO] [stderr]    Compiling httpdate v1.0.1
[INFO] [stderr]    Compiling tower-service v0.3.1
[INFO] [stderr]    Compiling foreign-types-shared v0.3.0
[INFO] [stderr]    Compiling num v0.4.0
[INFO] [stderr]    Compiling foreign-types v0.5.0
[INFO] [stderr]    Compiling flate2 v1.0.20
[INFO] [stderr]    Compiling rand_chacha v0.2.2
[INFO] [stderr]    Compiling pin-project-internal v1.0.8
[INFO] [stderr]    Compiling input_buffer v0.4.0
[INFO] [stderr]    Compiling instant v0.1.10
[INFO] [stderr]    Compiling encoding_rs v0.8.28
[INFO] [stderr]    Compiling dtoa v0.4.8
[INFO] [stderr]    Compiling imgref v1.9.1
[INFO] [stderr]    Compiling smallvec v1.6.1
[INFO] [stderr]    Compiling async-trait v0.1.50
[INFO] [stderr]    Compiling safemem v0.3.3
[INFO] [stderr]    Compiling linked-hash-map v0.5.4
[INFO] [stderr]    Compiling remove_dir_all v0.5.3
[INFO] [stderr]    Compiling traitobject v0.1.0
[INFO] [stderr]    Compiling utf-8 v0.7.6
[INFO] [stderr]    Compiling byteorder v1.4.3
[INFO] [stderr]    Compiling arrayvec v0.7.1
[INFO] [stderr]    Compiling doc-comment v0.3.3
[INFO] [stderr]    Compiling unsafe-any v0.4.2
[INFO] [stderr]    Compiling yaml-rust v0.4.5
[INFO] [stderr]    Compiling tempfile v3.2.0
[INFO] [stderr]    Compiling buf_redux v0.8.4
[INFO] [stderr]    Compiling parking_lot_core v0.8.3
[INFO] [stderr]    Compiling lodepng v3.4.6
[INFO] [stderr]    Compiling rand v0.7.3
[INFO] [stderr]    Compiling futures-executor v0.3.15
[INFO] [stderr]    Compiling pin-project v1.0.8
[INFO] [stderr]    Compiling futures v0.3.15
[INFO] [stderr]    Compiling rexif v0.7.3
[INFO] [stderr]    Compiling thiserror-impl v1.0.26
[INFO] [stderr]    Compiling headers-core v0.2.0
[INFO] [stderr]    Compiling ordered-float v2.7.0
[INFO] [stderr]    Compiling twoway v0.1.8
[INFO] [stderr]    Compiling aho-corasick v0.7.18
[INFO] [stderr]    Compiling lock_api v0.4.4
[INFO] [stderr]    Compiling quick-error v1.2.3
[INFO] [stderr]    Compiling unicode-width v0.1.8
[INFO] [stderr]    Compiling subtle v2.4.1
[INFO] [stderr]    Compiling regex-syntax v0.6.25
[INFO] [stderr]    Compiling crypto-mac v0.10.1
[INFO] [stderr]    Compiling parking_lot v0.11.1
[INFO] [stderr]    Compiling getopts v0.2.21
[INFO] [stderr]    Compiling headers v0.3.4
[INFO] [stderr]    Compiling typemap v0.3.3
[INFO] [stderr]    Compiling thiserror v1.0.26
[INFO] [stderr]    Compiling dssim-core v3.1.0
[INFO] [stderr]    Compiling prost-derive v0.8.0
[INFO] [stderr]    Compiling chrono v0.4.19
[INFO] [stderr]    Compiling snafu-derive v0.6.10
[INFO] [stderr]    Compiling regex v1.5.4
[INFO] [stderr]    Compiling mio v0.7.13
[INFO] [stderr]    Compiling tracing v0.1.26
[INFO] [stderr]    Compiling want v0.3.0
[INFO] [stderr]    Compiling tungstenite v0.12.0
[INFO] [stderr]    Compiling serde_urlencoded v0.7.0
[INFO] [stderr]    Compiling multipart v0.17.1
[INFO] [stderr]    Compiling serde-value v0.7.0
[INFO] [stderr]    Compiling serde_yaml v0.8.17
[INFO] [stderr]    Compiling derivative v2.2.0
[INFO] [stderr]    Compiling thread-id v3.3.0
[INFO] [stderr]    Compiling scoped-tls v1.0.0
[INFO] [stderr]    Compiling ipnet v2.3.1
[INFO] [stderr]    Compiling log-mdc v0.1.0
[INFO] [stderr]    Compiling arc-swap v0.4.8
[INFO] [stderr]    Compiling humantime v2.1.0
[INFO] [stderr]    Compiling sha1 v0.6.0
[INFO] [stderr]    Compiling snafu v0.6.10
[INFO] [stderr]    Compiling prost v0.8.0
[INFO] [stderr]    Compiling hmac v0.10.1
[INFO] [stderr]    Compiling nanoid v0.4.0
[INFO] [stderr]    Compiling log4rs v1.0.0
[INFO] [stderr]    Compiling tokio-util v0.6.7
[INFO] [stderr]    Compiling tokio-native-tls v0.3.0
[INFO] [stderr]    Compiling combine v4.6.0
[INFO] [stderr]    Compiling tokio-tungstenite v0.13.0
[INFO] [stderr]    Compiling tokio-stream v0.1.7
[INFO] [stderr]    Compiling h2 v0.3.3
[INFO] [stderr]    Compiling futures-retry v0.6.0
[INFO] [stderr]    Compiling lcms2 v5.4.1
[INFO] [stderr]    Compiling mozjpeg v0.9.1
[INFO] [stderr]    Compiling load_image v2.15.1
[INFO] [stderr]    Compiling dssim v3.1.0
[INFO] [stderr]    Compiling hyper v0.14.11
[INFO] [stderr]    Compiling redis v0.21.1-alpha.0 (https://github.com/hank121314/redis-rs.git?branch=master#4dec68a3)
[INFO] [stderr]    Compiling hyper-tls v0.5.0
[INFO] [stderr]    Compiling warp v0.3.1
[INFO] [stderr]    Compiling reqwest v0.11.4
[INFO] [stderr]    Compiling raid-finder v1.0.4 (/opt/rustwide/workdir)
[INFO] [stderr]     Finished dev [unoptimized + debuginfo] target(s) in 1m 29s
[INFO] [stderr] warning: the following packages contain code that will be rejected by a future version of Rust: buf_redux v0.8.4, multipart v0.17.1, redis v0.21.1-alpha.0 (https://github.com/hank121314/redis-rs.git?branch=master#4dec68a3), traitobject v0.1.0
[INFO] [stderr] note: to see what the problems were, use the option `--future-incompat-report`, or run `cargo report future-incompatibilities --id 1`
[INFO] running `Command { std: "docker" "inspect" "2b1031fbdcbbe9ceca1788eb002fc99b10e7455a1253ff18728614c152443031", kill_on_drop: false }`
[INFO] running `Command { std: "docker" "rm" "-f" "2b1031fbdcbbe9ceca1788eb002fc99b10e7455a1253ff18728614c152443031", kill_on_drop: false }`
[INFO] [stdout] 2b1031fbdcbbe9ceca1788eb002fc99b10e7455a1253ff18728614c152443031
[INFO] running `Command { std: "docker" "create" "-v" "/var/lib/crater-agent-workspace/builds/worker-4-tc2/target:/opt/rustwide/target:rw,Z" "-v" "/var/lib/crater-agent-workspace/builds/worker-4-tc2/source:/opt/rustwide/workdir:ro,Z" "-v" "/var/lib/crater-agent-workspace/cargo-home:/opt/rustwide/cargo-home:ro,Z" "-v" "/var/lib/crater-agent-workspace/rustup-home:/opt/rustwide/rustup-home:ro,Z" "-e" "SOURCE_DIR=/opt/rustwide/workdir" "-e" "CARGO_TARGET_DIR=/opt/rustwide/target" "-e" "CARGO_INCREMENTAL=0" "-e" "RUST_BACKTRACE=full" "-e" "RUSTFLAGS=--cap-lints=warn" "-e" "RUSTDOCFLAGS=--cap-lints=warn" "-e" "CARGO_HOME=/opt/rustwide/cargo-home" "-e" "RUSTUP_HOME=/opt/rustwide/rustup-home" "-w" "/opt/rustwide/workdir" "-m" "1610612736" "--user" "0:0" "--network" "none" "ghcr.io/rust-lang/crates-build-env/linux@sha256:5ff2268d62e97bff2cde7d5815dd6ed5b47097566f13b8d0ca110b04b60e07ed" "/opt/rustwide/cargo-home/bin/cargo" "+beta-2023-04-20" "test" "--frozen" "--no-run" "--message-format=json", kill_on_drop: false }`
[INFO] [stdout] 8cb6d9a729ea3126efad2090d990d35a9a931da9e3abe481346cfa34c6a55ad6
[INFO] running `Command { std: "docker" "start" "-a" "8cb6d9a729ea3126efad2090d990d35a9a931da9e3abe481346cfa34c6a55ad6", kill_on_drop: false }`
[INFO] [stderr]    Compiling raid-finder v1.0.4 (/opt/rustwide/workdir)
[INFO] [stderr]     Finished test [unoptimized + debuginfo] target(s) in 8.13s
[INFO] [stderr] warning: the following packages contain code that will be rejected by a future version of Rust: buf_redux v0.8.4, multipart v0.17.1, redis v0.21.1-alpha.0 (https://github.com/hank121314/redis-rs.git?branch=master#4dec68a3), traitobject v0.1.0
[INFO] [stderr] note: to see what the problems were, use the option `--future-incompat-report`, or run `cargo report future-incompatibilities --id 1`
[INFO] running `Command { std: "docker" "inspect" "8cb6d9a729ea3126efad2090d990d35a9a931da9e3abe481346cfa34c6a55ad6", kill_on_drop: false }`
[INFO] running `Command { std: "docker" "rm" "-f" "8cb6d9a729ea3126efad2090d990d35a9a931da9e3abe481346cfa34c6a55ad6", kill_on_drop: false }`
[INFO] [stdout] 8cb6d9a729ea3126efad2090d990d35a9a931da9e3abe481346cfa34c6a55ad6
[INFO] running `Command { std: "docker" "create" "-v" "/var/lib/crater-agent-workspace/builds/worker-4-tc2/target:/opt/rustwide/target:rw,Z" "-v" "/var/lib/crater-agent-workspace/builds/worker-4-tc2/source:/opt/rustwide/workdir:ro,Z" "-v" "/var/lib/crater-agent-workspace/cargo-home:/opt/rustwide/cargo-home:ro,Z" "-v" "/var/lib/crater-agent-workspace/rustup-home:/opt/rustwide/rustup-home:ro,Z" "-e" "SOURCE_DIR=/opt/rustwide/workdir" "-e" "CARGO_TARGET_DIR=/opt/rustwide/target" "-e" "CARGO_INCREMENTAL=0" "-e" "RUST_BACKTRACE=full" "-e" "RUSTFLAGS=--cap-lints=warn" "-e" "RUSTDOCFLAGS=--cap-lints=warn" "-e" "CARGO_HOME=/opt/rustwide/cargo-home" "-e" "RUSTUP_HOME=/opt/rustwide/rustup-home" "-w" "/opt/rustwide/workdir" "-m" "1610612736" "--user" "0:0" "--network" "none" "ghcr.io/rust-lang/crates-build-env/linux@sha256:5ff2268d62e97bff2cde7d5815dd6ed5b47097566f13b8d0ca110b04b60e07ed" "/opt/rustwide/cargo-home/bin/cargo" "+beta-2023-04-20" "test" "--frozen", kill_on_drop: false }`
[INFO] [stdout] e8868cf8384882a5862f71953df5293e98f6245f9a8f8f4789c99b1cb7c93295
[INFO] running `Command { std: "docker" "start" "-a" "e8868cf8384882a5862f71953df5293e98f6245f9a8f8f4789c99b1cb7c93295", kill_on_drop: false }`
[INFO] [stderr]     Finished test [unoptimized + debuginfo] target(s) in 0.18s
[INFO] [stderr] warning: the following packages contain code that will be rejected by a future version of Rust: buf_redux v0.8.4, multipart v0.17.1, redis v0.21.1-alpha.0 (https://github.com/hank121314/redis-rs.git?branch=master#4dec68a3), traitobject v0.1.0
[INFO] [stderr] note: to see what the problems were, use the option `--future-incompat-report`, or run `cargo report future-incompatibilities --id 1`
[INFO] [stderr]      Running unittests src/main.rs (/opt/rustwide/target/debug/deps/raid_finder-1269f5276d054920)
[INFO] [stdout] 
[INFO] [stdout] running 13 tests
[INFO] [stdout] test common::redis::tests::test_gbf_persistence_raid_tweets_keys ... ok
[INFO] [stdout] test common::redis::tests::test_gbf_raid_boss_jp_key_from_jp_raw ... ok
[INFO] [stdout] test common::redis::tests::test_gbf_raid_boss_key ... ok
[INFO] [stdout] test common::redis::tests::test_gbf_get_possible_boss_name ... ok
[INFO] [stdout] test common::redis::tests::test_gbf_persistence_raid_tweet_key ... ok
[INFO] [stdout] test common::redis::tests::test_gbf_raid_boss_keys ... ok
[INFO] [stdout] test common::redis::tests::test_gbf_raid_boss_raw_key ... ok
[INFO] [stdout] test parsers::status::tests::test_jp_parser ... ok
[INFO] [stdout] test tasks::tweet::tests::test_jp_tweet_actor_translation ... FAILED
[INFO] [stdout] test tasks::tweet::tests::test_jp_tweet_actor_already_translated ... FAILED
[INFO] [stdout] test tasks::tweet::tests::test_en_tweet_already_translated ... FAILED
[INFO] [stdout] test image::tests::translate_medusa_hl_name ... FAILED
[INFO] [stdout] test image::tests::translate_akasha_name ... FAILED
[INFO] [stdout] 
[INFO] [stdout] failures:
[INFO] [stdout] 
[INFO] [stdout] ---- tasks::tweet::tests::test_jp_tweet_actor_translation stdout ----
[INFO] [stdout] thread 'tasks::tweet::tests::test_jp_tweet_actor_translation' panicked at 'called `Result::unwrap()` on an `Err` value: NotPresent', src/tasks/tweet.rs:351:59
[INFO] [stdout] stack backtrace:
[INFO] [stdout]    0:     0x5634974fa53a - std::backtrace_rs::backtrace::libunwind::trace::h2f05d0192276a8f6
[INFO] [stdout]                                at /rustc/1b7dd2252b99671ce5d1cb9664c5f8636329436d/library/std/src/../../backtrace/src/backtrace/libunwind.rs:93:5
[INFO] [stdout]    1:     0x5634974fa53a - std::backtrace_rs::backtrace::trace_unsynchronized::hedc23dff7a1af150
[INFO] [stdout]                                at /rustc/1b7dd2252b99671ce5d1cb9664c5f8636329436d/library/std/src/../../backtrace/src/backtrace/mod.rs:66:5
[INFO] [stdout]    2:     0x5634974fa53a - std::sys_common::backtrace::_print_fmt::h17541ef7592f3ce2
[INFO] [stdout]                                at /rustc/1b7dd2252b99671ce5d1cb9664c5f8636329436d/library/std/src/sys_common/backtrace.rs:65:5
[INFO] [stdout]    3:     0x5634974fa53a - <std::sys_common::backtrace::_print::DisplayBacktrace as core::fmt::Display>::fmt::h20f75df5ab0c0792
[INFO] [stdout]                                at /rustc/1b7dd2252b99671ce5d1cb9664c5f8636329436d/library/std/src/sys_common/backtrace.rs:44:22
[INFO] [stdout]    4:     0x563497521f7f - core::fmt::write::h78109e6f466b3af6
[INFO] [stdout]                                at /rustc/1b7dd2252b99671ce5d1cb9664c5f8636329436d/library/core/src/fmt/mod.rs:1254:17
[INFO] [stdout]    5:     0x5634974f6e45 - std::io::Write::write_fmt::hd24bfb68a1b35a25
[INFO] [stdout]                                at /rustc/1b7dd2252b99671ce5d1cb9664c5f8636329436d/library/std/src/io/mod.rs:1698:15
[INFO] [stdout]    6:     0x5634974fa305 - std::sys_common::backtrace::_print::h8dac57a9f8fbf9a5
[INFO] [stdout]                                at /rustc/1b7dd2252b99671ce5d1cb9664c5f8636329436d/library/std/src/sys_common/backtrace.rs:47:5
[INFO] [stdout]    7:     0x5634974fa305 - std::sys_common::backtrace::print::hf9ecbf41d1aa712f
[INFO] [stdout]                                at /rustc/1b7dd2252b99671ce5d1cb9664c5f8636329436d/library/std/src/sys_common/backtrace.rs:34:9
[INFO] [stdout]    8:     0x5634974fbfbe - std::panicking::default_hook::{{closure}}::h04c07acfc84ca028
[INFO] [stdout]                                at /rustc/1b7dd2252b99671ce5d1cb9664c5f8636329436d/library/std/src/panicking.rs:269:22
[INFO] [stdout]    9:     0x5634974fbcf1 - std::panicking::default_hook::h01f6bb23e1eceb2c
[INFO] [stdout]                                at /rustc/1b7dd2252b99671ce5d1cb9664c5f8636329436d/library/std/src/panicking.rs:285:9
[INFO] [stdout]   10:     0x563496d93c9b - <alloc::boxed::Box<F,A> as core::ops::function::Fn<Args>>::call::h87fe9f7b2fd49e4c
[INFO] [stdout]                                at /rustc/1b7dd2252b99671ce5d1cb9664c5f8636329436d/library/alloc/src/boxed.rs:1987:9
[INFO] [stdout]   11:     0x563496d93c9b - test::test_main::{{closure}}::he94d679243a7531b
[INFO] [stdout]                                at /rustc/1b7dd2252b99671ce5d1cb9664c5f8636329436d/library/test/src/lib.rs:134:21
[INFO] [stdout]   12:     0x5634974fc6a4 - <alloc::boxed::Box<F,A> as core::ops::function::Fn<Args>>::call::h3f2d6d8b14c4769f
[INFO] [stdout]                                at /rustc/1b7dd2252b99671ce5d1cb9664c5f8636329436d/library/alloc/src/boxed.rs:1987:9
[INFO] [stdout]   13:     0x5634974fc6a4 - std::panicking::rust_panic_with_hook::h2bb3722bbaf2f6df
[INFO] [stdout]                                at /rustc/1b7dd2252b99671ce5d1cb9664c5f8636329436d/library/std/src/panicking.rs:695:13
[INFO] [stdout]   14:     0x5634974fc419 - std::panicking::begin_panic_handler::{{closure}}::h91bc7f36a4be011b
[INFO] [stdout]                                at /rustc/1b7dd2252b99671ce5d1cb9664c5f8636329436d/library/std/src/panicking.rs:582:13
[INFO] [stdout]   15:     0x5634974fa9a6 - std::sys_common::backtrace::__rust_end_short_backtrace::h8b3d3717114f9e59
[INFO] [stdout]                                at /rustc/1b7dd2252b99671ce5d1cb9664c5f8636329436d/library/std/src/sys_common/backtrace.rs:150:18
[INFO] [stdout]   16:     0x5634974fc172 - rust_begin_unwind
[INFO] [stdout]                                at /rustc/1b7dd2252b99671ce5d1cb9664c5f8636329436d/library/std/src/panicking.rs:578:5
[INFO] [stdout]   17:     0x563496b456b3 - core::panicking::panic_fmt::hfd368e3fbdabea26
[INFO] [stdout]                                at /rustc/1b7dd2252b99671ce5d1cb9664c5f8636329436d/library/core/src/panicking.rs:67:14
[INFO] [stdout]   18:     0x563496b45c53 - core::result::unwrap_failed::he54eb4b2f125b26f
[INFO] [stdout]                                at /rustc/1b7dd2252b99671ce5d1cb9664c5f8636329436d/library/core/src/result.rs:1687:5
[INFO] [stdout]   19:     0x563496b85834 - core::result::Result<T,E>::unwrap::h5f1022df509d94a4
[INFO] [stdout]                                at /rustc/1b7dd2252b99671ce5d1cb9664c5f8636329436d/library/core/src/result.rs:1089:23
[INFO] [stdout]   20:     0x563496b46f3b - <raid_finder::tasks::tweet::tests::REDIS_URL as core::ops::deref::Deref>::deref::__static_ref_initialize::hbfb60609e6cf058d
[INFO] [stdout]                                at /opt/rustwide/workdir/src/tasks/tweet.rs:351:37
[INFO] [stdout]   21:     0x563496b46f3b - core::ops::function::FnOnce::call_once::hec3c4304598138ac
[INFO] [stdout]                                at /rustc/1b7dd2252b99671ce5d1cb9664c5f8636329436d/library/core/src/ops/function.rs:250:5
[INFO] [stdout]   22:     0x563496b83e10 - lazy_static::lazy::Lazy<T>::get::{{closure}}::h110f22bf7049fa8c
[INFO] [stdout]                                at /opt/rustwide/cargo-home/registry/src/index.crates.io-6f17d22bba15001f/lazy_static-1.4.0/src/inline_lazy.rs:31:29
[INFO] [stdout]   23:     0x563496b560c7 - std::sync::once::Once::call_once::{{closure}}::ha869439dafa6d747
[INFO] [stdout]                                at /rustc/1b7dd2252b99671ce5d1cb9664c5f8636329436d/library/std/src/sync/once.rs:149:41
[INFO] [stdout]   24:     0x563496b917b9 - std::sys_common::once::futex::Once::call::h839f37fda637d725
[INFO] [stdout]                                at /rustc/1b7dd2252b99671ce5d1cb9664c5f8636329436d/library/std/src/sys_common/once/futex.rs:124:21
[INFO] [stdout]   25:     0x563496b559b9 - std::sync::once::Once::call_once::h3fe123ae106178b4
[INFO] [stdout]                                at /rustc/1b7dd2252b99671ce5d1cb9664c5f8636329436d/library/std/src/sync/once.rs:149:9
[INFO] [stdout]   26:     0x563496b8caf9 - lazy_static::lazy::Lazy<T>::get::hb7f5df8c6c3200b8
[INFO] [stdout]                                at /opt/rustwide/cargo-home/registry/src/index.crates.io-6f17d22bba15001f/lazy_static-1.4.0/src/inline_lazy.rs:30:9
[INFO] [stdout]   27:     0x563496b8caf9 - <raid_finder::tasks::tweet::tests::REDIS_URL as core::ops::deref::Deref>::deref::__stability::h3f7e7e798aeb0f29
[INFO] [stdout]                                at /opt/rustwide/cargo-home/registry/src/index.crates.io-6f17d22bba15001f/lazy_static-1.4.0/src/lib.rs:142:21
[INFO] [stdout]   28:     0x563496b8caf9 - <raid_finder::tasks::tweet::tests::REDIS_URL as core::ops::deref::Deref>::deref::hf3a754293130a225
[INFO] [stdout]                                at /opt/rustwide/cargo-home/registry/src/index.crates.io-6f17d22bba15001f/lazy_static-1.4.0/src/lib.rs:144:17
[INFO] [stdout]   29:     0x563496b8cffe - raid_finder::tasks::tweet::tests::test_jp_tweet_actor_translation::{{closure}}::hf73bf9008f58b4b4
[INFO] [stdout]                                at /opt/rustwide/workdir/src/tasks/tweet.rs:358:28
[INFO] [stdout]   30:     0x563496b9be6a - <core::pin::Pin<P> as core::future::future::Future>::poll::hb96a9b4b72997988
[INFO] [stdout]                                at /rustc/1b7dd2252b99671ce5d1cb9664c5f8636329436d/library/core/src/future/future.rs:125:9
[INFO] [stdout]   31:     0x563496bc27e3 - tokio::runtime::basic_scheduler::Inner<P>::block_on::{{closure}}::{{closure}}::h4289640b77c6f6a4
[INFO] [stdout]                                at /opt/rustwide/cargo-home/registry/src/index.crates.io-6f17d22bba15001f/tokio-1.9.0/src/runtime/basic_scheduler.rs:208:62
[INFO] [stdout]   32:     0x563496b6ff4a - tokio::coop::with_budget::{{closure}}::h7ff193bbad4cc7b0
[INFO] [stdout]                                at /opt/rustwide/cargo-home/registry/src/index.crates.io-6f17d22bba15001f/tokio-1.9.0/src/coop.rs:106:9
[INFO] [stdout]   33:     0x563496bbd8ec - std::thread::local::LocalKey<T>::try_with::h2b732e1e37280431
[INFO] [stdout]                                at /rustc/1b7dd2252b99671ce5d1cb9664c5f8636329436d/library/std/src/thread/local.rs:252:16
[INFO] [stdout]   34:     0x563496bbd262 - std::thread::local::LocalKey<T>::with::h87380ba7d0c5fc75
[INFO] [stdout]                                at /rustc/1b7dd2252b99671ce5d1cb9664c5f8636329436d/library/std/src/thread/local.rs:228:9
[INFO] [stdout]   35:     0x563496bc0f28 - tokio::coop::with_budget::hfd4be8ef2f44cb63
[INFO] [stdout]                                at /opt/rustwide/cargo-home/registry/src/index.crates.io-6f17d22bba15001f/tokio-1.9.0/src/coop.rs:99:5
[INFO] [stdout]   36:     0x563496bc0f28 - tokio::coop::budget::hac27a568c986a114
[INFO] [stdout]                                at /opt/rustwide/cargo-home/registry/src/index.crates.io-6f17d22bba15001f/tokio-1.9.0/src/coop.rs:76:5
[INFO] [stdout]   37:     0x563496bc0f28 - tokio::runtime::basic_scheduler::Inner<P>::block_on::{{closure}}::h214757ff3f52bf79
[INFO] [stdout]                                at /opt/rustwide/cargo-home/registry/src/index.crates.io-6f17d22bba15001f/tokio-1.9.0/src/runtime/basic_scheduler.rs:208:39
[INFO] [stdout]   38:     0x563496bc5a48 - tokio::runtime::basic_scheduler::enter::{{closure}}::h636a3f3a050611f5
[INFO] [stdout]                                at /opt/rustwide/cargo-home/registry/src/index.crates.io-6f17d22bba15001f/tokio-1.9.0/src/runtime/basic_scheduler.rs:299:29
[INFO] [stdout]   39:     0x563496b97a2c - tokio::macros::scoped_tls::ScopedKey<T>::set::hbab4c97f7a74f3fe
[INFO] [stdout]                                at /opt/rustwide/cargo-home/registry/src/index.crates.io-6f17d22bba15001f/tokio-1.9.0/src/macros/scoped_tls.rs:61:9
[INFO] [stdout]   40:     0x563496bc4c8f - tokio::runtime::basic_scheduler::enter::h1ea607d8b54040c5
[INFO] [stdout]                                at /opt/rustwide/cargo-home/registry/src/index.crates.io-6f17d22bba15001f/tokio-1.9.0/src/runtime/basic_scheduler.rs:299:5
[INFO] [stdout]   41:     0x563496bbfa35 - tokio::runtime::basic_scheduler::Inner<P>::block_on::h2e580fee45416d57
[INFO] [stdout]                                at /opt/rustwide/cargo-home/registry/src/index.crates.io-6f17d22bba15001f/tokio-1.9.0/src/runtime/basic_scheduler.rs:197:9
[INFO] [stdout]   42:     0x563496bc2d0c - tokio::runtime::basic_scheduler::InnerGuard<P>::block_on::h762221ad2d7ab108
[INFO] [stdout]                                at /opt/rustwide/cargo-home/registry/src/index.crates.io-6f17d22bba15001f/tokio-1.9.0/src/runtime/basic_scheduler.rs:452:9
[INFO] [stdout]   43:     0x563496bc4093 - tokio::runtime::basic_scheduler::BasicScheduler<P>::block_on::hc36a185adc03debc
[INFO] [stdout]                                at /opt/rustwide/cargo-home/registry/src/index.crates.io-6f17d22bba15001f/tokio-1.9.0/src/runtime/basic_scheduler.rs:157:24
[INFO] [stdout]   44:     0x563496b982ca - tokio::runtime::Runtime::block_on::ha4148a006ee59e71
[INFO] [stdout]                                at /opt/rustwide/cargo-home/registry/src/index.crates.io-6f17d22bba15001f/tokio-1.9.0/src/runtime/mod.rs:450:46
[INFO] [stdout]   45:     0x563496b8ce9e - raid_finder::tasks::tweet::tests::test_jp_tweet_actor_translation::hefeabc441df5bbcd
[INFO] [stdout]                                at /opt/rustwide/workdir/src/tasks/tweet.rs:397:5
[INFO] [stdout]   46:     0x563496b8cdb2 - raid_finder::tasks::tweet::tests::test_jp_tweet_actor_translation::{{closure}}::h5d6e15c29e7f43c3
[INFO] [stdout]                                at /opt/rustwide/workdir/src/tasks/tweet.rs:357:49
[INFO] [stdout]   47:     0x563496b462f5 - core::ops::function::FnOnce::call_once::h3fef144a4b646992
[INFO] [stdout]                                at /rustc/1b7dd2252b99671ce5d1cb9664c5f8636329436d/library/core/src/ops/function.rs:250:5
[INFO] [stdout]   48:     0x563496d98b6f - core::ops::function::FnOnce::call_once::ha6a70e79f7481a7e
[INFO] [stdout]                                at /rustc/1b7dd2252b99671ce5d1cb9664c5f8636329436d/library/core/src/ops/function.rs:250:5
[INFO] [stdout]   49:     0x563496d98b6f - test::__rust_begin_short_backtrace::hce33033019b61e69
[INFO] [stdout]                                at /rustc/1b7dd2252b99671ce5d1cb9664c5f8636329436d/library/test/src/lib.rs:655:18
[INFO] [stdout]   50:     0x563496d6635c - test::run_test::{{closure}}::h858d3528838ae3e5
[INFO] [stdout]                                at /rustc/1b7dd2252b99671ce5d1cb9664c5f8636329436d/library/test/src/lib.rs:646:30
[INFO] [stdout]   51:     0x563496d6635c - core::ops::function::FnOnce::call_once{{vtable.shim}}::he8ac2b00f01ae79e
[INFO] [stdout]                                at /rustc/1b7dd2252b99671ce5d1cb9664c5f8636329436d/library/core/src/ops/function.rs:250:5
[INFO] [stdout]   52:     0x563496d97c46 - <alloc::boxed::Box<F,A> as core::ops::function::FnOnce<Args>>::call_once::h8093d25b522725ef
[INFO] [stdout]                                at /rustc/1b7dd2252b99671ce5d1cb9664c5f8636329436d/library/alloc/src/boxed.rs:1973:9
[INFO] [stdout]   53:     0x563496d97c46 - <core::panic::unwind_safe::AssertUnwindSafe<F> as core::ops::function::FnOnce<()>>::call_once::h5c334c204e4a3913
[INFO] [stdout]                                at /rustc/1b7dd2252b99671ce5d1cb9664c5f8636329436d/library/core/src/panic/unwind_safe.rs:271:9
[INFO] [stdout]   54:     0x563496d97c46 - std::panicking::try::do_call::ha8b740c7b9478074
[INFO] [stdout]                                at /rustc/1b7dd2252b99671ce5d1cb9664c5f8636329436d/library/std/src/panicking.rs:485:40
[INFO] [stdout]   55:     0x563496d97c46 - std::panicking::try::h5d34f63d0e41b64e
[INFO] [stdout]                                at /rustc/1b7dd2252b99671ce5d1cb9664c5f8636329436d/library/std/src/panicking.rs:449:19
[INFO] [stdout]   56:     0x563496d97c46 - std::panic::catch_unwind::hcfbb511e1aa7fc67
[INFO] [stdout]                                at /rustc/1b7dd2252b99671ce5d1cb9664c5f8636329436d/library/std/src/panic.rs:140:14
[INFO] [stdout]   57:     0x563496d97c46 - test::run_test_in_process::h9abda90f802eaf21
[INFO] [stdout]                                at /rustc/1b7dd2252b99671ce5d1cb9664c5f8636329436d/library/test/src/lib.rs:678:27
[INFO] [stdout]   58:     0x563496d97c46 - test::run_test::run_test_inner::{{closure}}::h0f058de91f6c6edf
[INFO] [stdout]                                at /rustc/1b7dd2252b99671ce5d1cb9664c5f8636329436d/library/test/src/lib.rs:572:39
[INFO] [stdout]   59:     0x563496d60b65 - test::run_test::run_test_inner::{{closure}}::h5ca48a4c59c6c1fb
[INFO] [stdout]                                at /rustc/1b7dd2252b99671ce5d1cb9664c5f8636329436d/library/test/src/lib.rs:599:37
[INFO] [stdout]   60:     0x563496d60b65 - std::sys_common::backtrace::__rust_begin_short_backtrace::h32bd51e1495d4a33
[INFO] [stdout]                                at /rustc/1b7dd2252b99671ce5d1cb9664c5f8636329436d/library/std/src/sys_common/backtrace.rs:134:18
[INFO] [stdout]   61:     0x563496d660a1 - std::thread::Builder::spawn_unchecked_::{{closure}}::{{closure}}::hc086fae9b128b2db
[INFO] [stdout]                                at /rustc/1b7dd2252b99671ce5d1cb9664c5f8636329436d/library/std/src/thread/mod.rs:526:17
[INFO] [stdout]   62:     0x563496d660a1 - <core::panic::unwind_safe::AssertUnwindSafe<F> as core::ops::function::FnOnce<()>>::call_once::hb66571888d270d43
[INFO] [stdout]                                at /rustc/1b7dd2252b99671ce5d1cb9664c5f8636329436d/library/core/src/panic/unwind_safe.rs:271:9
[INFO] [stdout]   63:     0x563496d660a1 - std::panicking::try::do_call::h4fa2ef4f6e51fecf
[INFO] [stdout]                                at /rustc/1b7dd2252b99671ce5d1cb9664c5f8636329436d/library/std/src/panicking.rs:485:40
[INFO] [stdout]   64:     0x563496d660a1 - std::panicking::try::h1e9e22b8584489b5
[INFO] [stdout]                                at /rustc/1b7dd2252b99671ce5d1cb9664c5f8636329436d/library/std/src/panicking.rs:449:19
[INFO] [stdout]   65:     0x563496d660a1 - std::panic::catch_unwind::h44698a3de0e0769e
[INFO] [stdout]                                at /rustc/1b7dd2252b99671ce5d1cb9664c5f8636329436d/library/std/src/panic.rs:140:14
[INFO] [stdout]   66:     0x563496d660a1 - std::thread::Builder::spawn_unchecked_::{{closure}}::h50153abde3fe239e
[INFO] [stdout]                                at /rustc/1b7dd2252b99671ce5d1cb9664c5f8636329436d/library/std/src/thread/mod.rs:525:30
[INFO] [stdout]   67:     0x563496d660a1 - core::ops::function::FnOnce::call_once{{vtable.shim}}::hbe5bbf6f38394364
[INFO] [stdout]                                at /rustc/1b7dd2252b99671ce5d1cb9664c5f8636329436d/library/core/src/ops/function.rs:250:5
[INFO] [stdout]   68:     0x563497500de5 - <alloc::boxed::Box<F,A> as core::ops::function::FnOnce<Args>>::call_once::h0d83cb2920a49046
[INFO] [stdout]                                at /rustc/1b7dd2252b99671ce5d1cb9664c5f8636329436d/library/alloc/src/boxed.rs:1973:9
[INFO] [stdout]   69:     0x563497500de5 - <alloc::boxed::Box<F,A> as core::ops::function::FnOnce<Args>>::call_once::hbe0a008aa7d9ef59
[INFO] [stdout]                                at /rustc/1b7dd2252b99671ce5d1cb9664c5f8636329436d/library/alloc/src/boxed.rs:1973:9
[INFO] [stdout]   70:     0x563497500de5 - std::sys::unix::thread::Thread::new::thread_start::h3a466996bdf6b1f9
[INFO] [stdout]                                at /rustc/1b7dd2252b99671ce5d1cb9664c5f8636329436d/library/std/src/sys/unix/thread.rs:108:17
[INFO] [stdout]   71:     0x7f44d65ddb43 - <unknown>
[INFO] [stdout]   72:     0x7f44d666ebb4 - __clone
[INFO] [stdout]   73:                0x0 - <unknown>
[INFO] [stdout] 
[INFO] [stdout] ---- tasks::tweet::tests::test_jp_tweet_actor_already_translated stdout ----
[INFO] [stdout] thread 'tasks::tweet::tests::test_jp_tweet_actor_already_translated' panicked at 'Once instance has previously been poisoned', /opt/rustwide/cargo-home/registry/src/index.crates.io-6f17d22bba15001f/lazy_static-1.4.0/src/inline_lazy.rs:30:16
[INFO] [stdout] stack backtrace:
[INFO] [stdout]    0:     0x5634974fa53a - std::backtrace_rs::backtrace::libunwind::trace::h2f05d0192276a8f6
[INFO] [stdout]                                at /rustc/1b7dd2252b99671ce5d1cb9664c5f8636329436d/library/std/src/../../backtrace/src/backtrace/libunwind.rs:93:5
[INFO] [stdout]    1:     0x5634974fa53a - std::backtrace_rs::backtrace::trace_unsynchronized::hedc23dff7a1af150
[INFO] [stdout]                                at /rustc/1b7dd2252b99671ce5d1cb9664c5f8636329436d/library/std/src/../../backtrace/src/backtrace/mod.rs:66:5
[INFO] [stdout]    2:     0x5634974fa53a - std::sys_common::backtrace::_print_fmt::h17541ef7592f3ce2
[INFO] [stdout]                                at /rustc/1b7dd2252b99671ce5d1cb9664c5f8636329436d/library/std/src/sys_common/backtrace.rs:65:5
[INFO] [stdout]    3:     0x5634974fa53a - <std::sys_common::backtrace::_print::DisplayBacktrace as core::fmt::Display>::fmt::h20f75df5ab0c0792
[INFO] [stdout]                                at /rustc/1b7dd2252b99671ce5d1cb9664c5f8636329436d/library/std/src/sys_common/backtrace.rs:44:22
[INFO] [stdout]    4:     0x563497521f7f - core::fmt::write::h78109e6f466b3af6
[INFO] [stdout]                                at /rustc/1b7dd2252b99671ce5d1cb9664c5f8636329436d/library/core/src/fmt/mod.rs:1254:17
[INFO] [stdout]    5:     0x5634974f6e45 - std::io::Write::write_fmt::hd24bfb68a1b35a25
[INFO] [stdout]                                at /rustc/1b7dd2252b99671ce5d1cb9664c5f8636329436d/library/std/src/io/mod.rs:1698:15
[INFO] [stdout]    6:     0x5634974fa305 - std::sys_common::backtrace::_print::h8dac57a9f8fbf9a5
[INFO] [stdout]                                at /rustc/1b7dd2252b99671ce5d1cb9664c5f8636329436d/library/std/src/sys_common/backtrace.rs:47:5
[INFO] [stdout]    7:     0x5634974fa305 - std::sys_common::backtrace::print::hf9ecbf41d1aa712f
[INFO] [stdout]                                at /rustc/1b7dd2252b99671ce5d1cb9664c5f8636329436d/library/std/src/sys_common/backtrace.rs:34:9
[INFO] [stdout]    8:     0x5634974fbfbe - std::panicking::default_hook::{{closure}}::h04c07acfc84ca028
[INFO] [stdout]                                at /rustc/1b7dd2252b99671ce5d1cb9664c5f8636329436d/library/std/src/panicking.rs:269:22
[INFO] [stdout]    9:     0x5634974fbcf1 - std::panicking::default_hook::h01f6bb23e1eceb2c
[INFO] [stdout]                                at /rustc/1b7dd2252b99671ce5d1cb9664c5f8636329436d/library/std/src/panicking.rs:285:9
[INFO] [stdout]   10:     0x563496d93c9b - <alloc::boxed::Box<F,A> as core::ops::function::Fn<Args>>::call::h87fe9f7b2fd49e4c
[INFO] [stdout]                                at /rustc/1b7dd2252b99671ce5d1cb9664c5f8636329436d/library/alloc/src/boxed.rs:1987:9
[INFO] [stdout]   11:     0x563496d93c9b - test::test_main::{{closure}}::he94d679243a7531b
[INFO] [stdout]                                at /rustc/1b7dd2252b99671ce5d1cb9664c5f8636329436d/library/test/src/lib.rs:134:21
[INFO] [stdout]   12:     0x5634974fc6a4 - <alloc::boxed::Box<F,A> as core::ops::function::Fn<Args>>::call::h3f2d6d8b14c4769f
[INFO] [stdout]                                at /rustc/1b7dd2252b99671ce5d1cb9664c5f8636329436d/library/alloc/src/boxed.rs:1987:9
[INFO] [stdout]   13:     0x5634974fc6a4 - std::panicking::rust_panic_with_hook::h2bb3722bbaf2f6df
[INFO] [stdout]                                at /rustc/1b7dd2252b99671ce5d1cb9664c5f8636329436d/library/std/src/panicking.rs:695:13
[INFO] [stdout]   14:     0x5634974fc3d2 - std::panicking::begin_panic_handler::{{closure}}::h91bc7f36a4be011b
[INFO] [stdout]                                at /rustc/1b7dd2252b99671ce5d1cb9664c5f8636329436d/library/std/src/panicking.rs:580:13
[INFO] [stdout]   15:     0x5634974fa9a6 - std::sys_common::backtrace::__rust_end_short_backtrace::h8b3d3717114f9e59
[INFO] [stdout]                                at /rustc/1b7dd2252b99671ce5d1cb9664c5f8636329436d/library/std/src/sys_common/backtrace.rs:150:18
[INFO] [stdout]   16:     0x5634974fc172 - rust_begin_unwind
[INFO] [stdout]                                at /rustc/1b7dd2252b99671ce5d1cb9664c5f8636329436d/library/std/src/panicking.rs:578:5
[INFO] [stdout]   17:     0x563496b456b3 - core::panicking::panic_fmt::hfd368e3fbdabea26
[INFO] [stdout]                                at /rustc/1b7dd2252b99671ce5d1cb9664c5f8636329436d/library/core/src/panicking.rs:67:14
[INFO] [stdout]   18:     0x563496b91733 - std::sys_common::once::futex::Once::call::h839f37fda637d725
[INFO] [stdout]                                at /rustc/1b7dd2252b99671ce5d1cb9664c5f8636329436d/library/std/src/sys_common/once/futex.rs:103:21
[INFO] [stdout]   19:     0x563496b559b9 - std::sync::once::Once::call_once::h3fe123ae106178b4
[INFO] [stdout]                                at /rustc/1b7dd2252b99671ce5d1cb9664c5f8636329436d/library/std/src/sync/once.rs:149:9
[INFO] [stdout]   20:     0x563496b8caf9 - lazy_static::lazy::Lazy<T>::get::hb7f5df8c6c3200b8
[INFO] [stdout]                                at /opt/rustwide/cargo-home/registry/src/index.crates.io-6f17d22bba15001f/lazy_static-1.4.0/src/inline_lazy.rs:30:9
[INFO] [stdout]   21:     0x563496b8caf9 - <raid_finder::tasks::tweet::tests::REDIS_URL as core::ops::deref::Deref>::deref::__stability::h3f7e7e798aeb0f29
[INFO] [stdout]                                at /opt/rustwide/cargo-home/registry/src/index.crates.io-6f17d22bba15001f/lazy_static-1.4.0/src/lib.rs:142:21
[INFO] [stdout]   22:     0x563496b8caf9 - <raid_finder::tasks::tweet::tests::REDIS_URL as core::ops::deref::Deref>::deref::hf3a754293130a225
[INFO] [stdout]                                at /opt/rustwide/cargo-home/registry/src/index.crates.io-6f17d22bba15001f/lazy_static-1.4.0/src/lib.rs:144:17
[INFO] [stdout]   23:     0x563496b8e948 - raid_finder::tasks::tweet::tests::test_jp_tweet_actor_already_translated::{{closure}}::h3728defdcdd95e4f
[INFO] [stdout]                                at /opt/rustwide/workdir/src/tasks/tweet.rs:402:28
[INFO] [stdout]   24:     0x563496b9bbba - <core::pin::Pin<P> as core::future::future::Future>::poll::h2c681a7c471540a5
[INFO] [stdout]                                at /rustc/1b7dd2252b99671ce5d1cb9664c5f8636329436d/library/core/src/future/future.rs:125:9
[INFO] [stdout]   25:     0x563496bc2543 - tokio::runtime::basic_scheduler::Inner<P>::block_on::{{closure}}::{{closure}}::h18ae8ea77804d050
[INFO] [stdout]                                at /opt/rustwide/cargo-home/registry/src/index.crates.io-6f17d22bba15001f/tokio-1.9.0/src/runtime/basic_scheduler.rs:208:62
[INFO] [stdout]   26:     0x563496b7103a - tokio::coop::with_budget::{{closure}}::hf9c13e1bb6a9d252
[INFO] [stdout]                                at /opt/rustwide/cargo-home/registry/src/index.crates.io-6f17d22bba15001f/tokio-1.9.0/src/coop.rs:106:9
[INFO] [stdout]   27:     0x563496bbef1c - std::thread::local::LocalKey<T>::try_with::hc04c9ba98820ea5f
[INFO] [stdout]                                at /rustc/1b7dd2252b99671ce5d1cb9664c5f8636329436d/library/std/src/thread/local.rs:252:16
[INFO] [stdout]   28:     0x563496bbd1e2 - std::thread::local::LocalKey<T>::with::h74c0a46544a71b93
[INFO] [stdout]                                at /rustc/1b7dd2252b99671ce5d1cb9664c5f8636329436d/library/std/src/thread/local.rs:228:9
[INFO] [stdout]   29:     0x563496bbfe68 - tokio::coop::with_budget::h39529cdee338d6e8
[INFO] [stdout]                                at /opt/rustwide/cargo-home/registry/src/index.crates.io-6f17d22bba15001f/tokio-1.9.0/src/coop.rs:99:5
[INFO] [stdout]   30:     0x563496bbfe68 - tokio::coop::budget::h7164bdb47c3baf97
[INFO] [stdout]                                at /opt/rustwide/cargo-home/registry/src/index.crates.io-6f17d22bba15001f/tokio-1.9.0/src/coop.rs:76:5
[INFO] [stdout]   31:     0x563496bbfe68 - tokio::runtime::basic_scheduler::Inner<P>::block_on::{{closure}}::h000472a6f8c5bfe3
[INFO] [stdout]                                at /opt/rustwide/cargo-home/registry/src/index.crates.io-6f17d22bba15001f/tokio-1.9.0/src/runtime/basic_scheduler.rs:208:39
[INFO] [stdout]   32:     0x563496bc5ad8 - tokio::runtime::basic_scheduler::enter::{{closure}}::h9713ee3d956ed229
[INFO] [stdout]                                at /opt/rustwide/cargo-home/registry/src/index.crates.io-6f17d22bba15001f/tokio-1.9.0/src/runtime/basic_scheduler.rs:299:29
[INFO] [stdout]   33:     0x563496b9780c - tokio::macros::scoped_tls::ScopedKey<T>::set::h50883e75ca93ed13
[INFO] [stdout]                                at /opt/rustwide/cargo-home/registry/src/index.crates.io-6f17d22bba15001f/tokio-1.9.0/src/macros/scoped_tls.rs:61:9
[INFO] [stdout]   34:     0x563496bc4fcf - tokio::runtime::basic_scheduler::enter::h40b32aab757c09d6
[INFO] [stdout]                                at /opt/rustwide/cargo-home/registry/src/index.crates.io-6f17d22bba15001f/tokio-1.9.0/src/runtime/basic_scheduler.rs:299:5
[INFO] [stdout]   35:     0x563496bbfa65 - tokio::runtime::basic_scheduler::Inner<P>::block_on::h8ab79ac64d903c74
[INFO] [stdout]                                at /opt/rustwide/cargo-home/registry/src/index.crates.io-6f17d22bba15001f/tokio-1.9.0/src/runtime/basic_scheduler.rs:197:9
[INFO] [stdout]   36:     0x563496bc2bcc - tokio::runtime::basic_scheduler::InnerGuard<P>::block_on::h452331b2dcb4c8b4
[INFO] [stdout]                                at /opt/rustwide/cargo-home/registry/src/index.crates.io-6f17d22bba15001f/tokio-1.9.0/src/runtime/basic_scheduler.rs:452:9
[INFO] [stdout]   37:     0x563496bc34ef - tokio::runtime::basic_scheduler::BasicScheduler<P>::block_on::h278c029552fedfaf
[INFO] [stdout]                                at /opt/rustwide/cargo-home/registry/src/index.crates.io-6f17d22bba15001f/tokio-1.9.0/src/runtime/basic_scheduler.rs:157:24
[INFO] [stdout]   38:     0x563496b9811f - tokio::runtime::Runtime::block_on::h8d103637a6151aae
[INFO] [stdout]                                at /opt/rustwide/cargo-home/registry/src/index.crates.io-6f17d22bba15001f/tokio-1.9.0/src/runtime/mod.rs:450:46
[INFO] [stdout]   39:     0x563496b8e804 - raid_finder::tasks::tweet::tests::test_jp_tweet_actor_already_translated::h68b51f276f86b9e8
[INFO] [stdout]                                at /opt/rustwide/workdir/src/tasks/tweet.rs:417:5
[INFO] [stdout]   40:     0x563496b8e722 - raid_finder::tasks::tweet::tests::test_jp_tweet_actor_already_translated::{{closure}}::h639657a0e092b08e
[INFO] [stdout]                                at /opt/rustwide/workdir/src/tasks/tweet.rs:401:56
[INFO] [stdout]   41:     0x563496b464d5 - core::ops::function::FnOnce::call_once::h78513204cb7592d2
[INFO] [stdout]                                at /rustc/1b7dd2252b99671ce5d1cb9664c5f8636329436d/library/core/src/ops/function.rs:250:5
[INFO] [stdout]   42:     0x563496d98b6f - core::ops::function::FnOnce::call_once::ha6a70e79f7481a7e
[INFO] [stdout]                                at /rustc/1b7dd2252b99671ce5d1cb9664c5f8636329436d/library/core/src/ops/function.rs:250:5
[INFO] [stdout]   43:     0x563496d98b6f - test::__rust_begin_short_backtrace::hce33033019b61e69
[INFO] [stdout]                                at /rustc/1b7dd2252b99671ce5d1cb9664c5f8636329436d/library/test/src/lib.rs:655:18
[INFO] [stdout]   44:     0x563496d6635c - test::run_test::{{closure}}::h858d3528838ae3e5
[INFO] [stdout]                                at /rustc/1b7dd2252b99671ce5d1cb9664c5f8636329436d/library/test/src/lib.rs:646:30
[INFO] [stdout]   45:     0x563496d6635c - core::ops::function::FnOnce::call_once{{vtable.shim}}::he8ac2b00f01ae79e
[INFO] [stdout]                                at /rustc/1b7dd2252b99671ce5d1cb9664c5f8636329436d/library/core/src/ops/function.rs:250:5
[INFO] [stdout]   46:     0x563496d97c46 - <alloc::boxed::Box<F,A> as core::ops::function::FnOnce<Args>>::call_once::h8093d25b522725ef
[INFO] [stdout]                                at /rustc/1b7dd2252b99671ce5d1cb9664c5f8636329436d/library/alloc/src/boxed.rs:1973:9
[INFO] [stdout]   47:     0x563496d97c46 - <core::panic::unwind_safe::AssertUnwindSafe<F> as core::ops::function::FnOnce<()>>::call_once::h5c334c204e4a3913
[INFO] [stdout]                                at /rustc/1b7dd2252b99671ce5d1cb9664c5f8636329436d/library/core/src/panic/unwind_safe.rs:271:9
[INFO] [stdout]   48:     0x563496d97c46 - std::panicking::try::do_call::ha8b740c7b9478074
[INFO] [stdout]                                at /rustc/1b7dd2252b99671ce5d1cb9664c5f8636329436d/library/std/src/panicking.rs:485:40
[INFO] [stdout]   49:     0x563496d97c46 - std::panicking::try::h5d34f63d0e41b64e
[INFO] [stdout]                                at /rustc/1b7dd2252b99671ce5d1cb9664c5f8636329436d/library/std/src/panicking.rs:449:19
[INFO] [stdout]   50:     0x563496d97c46 - std::panic::catch_unwind::hcfbb511e1aa7fc67
[INFO] [stdout]                                at /rustc/1b7dd2252b99671ce5d1cb9664c5f8636329436d/library/std/src/panic.rs:140:14
[INFO] [stdout]   51:     0x563496d97c46 - test::run_test_in_process::h9abda90f802eaf21
[INFO] [stdout]                                at /rustc/1b7dd2252b99671ce5d1cb9664c5f8636329436d/library/test/src/lib.rs:678:27
[INFO] [stdout]   52:     0x563496d97c46 - test::run_test::run_test_inner::{{closure}}::h0f058de91f6c6edf
[INFO] [stdout]                                at /rustc/1b7dd2252b99671ce5d1cb9664c5f8636329436d/library/test/src/lib.rs:572:39
[INFO] [stdout]   53:     0x563496d60b65 - test::run_test::run_test_inner::{{closure}}::h5ca48a4c59c6c1fb
[INFO] [stdout]                                at /rustc/1b7dd2252b99671ce5d1cb9664c5f8636329436d/library/test/src/lib.rs:599:37
[INFO] [stdout]   54:     0x563496d60b65 - std::sys_common::backtrace::__rust_begin_short_backtrace::h32bd51e1495d4a33
[INFO] [stdout]                                at /rustc/1b7dd2252b99671ce5d1cb9664c5f8636329436d/library/std/src/sys_common/backtrace.rs:134:18
[INFO] [stdout]   55:     0x563496d660a1 - std::thread::Builder::spawn_unchecked_::{{closure}}::{{closure}}::hc086fae9b128b2db
[INFO] [stdout]                                at /rustc/1b7dd2252b99671ce5d1cb9664c5f8636329436d/library/std/src/thread/mod.rs:526:17
[INFO] [stdout]   56:     0x563496d660a1 - <core::panic::unwind_safe::AssertUnwindSafe<F> as core::ops::function::FnOnce<()>>::call_once::hb66571888d270d43
[INFO] [stdout]                                at /rustc/1b7dd2252b99671ce5d1cb9664c5f8636329436d/library/core/src/panic/unwind_safe.rs:271:9
[INFO] [stdout]   57:     0x563496d660a1 - std::panicking::try::do_call::h4fa2ef4f6e51fecf
[INFO] [stdout]                                at /rustc/1b7dd2252b99671ce5d1cb9664c5f8636329436d/library/std/src/panicking.rs:485:40
[INFO] [stdout]   58:     0x563496d660a1 - std::panicking::try::h1e9e22b8584489b5
[INFO] [stdout]                                at /rustc/1b7dd2252b99671ce5d1cb9664c5f8636329436d/library/std/src/panicking.rs:449:19
[INFO] [stdout]   59:     0x563496d660a1 - std::panic::catch_unwind::h44698a3de0e0769e
[INFO] [stdout]                                at /rustc/1b7dd2252b99671ce5d1cb9664c5f8636329436d/library/std/src/panic.rs:140:14
[INFO] [stdout]   60:     0x563496d660a1 - std::thread::Builder::spawn_unchecked_::{{closure}}::h50153abde3fe239e
[INFO] [stdout]                                at /rustc/1b7dd2252b99671ce5d1cb9664c5f8636329436d/library/std/src/thread/mod.rs:525:30
[INFO] [stdout]   61:     0x563496d660a1 - core::ops::function::FnOnce::call_once{{vtable.shim}}::hbe5bbf6f38394364
[INFO] [stdout]                                at /rustc/1b7dd2252b99671ce5d1cb9664c5f8636329436d/library/core/src/ops/function.rs:250:5
[INFO] [stdout]   62:     0x563497500de5 - <alloc::boxed::Box<F,A> as core::ops::function::FnOnce<Args>>::call_once::h0d83cb2920a49046
[INFO] [stdout]                                at /rustc/1b7dd2252b99671ce5d1cb9664c5f8636329436d/library/alloc/src/boxed.rs:1973:9
[INFO] [stdout]   63:     0x563497500de5 - <alloc::boxed::Box<F,A> as core::ops::function::FnOnce<Args>>::call_once::hbe0a008aa7d9ef59
[INFO] [stdout]                                at /rustc/1b7dd2252b99671ce5d1cb9664c5f8636329436d/library/alloc/src/boxed.rs:1973:9
[INFO] [stdout]   64:     0x563497500de5 - std::sys::unix::thread::Thread::new::thread_start::h3a466996bdf6b1f9
[INFO] [stdout]                                at /rustc/1b7dd2252b99671ce5d1cb9664c5f8636329436d/library/std/src/sys/unix/thread.rs:108:17
[INFO] [stdout]   65:     0x7f44d65ddb43 - <unknown>
[INFO] [stdout]   66:     0x7f44d666ebb4 - __clone
[INFO] [stdout]   67:                0x0 - <unknown>
[INFO] [stdout] 
[INFO] [stdout] ---- tasks::tweet::tests::test_en_tweet_already_translated stdout ----
[INFO] [stdout] thread 'tasks::tweet::tests::test_en_tweet_already_translated' panicked at 'Once instance has previously been poisoned', /opt/rustwide/cargo-home/registry/src/index.crates.io-6f17d22bba15001f/lazy_static-1.4.0/src/inline_lazy.rs:30:16
[INFO] [stdout] stack backtrace:
[INFO] [stdout]    0:     0x5634974fa53a - std::backtrace_rs::backtrace::libunwind::trace::h2f05d0192276a8f6
[INFO] [stdout]                                at /rustc/1b7dd2252b99671ce5d1cb9664c5f8636329436d/library/std/src/../../backtrace/src/backtrace/libunwind.rs:93:5
[INFO] [stdout]    1:     0x5634974fa53a - std::backtrace_rs::backtrace::trace_unsynchronized::hedc23dff7a1af150
[INFO] [stdout]                                at /rustc/1b7dd2252b99671ce5d1cb9664c5f8636329436d/library/std/src/../../backtrace/src/backtrace/mod.rs:66:5
[INFO] [stdout]    2:     0x5634974fa53a - std::sys_common::backtrace::_print_fmt::h17541ef7592f3ce2
[INFO] [stdout]                                at /rustc/1b7dd2252b99671ce5d1cb9664c5f8636329436d/library/std/src/sys_common/backtrace.rs:65:5
[INFO] [stdout]    3:     0x5634974fa53a - <std::sys_common::backtrace::_print::DisplayBacktrace as core::fmt::Display>::fmt::h20f75df5ab0c0792
[INFO] [stdout]                                at /rustc/1b7dd2252b99671ce5d1cb9664c5f8636329436d/library/std/src/sys_common/backtrace.rs:44:22
[INFO] [stdout]    4:     0x563497521f7f - core::fmt::write::h78109e6f466b3af6
[INFO] [stdout]                                at /rustc/1b7dd2252b99671ce5d1cb9664c5f8636329436d/library/core/src/fmt/mod.rs:1254:17
[INFO] [stdout]    5:     0x5634974f6e45 - std::io::Write::write_fmt::hd24bfb68a1b35a25
[INFO] [stdout]                                at /rustc/1b7dd2252b99671ce5d1cb9664c5f8636329436d/library/std/src/io/mod.rs:1698:15
[INFO] [stdout]    6:     0x5634974fa305 - std::sys_common::backtrace::_print::h8dac57a9f8fbf9a5
[INFO] [stdout]                                at /rustc/1b7dd2252b99671ce5d1cb9664c5f8636329436d/library/std/src/sys_common/backtrace.rs:47:5
[INFO] [stdout]    7:     0x5634974fa305 - std::sys_common::backtrace::print::hf9ecbf41d1aa712f
[INFO] [stdout]                                at /rustc/1b7dd2252b99671ce5d1cb9664c5f8636329436d/library/std/src/sys_common/backtrace.rs:34:9
[INFO] [stdout]    8:     0x5634974fbfbe - std::panicking::default_hook::{{closure}}::h04c07acfc84ca028
[INFO] [stdout]                                at /rustc/1b7dd2252b99671ce5d1cb9664c5f8636329436d/library/std/src/panicking.rs:269:22
[INFO] [stdout]    9:     0x5634974fbcf1 - std::panicking::default_hook::h01f6bb23e1eceb2c
[INFO] [stdout]                                at /rustc/1b7dd2252b99671ce5d1cb9664c5f8636329436d/library/std/src/panicking.rs:285:9
[INFO] [stdout]   10:     0x563496d93c9b - <alloc::boxed::Box<F,A> as core::ops::function::Fn<Args>>::call::h87fe9f7b2fd49e4c
[INFO] [stdout]                                at /rustc/1b7dd2252b99671ce5d1cb9664c5f8636329436d/library/alloc/src/boxed.rs:1987:9
[INFO] [stdout]   11:     0x563496d93c9b - test::test_main::{{closure}}::he94d679243a7531b
[INFO] [stdout]                                at /rustc/1b7dd2252b99671ce5d1cb9664c5f8636329436d/library/test/src/lib.rs:134:21
[INFO] [stdout]   12:     0x5634974fc6a4 - <alloc::boxed::Box<F,A> as core::ops::function::Fn<Args>>::call::h3f2d6d8b14c4769f
[INFO] [stdout]                                at /rustc/1b7dd2252b99671ce5d1cb9664c5f8636329436d/library/alloc/src/boxed.rs:1987:9
[INFO] [stdout]   13:     0x5634974fc6a4 - std::panicking::rust_panic_with_hook::h2bb3722bbaf2f6df
[INFO] [stdout]                                at /rustc/1b7dd2252b99671ce5d1cb9664c5f8636329436d/library/std/src/panicking.rs:695:13
[INFO] [stdout]   14:     0x5634974fc3d2 - std::panicking::begin_panic_handler::{{closure}}::h91bc7f36a4be011b
[INFO] [stdout]                                at /rustc/1b7dd2252b99671ce5d1cb9664c5f8636329436d/library/std/src/panicking.rs:580:13
[INFO] [stdout]   15:     0x5634974fa9a6 - std::sys_common::backtrace::__rust_end_short_backtrace::h8b3d3717114f9e59
[INFO] [stdout]                                at /rustc/1b7dd2252b99671ce5d1cb9664c5f8636329436d/library/std/src/sys_common/backtrace.rs:150:18
[INFO] [stdout]   16:     0x5634974fc172 - rust_begin_unwind
[INFO] [stdout]                                at /rustc/1b7dd2252b99671ce5d1cb9664c5f8636329436d/library/std/src/panicking.rs:578:5
[INFO] [stdout]   17:     0x563496b456b3 - core::panicking::panic_fmt::hfd368e3fbdabea26
[INFO] [stdout]                                at /rustc/1b7dd2252b99671ce5d1cb9664c5f8636329436d/library/core/src/panicking.rs:67:14
[INFO] [stdout]   18:     0x563496b91733 - std::sys_common::once::futex::Once::call::h839f37fda637d725
[INFO] [stdout]                                at /rustc/1b7dd2252b99671ce5d1cb9664c5f8636329436d/library/std/src/sys_common/once/futex.rs:103:21
[INFO] [stdout]   19:     0x563496b559b9 - std::sync::once::Once::call_once::h3fe123ae106178b4
[INFO] [stdout]                                at /rustc/1b7dd2252b99671ce5d1cb9664c5f8636329436d/library/std/src/sync/once.rs:149:9
[INFO] [stdout]   20:     0x563496b8caf9 - lazy_static::lazy::Lazy<T>::get::hb7f5df8c6c3200b8
[INFO] [stdout]                                at /opt/rustwide/cargo-home/registry/src/index.crates.io-6f17d22bba15001f/lazy_static-1.4.0/src/inline_lazy.rs:30:9
[INFO] [stdout]   21:     0x563496b8caf9 - <raid_finder::tasks::tweet::tests::REDIS_URL as core::ops::deref::Deref>::deref::__stability::h3f7e7e798aeb0f29
[INFO] [stdout]                                at /opt/rustwide/cargo-home/registry/src/index.crates.io-6f17d22bba15001f/lazy_static-1.4.0/src/lib.rs:142:21
[INFO] [stdout]   22:     0x563496b8caf9 - <raid_finder::tasks::tweet::tests::REDIS_URL as core::ops::deref::Deref>::deref::hf3a754293130a225
[INFO] [stdout]                                at /opt/rustwide/cargo-home/registry/src/index.crates.io-6f17d22bba15001f/lazy_static-1.4.0/src/lib.rs:144:17
[INFO] [stdout]   23:     0x563496b8fba8 - raid_finder::tasks::tweet::tests::test_en_tweet_already_translated::{{closure}}::h5b4208d2cedf2940
[INFO] [stdout]                                at /opt/rustwide/workdir/src/tasks/tweet.rs:422:28
[INFO] [stdout]   24:     0x563496b9bc8a - <core::pin::Pin<P> as core::future::future::Future>::poll::h5de23f202a1426c7
[INFO] [stdout]                                at /rustc/1b7dd2252b99671ce5d1cb9664c5f8636329436d/library/core/src/future/future.rs:125:9
[INFO] [stdout]   25:     0x563496bc26d3 - tokio::runtime::basic_scheduler::Inner<P>::block_on::{{closure}}::{{closure}}::h329ada9375422161
[INFO] [stdout]                                at /opt/rustwide/cargo-home/registry/src/index.crates.io-6f17d22bba15001f/tokio-1.9.0/src/runtime/basic_scheduler.rs:208:62
[INFO] [stdout]   26:     0x563496b7117a - tokio::coop::with_budget::{{closure}}::hfac61ac01f879e6e
[INFO] [stdout]                                at /opt/rustwide/cargo-home/registry/src/index.crates.io-6f17d22bba15001f/tokio-1.9.0/src/coop.rs:106:9
[INFO] [stdout]   27:     0x563496bbdd6c - std::thread::local::LocalKey<T>::try_with::h43f69058194fd983
[INFO] [stdout]                                at /rustc/1b7dd2252b99671ce5d1cb9664c5f8636329436d/library/std/src/thread/local.rs:252:16
[INFO] [stdout]   28:     0x563496bbd192 - std::thread::local::LocalKey<T>::with::h6723437db3ae5d57
[INFO] [stdout]                                at /rustc/1b7dd2252b99671ce5d1cb9664c5f8636329436d/library/std/src/thread/local.rs:228:9
[INFO] [stdout]   29:     0x563496bc1fe8 - tokio::coop::with_budget::h655257b189a6c39f
[INFO] [stdout]                                at /opt/rustwide/cargo-home/registry/src/index.crates.io-6f17d22bba15001f/tokio-1.9.0/src/coop.rs:99:5
[INFO] [stdout]   30:     0x563496bc1fe8 - tokio::coop::budget::h40c50dfd1fc51793
[INFO] [stdout]                                at /opt/rustwide/cargo-home/registry/src/index.crates.io-6f17d22bba15001f/tokio-1.9.0/src/coop.rs:76:5
[INFO] [stdout]   31:     0x563496bc1fe8 - tokio::runtime::basic_scheduler::Inner<P>::block_on::{{closure}}::hf91dac52610c98ee
[INFO] [stdout]                                at /opt/rustwide/cargo-home/registry/src/index.crates.io-6f17d22bba15001f/tokio-1.9.0/src/runtime/basic_scheduler.rs:208:39
[INFO] [stdout]   32:     0x563496bc59f8 - tokio::runtime::basic_scheduler::enter::{{closure}}::h299cfa07633afbd0
[INFO] [stdout]                                at /opt/rustwide/cargo-home/registry/src/index.crates.io-6f17d22bba15001f/tokio-1.9.0/src/runtime/basic_scheduler.rs:299:29
[INFO] [stdout]   33:     0x563496b97b4c - tokio::macros::scoped_tls::ScopedKey<T>::set::hcb31c0c300b50ca2
[INFO] [stdout]                                at /opt/rustwide/cargo-home/registry/src/index.crates.io-6f17d22bba15001f/tokio-1.9.0/src/macros/scoped_tls.rs:61:9
[INFO] [stdout]   34:     0x563496bc530f - tokio::runtime::basic_scheduler::enter::h66be2ce54c1f8682
[INFO] [stdout]                                at /opt/rustwide/cargo-home/registry/src/index.crates.io-6f17d22bba15001f/tokio-1.9.0/src/runtime/basic_scheduler.rs:299:5
[INFO] [stdout]   35:     0x563496bbfab5 - tokio::runtime::basic_scheduler::Inner<P>::block_on::heb5154ae93d5df1f
[INFO] [stdout]                                at /opt/rustwide/cargo-home/registry/src/index.crates.io-6f17d22bba15001f/tokio-1.9.0/src/runtime/basic_scheduler.rs:197:9
[INFO] [stdout]   36:     0x563496bc2b1c - tokio::runtime::basic_scheduler::InnerGuard<P>::block_on::h0b03dea198f074eb
[INFO] [stdout]                                at /opt/rustwide/cargo-home/registry/src/index.crates.io-6f17d22bba15001f/tokio-1.9.0/src/runtime/basic_scheduler.rs:452:9
[INFO] [stdout]   37:     0x563496bc30bf - tokio::runtime::basic_scheduler::BasicScheduler<P>::block_on::h02a5b1ed018d3bce
[INFO] [stdout]                                at /opt/rustwide/cargo-home/registry/src/index.crates.io-6f17d22bba15001f/tokio-1.9.0/src/runtime/basic_scheduler.rs:157:24
[INFO] [stdout]   38:     0x563496b9845f - tokio::runtime::Runtime::block_on::hdde17e5280514b6e
[INFO] [stdout]                                at /opt/rustwide/cargo-home/registry/src/index.crates.io-6f17d22bba15001f/tokio-1.9.0/src/runtime/mod.rs:450:46
[INFO] [stdout]   39:     0x563496b8fa64 - raid_finder::tasks::tweet::tests::test_en_tweet_already_translated::hf09ea7b39163b914
[INFO] [stdout]                                at /opt/rustwide/workdir/src/tasks/tweet.rs:437:5
[INFO] [stdout]   40:     0x563496b8f982 - raid_finder::tasks::tweet::tests::test_en_tweet_already_translated::{{closure}}::h96470a3cc0c2d4e2
[INFO] [stdout]                                at /opt/rustwide/workdir/src/tasks/tweet.rs:421:50
[INFO] [stdout]   41:     0x563496b463c5 - core::ops::function::FnOnce::call_once::h4c17c7819441bdb6
[INFO] [stdout]                                at /rustc/1b7dd2252b99671ce5d1cb9664c5f8636329436d/library/core/src/ops/function.rs:250:5
[INFO] [stdout]   42:     0x563496d98b6f - core::ops::function::FnOnce::call_once::ha6a70e79f7481a7e
[INFO] [stdout]                                at /rustc/1b7dd2252b99671ce5d1cb9664c5f8636329436d/library/core/src/ops/function.rs:250:5
[INFO] [stdout]   43:     0x563496d98b6f - test::__rust_begin_short_backtrace::hce33033019b61e69
[INFO] [stdout]                                at /rustc/1b7dd2252b99671ce5d1cb9664c5f8636329436d/library/test/src/lib.rs:655:18
[INFO] [stdout]   44:     0x563496d6635c - test::run_test::{{closure}}::h858d3528838ae3e5
[INFO] [stdout]                                at /rustc/1b7dd2252b99671ce5d1cb9664c5f8636329436d/library/test/src/lib.rs:646:30
[INFO] [stdout]   45:     0x563496d6635c - core::ops::function::FnOnce::call_once{{vtable.shim}}::he8ac2b00f01ae79e
[INFO] [stdout]                                at /rustc/1b7dd2252b99671ce5d1cb9664c5f8636329436d/library/core/src/ops/function.rs:250:5
[INFO] [stdout]   46:     0x563496d97c46 - <alloc::boxed::Box<F,A> as core::ops::function::FnOnce<Args>>::call_once::h8093d25b522725ef
[INFO] [stdout]                                at /rustc/1b7dd2252b99671ce5d1cb9664c5f8636329436d/library/alloc/src/boxed.rs:1973:9
[INFO] [stdout]   47:     0x563496d97c46 - <core::panic::unwind_safe::AssertUnwindSafe<F> as core::ops::function::FnOnce<()>>::call_once::h5c334c204e4a3913
[INFO] [stdout]                                at /rustc/1b7dd2252b99671ce5d1cb9664c5f8636329436d/library/core/src/panic/unwind_safe.rs:271:9
[INFO] [stdout]   48:     0x563496d97c46 - std::panicking::try::do_call::ha8b740c7b9478074
[INFO] [stdout]                                at /rustc/1b7dd2252b99671ce5d1cb9664c5f8636329436d/library/std/src/panicking.rs:485:40
[INFO] [stdout]   49:     0x563496d97c46 - std::panicking::try::h5d34f63d0e41b64e
[INFO] [stdout]                                at /rustc/1b7dd2252b99671ce5d1cb9664c5f8636329436d/library/std/src/panicking.rs:449:19
[INFO] [stdout]   50:     0x563496d97c46 - std::panic::catch_unwind::hcfbb511e1aa7fc67
[INFO] [stdout]                                at /rustc/1b7dd2252b99671ce5d1cb9664c5f8636329436d/library/std/src/panic.rs:140:14
[INFO] [stdout]   51:     0x563496d97c46 - test::run_test_in_process::h9abda90f802eaf21
[INFO] [stdout]                                at /rustc/1b7dd2252b99671ce5d1cb9664c5f8636329436d/library/test/src/lib.rs:678:27
[INFO] [stdout]   52:     0x563496d97c46 - test::run_test::run_test_inner::{{closure}}::h0f058de91f6c6edf
[INFO] [stdout]                                at /rustc/1b7dd2252b99671ce5d1cb9664c5f8636329436d/library/test/src/lib.rs:572:39
[INFO] [stdout]   53:     0x563496d60b65 - test::run_test::run_test_inner::{{closure}}::h5ca48a4c59c6c1fb
[INFO] [stdout]                                at /rustc/1b7dd2252b99671ce5d1cb9664c5f8636329436d/library/test/src/lib.rs:599:37
[INFO] [stdout]   54:     0x563496d60b65 - std::sys_common::backtrace::__rust_begin_short_backtrace::h32bd51e1495d4a33
[INFO] [stdout]                                at /rustc/1b7dd2252b99671ce5d1cb9664c5f8636329436d/library/std/src/sys_common/backtrace.rs:134:18
[INFO] [stdout]   55:     0x563496d660a1 - std::thread::Builder::spawn_unchecked_::{{closure}}::{{closure}}::hc086fae9b128b2db
[INFO] [stdout]                                at /rustc/1b7dd2252b99671ce5d1cb9664c5f8636329436d/library/std/src/thread/mod.rs:526:17
[INFO] [stdout]   56:     0x563496d660a1 - <core::panic::unwind_safe::AssertUnwindSafe<F> as core::ops::function::FnOnce<()>>::call_once::hb66571888d270d43
[INFO] [stdout]                                at /rustc/1b7dd2252b99671ce5d1cb9664c5f8636329436d/library/core/src/panic/unwind_safe.rs:271:9
[INFO] [stdout]   57:     0x563496d660a1 - std::panicking::try::do_call::h4fa2ef4f6e51fecf
[INFO] [stdout]                                at /rustc/1b7dd2252b99671ce5d1cb9664c5f8636329436d/library/std/src/panicking.rs:485:40
[INFO] [stdout]   58:     0x563496d660a1 - std::panicking::try::h1e9e22b8584489b5
[INFO] [stdout]                                at /rustc/1b7dd2252b99671ce5d1cb9664c5f8636329436d/library/std/src/panicking.rs:449:19
[INFO] [stdout]   59:     0x563496d660a1 - std::panic::catch_unwind::h44698a3de0e0769e
[INFO] [stdout]                                at /rustc/1b7dd2252b99671ce5d1cb9664c5f8636329436d/library/std/src/panic.rs:140:14
[INFO] [stdout]   60:     0x563496d660a1 - std::thread::Builder::spawn_unchecked_::{{closure}}::h50153abde3fe239e
[INFO] [stdout]                                at /rustc/1b7dd2252b99671ce5d1cb9664c5f8636329436d/library/std/src/thread/mod.rs:525:30
[INFO] [stdout]   61:     0x563496d660a1 - core::ops::function::FnOnce::call_once{{vtable.shim}}::hbe5bbf6f38394364
[INFO] [stdout]                                at /rustc/1b7dd2252b99671ce5d1cb9664c5f8636329436d/library/core/src/ops/function.rs:250:5
[INFO] [stdout]   62:     0x563497500de5 - <alloc::boxed::Box<F,A> as core::ops::function::FnOnce<Args>>::call_once::h0d83cb2920a49046
[INFO] [stdout]                                at /rustc/1b7dd2252b99671ce5d1cb9664c5f8636329436d/library/alloc/src/boxed.rs:1973:9
[INFO] [stdout]   63:     0x563497500de5 - <alloc::boxed::Box<F,A> as core::ops::function::FnOnce<Args>>::call_once::hbe0a008aa7d9ef59
[INFO] [stdout]                                at /rustc/1b7dd2252b99671ce5d1cb9664c5f8636329436d/library/alloc/src/boxed.rs:1973:9
[INFO] [stdout]   64:     0x563497500de5 - std::sys::unix::thread::Thread::new::thread_start::h3a466996bdf6b1f9
[INFO] [stdout]                                at /rustc/1b7dd2252b99671ce5d1cb9664c5f8636329436d/library/std/src/sys/unix/thread.rs:108:17
[INFO] [stdout]   65:     0x7f44d65ddb43 - <unknown>
[INFO] [stdout]   66:     0x7f44d666ebb4 - __clone
[INFO] [stdout]   67:                0x0 - <unknown>
[INFO] [stdout] 
[INFO] [stdout] ---- image::tests::translate_medusa_hl_name stdout ----
[INFO] [stdout] thread 'image::tests::translate_medusa_hl_name' panicked at 'called `Result::unwrap()` on an `Err` value: ImageCannotGet { error: reqwest::Error { kind: Request, url: Url { scheme: "https", cannot_be_a_base: false, username: "", password: None, host: Some(Domain("pbs.twimg.com")), port: None, path: "/media/CYBki-CUkAQVWW_.jpg", query: None, fragment: None }, source: hyper::Error(Connect, ConnectError("dns error", Custom { kind: Uncategorized, error: "failed to lookup address information: Temporary failure in name resolution" })) } }', src/image/mod.rs:199:45
[INFO] [stdout] stack backtrace:
[INFO] [stdout]    0:     0x5634974fa53a - std::backtrace_rs::backtrace::libunwind::trace::h2f05d0192276a8f6
[INFO] [stdout]                                at /rustc/1b7dd2252b99671ce5d1cb9664c5f8636329436d/library/std/src/../../backtrace/src/backtrace/libunwind.rs:93:5
[INFO] [stdout]    1:     0x5634974fa53a - std::backtrace_rs::backtrace::trace_unsynchronized::hedc23dff7a1af150
[INFO] [stdout]                                at /rustc/1b7dd2252b99671ce5d1cb9664c5f8636329436d/library/std/src/../../backtrace/src/backtrace/mod.rs:66:5
[INFO] [stdout]    2:     0x5634974fa53a - std::sys_common::backtrace::_print_fmt::h17541ef7592f3ce2
[INFO] [stdout]                                at /rustc/1b7dd2252b99671ce5d1cb9664c5f8636329436d/library/std/src/sys_common/backtrace.rs:65:5
[INFO] [stdout]    3:     0x5634974fa53a - <std::sys_common::backtrace::_print::DisplayBacktrace as core::fmt::Display>::fmt::h20f75df5ab0c0792
[INFO] [stdout]                                at /rustc/1b7dd2252b99671ce5d1cb9664c5f8636329436d/library/std/src/sys_common/backtrace.rs:44:22
[INFO] [stdout]    4:     0x563497521f7f - core::fmt::write::h78109e6f466b3af6
[INFO] [stdout]                                at /rustc/1b7dd2252b99671ce5d1cb9664c5f8636329436d/library/core/src/fmt/mod.rs:1254:17
[INFO] [stdout]    5:     0x5634974f6e45 - std::io::Write::write_fmt::hd24bfb68a1b35a25
[INFO] [stdout]                                at /rustc/1b7dd2252b99671ce5d1cb9664c5f8636329436d/library/std/src/io/mod.rs:1698:15
[INFO] [stdout]    6:     0x5634974fa305 - std::sys_common::backtrace::_print::h8dac57a9f8fbf9a5
[INFO] [stdout]                                at /rustc/1b7dd2252b99671ce5d1cb9664c5f8636329436d/library/std/src/sys_common/backtrace.rs:47:5
[INFO] [stdout]    7:     0x5634974fa305 - std::sys_common::backtrace::print::hf9ecbf41d1aa712f
[INFO] [stdout]                                at /rustc/1b7dd2252b99671ce5d1cb9664c5f8636329436d/library/std/src/sys_common/backtrace.rs:34:9
[INFO] [stdout]    8:     0x5634974fbfbe - std::panicking::default_hook::{{closure}}::h04c07acfc84ca028
[INFO] [stdout]                                at /rustc/1b7dd2252b99671ce5d1cb9664c5f8636329436d/library/std/src/panicking.rs:269:22
[INFO] [stdout]    9:     0x5634974fbcf1 - std::panicking::default_hook::h01f6bb23e1eceb2c
[INFO] [stdout]                                at /rustc/1b7dd2252b99671ce5d1cb9664c5f8636329436d/library/std/src/panicking.rs:285:9
[INFO] [stdout]   10:     0x563496d93c9b - <alloc::boxed::Box<F,A> as core::ops::function::Fn<Args>>::call::h87fe9f7b2fd49e4c
[INFO] [stdout]                                at /rustc/1b7dd2252b99671ce5d1cb9664c5f8636329436d/library/alloc/src/boxed.rs:1987:9
[INFO] [stdout]   11:     0x563496d93c9b - test::test_main::{{closure}}::he94d679243a7531b
[INFO] [stdout]                                at /rustc/1b7dd2252b99671ce5d1cb9664c5f8636329436d/library/test/src/lib.rs:134:21
[INFO] [stdout]   12:     0x5634974fc6a4 - <alloc::boxed::Box<F,A> as core::ops::function::Fn<Args>>::call::h3f2d6d8b14c4769f
[INFO] [stdout]                                at /rustc/1b7dd2252b99671ce5d1cb9664c5f8636329436d/library/alloc/src/boxed.rs:1987:9
[INFO] [stdout]   13:     0x5634974fc6a4 - std::panicking::rust_panic_with_hook::h2bb3722bbaf2f6df
[INFO] [stdout]                                at /rustc/1b7dd2252b99671ce5d1cb9664c5f8636329436d/library/std/src/panicking.rs:695:13
[INFO] [stdout]   14:     0x5634974fc419 - std::panicking::begin_panic_handler::{{closure}}::h91bc7f36a4be011b
[INFO] [stdout]                                at /rustc/1b7dd2252b99671ce5d1cb9664c5f8636329436d/library/std/src/panicking.rs:582:13
[INFO] [stdout]   15:     0x5634974fa9a6 - std::sys_common::backtrace::__rust_end_short_backtrace::h8b3d3717114f9e59
[INFO] [stdout]                                at /rustc/1b7dd2252b99671ce5d1cb9664c5f8636329436d/library/std/src/sys_common/backtrace.rs:150:18
[INFO] [stdout]   16:     0x5634974fc172 - rust_begin_unwind
[INFO] [stdout]                                at /rustc/1b7dd2252b99671ce5d1cb9664c5f8636329436d/library/std/src/panicking.rs:578:5
[INFO] [stdout]   17:     0x563496b456b3 - core::panicking::panic_fmt::hfd368e3fbdabea26
[INFO] [stdout]                                at /rustc/1b7dd2252b99671ce5d1cb9664c5f8636329436d/library/core/src/panicking.rs:67:14
[INFO] [stdout]   18:     0x563496b45c53 - core::result::unwrap_failed::he54eb4b2f125b26f
[INFO] [stdout]                                at /rustc/1b7dd2252b99671ce5d1cb9664c5f8636329436d/library/core/src/result.rs:1687:5
[INFO] [stdout]   19:     0x563496b85905 - core::result::Result<T,E>::unwrap::h93eb31a8980f2bf9
[INFO] [stdout]                                at /rustc/1b7dd2252b99671ce5d1cb9664c5f8636329436d/library/core/src/result.rs:1089:23
[INFO] [stdout]   20:     0x563496b83b9d - raid_finder::image::tests::translate_medusa_hl_name::{{closure}}::h3664bfdc27c2f01a
[INFO] [stdout]                                at /opt/rustwide/workdir/src/image/mod.rs:199:18
[INFO] [stdout]   21:     0x563496b9be0b - <core::pin::Pin<P> as core::future::future::Future>::poll::h92a13910ae264b3c
[INFO] [stdout]                                at /rustc/1b7dd2252b99671ce5d1cb9664c5f8636329436d/library/core/src/future/future.rs:125:9
[INFO] [stdout]   22:     0x563496bc24f4 - tokio::runtime::basic_scheduler::Inner<P>::block_on::{{closure}}::{{closure}}::h13e5afe5846aefeb
[INFO] [stdout]                                at /opt/rustwide/cargo-home/registry/src/index.crates.io-6f17d22bba15001f/tokio-1.9.0/src/runtime/basic_scheduler.rs:208:62
[INFO] [stdout]   23:     0x563496b70080 - tokio::coop::with_budget::{{closure}}::h849cb672ea1c3bd4
[INFO] [stdout]                                at /opt/rustwide/cargo-home/registry/src/index.crates.io-6f17d22bba15001f/tokio-1.9.0/src/coop.rs:106:9
[INFO] [stdout]   24:     0x563496bbea99 - std::thread::local::LocalKey<T>::try_with::h95f27a5a176e5534
[INFO] [stdout]                                at /rustc/1b7dd2252b99671ce5d1cb9664c5f8636329436d/library/std/src/thread/local.rs:252:16
[INFO] [stdout]   25:     0x563496bbce7a - std::thread::local::LocalKey<T>::with::h02481164bd6d8f13
[INFO] [stdout]                                at /rustc/1b7dd2252b99671ce5d1cb9664c5f8636329436d/library/std/src/thread/local.rs:228:9
[INFO] [stdout]   26:     0x563496bc06d0 - tokio::coop::with_budget::hc85710078c97c9f5
[INFO] [stdout]                                at /opt/rustwide/cargo-home/registry/src/index.crates.io-6f17d22bba15001f/tokio-1.9.0/src/coop.rs:99:5
[INFO] [stdout]   27:     0x563496bc06d0 - tokio::coop::budget::ha8703eaddbb80368
[INFO] [stdout]                                at /opt/rustwide/cargo-home/registry/src/index.crates.io-6f17d22bba15001f/tokio-1.9.0/src/coop.rs:76:5
[INFO] [stdout]   28:     0x563496bc06d0 - tokio::runtime::basic_scheduler::Inner<P>::block_on::{{closure}}::h134fca2ad73013cd
[INFO] [stdout]                                at /opt/rustwide/cargo-home/registry/src/index.crates.io-6f17d22bba15001f/tokio-1.9.0/src/runtime/basic_scheduler.rs:208:39
[INFO] [stdout]   29:     0x563496bc5b21 - tokio::runtime::basic_scheduler::enter::{{closure}}::hf45529ef0569ea97
[INFO] [stdout]                                at /opt/rustwide/cargo-home/registry/src/index.crates.io-6f17d22bba15001f/tokio-1.9.0/src/runtime/basic_scheduler.rs:299:29
[INFO] [stdout]   30:     0x563496b976f7 - tokio::macros::scoped_tls::ScopedKey<T>::set::h2220d37b07320821
[INFO] [stdout]                                at /opt/rustwide/cargo-home/registry/src/index.crates.io-6f17d22bba15001f/tokio-1.9.0/src/macros/scoped_tls.rs:61:9
[INFO] [stdout]   31:     0x563496bc563d - tokio::runtime::basic_scheduler::enter::h8882493d0f316b9d
[INFO] [stdout]                                at /opt/rustwide/cargo-home/registry/src/index.crates.io-6f17d22bba15001f/tokio-1.9.0/src/runtime/basic_scheduler.rs:299:5
[INFO] [stdout]   32:     0x563496bbfa0b - tokio::runtime::basic_scheduler::Inner<P>::block_on::h0a3625cde215c6a8
[INFO] [stdout]                                at /opt/rustwide/cargo-home/registry/src/index.crates.io-6f17d22bba15001f/tokio-1.9.0/src/runtime/basic_scheduler.rs:197:9
[INFO] [stdout]   33:     0x563496bc2da2 - tokio::runtime::basic_scheduler::InnerGuard<P>::block_on::hafd0e6bbe890e04f
[INFO] [stdout]                                at /opt/rustwide/cargo-home/registry/src/index.crates.io-6f17d22bba15001f/tokio-1.9.0/src/runtime/basic_scheduler.rs:452:9
[INFO] [stdout]   34:     0x563496bc3903 - tokio::runtime::basic_scheduler::BasicScheduler<P>::block_on::h3507df5292838159
[INFO] [stdout]                                at /opt/rustwide/cargo-home/registry/src/index.crates.io-6f17d22bba15001f/tokio-1.9.0/src/runtime/basic_scheduler.rs:157:24
[INFO] [stdout]   35:     0x563496b97e16 - tokio::runtime::Runtime::block_on::h2135120de1948f54
[INFO] [stdout]                                at /opt/rustwide/cargo-home/registry/src/index.crates.io-6f17d22bba15001f/tokio-1.9.0/src/runtime/mod.rs:450:46
[INFO] [stdout]   36:     0x563496b83537 - raid_finder::image::tests::translate_medusa_hl_name::ha6193a4c2088784b
[INFO] [stdout]                                at /opt/rustwide/workdir/src/image/mod.rs:200:5
[INFO] [stdout]   37:     0x563496b83467 - raid_finder::image::tests::translate_medusa_hl_name::{{closure}}::h59e287790d4caeca
[INFO] [stdout]                                at /opt/rustwide/workdir/src/image/mod.rs:179:39
[INFO] [stdout]   38:     0x563496b461f5 - core::ops::function::FnOnce::call_once::h2f3930a77aab0e03
[INFO] [stdout]                                at /rustc/1b7dd2252b99671ce5d1cb9664c5f8636329436d/library/core/src/ops/function.rs:250:5
[INFO] [stdout]   39:     0x563496d98b6f - core::ops::function::FnOnce::call_once::ha6a70e79f7481a7e
[INFO] [stdout]                                at /rustc/1b7dd2252b99671ce5d1cb9664c5f8636329436d/library/core/src/ops/function.rs:250:5
[INFO] [stdout]   40:     0x563496d98b6f - test::__rust_begin_short_backtrace::hce33033019b61e69
[INFO] [stdout]                                at /rustc/1b7dd2252b99671ce5d1cb9664c5f8636329436d/library/test/src/lib.rs:655:18
[INFO] [stdout]   41:     0x563496d6635c - test::run_test::{{closure}}::h858d3528838ae3e5
[INFO] [stdout]                                at /rustc/1b7dd2252b99671ce5d1cb9664c5f8636329436d/library/test/src/lib.rs:646:30
[INFO] [stdout]   42:     0x563496d6635c - core::ops::function::FnOnce::call_once{{vtable.shim}}::he8ac2b00f01ae79e
[INFO] [stdout]                                at /rustc/1b7dd2252b99671ce5d1cb9664c5f8636329436d/library/core/src/ops/function.rs:250:5
[INFO] [stdout]   43:     0x563496d97c46 - <alloc::boxed::Box<F,A> as core::ops::function::FnOnce<Args>>::call_once::h8093d25b522725ef
[INFO] [stdout]                                at /rustc/1b7dd2252b99671ce5d1cb9664c5f8636329436d/library/alloc/src/boxed.rs:1973:9
[INFO] [stdout]   44:     0x563496d97c46 - <core::panic::unwind_safe::AssertUnwindSafe<F> as core::ops::function::FnOnce<()>>::call_once::h5c334c204e4a3913
[INFO] [stdout]                                at /rustc/1b7dd2252b99671ce5d1cb9664c5f8636329436d/library/core/src/panic/unwind_safe.rs:271:9
[INFO] [stdout]   45:     0x563496d97c46 - std::panicking::try::do_call::ha8b740c7b9478074
[INFO] [stdout]                                at /rustc/1b7dd2252b99671ce5d1cb9664c5f8636329436d/library/std/src/panicking.rs:485:40
[INFO] [stdout]   46:     0x563496d97c46 - std::panicking::try::h5d34f63d0e41b64e
[INFO] [stdout]                                at /rustc/1b7dd2252b99671ce5d1cb9664c5f8636329436d/library/std/src/panicking.rs:449:19
[INFO] [stdout]   47:     0x563496d97c46 - std::panic::catch_unwind::hcfbb511e1aa7fc67
[INFO] [stdout]                                at /rustc/1b7dd2252b99671ce5d1cb9664c5f8636329436d/library/std/src/panic.rs:140:14
[INFO] [stdout]   48:     0x563496d97c46 - test::run_test_in_process::h9abda90f802eaf21
[INFO] [stdout]                                at /rustc/1b7dd2252b99671ce5d1cb9664c5f8636329436d/library/test/src/lib.rs:678:27
[INFO] [stdout]   49:     0x563496d97c46 - test::run_test::run_test_inner::{{closure}}::h0f058de91f6c6edf
[INFO] [stdout]                                at /rustc/1b7dd2252b99671ce5d1cb9664c5f8636329436d/library/test/src/lib.rs:572:39
[INFO] [stdout]   50:     0x563496d60b65 - test::run_test::run_test_inner::{{closure}}::h5ca48a4c59c6c1fb
[INFO] [stdout]                                at /rustc/1b7dd2252b99671ce5d1cb9664c5f8636329436d/library/test/src/lib.rs:599:37
[INFO] [stdout]   51:     0x563496d60b65 - std::sys_common::backtrace::__rust_begin_short_backtrace::h32bd51e1495d4a33
[INFO] [stdout]                                at /rustc/1b7dd2252b99671ce5d1cb9664c5f8636329436d/library/std/src/sys_common/backtrace.rs:134:18
[INFO] [stdout]   52:     0x563496d660a1 - std::thread::Builder::spawn_unchecked_::{{closure}}::{{closure}}::hc086fae9b128b2db
[INFO] [stdout]                                at /rustc/1b7dd2252b99671ce5d1cb9664c5f8636329436d/library/std/src/thread/mod.rs:526:17
[INFO] [stdout]   53:     0x563496d660a1 - <core::panic::unwind_safe::AssertUnwindSafe<F> as core::ops::function::FnOnce<()>>::call_once::hb66571888d270d43
[INFO] [stdout]                                at /rustc/1b7dd2252b99671ce5d1cb9664c5f8636329436d/library/core/src/panic/unwind_safe.rs:271:9
[INFO] [stdout]   54:     0x563496d660a1 - std::panicking::try::do_call::h4fa2ef4f6e51fecf
[INFO] [stdout]                                at /rustc/1b7dd2252b99671ce5d1cb9664c5f8636329436d/library/std/src/panicking.rs:485:40
[INFO] [stdout]   55:     0x563496d660a1 - std::panicking::try::h1e9e22b8584489b5
[INFO] [stdout]                                at /rustc/1b7dd2252b99671ce5d1cb9664c5f8636329436d/library/std/src/panicking.rs:449:19
[INFO] [stdout]   56:     0x563496d660a1 - std::panic::catch_unwind::h44698a3de0e0769e
[INFO] [stdout]                                at /rustc/1b7dd2252b99671ce5d1cb9664c5f8636329436d/library/std/src/panic.rs:140:14
[INFO] [stdout]   57:     0x563496d660a1 - std::thread::Builder::spawn_unchecked_::{{closure}}::h50153abde3fe239e
[INFO] [stdout]                                at /rustc/1b7dd2252b99671ce5d1cb9664c5f8636329436d/library/std/src/thread/mod.rs:525:30
[INFO] [stdout]   58:     0x563496d660a1 - core::ops::function::FnOnce::call_once{{vtable.shim}}::hbe5bbf6f38394364
[INFO] [stdout]                                at /rustc/1b7dd2252b99671ce5d1cb9664c5f8636329436d/library/core/src/ops/function.rs:250:5
[INFO] [stdout]   59:     0x563497500de5 - <alloc::boxed::Box<F,A> as core::ops::function::FnOnce<Args>>::call_once::h0d83cb2920a49046
[INFO] [stdout]                                at /rustc/1b7dd2252b99671ce5d1cb9664c5f8636329436d/library/alloc/src/boxed.rs:1973:9
[INFO] [stdout]   60:     0x563497500de5 - <alloc::boxed::Box<F,A> as core::ops::function::FnOnce<Args>>::call_once::hbe0a008aa7d9ef59
[INFO] [stdout]                                at /rustc/1b7dd2252b99671ce5d1cb9664c5f8636329436d/library/alloc/src/boxed.rs:1973:9
[INFO] [stdout]   61:     0x563497500de5 - std::sys::unix::thread::Thread::new::thread_start::h3a466996bdf6b1f9
[INFO] [stdout]                                at /rustc/1b7dd2252b99671ce5d1cb9664c5f8636329436d/library/std/src/sys/unix/thread.rs:108:17
[INFO] [stdout]   62:     0x7f44d65ddb43 - <unknown>
[INFO] [stdout]   63:     0x7f44d666ebb4 - __clone
[INFO] [stdout]   64:                0x0 - <unknown>
[INFO] [stdout] 
[INFO] [stdout] ---- image::tests::translate_akasha_name stdout ----
[INFO] [stdout] thread 'image::tests::translate_akasha_name' panicked at 'called `Result::unwrap()` on an `Err` value: ImageCannotGet { error: reqwest::Error { kind: Request, url: Url { scheme: "https", cannot_be_a_base: false, username: "", password: None, host: Some(Domain("pbs.twimg.com")), port: None, path: "/media/DumtNdnUYAE9PCr.jpg", query: None, fragment: None }, source: hyper::Error(Connect, ConnectError("dns error", Custom { kind: Uncategorized, error: "failed to lookup address information: Temporary failure in name resolution" })) } }', src/image/mod.rs:174:45
[INFO] [stdout] stack backtrace:
[INFO] [stdout]    0:     0x5634974fa53a - std::backtrace_rs::backtrace::libunwind::trace::h2f05d0192276a8f6
[INFO] [stdout]                                at /rustc/1b7dd2252b99671ce5d1cb9664c5f8636329436d/library/std/src/../../backtrace/src/backtrace/libunwind.rs:93:5
[INFO] [stdout]    1:     0x5634974fa53a - std::backtrace_rs::backtrace::trace_unsynchronized::hedc23dff7a1af150
[INFO] [stdout]                                at /rustc/1b7dd2252b99671ce5d1cb9664c5f8636329436d/library/std/src/../../backtrace/src/backtrace/mod.rs:66:5
[INFO] [stdout]    2:     0x5634974fa53a - std::sys_common::backtrace::_print_fmt::h17541ef7592f3ce2
[INFO] [stdout]                                at /rustc/1b7dd2252b99671ce5d1cb9664c5f8636329436d/library/std/src/sys_common/backtrace.rs:65:5
[INFO] [stdout]    3:     0x5634974fa53a - <std::sys_common::backtrace::_print::DisplayBacktrace as core::fmt::Display>::fmt::h20f75df5ab0c0792
[INFO] [stdout]                                at /rustc/1b7dd2252b99671ce5d1cb9664c5f8636329436d/library/std/src/sys_common/backtrace.rs:44:22
[INFO] [stdout]    4:     0x563497521f7f - core::fmt::write::h78109e6f466b3af6
[INFO] [stdout]                                at /rustc/1b7dd2252b99671ce5d1cb9664c5f8636329436d/library/core/src/fmt/mod.rs:1254:17
[INFO] [stdout]    5:     0x5634974f6e45 - std::io::Write::write_fmt::hd24bfb68a1b35a25
[INFO] [stdout]                                at /rustc/1b7dd2252b99671ce5d1cb9664c5f8636329436d/library/std/src/io/mod.rs:1698:15
[INFO] [stdout]    6:     0x5634974fa305 - std::sys_common::backtrace::_print::h8dac57a9f8fbf9a5
[INFO] [stdout]                                at /rustc/1b7dd2252b99671ce5d1cb9664c5f8636329436d/library/std/src/sys_common/backtrace.rs:47:5
[INFO] [stdout]    7:     0x5634974fa305 - std::sys_common::backtrace::print::hf9ecbf41d1aa712f
[INFO] [stdout]                                at /rustc/1b7dd2252b99671ce5d1cb9664c5f8636329436d/library/std/src/sys_common/backtrace.rs:34:9
[INFO] [stdout]    8:     0x5634974fbfbe - std::panicking::default_hook::{{closure}}::h04c07acfc84ca028
[INFO] [stdout]                                at /rustc/1b7dd2252b99671ce5d1cb9664c5f8636329436d/library/std/src/panicking.rs:269:22
[INFO] [stdout]    9:     0x5634974fbcf1 - std::panicking::default_hook::h01f6bb23e1eceb2c
[INFO] [stdout]                                at /rustc/1b7dd2252b99671ce5d1cb9664c5f8636329436d/library/std/src/panicking.rs:285:9
[INFO] [stdout]   10:     0x563496d93c9b - <alloc::boxed::Box<F,A> as core::ops::function::Fn<Args>>::call::h87fe9f7b2fd49e4c
[INFO] [stdout]                                at /rustc/1b7dd2252b99671ce5d1cb9664c5f8636329436d/library/alloc/src/boxed.rs:1987:9
[INFO] [stdout]   11:     0x563496d93c9b - test::test_main::{{closure}}::he94d679243a7531b
[INFO] [stdout]                                at /rustc/1b7dd2252b99671ce5d1cb9664c5f8636329436d/library/test/src/lib.rs:134:21
[INFO] [stdout]   12:     0x5634974fc6a4 - <alloc::boxed::Box<F,A> as core::ops::function::Fn<Args>>::call::h3f2d6d8b14c4769f
[INFO] [stdout]                                at /rustc/1b7dd2252b99671ce5d1cb9664c5f8636329436d/library/alloc/src/boxed.rs:1987:9
[INFO] [stdout]   13:     0x5634974fc6a4 - std::panicking::rust_panic_with_hook::h2bb3722bbaf2f6df
[INFO] [stdout]                                at /rustc/1b7dd2252b99671ce5d1cb9664c5f8636329436d/library/std/src/panicking.rs:695:13
[INFO] [stdout]   14:     0x5634974fc419 - std::panicking::begin_panic_handler::{{closure}}::h91bc7f36a4be011b
[INFO] [stdout]                                at /rustc/1b7dd2252b99671ce5d1cb9664c5f8636329436d/library/std/src/panicking.rs:582:13
[INFO] [stdout]   15:     0x5634974fa9a6 - std::sys_common::backtrace::__rust_end_short_backtrace::h8b3d3717114f9e59
[INFO] [stdout]                                at /rustc/1b7dd2252b99671ce5d1cb9664c5f8636329436d/library/std/src/sys_common/backtrace.rs:150:18
[INFO] [stdout]   16:     0x5634974fc172 - rust_begin_unwind
[INFO] [stdout]                                at /rustc/1b7dd2252b99671ce5d1cb9664c5f8636329436d/library/std/src/panicking.rs:578:5
[INFO] [stdout]   17:     0x563496b456b3 - core::panicking::panic_fmt::hfd368e3fbdabea26
[INFO] [stdout]                                at /rustc/1b7dd2252b99671ce5d1cb9664c5f8636329436d/library/core/src/panicking.rs:67:14
[INFO] [stdout]   18:     0x563496b45c53 - core::result::unwrap_failed::he54eb4b2f125b26f
[INFO] [stdout]                                at /rustc/1b7dd2252b99671ce5d1cb9664c5f8636329436d/library/core/src/result.rs:1687:5
[INFO] [stdout]   19:     0x563496b85905 - core::result::Result<T,E>::unwrap::h93eb31a8980f2bf9
[INFO] [stdout]                                at /rustc/1b7dd2252b99671ce5d1cb9664c5f8636329436d/library/core/src/result.rs:1089:23
[INFO] [stdout]   20:     0x563496b8322d - raid_finder::image::tests::translate_akasha_name::{{closure}}::h0a637c7f46d2ab8a
[INFO] [stdout]                                at /opt/rustwide/workdir/src/image/mod.rs:174:18
[INFO] [stdout]   21:     0x563496b9bd4b - <core::pin::Pin<P> as core::future::future::Future>::poll::h7741396fd5d6426c
[INFO] [stdout]                                at /rustc/1b7dd2252b99671ce5d1cb9664c5f8636329436d/library/core/src/future/future.rs:125:9
[INFO] [stdout]   22:     0x563496bc2594 - tokio::runtime::basic_scheduler::Inner<P>::block_on::{{closure}}::{{closure}}::h23a04a14033a1ca7
[INFO] [stdout]                                at /opt/rustwide/cargo-home/registry/src/index.crates.io-6f17d22bba15001f/tokio-1.9.0/src/runtime/basic_scheduler.rs:208:62
[INFO] [stdout]   23:     0x563496b6fe10 - tokio::coop::with_budget::{{closure}}::h412b06c5b520e8da
[INFO] [stdout]                                at /opt/rustwide/cargo-home/registry/src/index.crates.io-6f17d22bba15001f/tokio-1.9.0/src/coop.rs:106:9
[INFO] [stdout]   24:     0x563496bbf099 - std::thread::local::LocalKey<T>::try_with::hc12e12ddbd9d6cb6
[INFO] [stdout]                                at /rustc/1b7dd2252b99671ce5d1cb9664c5f8636329436d/library/std/src/thread/local.rs:252:16
[INFO] [stdout]   25:     0x563496bbd03a - std::thread::local::LocalKey<T>::with::h3cd6338033589152
[INFO] [stdout]                                at /rustc/1b7dd2252b99671ce5d1cb9664c5f8636329436d/library/std/src/thread/local.rs:228:9
[INFO] [stdout]   26:     0x563496bc1790 - tokio::coop::with_budget::hfe86ce4d21a4cc55
[INFO] [stdout]                                at /opt/rustwide/cargo-home/registry/src/index.crates.io-6f17d22bba15001f/tokio-1.9.0/src/coop.rs:99:5
[INFO] [stdout]   27:     0x563496bc1790 - tokio::coop::budget::hd8e193bb5cdc5d32
[INFO] [stdout]                                at /opt/rustwide/cargo-home/registry/src/index.crates.io-6f17d22bba15001f/tokio-1.9.0/src/coop.rs:76:5
[INFO] [stdout]   28:     0x563496bc1790 - tokio::runtime::basic_scheduler::Inner<P>::block_on::{{closure}}::hdd9e44522a8e1e1a
[INFO] [stdout]                                at /opt/rustwide/cargo-home/registry/src/index.crates.io-6f17d22bba15001f/tokio-1.9.0/src/runtime/basic_scheduler.rs:208:39
[INFO] [stdout]   29:     0x563496bc5a91 - tokio::runtime::basic_scheduler::enter::{{closure}}::h86518badef05a1dd
[INFO] [stdout]                                at /opt/rustwide/cargo-home/registry/src/index.crates.io-6f17d22bba15001f/tokio-1.9.0/src/runtime/basic_scheduler.rs:299:29
[INFO] [stdout]   30:     0x563496b97917 - tokio::macros::scoped_tls::ScopedKey<T>::set::haab24ef00216a2e8
[INFO] [stdout]                                at /opt/rustwide/cargo-home/registry/src/index.crates.io-6f17d22bba15001f/tokio-1.9.0/src/macros/scoped_tls.rs:61:9
[INFO] [stdout]   31:     0x563496bc596d - tokio::runtime::basic_scheduler::enter::hc3478ee2a40cdf81
[INFO] [stdout]                                at /opt/rustwide/cargo-home/registry/src/index.crates.io-6f17d22bba15001f/tokio-1.9.0/src/runtime/basic_scheduler.rs:299:5
[INFO] [stdout]   32:     0x563496bbfa8b - tokio::runtime::basic_scheduler::Inner<P>::block_on::hbc94232b7468c199
[INFO] [stdout]                                at /opt/rustwide/cargo-home/registry/src/index.crates.io-6f17d22bba15001f/tokio-1.9.0/src/runtime/basic_scheduler.rs:197:9
[INFO] [stdout]   33:     0x563496bc2c62 - tokio::runtime::basic_scheduler::InnerGuard<P>::block_on::h6780b7688d453055
[INFO] [stdout]                                at /opt/rustwide/cargo-home/registry/src/index.crates.io-6f17d22bba15001f/tokio-1.9.0/src/runtime/basic_scheduler.rs:452:9
[INFO] [stdout]   34:     0x563496bc3cb3 - tokio::runtime::basic_scheduler::BasicScheduler<P>::block_on::h5066b895ff3dd77f
[INFO] [stdout]                                at /opt/rustwide/cargo-home/registry/src/index.crates.io-6f17d22bba15001f/tokio-1.9.0/src/runtime/basic_scheduler.rs:157:24
[INFO] [stdout]   35:     0x563496b97f96 - tokio::runtime::Runtime::block_on::h36c8f5355706cdae
[INFO] [stdout]                                at /opt/rustwide/cargo-home/registry/src/index.crates.io-6f17d22bba15001f/tokio-1.9.0/src/runtime/mod.rs:450:46
[INFO] [stdout]   36:     0x563496b82bc7 - raid_finder::image::tests::translate_akasha_name::hebfd5b2b2665e784
[INFO] [stdout]                                at /opt/rustwide/workdir/src/image/mod.rs:175:5
[INFO] [stdout]   37:     0x563496b82af7 - raid_finder::image::tests::translate_akasha_name::{{closure}}::he9ce290153b6af64
[INFO] [stdout]                                at /opt/rustwide/workdir/src/image/mod.rs:154:36
[INFO] [stdout]   38:     0x563496b46ed5 - core::ops::function::FnOnce::call_once::hebc1cf8f7488165c
[INFO] [stdout]                                at /rustc/1b7dd2252b99671ce5d1cb9664c5f8636329436d/library/core/src/ops/function.rs:250:5
[INFO] [stdout]   39:     0x563496d98b6f - core::ops::function::FnOnce::call_once::ha6a70e79f7481a7e
[INFO] [stdout]                                at /rustc/1b7dd2252b99671ce5d1cb9664c5f8636329436d/library/core/src/ops/function.rs:250:5
[INFO] [stdout]   40:     0x563496d98b6f - test::__rust_begin_short_backtrace::hce33033019b61e69
[INFO] [stdout]                                at /rustc/1b7dd2252b99671ce5d1cb9664c5f8636329436d/library/test/src/lib.rs:655:18
[INFO] [stdout]   41:     0x563496d6635c - test::run_test::{{closure}}::h858d3528838ae3e5
[INFO] [stdout]                                at /rustc/1b7dd2252b99671ce5d1cb9664c5f8636329436d/library/test/src/lib.rs:646:30
[INFO] [stdout]   42:     0x563496d6635c - core::ops::function::FnOnce::call_once{{vtable.shim}}::he8ac2b00f01ae79e
[INFO] [stdout]                                at /rustc/1b7dd2252b99671ce5d1cb9664c5f8636329436d/library/core/src/ops/function.rs:250:5
[INFO] [stdout]   43:     0x563496d97c46 - <alloc::boxed::Box<F,A> as core::ops::function::FnOnce<Args>>::call_once::h8093d25b522725ef
[INFO] [stdout]                                at /rustc/1b7dd2252b99671ce5d1cb9664c5f8636329436d/library/alloc/src/boxed.rs:1973:9
[INFO] [stdout]   44:     0x563496d97c46 - <core::panic::unwind_safe::AssertUnwindSafe<F> as core::ops::function::FnOnce<()>>::call_once::h5c334c204e4a3913
[INFO] [stdout]                                at /rustc/1b7dd2252b99671ce5d1cb9664c5f8636329436d/library/core/src/panic/unwind_safe.rs:271:9
[INFO] [stdout]   45:     0x563496d97c46 - std::panicking::try::do_call::ha8b740c7b9478074
[INFO] [stdout]                                at /rustc/1b7dd2252b99671ce5d1cb9664c5f8636329436d/library/std/src/panicking.rs:485:40
[INFO] [stdout]   46:     0x563496d97c46 - std::panicking::try::h5d34f63d0e41b64e
[INFO] [stdout]                                at /rustc/1b7dd2252b99671ce5d1cb9664c5f8636329436d/library/std/src/panicking.rs:449:19
[INFO] [stdout]   47:     0x563496d97c46 - std::panic::catch_unwind::hcfbb511e1aa7fc67
[INFO] [stdout]                                at /rustc/1b7dd2252b99671ce5d1cb9664c5f8636329436d/library/std/src/panic.rs:140:14
[INFO] [stdout]   48:     0x563496d97c46 - test::run_test_in_process::h9abda90f802eaf21
[INFO] [stdout]                                at /rustc/1b7dd2252b99671ce5d1cb9664c5f8636329436d/library/test/src/lib.rs:678:27
[INFO] [stdout]   49:     0x563496d97c46 - test::run_test::run_test_inner::{{closure}}::h0f058de91f6c6edf
[INFO] [stdout]                                at /rustc/1b7dd2252b99671ce5d1cb9664c5f8636329436d/library/test/src/lib.rs:572:39
[INFO] [stdout]   50:     0x563496d60b65 - test::run_test::run_test_inner::{{closure}}::h5ca48a4c59c6c1fb
[INFO] [stdout]                                at /rustc/1b7dd2252b99671ce5d1cb9664c5f8636329436d/library/test/src/lib.rs:599:37
[INFO] [stdout]   51:     0x563496d60b65 - std::sys_common::backtrace::__rust_begin_short_backtrace::h32bd51e1495d4a33
[INFO] [stdout]                                at /rustc/1b7dd2252b99671ce5d1cb9664c5f8636329436d/library/std/src/sys_common/backtrace.rs:134:18
[INFO] [stdout]   52:     0x563496d660a1 - std::thread::Builder::spawn_unchecked_::{{closure}}::{{closure}}::hc086fae9b128b2db
[INFO] [stdout]                                at /rustc/1b7dd2252b99671ce5d1cb9664c5f8636329436d/library/std/src/thread/mod.rs:526:17
[INFO] [stdout]   53:     0x563496d660a1 - <core::panic::unwind_safe::AssertUnwindSafe<F> as core::ops::function::FnOnce<()>>::call_once::hb66571888d270d43
[INFO] [stdout]                                at /rustc/1b7dd2252b99671ce5d1cb9664c5f8636329436d/library/core/src/panic/unwind_safe.rs:271:9
[INFO] [stdout]   54:     0x563496d660a1 - std::panicking::try::do_call::h4fa2ef4f6e51fecf
[INFO] [stdout]                                at /rustc/1b7dd2252b99671ce5d1cb9664c5f8636329436d/library/std/src/panicking.rs:485:40
[INFO] [stdout]   55:     0x563496d660a1 - std::panicking::try::h1e9e22b8584489b5
[INFO] [stdout]                                at /rustc/1b7dd2252b99671ce5d1cb9664c5f8636329436d/library/std/src/panicking.rs:449:19
[INFO] [stdout]   56:     0x563496d660a1 - std::panic::catch_unwind::h44698a3de0e0769e
[INFO] [stdout]                                at /rustc/1b7dd2252b99671ce5d1cb9664c5f8636329436d/library/std/src/panic.rs:140:14
[INFO] [stdout]   57:     0x563496d660a1 - std::thread::Builder::spawn_unchecked_::{{closure}}::h50153abde3fe239e
[INFO] [stdout]                                at /rustc/1b7dd2252b99671ce5d1cb9664c5f8636329436d/library/std/src/thread/mod.rs:525:30
[INFO] [stdout]   58:     0x563496d660a1 - core::ops::function::FnOnce::call_once{{vtable.shim}}::hbe5bbf6f38394364
[INFO] [stdout]                                at /rustc/1b7dd2252b99671ce5d1cb9664c5f8636329436d/library/core/src/ops/function.rs:250:5
[INFO] [stdout]   59:     0x563497500de5 - <alloc::boxed::Box<F,A> as core::ops::function::FnOnce<Args>>::call_once::h0d83cb2920a49046
[INFO] [stdout]                                at /rustc/1b7dd2252b99671ce5d1cb9664c5f8636329436d/library/alloc/src/boxed.rs:1973:9
[INFO] [stdout]   60:     0x563497500de5 - <alloc::boxed::Box<F,A> as core::ops::function::FnOnce<Args>>::call_once::hbe0a008aa7d9ef59
[INFO] [stdout]                                at /rustc/1b7dd2252b99671ce5d1cb9664c5f8636329436d/library/alloc/src/boxed.rs:1973:9
[INFO] [stdout]   61:     0x563497500de5 - std::sys::unix::thread::Thread::new::thread_start::h3a466996bdf6b1f9
[INFO] [stdout]                                at /rustc/1b7dd2252b99671ce5d1cb9664c5f8636329436d/library/std/src/sys/unix/thread.rs:108:17
[INFO] [stdout]   62:     0x7f44d65ddb43 - <unknown>
[INFO] [stdout]   63:     0x7f44d666ebb4 - __clone
[INFO] [stdout]   64:                0x0 - <unknown>
[INFO] [stdout] 
[INFO] [stdout] 
[INFO] [stdout] failures:
[INFO] [stdout]     image::tests::translate_akasha_name
[INFO] [stdout]     image::tests::translate_medusa_hl_name
[INFO] [stdout]     tasks::tweet::tests::test_en_tweet_already_translated
[INFO] [stdout]     tasks::tweet::tests::test_jp_tweet_actor_already_translated
[INFO] [stdout]     tasks::tweet::tests::test_jp_tweet_actor_translation
[INFO] [stdout] 
[INFO] [stdout] test result: FAILED. 8 passed; 5 failed; 0 ignored; 0 measured; 0 filtered out; finished in 0.38s
[INFO] [stdout] 
[INFO] [stderr] error: test failed, to rerun pass `--bin raid-finder`
[INFO] running `Command { std: "docker" "inspect" "e8868cf8384882a5862f71953df5293e98f6245f9a8f8f4789c99b1cb7c93295", kill_on_drop: false }`
[INFO] running `Command { std: "docker" "rm" "-f" "e8868cf8384882a5862f71953df5293e98f6245f9a8f8f4789c99b1cb7c93295", kill_on_drop: false }`
[INFO] [stdout] e8868cf8384882a5862f71953df5293e98f6245f9a8f8f4789c99b1cb7c93295
