[INFO] cloning repository https://github.com/gzbakku/letterman
[INFO] running `Command { std: "git" "-c" "credential.helper=" "-c" "credential.helper=/workspace/cargo-home/bin/git-credential-null" "clone" "--bare" "https://github.com/gzbakku/letterman" "/workspace/cache/git-repos/https%3A%2F%2Fgithub.com%2Fgzbakku%2Fletterman", kill_on_drop: false }`
[INFO] [stderr] Cloning into bare repository '/workspace/cache/git-repos/https%3A%2F%2Fgithub.com%2Fgzbakku%2Fletterman'...
[INFO] running `Command { std: "git" "rev-parse" "HEAD", kill_on_drop: false }`
[INFO] [stdout] 02e10611a346e90cbce573130a016ac5fa35307f
[INFO] testing gzbakku/letterman against beta-2023-04-20 for beta-1.70-1
[INFO] running `Command { std: "git" "clone" "/workspace/cache/git-repos/https%3A%2F%2Fgithub.com%2Fgzbakku%2Fletterman" "/workspace/builds/worker-3-tc2/source", kill_on_drop: false }`
[INFO] [stderr] Cloning into '/workspace/builds/worker-3-tc2/source'...
[INFO] [stderr] done.
[INFO] validating manifest of git repo https://github.com/gzbakku/letterman on toolchain beta-2023-04-20
[INFO] running `Command { std: CARGO_HOME="/workspace/cargo-home" RUSTUP_HOME="/workspace/rustup-home" "/workspace/cargo-home/bin/cargo" "+beta-2023-04-20" "metadata" "--manifest-path" "Cargo.toml" "--no-deps", kill_on_drop: false }`
[INFO] started tweaking git repo https://github.com/gzbakku/letterman
[INFO] finished tweaking git repo https://github.com/gzbakku/letterman
[INFO] tweaked toml for git repo https://github.com/gzbakku/letterman written to /workspace/builds/worker-3-tc2/source/Cargo.toml
[INFO] crate git repo https://github.com/gzbakku/letterman already has a lockfile, it will not be regenerated
[INFO] running `Command { std: CARGO_HOME="/workspace/cargo-home" RUSTUP_HOME="/workspace/rustup-home" "/workspace/cargo-home/bin/cargo" "+beta-2023-04-20" "fetch" "--manifest-path" "Cargo.toml", kill_on_drop: false }`
[INFO] [stderr]     Updating crates.io index
[INFO] [stderr]  Downloading crates ...
[INFO] [stderr]   Downloaded sha256 v1.0.3
[INFO] [stderr]   Downloaded trust-dns-resolver v0.21.1
[INFO] [stderr]   Downloaded blob-uuid v0.4.0
[INFO] [stderr]   Downloaded tokio-rustls v0.23.1
[INFO] [stderr]   Downloaded trust-dns-proto v0.21.1
[INFO] [stderr]   Downloaded rustque v1.1.1
[INFO] [stderr]   Downloaded flume v0.10.9
[INFO] [stderr]   Downloaded gzb_binary_69 v0.2.2
[INFO] [stderr]   Downloaded tokio_spf_validator v1.0.3
[INFO] [stderr]   Downloaded unique_id v0.1.3
[INFO] [stderr]   Downloaded rustls v0.20.0
[INFO] [stderr]   Downloaded new_mime_guess v4.0.0
[INFO] [stderr]   Downloaded letterman_email_body_parser v1.0.5
[INFO] running `Command { std: "docker" "create" "-v" "/var/lib/crater-agent-workspace/builds/worker-3-tc2/target:/opt/rustwide/target:rw,Z" "-v" "/var/lib/crater-agent-workspace/builds/worker-3-tc2/source:/opt/rustwide/workdir:ro,Z" "-v" "/var/lib/crater-agent-workspace/cargo-home:/opt/rustwide/cargo-home:ro,Z" "-v" "/var/lib/crater-agent-workspace/rustup-home:/opt/rustwide/rustup-home:ro,Z" "-e" "SOURCE_DIR=/opt/rustwide/workdir" "-e" "CARGO_TARGET_DIR=/opt/rustwide/target" "-e" "CARGO_HOME=/opt/rustwide/cargo-home" "-e" "RUSTUP_HOME=/opt/rustwide/rustup-home" "-w" "/opt/rustwide/workdir" "-m" "1610612736" "--user" "0:0" "--network" "none" "ghcr.io/rust-lang/crates-build-env/linux@sha256:5ff2268d62e97bff2cde7d5815dd6ed5b47097566f13b8d0ca110b04b60e07ed" "/opt/rustwide/cargo-home/bin/cargo" "+beta-2023-04-20" "metadata" "--no-deps" "--format-version=1", kill_on_drop: false }`
[INFO] [stdout] 871696b3a8d9cf04414a82e53b76a6841b6c1106cc8196148dc4d5f841003909
[INFO] running `Command { std: "docker" "start" "-a" "871696b3a8d9cf04414a82e53b76a6841b6c1106cc8196148dc4d5f841003909", kill_on_drop: false }`
[INFO] running `Command { std: "docker" "inspect" "871696b3a8d9cf04414a82e53b76a6841b6c1106cc8196148dc4d5f841003909", kill_on_drop: false }`
[INFO] running `Command { std: "docker" "rm" "-f" "871696b3a8d9cf04414a82e53b76a6841b6c1106cc8196148dc4d5f841003909", kill_on_drop: false }`
[INFO] [stdout] 871696b3a8d9cf04414a82e53b76a6841b6c1106cc8196148dc4d5f841003909
[INFO] running `Command { std: "docker" "create" "-v" "/var/lib/crater-agent-workspace/builds/worker-3-tc2/target:/opt/rustwide/target:rw,Z" "-v" "/var/lib/crater-agent-workspace/builds/worker-3-tc2/source:/opt/rustwide/workdir:ro,Z" "-v" "/var/lib/crater-agent-workspace/cargo-home:/opt/rustwide/cargo-home:ro,Z" "-v" "/var/lib/crater-agent-workspace/rustup-home:/opt/rustwide/rustup-home:ro,Z" "-e" "SOURCE_DIR=/opt/rustwide/workdir" "-e" "CARGO_TARGET_DIR=/opt/rustwide/target" "-e" "CARGO_INCREMENTAL=0" "-e" "RUST_BACKTRACE=full" "-e" "RUSTFLAGS=--cap-lints=warn" "-e" "RUSTDOCFLAGS=--cap-lints=warn" "-e" "CARGO_HOME=/opt/rustwide/cargo-home" "-e" "RUSTUP_HOME=/opt/rustwide/rustup-home" "-w" "/opt/rustwide/workdir" "-m" "1610612736" "--user" "0:0" "--network" "none" "ghcr.io/rust-lang/crates-build-env/linux@sha256:5ff2268d62e97bff2cde7d5815dd6ed5b47097566f13b8d0ca110b04b60e07ed" "/opt/rustwide/cargo-home/bin/cargo" "+beta-2023-04-20" "build" "--frozen" "--message-format=json", kill_on_drop: false }`
[INFO] [stdout] df6a409f0385fddbb1b4add2887ed4de8c6faea3ed9f071fb878ee367acf9412
[INFO] running `Command { std: "docker" "start" "-a" "df6a409f0385fddbb1b4add2887ed4de8c6faea3ed9f071fb878ee367acf9412", kill_on_drop: false }`
[INFO] [stderr]    Compiling libc v0.2.119
[INFO] [stderr]    Compiling proc-macro2 v1.0.24
[INFO] [stderr]    Compiling unicode-xid v0.2.1
[INFO] [stderr]    Compiling syn v1.0.67
[INFO] [stderr]    Compiling memchr v2.4.1
[INFO] [stderr]    Compiling cc v1.0.72
[INFO] [stderr]    Compiling log v0.4.11
[INFO] [stderr]    Compiling futures-core v0.3.19
[INFO] [stderr]    Compiling smallvec v1.7.0
[INFO] [stderr]    Compiling version_check v0.9.3
[INFO] [stderr]    Compiling lock_api v0.4.6
[INFO] [stderr]    Compiling parking_lot_core v0.9.1
[INFO] [stderr]    Compiling futures-sink v0.3.19
[INFO] [stderr]    Compiling futures-task v0.3.19
[INFO] [stderr]    Compiling futures-channel v0.3.19
[INFO] [stderr]    Compiling futures-util v0.3.19
[INFO] [stderr]    Compiling arc-swap v0.4.7
[INFO] [stderr]    Compiling tinyvec_macros v0.1.0
[INFO] [stderr]    Compiling futures-io v0.3.19
[INFO] [stderr]    Compiling slab v0.4.2
[INFO] [stderr]    Compiling tinyvec v1.5.1
[INFO] [stderr]    Compiling pkg-config v0.3.19
[INFO] [stderr]    Compiling async-trait v0.1.52
[INFO] [stderr]    Compiling crossbeam-utils v0.8.5
[INFO] [stderr]    Compiling ppv-lite86 v0.2.9
[INFO] [stderr]    Compiling typenum v1.14.0
[INFO] [stderr]    Compiling generic-array v0.14.4
[INFO] [stderr]    Compiling memoffset v0.6.5
[INFO] [stderr]    Compiling data-encoding v2.3.2
[INFO] [stderr]    Compiling ipnet v2.3.1
[INFO] [stderr]    Compiling match_cfg v0.1.0
[INFO] [stderr]    Compiling bitflags v1.2.1
[INFO] [stderr]    Compiling unicase v2.6.0
[INFO] [stderr]    Compiling quick-error v1.2.3
[INFO] [stderr]    Compiling openssl v0.10.38
[INFO] [stderr]    Compiling linked-hash-map v0.5.3
[INFO] [stderr]    Compiling crossbeam-epoch v0.9.5
[INFO] [stderr]    Compiling untrusted v0.7.1
[INFO] [stderr]    Compiling quote v1.0.7
[INFO] [stderr]    Compiling foreign-types-shared v0.1.1
[INFO] [stderr]    Compiling spin v0.5.2
[INFO] [stderr]    Compiling unicode-segmentation v1.6.0
[INFO] [stderr]    Compiling foreign-types v0.3.2
[INFO] [stderr]    Compiling lru-cache v0.1.2
[INFO] [stderr]    Compiling getrandom v0.2.3
[INFO] [stderr]    Compiling socket2 v0.4.4
[INFO] [stderr]    Compiling signal-hook-registry v1.2.1
[INFO] [stderr]    Compiling mio v0.8.0
[INFO] [stderr]    Compiling num_cpus v1.13.0
[INFO] [stderr]    Compiling unicode-normalization v0.1.19
[INFO] [stderr]    Compiling openssl-sys v0.9.72
[INFO] [stderr]    Compiling rand_core v0.6.3
[INFO] [stderr]    Compiling ring v0.16.20
[INFO] [stderr]    Compiling hostname v0.3.1
[INFO] [stderr]    Compiling parking_lot v0.12.0
[INFO] [stderr]    Compiling heck v0.3.1
[INFO] [stderr]    Compiling resolv-conf v0.7.0
[INFO] [stderr]    Compiling rand_chacha v0.3.1
[INFO] [stderr]    Compiling instant v0.1.12
[INFO] [stderr]    Compiling num-traits v0.2.12
[INFO] [stderr]    Compiling rand v0.8.4
[INFO] [stderr]    Compiling crossbeam-queue v0.3.2
[INFO] [stderr]    Compiling heck v0.4.0
[INFO] [stderr]    Compiling parking_lot_core v0.8.5
[INFO] [stderr]    Compiling aho-corasick v0.7.18
[INFO] [stderr]    Compiling idna v0.2.3
[INFO] [stderr]    Compiling num-integer v0.1.43
[INFO] [stderr]    Compiling native-tls v0.2.8
[INFO] [stderr]    Compiling new_mime_guess v4.0.0
[INFO] [stderr]    Compiling parking_lot v0.11.2
[INFO] [stderr]    Compiling uuid v0.8.2
[INFO] [stderr]    Compiling nanorand v0.6.1
[INFO] [stderr]    Compiling crossbeam-channel v0.5.1
[INFO] [stderr]    Compiling crossbeam-deque v0.8.1
[INFO] [stderr]    Compiling block-buffer v0.9.0
[INFO] [stderr]    Compiling digest v0.9.0
[INFO] [stderr]    Compiling url v2.1.1
[INFO] [stderr]    Compiling spin v0.9.2
[INFO] [stderr]    Compiling base64 v0.13.0
[INFO] [stderr]    Compiling opaque-debug v0.3.0
[INFO] [stderr]    Compiling cpufeatures v0.2.1
[INFO] [stderr]    Compiling serde v1.0.131
[INFO] [stderr]    Compiling openssl-probe v0.1.2
[INFO] [stderr]    Compiling sha2 v0.9.8
[INFO] [stderr]    Compiling blob-uuid v0.4.0
[INFO] [stderr]    Compiling regex v1.5.4
[INFO] [stderr]    Compiling crossbeam v0.8.1
[INFO] [stderr]    Compiling time v0.1.44
[INFO] [stderr]    Compiling gzb_binary_69 v0.2.2
[INFO] [stderr]    Compiling hex v0.4.3
[INFO] [stderr]    Compiling cidr v0.2.1
[INFO] [stderr]    Compiling atomic_refcell v0.1.8
[INFO] [stderr]    Compiling mime v0.3.16
[INFO] [stderr]    Compiling quoted_printable v0.4.5
[INFO] [stderr]    Compiling unique_id v0.1.3
[INFO] [stderr]    Compiling sha256 v1.0.3
[INFO] [stderr]    Compiling chrono v0.4.19
[INFO] [stderr]    Compiling rustls-pemfile v0.2.1
[INFO] [stderr]    Compiling dns-lookup v1.0.8
[INFO] [stderr]    Compiling json v0.12.4
[INFO] [stderr]    Compiling md5 v0.7.0
[INFO] [stderr]    Compiling webpki v0.22.0
[INFO] [stderr]    Compiling sct v0.7.0
[INFO] [stderr]    Compiling rustls v0.20.0
[INFO] [stderr]    Compiling tokio-macros v1.7.0
[INFO] [stderr]    Compiling futures-macro v0.3.19
[INFO] [stderr]    Compiling thiserror-impl v1.0.20
[INFO] [stderr]    Compiling enum-as-inner v0.3.3
[INFO] [stderr]    Compiling pin-project-internal v1.0.8
[INFO] [stderr]    Compiling enum-as-inner v0.4.0
[INFO] [stderr]    Compiling tokio v1.17.0
[INFO] [stderr]    Compiling thiserror v1.0.20
[INFO] [stderr]    Compiling pin-project v1.0.8
[INFO] [stderr]    Compiling flume v0.10.9
[INFO] [stderr]    Compiling futures-executor v0.3.19
[INFO] [stderr]    Compiling futures v0.3.19
[INFO] [stderr]    Compiling trust-dns-proto v0.21.1
[INFO] [stderr]    Compiling trust-dns-proto v0.20.3
[INFO] [stderr]    Compiling rustque v1.1.1
[INFO] [stderr]    Compiling tokio-native-tls v0.3.0
[INFO] [stderr]    Compiling tokio-rustls v0.23.1
[INFO] [stderr]    Compiling trust-dns-resolver v0.20.3
[INFO] [stderr]    Compiling trust-dns-resolver v0.21.1
[INFO] [stderr]    Compiling tokio_spf_validator v1.0.3
[INFO] [stderr]    Compiling letterman_email_body_parser v1.0.5
[INFO] [stderr]    Compiling letterman v0.2.7 (/opt/rustwide/workdir)
[INFO] [stderr]     Finished dev [unoptimized + debuginfo] target(s) in 12.45s
[INFO] running `Command { std: "docker" "inspect" "df6a409f0385fddbb1b4add2887ed4de8c6faea3ed9f071fb878ee367acf9412", kill_on_drop: false }`
[INFO] running `Command { std: "docker" "rm" "-f" "df6a409f0385fddbb1b4add2887ed4de8c6faea3ed9f071fb878ee367acf9412", kill_on_drop: false }`
[INFO] [stdout] df6a409f0385fddbb1b4add2887ed4de8c6faea3ed9f071fb878ee367acf9412
[INFO] running `Command { std: "docker" "create" "-v" "/var/lib/crater-agent-workspace/builds/worker-3-tc2/target:/opt/rustwide/target:rw,Z" "-v" "/var/lib/crater-agent-workspace/builds/worker-3-tc2/source:/opt/rustwide/workdir:ro,Z" "-v" "/var/lib/crater-agent-workspace/cargo-home:/opt/rustwide/cargo-home:ro,Z" "-v" "/var/lib/crater-agent-workspace/rustup-home:/opt/rustwide/rustup-home:ro,Z" "-e" "SOURCE_DIR=/opt/rustwide/workdir" "-e" "CARGO_TARGET_DIR=/opt/rustwide/target" "-e" "CARGO_INCREMENTAL=0" "-e" "RUST_BACKTRACE=full" "-e" "RUSTFLAGS=--cap-lints=warn" "-e" "RUSTDOCFLAGS=--cap-lints=warn" "-e" "CARGO_HOME=/opt/rustwide/cargo-home" "-e" "RUSTUP_HOME=/opt/rustwide/rustup-home" "-w" "/opt/rustwide/workdir" "-m" "1610612736" "--user" "0:0" "--network" "none" "ghcr.io/rust-lang/crates-build-env/linux@sha256:5ff2268d62e97bff2cde7d5815dd6ed5b47097566f13b8d0ca110b04b60e07ed" "/opt/rustwide/cargo-home/bin/cargo" "+beta-2023-04-20" "test" "--frozen" "--no-run" "--message-format=json", kill_on_drop: false }`
[INFO] [stdout] afbc3ce0734a50fb4898ab650e10451402be10d8db65594ab902982c5e791d98
[INFO] running `Command { std: "docker" "start" "-a" "afbc3ce0734a50fb4898ab650e10451402be10d8db65594ab902982c5e791d98", kill_on_drop: false }`
[INFO] [stderr]    Compiling letterman v0.2.7 (/opt/rustwide/workdir)
[INFO] [stderr]     Finished test [unoptimized + debuginfo] target(s) in 0.74s
[INFO] running `Command { std: "docker" "inspect" "afbc3ce0734a50fb4898ab650e10451402be10d8db65594ab902982c5e791d98", kill_on_drop: false }`
[INFO] running `Command { std: "docker" "rm" "-f" "afbc3ce0734a50fb4898ab650e10451402be10d8db65594ab902982c5e791d98", kill_on_drop: false }`
[INFO] [stdout] afbc3ce0734a50fb4898ab650e10451402be10d8db65594ab902982c5e791d98
[INFO] running `Command { std: "docker" "create" "-v" "/var/lib/crater-agent-workspace/builds/worker-3-tc2/target:/opt/rustwide/target:rw,Z" "-v" "/var/lib/crater-agent-workspace/builds/worker-3-tc2/source:/opt/rustwide/workdir:ro,Z" "-v" "/var/lib/crater-agent-workspace/cargo-home:/opt/rustwide/cargo-home:ro,Z" "-v" "/var/lib/crater-agent-workspace/rustup-home:/opt/rustwide/rustup-home:ro,Z" "-e" "SOURCE_DIR=/opt/rustwide/workdir" "-e" "CARGO_TARGET_DIR=/opt/rustwide/target" "-e" "CARGO_INCREMENTAL=0" "-e" "RUST_BACKTRACE=full" "-e" "RUSTFLAGS=--cap-lints=warn" "-e" "RUSTDOCFLAGS=--cap-lints=warn" "-e" "CARGO_HOME=/opt/rustwide/cargo-home" "-e" "RUSTUP_HOME=/opt/rustwide/rustup-home" "-w" "/opt/rustwide/workdir" "-m" "1610612736" "--user" "0:0" "--network" "none" "ghcr.io/rust-lang/crates-build-env/linux@sha256:5ff2268d62e97bff2cde7d5815dd6ed5b47097566f13b8d0ca110b04b60e07ed" "/opt/rustwide/cargo-home/bin/cargo" "+beta-2023-04-20" "test" "--frozen", kill_on_drop: false }`
[INFO] [stdout] 4bf385b3e72ab12acb818e11ab6cb2f2db9aac2737166e022d257f071668abdf
[INFO] running `Command { std: "docker" "start" "-a" "4bf385b3e72ab12acb818e11ab6cb2f2db9aac2737166e022d257f071668abdf", kill_on_drop: false }`
[INFO] [stderr]     Finished test [unoptimized + debuginfo] target(s) in 0.08s
[INFO] [stderr]      Running unittests src/lib.rs (/opt/rustwide/target/debug/deps/letterman-1983721157f454b1)
[INFO] [stdout] 
[INFO] [stdout] running 0 tests
[INFO] [stdout] 
[INFO] [stdout] test result: ok. 0 passed; 0 failed; 0 ignored; 0 measured; 0 filtered out; finished in 0.00s
[INFO] [stdout] 
[INFO] [stderr]    Doc-tests letterman
[INFO] [stdout] 
[INFO] [stdout] running 3 tests
[INFO] [stdout] test src/client/mod.rs - client::read_key (line 15) ... FAILED
[INFO] [stdout] test src/lib.rs - client (line 11) ... FAILED
[INFO] [stdout] test src/lib.rs - server (line 103) ... FAILED
[INFO] [stdout] 
[INFO] [stdout] failures:
[INFO] [stdout] 
[INFO] [stdout] ---- src/client/mod.rs - client::read_key (line 15) stdout ----
[INFO] [stdout] error[E0433]: failed to resolve: use of undeclared crate or module `client`
[INFO] [stdout]   --> src/client/mod.rs:93:43
[INFO] [stdout]    |
[INFO] [stdout] 81 |  fn build_mail_new(tracking_id:String) -> client::Email{
[INFO] [stdout]    |                                           ^^^^^^ use of undeclared crate or module `client`
[INFO] [stdout] 
[INFO] [stdout] error[E0425]: cannot find value `SEND_TO_DKIMVALIDATOR` in this scope
[INFO] [stdout]   --> src/client/mod.rs:39:5
[INFO] [stdout]    |
[INFO] [stdout] 27 |  if SEND_TO_DKIMVALIDATOR{
[INFO] [stdout]    |     ^^^^^^^^^^^^^^^^^^^^^ not found in this scope
[INFO] [stdout] 
[INFO] [stdout] error[E0425]: cannot find value `SEND_TO_LOCALHOST` in this scope
[INFO] [stdout]   --> src/client/mod.rs:52:12
[INFO] [stdout]    |
[INFO] [stdout] 40 |  } else if SEND_TO_LOCALHOST {
[INFO] [stdout]    |            ^^^^^^^^^^^^^^^^^ not found in this scope
[INFO] [stdout] 
[INFO] [stdout] error[E0433]: failed to resolve: use of undeclared crate or module `client`
[INFO] [stdout]   --> src/client/mod.rs:95:18
[INFO] [stdout]    |
[INFO] [stdout] 83 |  let mut email = client::Email::new();
[INFO] [stdout]    |                  ^^^^^^ use of undeclared crate or module `client`
[INFO] [stdout]    |
[INFO] [stdout] help: consider importing one of these items
[INFO] [stdout]    |
[INFO] [stdout] 2  + use letterman::client::Email;
[INFO] [stdout]    |
[INFO] [stdout] 2  + use letterman::server::config::Email;
[INFO] [stdout]    |
[INFO] [stdout] help: if you import `Email`, refer to it directly
[INFO] [stdout]    |
[INFO] [stdout] 83 -  let mut email = client::Email::new();
[INFO] [stdout] 83 +  let mut email = Email::new();
[INFO] [stdout]    |
[INFO] [stdout] 
[INFO] [stdout] error[E0425]: cannot find value `SEND_TO_DKIMVALIDATOR` in this scope
[INFO] [stdout]   --> src/client/mod.rs:102:5
[INFO] [stdout]    |
[INFO] [stdout] 90 |  if SEND_TO_DKIMVALIDATOR{
[INFO] [stdout]    |     ^^^^^^^^^^^^^^^^^^^^^ not found in this scope
[INFO] [stdout] 
[INFO] [stdout] error[E0425]: cannot find value `SEND_TO_LOCALHOST` in this scope
[INFO] [stdout]   --> src/client/mod.rs:105:12
[INFO] [stdout]    |
[INFO] [stdout] 93 |  } else if SEND_TO_LOCALHOST {
[INFO] [stdout]    |            ^^^^^^^^^^^^^^^^^ not found in this scope
[INFO] [stdout] 
[INFO] [stdout] error[E0433]: failed to resolve: use of undeclared crate or module `client`
[INFO] [stdout]   --> src/client/mod.rs:26:8
[INFO] [stdout]    |
[INFO] [stdout] 14 |  match client::read_key("../secret/private.key".to_string()).await{
[INFO] [stdout]    |        ^^^^^^ use of undeclared crate or module `client`
[INFO] [stdout] 
[INFO] [stdout] error: aborting due to 7 previous errors
[INFO] [stdout] 
[INFO] [stdout] Some errors have detailed explanations: E0425, E0433.
[INFO] [stdout] For more information about an error, try `rustc --explain E0425`.
[INFO] [stdout] Couldn't compile the test.
[INFO] [stdout] ---- src/lib.rs - client (line 11) stdout ----
[INFO] [stdout] error[E0433]: failed to resolve: use of undeclared crate or module `client`
[INFO] [stdout]   --> src/lib.rs:66:43
[INFO] [stdout]    |
[INFO] [stdout] 58 |  fn build_mail_new(tracking_id:String) -> client::Email{
[INFO] [stdout]    |                                           ^^^^^^ use of undeclared crate or module `client`
[INFO] [stdout] 
[INFO] [stdout] error[E0433]: failed to resolve: use of undeclared crate or module `client`
[INFO] [stdout]   --> src/lib.rs:68:22
[INFO] [stdout]    |
[INFO] [stdout] 60 |      let mut email = client::Email::new();
[INFO] [stdout]    |                      ^^^^^^ use of undeclared crate or module `client`
[INFO] [stdout]    |
[INFO] [stdout] help: consider importing one of these items
[INFO] [stdout]    |
[INFO] [stdout] 2  + use letterman::client::Email;
[INFO] [stdout]    |
[INFO] [stdout] 2  + use letterman::server::config::Email;
[INFO] [stdout]    |
[INFO] [stdout] help: if you import `Email`, refer to it directly
[INFO] [stdout]    |
[INFO] [stdout] 60 -      let mut email = client::Email::new();
[INFO] [stdout] 60 +      let mut email = Email::new();
[INFO] [stdout]    |
[INFO] [stdout] 
[INFO] [stdout] error[E0433]: failed to resolve: use of undeclared crate or module `client`
[INFO] [stdout]   --> src/lib.rs:21:12
[INFO] [stdout]    |
[INFO] [stdout] 13 |      match client::read_key("../secret/private.key".to_string()).await{
[INFO] [stdout]    |            ^^^^^^ use of undeclared crate or module `client`
[INFO] [stdout] 
[INFO] [stdout] error: aborting due to 3 previous errors
[INFO] [stdout] 
[INFO] [stdout] For more information about this error, try `rustc --explain E0433`.
[INFO] [stdout] Couldn't compile the test.
[INFO] [stdout] ---- src/lib.rs - server (line 103) stdout ----
[INFO] [stdout] error[E0061]: this function takes 14 arguments but 13 arguments were supplied
[INFO] [stdout]   --> src/lib.rs:113:11
[INFO] [stdout]    |
[INFO] [stdout] 13 |     match ServerConfig::new(
[INFO] [stdout]    |           ^^^^^^^^^^^^^^^^^
[INFO] [stdout] ...
[INFO] [stdout] 19 |         String::from("../letter_man_que/que/que.akku"),
[INFO] [stdout]    |         ----------------------------------------------
[INFO] [stdout]    |         |
[INFO] [stdout]    |         expected `u8`, found `String`
[INFO] [stdout]    |         an argument of type `Vec<std::string::String>` is missing
[INFO] [stdout]    |
[INFO] [stdout] note: associated function defined here
[INFO] [stdout]   --> /opt/rustwide/workdir/src/server/config.rs:45:18
[INFO] [stdout]    |
[INFO] [stdout] 45 |     pub async fn new(
[INFO] [stdout]    |                  ^^^
[INFO] [stdout] help: provide the argument
[INFO] [stdout]    |
[INFO] [stdout] 13 |     match ServerConfig::new(vec![587,2525], String::from("silversender.com"), format!("../secret/end.cert"), format!("../secret/end.rsa"), 100_000, /* Vec<std::string::String> */, 5_000_000, 5, /* u8 */, String::from("../letter_man_que/email_files/"), 1, false, true, false).await{
[INFO] [stdout]    |                            ~~~~~~~~~~~~~~~~~~~~~~~~~~~~~~~~~~~~~~~~~~~~~~~~~~~~~~~~~~~~~~~~~~~~~~~~~~~~~~~~~~~~~~~~~~~~~~~~~~~~~~~~~~~~~~~~~~~~~~~~~~~~~~~~~~~~~~~~~~~~~~~~~~~~~~~~~~~~~~~~~~~~~~~~~~~~~~~~~~~~~~~~~~~~~~~~~~~~~~~~~~~~~~~~~~~~~~~~~~~~~~~~~~~~~~~~~~~~~~~~~~~~~~~
[INFO] [stdout] 
[INFO] [stdout] error: aborting due to previous error
[INFO] [stdout] 
[INFO] [stdout] For more information about this error, try `rustc --explain E0061`.
[INFO] [stdout] Couldn't compile the test.
[INFO] [stdout] 
[INFO] [stdout] failures:
[INFO] [stdout]     src/client/mod.rs - client::read_key (line 15)
[INFO] [stdout]     src/lib.rs - client (line 11)
[INFO] [stdout]     src/lib.rs - server (line 103)
[INFO] [stdout] 
[INFO] [stdout] test result: FAILED. 0 passed; 3 failed; 0 ignored; 0 measured; 0 filtered out; finished in 0.08s
[INFO] [stdout] 
[INFO] [stderr] error: doctest failed, to rerun pass `--doc`
[INFO] running `Command { std: "docker" "inspect" "4bf385b3e72ab12acb818e11ab6cb2f2db9aac2737166e022d257f071668abdf", kill_on_drop: false }`
[INFO] running `Command { std: "docker" "rm" "-f" "4bf385b3e72ab12acb818e11ab6cb2f2db9aac2737166e022d257f071668abdf", kill_on_drop: false }`
[INFO] [stdout] 4bf385b3e72ab12acb818e11ab6cb2f2db9aac2737166e022d257f071668abdf
