[INFO] cloning repository https://github.com/grihabor/jq-rs
[INFO] running `Command { std: "git" "-c" "credential.helper=" "-c" "credential.helper=/workspace/cargo-home/bin/git-credential-null" "clone" "--bare" "https://github.com/grihabor/jq-rs" "/workspace/cache/git-repos/https%3A%2F%2Fgithub.com%2Fgrihabor%2Fjq-rs", kill_on_drop: false }`
[INFO] [stderr] Cloning into bare repository '/workspace/cache/git-repos/https%3A%2F%2Fgithub.com%2Fgrihabor%2Fjq-rs'...
[INFO] running `Command { std: "git" "rev-parse" "HEAD", kill_on_drop: false }`
[INFO] [stdout] 9a2475ee86d7737814b546ba474ea4d78b03d967
[INFO] testing grihabor/jq-rs against beta-2023-04-20 for beta-1.70-1
[INFO] running `Command { std: "git" "clone" "/workspace/cache/git-repos/https%3A%2F%2Fgithub.com%2Fgrihabor%2Fjq-rs" "/workspace/builds/worker-4-tc2/source", kill_on_drop: false }`
[INFO] [stderr] Cloning into '/workspace/builds/worker-4-tc2/source'...
[INFO] [stderr] done.
[INFO] validating manifest of git repo https://github.com/grihabor/jq-rs on toolchain beta-2023-04-20
[INFO] running `Command { std: CARGO_HOME="/workspace/cargo-home" RUSTUP_HOME="/workspace/rustup-home" "/workspace/cargo-home/bin/cargo" "+beta-2023-04-20" "metadata" "--manifest-path" "Cargo.toml" "--no-deps", kill_on_drop: false }`
[INFO] started tweaking git repo https://github.com/grihabor/jq-rs
[INFO] finished tweaking git repo https://github.com/grihabor/jq-rs
[INFO] tweaked toml for git repo https://github.com/grihabor/jq-rs written to /workspace/builds/worker-4-tc2/source/Cargo.toml
[INFO] crate git repo https://github.com/grihabor/jq-rs already has a lockfile, it will not be regenerated
[INFO] running `Command { std: CARGO_HOME="/workspace/cargo-home" RUSTUP_HOME="/workspace/rustup-home" "/workspace/cargo-home/bin/cargo" "+beta-2023-04-20" "fetch" "--manifest-path" "Cargo.toml", kill_on_drop: false }`
[INFO] running `Command { std: "docker" "create" "-v" "/var/lib/crater-agent-workspace/builds/worker-4-tc2/target:/opt/rustwide/target:rw,Z" "-v" "/var/lib/crater-agent-workspace/builds/worker-4-tc2/source:/opt/rustwide/workdir:ro,Z" "-v" "/var/lib/crater-agent-workspace/cargo-home:/opt/rustwide/cargo-home:ro,Z" "-v" "/var/lib/crater-agent-workspace/rustup-home:/opt/rustwide/rustup-home:ro,Z" "-e" "SOURCE_DIR=/opt/rustwide/workdir" "-e" "CARGO_TARGET_DIR=/opt/rustwide/target" "-e" "CARGO_HOME=/opt/rustwide/cargo-home" "-e" "RUSTUP_HOME=/opt/rustwide/rustup-home" "-w" "/opt/rustwide/workdir" "-m" "1610612736" "--user" "0:0" "--network" "none" "ghcr.io/rust-lang/crates-build-env/linux@sha256:5ff2268d62e97bff2cde7d5815dd6ed5b47097566f13b8d0ca110b04b60e07ed" "/opt/rustwide/cargo-home/bin/cargo" "+beta-2023-04-20" "metadata" "--no-deps" "--format-version=1", kill_on_drop: false }`
[INFO] [stdout] 058bed3fdc0c704778e69039a7b130554186a7208ea33536b4b001d96836b0c8
[INFO] running `Command { std: "docker" "start" "-a" "058bed3fdc0c704778e69039a7b130554186a7208ea33536b4b001d96836b0c8", kill_on_drop: false }`
[INFO] running `Command { std: "docker" "inspect" "058bed3fdc0c704778e69039a7b130554186a7208ea33536b4b001d96836b0c8", kill_on_drop: false }`
[INFO] running `Command { std: "docker" "rm" "-f" "058bed3fdc0c704778e69039a7b130554186a7208ea33536b4b001d96836b0c8", kill_on_drop: false }`
[INFO] [stdout] 058bed3fdc0c704778e69039a7b130554186a7208ea33536b4b001d96836b0c8
[INFO] running `Command { std: "docker" "create" "-v" "/var/lib/crater-agent-workspace/builds/worker-4-tc2/target:/opt/rustwide/target:rw,Z" "-v" "/var/lib/crater-agent-workspace/builds/worker-4-tc2/source:/opt/rustwide/workdir:ro,Z" "-v" "/var/lib/crater-agent-workspace/cargo-home:/opt/rustwide/cargo-home:ro,Z" "-v" "/var/lib/crater-agent-workspace/rustup-home:/opt/rustwide/rustup-home:ro,Z" "-e" "SOURCE_DIR=/opt/rustwide/workdir" "-e" "CARGO_TARGET_DIR=/opt/rustwide/target" "-e" "CARGO_INCREMENTAL=0" "-e" "RUST_BACKTRACE=full" "-e" "RUSTFLAGS=--cap-lints=warn" "-e" "RUSTDOCFLAGS=--cap-lints=warn" "-e" "CARGO_HOME=/opt/rustwide/cargo-home" "-e" "RUSTUP_HOME=/opt/rustwide/rustup-home" "-w" "/opt/rustwide/workdir" "-m" "1610612736" "--user" "0:0" "--network" "none" "ghcr.io/rust-lang/crates-build-env/linux@sha256:5ff2268d62e97bff2cde7d5815dd6ed5b47097566f13b8d0ca110b04b60e07ed" "/opt/rustwide/cargo-home/bin/cargo" "+beta-2023-04-20" "build" "--frozen" "--message-format=json", kill_on_drop: false }`
[INFO] [stdout] efacdabbf9d87f5da33b80adae6cdcbe2967085b59d8a4c1ff205618363e6e47
[INFO] running `Command { std: "docker" "start" "-a" "efacdabbf9d87f5da33b80adae6cdcbe2967085b59d8a4c1ff205618363e6e47", kill_on_drop: false }`
[INFO] [stderr]    Compiling radium v0.5.3
[INFO] [stderr]    Compiling ryu v1.0.5
[INFO] [stderr]    Compiling bitflags v1.2.1
[INFO] [stderr]    Compiling memchr v2.3.4
[INFO] [stderr]    Compiling lexical-core v0.7.5
[INFO] [stderr]    Compiling version_check v0.9.3
[INFO] [stderr]    Compiling arrayvec v0.5.2
[INFO] [stderr]    Compiling static_assertions v1.1.0
[INFO] [stderr]    Compiling funty v1.1.0
[INFO] [stderr]    Compiling tap v1.0.1
[INFO] [stderr]    Compiling wyz v0.2.0
[INFO] [stderr]    Compiling nom v6.1.2
[INFO] [stderr]    Compiling bitvec v0.19.5
[INFO] [stderr]    Compiling jq-rs v0.1.0 (/opt/rustwide/workdir)
[INFO] [stdout] warning: unused imports: `take_while1`, `take_while`
[INFO] [stdout]  --> src/parser.rs:2:34
[INFO] [stdout]   |
[INFO] [stdout] 2 | use self::nom::bytes::complete::{take_while, take_while1};
[INFO] [stdout]   |                                  ^^^^^^^^^^  ^^^^^^^^^^^
[INFO] [stdout]   |
[INFO] [stdout]   = note: `#[warn(unused_imports)]` on by default
[INFO] [stdout] 
[INFO] [stdout] 
[INFO] [stdout] warning: unused import: `self::nom::character::is_alphabetic`
[INFO] [stdout]  --> src/parser.rs:4:5
[INFO] [stdout]   |
[INFO] [stdout] 4 | use self::nom::character::is_alphabetic;
[INFO] [stdout]   |     ^^^^^^^^^^^^^^^^^^^^^^^^^^^^^^^^^^^
[INFO] [stdout] 
[INFO] [stdout] 
[INFO] [stdout] warning: unused import: `self::nom::combinator::not`
[INFO] [stdout]  --> src/parser.rs:5:5
[INFO] [stdout]   |
[INFO] [stdout] 5 | use self::nom::combinator::not;
[INFO] [stdout]   |     ^^^^^^^^^^^^^^^^^^^^^^^^^^
[INFO] [stdout] 
[INFO] [stdout] 
[INFO] [stdout] warning: unused imports: `Query`, `query`
[INFO] [stdout]  --> src/main.rs:8:25
[INFO] [stdout]   |
[INFO] [stdout] 8 |     use super::parser::{query, Query};
[INFO] [stdout]   |                         ^^^^^  ^^^^^
[INFO] [stdout]   |
[INFO] [stdout] help: consider adding a `#[cfg(test)]` to the containing module
[INFO] [stdout]  --> src/main.rs:7:1
[INFO] [stdout]   |
[INFO] [stdout] 7 | mod tests {
[INFO] [stdout]   | ^^^^^^^^^
[INFO] [stdout] 
[INFO] [stdout] 
[INFO] [stdout] warning: unused imports: `QueryArrayIndex`, `QueryArray`, `QueryBraces`, `QueryObjectIndex`, `QueryPipe`, `QuerySlice`
[INFO] [stdout]   --> src/main.rs:10:9
[INFO] [stdout]    |
[INFO] [stdout] 10 |         QueryArray, QueryArrayIndex, QueryBraces, QueryObjectIndex, QueryPipe, QuerySlice,
[INFO] [stdout]    |         ^^^^^^^^^^  ^^^^^^^^^^^^^^^  ^^^^^^^^^^^  ^^^^^^^^^^^^^^^^  ^^^^^^^^^  ^^^^^^^^^^
[INFO] [stdout]    |
[INFO] [stdout] help: consider adding a `#[cfg(test)]` to the containing module
[INFO] [stdout]   --> src/main.rs:7:1
[INFO] [stdout]    |
[INFO] [stdout] 7  | mod tests {
[INFO] [stdout]    | ^^^^^^^^^
[INFO] [stdout] 
[INFO] [stdout] 
[INFO] [stdout] warning: variable does not need to be mutable
[INFO] [stdout]    --> src/parser.rs:149:5
[INFO] [stdout]     |
[INFO] [stdout] 149 |     mut first: F1,
[INFO] [stdout]     |     ----^^^^^
[INFO] [stdout]     |     |
[INFO] [stdout]     |     help: remove this `mut`
[INFO] [stdout]     |
[INFO] [stdout]     = note: `#[warn(unused_mut)]` on by default
[INFO] [stdout] 
[INFO] [stdout] 
[INFO] [stdout] warning: variable does not need to be mutable
[INFO] [stdout]    --> src/parser.rs:150:5
[INFO] [stdout]     |
[INFO] [stdout] 150 |     mut second: F2,
[INFO] [stdout]     |     ----^^^^^^
[INFO] [stdout]     |     |
[INFO] [stdout]     |     help: remove this `mut`
[INFO] [stdout] 
[INFO] [stdout] 
[INFO] [stdout] warning: variable does not need to be mutable
[INFO] [stdout]    --> src/parser.rs:151:5
[INFO] [stdout]     |
[INFO] [stdout] 151 |     mut third: F3,
[INFO] [stdout]     |     ----^^^^^
[INFO] [stdout]     |     |
[INFO] [stdout]     |     help: remove this `mut`
[INFO] [stdout] 
[INFO] [stdout] 
[INFO] [stdout] warning: private type `QueryExpr` in public interface (error E0446)
[INFO] [stdout]   --> src/parser.rs:23:10
[INFO] [stdout]    |
[INFO] [stdout] 23 |     Expr(QueryExpr),
[INFO] [stdout]    |          ^^^^^^^^^
[INFO] [stdout]    |
[INFO] [stdout]    = warning: this was previously accepted by the compiler but is being phased out; it will become a hard error in a future release!
[INFO] [stdout]    = note: for more information, see issue #34537 <https://github.com/rust-lang/rust/issues/34537>
[INFO] [stdout]    = note: `#[warn(private_in_public)]` on by default
[INFO] [stdout] 
[INFO] [stdout] 
[INFO] [stdout] warning: private type `QueryFilter` in public interface (error E0446)
[INFO] [stdout]   --> src/parser.rs:24:12
[INFO] [stdout]    |
[INFO] [stdout] 24 |     Filter(QueryFilter),
[INFO] [stdout]    |            ^^^^^^^^^^^
[INFO] [stdout]    |
[INFO] [stdout]    = warning: this was previously accepted by the compiler but is being phased out; it will become a hard error in a future release!
[INFO] [stdout]    = note: for more information, see issue #34537 <https://github.com/rust-lang/rust/issues/34537>
[INFO] [stdout] 
[INFO] [stdout] 
[INFO] [stdout] warning: multiple variants are never constructed
[INFO] [stdout]   --> src/parser.rs:19:5
[INFO] [stdout]    |
[INFO] [stdout] 18 | pub enum Query<'q> {
[INFO] [stdout]    |          ----- variants in this enum
[INFO] [stdout] 19 |     Identity,
[INFO] [stdout]    |     ^^^^^^^^
[INFO] [stdout] 20 |     ObjectIndex(QueryObjectIndex<'q>),
[INFO] [stdout]    |     ^^^^^^^^^^^
[INFO] [stdout] 21 |     ArrayIndex(QueryArrayIndex),
[INFO] [stdout]    |     ^^^^^^^^^^
[INFO] [stdout] 22 |     Slice(QuerySlice),
[INFO] [stdout]    |     ^^^^^
[INFO] [stdout] 23 |     Expr(QueryExpr),
[INFO] [stdout]    |     ^^^^
[INFO] [stdout] 24 |     Filter(QueryFilter),
[INFO] [stdout]    |     ^^^^^^
[INFO] [stdout] 25 |     Pipe(QueryPipe<'q>),
[INFO] [stdout]    |     ^^^^
[INFO] [stdout] 26 |     Braces(QueryBraces<'q>),
[INFO] [stdout]    |     ^^^^^^
[INFO] [stdout] 27 |     Array(QueryArray<'q>),
[INFO] [stdout]    |     ^^^^^
[INFO] [stdout]    |
[INFO] [stdout]    = note: `Query` has derived impls for the traits `Clone` and `Debug`, but these are intentionally ignored during dead code analysis
[INFO] [stdout]    = note: `#[warn(dead_code)]` on by default
[INFO] [stdout] 
[INFO] [stdout] 
[INFO] [stdout] warning: function `query_identity` is never used
[INFO] [stdout]   --> src/parser.rs:78:4
[INFO] [stdout]    |
[INFO] [stdout] 78 | fn query_identity(input: &str) -> IResult<&str, Query> {
[INFO] [stdout]    |    ^^^^^^^^^^^^^^
[INFO] [stdout] 
[INFO] [stdout] 
[INFO] [stdout] warning: function `query` is never used
[INFO] [stdout]   --> src/parser.rs:82:8
[INFO] [stdout]    |
[INFO] [stdout] 82 | pub fn query(input: &str) -> IResult<&str, Query> {
[INFO] [stdout]    |        ^^^^^
[INFO] [stdout] 
[INFO] [stdout] 
[INFO] [stdout] warning: function `to_pipe` is never used
[INFO] [stdout]    --> src/parser.rs:140:4
[INFO] [stdout]     |
[INFO] [stdout] 140 | fn to_pipe(arr: Vec<Query>) -> Query {
[INFO] [stdout]     |    ^^^^^^^
[INFO] [stdout] 
[INFO] [stdout] 
[INFO] [stdout] warning: function `triple` is never used
[INFO] [stdout]    --> src/parser.rs:148:4
[INFO] [stdout]     |
[INFO] [stdout] 148 | fn triple<F1, F2, F3, O1, O2, O3, I, E>(
[INFO] [stdout]     |    ^^^^^^
[INFO] [stdout] 
[INFO] [stdout] 
[INFO] [stdout] warning: 15 warnings emitted
[INFO] [stdout] 
[INFO] [stdout] 
[INFO] [stderr]     Finished dev [unoptimized + debuginfo] target(s) in 4.83s
[INFO] [stderr] warning: the following packages contain code that will be rejected by a future version of Rust: nom v6.1.2
[INFO] [stderr]     Blocking waiting for file lock on package cache
[INFO] [stderr] note: to see what the problems were, use the option `--future-incompat-report`, or run `cargo report future-incompatibilities --id 1`
[INFO] running `Command { std: "docker" "inspect" "efacdabbf9d87f5da33b80adae6cdcbe2967085b59d8a4c1ff205618363e6e47", kill_on_drop: false }`
[INFO] running `Command { std: "docker" "rm" "-f" "efacdabbf9d87f5da33b80adae6cdcbe2967085b59d8a4c1ff205618363e6e47", kill_on_drop: false }`
[INFO] [stdout] efacdabbf9d87f5da33b80adae6cdcbe2967085b59d8a4c1ff205618363e6e47
[INFO] running `Command { std: "docker" "create" "-v" "/var/lib/crater-agent-workspace/builds/worker-4-tc2/target:/opt/rustwide/target:rw,Z" "-v" "/var/lib/crater-agent-workspace/builds/worker-4-tc2/source:/opt/rustwide/workdir:ro,Z" "-v" "/var/lib/crater-agent-workspace/cargo-home:/opt/rustwide/cargo-home:ro,Z" "-v" "/var/lib/crater-agent-workspace/rustup-home:/opt/rustwide/rustup-home:ro,Z" "-e" "SOURCE_DIR=/opt/rustwide/workdir" "-e" "CARGO_TARGET_DIR=/opt/rustwide/target" "-e" "CARGO_INCREMENTAL=0" "-e" "RUST_BACKTRACE=full" "-e" "RUSTFLAGS=--cap-lints=warn" "-e" "RUSTDOCFLAGS=--cap-lints=warn" "-e" "CARGO_HOME=/opt/rustwide/cargo-home" "-e" "RUSTUP_HOME=/opt/rustwide/rustup-home" "-w" "/opt/rustwide/workdir" "-m" "1610612736" "--user" "0:0" "--network" "none" "ghcr.io/rust-lang/crates-build-env/linux@sha256:5ff2268d62e97bff2cde7d5815dd6ed5b47097566f13b8d0ca110b04b60e07ed" "/opt/rustwide/cargo-home/bin/cargo" "+beta-2023-04-20" "test" "--frozen" "--no-run" "--message-format=json", kill_on_drop: false }`
[INFO] [stdout] 0877ff3bc3f77c16788d1bbcdf83ebcfaac55b854225ef00221e88b3fa8d3d1c
[INFO] running `Command { std: "docker" "start" "-a" "0877ff3bc3f77c16788d1bbcdf83ebcfaac55b854225ef00221e88b3fa8d3d1c", kill_on_drop: false }`
[INFO] [stderr]    Compiling jq-rs v0.1.0 (/opt/rustwide/workdir)
[INFO] [stdout] warning: unused imports: `take_while1`, `take_while`
[INFO] [stdout]  --> src/parser.rs:2:34
[INFO] [stdout]   |
[INFO] [stdout] 2 | use self::nom::bytes::complete::{take_while, take_while1};
[INFO] [stdout]   |                                  ^^^^^^^^^^  ^^^^^^^^^^^
[INFO] [stdout]   |
[INFO] [stdout]   = note: `#[warn(unused_imports)]` on by default
[INFO] [stdout] 
[INFO] [stdout] 
[INFO] [stdout] warning: unused import: `self::nom::character::is_alphabetic`
[INFO] [stdout]  --> src/parser.rs:4:5
[INFO] [stdout]   |
[INFO] [stdout] 4 | use self::nom::character::is_alphabetic;
[INFO] [stdout]   |     ^^^^^^^^^^^^^^^^^^^^^^^^^^^^^^^^^^^
[INFO] [stdout] 
[INFO] [stdout] 
[INFO] [stdout] warning: unused import: `self::nom::combinator::not`
[INFO] [stdout]  --> src/parser.rs:5:5
[INFO] [stdout]   |
[INFO] [stdout] 5 | use self::nom::combinator::not;
[INFO] [stdout]   |     ^^^^^^^^^^^^^^^^^^^^^^^^^^
[INFO] [stdout] 
[INFO] [stdout] 
[INFO] [stdout] warning: variable does not need to be mutable
[INFO] [stdout]    --> src/parser.rs:149:5
[INFO] [stdout]     |
[INFO] [stdout] 149 |     mut first: F1,
[INFO] [stdout]     |     ----^^^^^
[INFO] [stdout]     |     |
[INFO] [stdout]     |     help: remove this `mut`
[INFO] [stdout]     |
[INFO] [stdout]     = note: `#[warn(unused_mut)]` on by default
[INFO] [stdout] 
[INFO] [stdout] 
[INFO] [stdout] warning: variable does not need to be mutable
[INFO] [stdout]    --> src/parser.rs:150:5
[INFO] [stdout]     |
[INFO] [stdout] 150 |     mut second: F2,
[INFO] [stdout]     |     ----^^^^^^
[INFO] [stdout]     |     |
[INFO] [stdout]     |     help: remove this `mut`
[INFO] [stdout] 
[INFO] [stdout] 
[INFO] [stdout] warning: variable does not need to be mutable
[INFO] [stdout]    --> src/parser.rs:151:5
[INFO] [stdout]     |
[INFO] [stdout] 151 |     mut third: F3,
[INFO] [stdout]     |     ----^^^^^
[INFO] [stdout]     |     |
[INFO] [stdout]     |     help: remove this `mut`
[INFO] [stdout] 
[INFO] [stdout] 
[INFO] [stdout] warning: private type `QueryExpr` in public interface (error E0446)
[INFO] [stdout]   --> src/parser.rs:23:10
[INFO] [stdout]    |
[INFO] [stdout] 23 |     Expr(QueryExpr),
[INFO] [stdout]    |          ^^^^^^^^^
[INFO] [stdout]    |
[INFO] [stdout]    = warning: this was previously accepted by the compiler but is being phased out; it will become a hard error in a future release!
[INFO] [stdout]    = note: for more information, see issue #34537 <https://github.com/rust-lang/rust/issues/34537>
[INFO] [stdout]    = note: `#[warn(private_in_public)]` on by default
[INFO] [stdout] 
[INFO] [stdout] 
[INFO] [stdout] warning: private type `QueryFilter` in public interface (error E0446)
[INFO] [stdout]   --> src/parser.rs:24:12
[INFO] [stdout]    |
[INFO] [stdout] 24 |     Filter(QueryFilter),
[INFO] [stdout]    |            ^^^^^^^^^^^
[INFO] [stdout]    |
[INFO] [stdout]    = warning: this was previously accepted by the compiler but is being phased out; it will become a hard error in a future release!
[INFO] [stdout]    = note: for more information, see issue #34537 <https://github.com/rust-lang/rust/issues/34537>
[INFO] [stdout] 
[INFO] [stdout] 
[INFO] [stdout] warning: variants `Expr` and `Filter` are never constructed
[INFO] [stdout]   --> src/parser.rs:23:5
[INFO] [stdout]    |
[INFO] [stdout] 18 | pub enum Query<'q> {
[INFO] [stdout]    |          ----- variants in this enum
[INFO] [stdout] ...
[INFO] [stdout] 23 |     Expr(QueryExpr),
[INFO] [stdout]    |     ^^^^
[INFO] [stdout] 24 |     Filter(QueryFilter),
[INFO] [stdout]    |     ^^^^^^
[INFO] [stdout]    |
[INFO] [stdout]    = note: `Query` has derived impls for the traits `Clone` and `Debug`, but these are intentionally ignored during dead code analysis
[INFO] [stdout]    = note: `#[warn(dead_code)]` on by default
[INFO] [stdout] 
[INFO] [stdout] 
[INFO] [stdout] warning: 9 warnings emitted
[INFO] [stdout] 
[INFO] [stdout] 
[INFO] [stderr]     Finished test [unoptimized + debuginfo] target(s) in 0.58s
[INFO] [stderr] warning: the following packages contain code that will be rejected by a future version of Rust: nom v6.1.2
[INFO] [stderr] note: to see what the problems were, use the option `--future-incompat-report`, or run `cargo report future-incompatibilities --id 1`
[INFO] running `Command { std: "docker" "inspect" "0877ff3bc3f77c16788d1bbcdf83ebcfaac55b854225ef00221e88b3fa8d3d1c", kill_on_drop: false }`
[INFO] running `Command { std: "docker" "rm" "-f" "0877ff3bc3f77c16788d1bbcdf83ebcfaac55b854225ef00221e88b3fa8d3d1c", kill_on_drop: false }`
[INFO] [stdout] 0877ff3bc3f77c16788d1bbcdf83ebcfaac55b854225ef00221e88b3fa8d3d1c
[INFO] running `Command { std: "docker" "create" "-v" "/var/lib/crater-agent-workspace/builds/worker-4-tc2/target:/opt/rustwide/target:rw,Z" "-v" "/var/lib/crater-agent-workspace/builds/worker-4-tc2/source:/opt/rustwide/workdir:ro,Z" "-v" "/var/lib/crater-agent-workspace/cargo-home:/opt/rustwide/cargo-home:ro,Z" "-v" "/var/lib/crater-agent-workspace/rustup-home:/opt/rustwide/rustup-home:ro,Z" "-e" "SOURCE_DIR=/opt/rustwide/workdir" "-e" "CARGO_TARGET_DIR=/opt/rustwide/target" "-e" "CARGO_INCREMENTAL=0" "-e" "RUST_BACKTRACE=full" "-e" "RUSTFLAGS=--cap-lints=warn" "-e" "RUSTDOCFLAGS=--cap-lints=warn" "-e" "CARGO_HOME=/opt/rustwide/cargo-home" "-e" "RUSTUP_HOME=/opt/rustwide/rustup-home" "-w" "/opt/rustwide/workdir" "-m" "1610612736" "--user" "0:0" "--network" "none" "ghcr.io/rust-lang/crates-build-env/linux@sha256:5ff2268d62e97bff2cde7d5815dd6ed5b47097566f13b8d0ca110b04b60e07ed" "/opt/rustwide/cargo-home/bin/cargo" "+beta-2023-04-20" "test" "--frozen", kill_on_drop: false }`
[INFO] [stdout] 49629732cb588e0de2940161a8baaf76d1620cf6ea205f8a039afb3b856ee4c7
[INFO] running `Command { std: "docker" "start" "-a" "49629732cb588e0de2940161a8baaf76d1620cf6ea205f8a039afb3b856ee4c7", kill_on_drop: false }`
[INFO] [stderr] warning: unused imports: `take_while1`, `take_while`
[INFO] [stderr]  --> src/parser.rs:2:34
[INFO] [stderr]   |
[INFO] [stderr] 2 | use self::nom::bytes::complete::{take_while, take_while1};
[INFO] [stderr]   |                                  ^^^^^^^^^^  ^^^^^^^^^^^
[INFO] [stderr]   |
[INFO] [stderr]   = note: `#[warn(unused_imports)]` on by default
[INFO] [stderr] 
[INFO] [stderr] warning: unused import: `self::nom::character::is_alphabetic`
[INFO] [stderr]  --> src/parser.rs:4:5
[INFO] [stderr]   |
[INFO] [stderr] 4 | use self::nom::character::is_alphabetic;
[INFO] [stderr]   |     ^^^^^^^^^^^^^^^^^^^^^^^^^^^^^^^^^^^
[INFO] [stderr] 
[INFO] [stderr] warning: unused import: `self::nom::combinator::not`
[INFO] [stderr]  --> src/parser.rs:5:5
[INFO] [stderr]   |
[INFO] [stderr] 5 | use self::nom::combinator::not;
[INFO] [stderr]   |     ^^^^^^^^^^^^^^^^^^^^^^^^^^
[INFO] [stderr] 
[INFO] [stderr] warning: variable does not need to be mutable
[INFO] [stderr]    --> src/parser.rs:149:5
[INFO] [stderr]     |
[INFO] [stderr] 149 |     mut first: F1,
[INFO] [stderr]     |     ----^^^^^
[INFO] [stderr]     |     |
[INFO] [stderr]     |     help: remove this `mut`
[INFO] [stderr]     |
[INFO] [stderr]     = note: `#[warn(unused_mut)]` on by default
[INFO] [stderr] 
[INFO] [stderr] warning: variable does not need to be mutable
[INFO] [stderr]    --> src/parser.rs:150:5
[INFO] [stderr]     |
[INFO] [stderr] 150 |     mut second: F2,
[INFO] [stderr]     |     ----^^^^^^
[INFO] [stderr]     |     |
[INFO] [stderr]     |     help: remove this `mut`
[INFO] [stderr] 
[INFO] [stderr] warning: variable does not need to be mutable
[INFO] [stderr]    --> src/parser.rs:151:5
[INFO] [stderr]     |
[INFO] [stderr] 151 |     mut third: F3,
[INFO] [stderr]     |     ----^^^^^
[INFO] [stderr]     |     |
[INFO] [stderr]     |     help: remove this `mut`
[INFO] [stderr] 
[INFO] [stderr] warning: private type `QueryExpr` in public interface (error E0446)
[INFO] [stderr]   --> src/parser.rs:23:10
[INFO] [stderr]    |
[INFO] [stderr] 23 |     Expr(QueryExpr),
[INFO] [stderr]    |          ^^^^^^^^^
[INFO] [stderr]    |
[INFO] [stderr]    = warning: this was previously accepted by the compiler but is being phased out; it will become a hard error in a future release!
[INFO] [stderr]    = note: for more information, see issue #34537 <https://github.com/rust-lang/rust/issues/34537>
[INFO] [stderr]    = note: `#[warn(private_in_public)]` on by default
[INFO] [stderr] 
[INFO] [stderr] warning: private type `QueryFilter` in public interface (error E0446)
[INFO] [stderr]   --> src/parser.rs:24:12
[INFO] [stderr]    |
[INFO] [stderr] 24 |     Filter(QueryFilter),
[INFO] [stderr]    |            ^^^^^^^^^^^
[INFO] [stderr]    |
[INFO] [stderr]    = warning: this was previously accepted by the compiler but is being phased out; it will become a hard error in a future release!
[INFO] [stderr]    = note: for more information, see issue #34537 <https://github.com/rust-lang/rust/issues/34537>
[INFO] [stderr] 
[INFO] [stderr] warning: variants `Expr` and `Filter` are never constructed
[INFO] [stderr]   --> src/parser.rs:23:5
[INFO] [stderr]    |
[INFO] [stderr] 18 | pub enum Query<'q> {
[INFO] [stderr]    |          ----- variants in this enum
[INFO] [stderr] ...
[INFO] [stderr] 23 |     Expr(QueryExpr),
[INFO] [stderr]    |     ^^^^
[INFO] [stderr] 24 |     Filter(QueryFilter),
[INFO] [stderr]    |     ^^^^^^
[INFO] [stderr]    |
[INFO] [stderr]    = note: `Query` has derived impls for the traits `Clone` and `Debug`, but these are intentionally ignored during dead code analysis
[INFO] [stderr]    = note: `#[warn(dead_code)]` on by default
[INFO] [stderr] 
[INFO] [stderr] warning: `jq-rs` (bin "jq-rs" test) generated 9 warnings (run `cargo fix --bin "jq-rs" --tests` to apply 6 suggestions)
[INFO] [stderr]     Finished test [unoptimized + debuginfo] target(s) in 0.02s
[INFO] [stderr] warning: the following packages contain code that will be rejected by a future version of Rust: nom v6.1.2
[INFO] [stderr] note: to see what the problems were, use the option `--future-incompat-report`, or run `cargo report future-incompatibilities --id 1`
[INFO] [stderr]      Running unittests src/main.rs (/opt/rustwide/target/debug/deps/jq_rs-e67f23ad5e010ede)
[INFO] [stdout] 
[INFO] [stdout] running 10 tests
[INFO] [stdout] test tests::parse_attr ... ok
[INFO] [stdout] test tests::parse_array_index ... ok
[INFO] [stdout] test tests::parse_identity ... ok
[INFO] [stdout] test tests::parse_pipe ... ok
[INFO] [stdout] test tests::parse_object_index ... ok
[INFO] [stdout] test tests::parse_index_and_attr ... ok
[INFO] [stdout] test tests::parse_braces ... ok
[INFO] [stdout] test tests::parse_array ... ok
[INFO] [stdout] test tests::parse_slice ... ok
[INFO] [stdout] test tests::parse_attr_and_index ... FAILED
[INFO] [stdout] 
[INFO] [stdout] failures:
[INFO] [stdout] 
[INFO] [stdout] ---- tests::parse_attr_and_index stdout ----
[INFO] [stdout] thread 'tests::parse_attr_and_index' panicked at 'assertion failed: `(left == right)`
[INFO] [stdout]   left: `Ok(("[1]", ObjectIndex(QueryObjectIndex { index: "key" })))`,
[INFO] [stdout]  right: `Ok(("", Pipe(QueryPipe { seq: [ObjectIndex(QueryObjectIndex { index: "key" }), ArrayIndex(QueryArrayIndex { index: 1 })] })))`', src/main.rs:100:9
[INFO] [stdout] stack backtrace:
[INFO] [stdout]    0:     0x56481419d9ea - std::backtrace_rs::backtrace::libunwind::trace::h2f05d0192276a8f6
[INFO] [stdout]                                at /rustc/1b7dd2252b99671ce5d1cb9664c5f8636329436d/library/std/src/../../backtrace/src/backtrace/libunwind.rs:93:5
[INFO] [stdout]    1:     0x56481419d9ea - std::backtrace_rs::backtrace::trace_unsynchronized::hedc23dff7a1af150
[INFO] [stdout]                                at /rustc/1b7dd2252b99671ce5d1cb9664c5f8636329436d/library/std/src/../../backtrace/src/backtrace/mod.rs:66:5
[INFO] [stdout]    2:     0x56481419d9ea - std::sys_common::backtrace::_print_fmt::h17541ef7592f3ce2
[INFO] [stdout]                                at /rustc/1b7dd2252b99671ce5d1cb9664c5f8636329436d/library/std/src/sys_common/backtrace.rs:65:5
[INFO] [stdout]    3:     0x56481419d9ea - <std::sys_common::backtrace::_print::DisplayBacktrace as core::fmt::Display>::fmt::h20f75df5ab0c0792
[INFO] [stdout]                                at /rustc/1b7dd2252b99671ce5d1cb9664c5f8636329436d/library/std/src/sys_common/backtrace.rs:44:22
[INFO] [stdout]    4:     0x5648141c195f - core::fmt::write::h78109e6f466b3af6
[INFO] [stdout]                                at /rustc/1b7dd2252b99671ce5d1cb9664c5f8636329436d/library/core/src/fmt/mod.rs:1254:17
[INFO] [stdout]    5:     0x56481419ad35 - std::io::Write::write_fmt::hd24bfb68a1b35a25
[INFO] [stdout]                                at /rustc/1b7dd2252b99671ce5d1cb9664c5f8636329436d/library/std/src/io/mod.rs:1698:15
[INFO] [stdout]    6:     0x56481419d7b5 - std::sys_common::backtrace::_print::h8dac57a9f8fbf9a5
[INFO] [stdout]                                at /rustc/1b7dd2252b99671ce5d1cb9664c5f8636329436d/library/std/src/sys_common/backtrace.rs:47:5
[INFO] [stdout]    7:     0x56481419d7b5 - std::sys_common::backtrace::print::hf9ecbf41d1aa712f
[INFO] [stdout]                                at /rustc/1b7dd2252b99671ce5d1cb9664c5f8636329436d/library/std/src/sys_common/backtrace.rs:34:9
[INFO] [stdout]    8:     0x56481419f46e - std::panicking::default_hook::{{closure}}::h04c07acfc84ca028
[INFO] [stdout]                                at /rustc/1b7dd2252b99671ce5d1cb9664c5f8636329436d/library/std/src/panicking.rs:269:22
[INFO] [stdout]    9:     0x56481419f1a1 - std::panicking::default_hook::h01f6bb23e1eceb2c
[INFO] [stdout]                                at /rustc/1b7dd2252b99671ce5d1cb9664c5f8636329436d/library/std/src/panicking.rs:285:9
[INFO] [stdout]   10:     0x56481416fc9b - <alloc::boxed::Box<F,A> as core::ops::function::Fn<Args>>::call::h87fe9f7b2fd49e4c
[INFO] [stdout]                                at /rustc/1b7dd2252b99671ce5d1cb9664c5f8636329436d/library/alloc/src/boxed.rs:1987:9
[INFO] [stdout]   11:     0x56481416fc9b - test::test_main::{{closure}}::he94d679243a7531b
[INFO] [stdout]                                at /rustc/1b7dd2252b99671ce5d1cb9664c5f8636329436d/library/test/src/lib.rs:134:21
[INFO] [stdout]   12:     0x56481419fb54 - <alloc::boxed::Box<F,A> as core::ops::function::Fn<Args>>::call::h3f2d6d8b14c4769f
[INFO] [stdout]                                at /rustc/1b7dd2252b99671ce5d1cb9664c5f8636329436d/library/alloc/src/boxed.rs:1987:9
[INFO] [stdout]   13:     0x56481419fb54 - std::panicking::rust_panic_with_hook::h2bb3722bbaf2f6df
[INFO] [stdout]                                at /rustc/1b7dd2252b99671ce5d1cb9664c5f8636329436d/library/std/src/panicking.rs:695:13
[INFO] [stdout]   14:     0x56481419f8c9 - std::panicking::begin_panic_handler::{{closure}}::h91bc7f36a4be011b
[INFO] [stdout]                                at /rustc/1b7dd2252b99671ce5d1cb9664c5f8636329436d/library/std/src/panicking.rs:582:13
[INFO] [stdout]   15:     0x56481419de56 - std::sys_common::backtrace::__rust_end_short_backtrace::h8b3d3717114f9e59
[INFO] [stdout]                                at /rustc/1b7dd2252b99671ce5d1cb9664c5f8636329436d/library/std/src/sys_common/backtrace.rs:150:18
[INFO] [stdout]   16:     0x56481419f622 - rust_begin_unwind
[INFO] [stdout]                                at /rustc/1b7dd2252b99671ce5d1cb9664c5f8636329436d/library/std/src/panicking.rs:578:5
[INFO] [stdout]   17:     0x564814128ba3 - core::panicking::panic_fmt::hfd368e3fbdabea26
[INFO] [stdout]                                at /rustc/1b7dd2252b99671ce5d1cb9664c5f8636329436d/library/core/src/panicking.rs:67:14
[INFO] [stdout]   18:     0x564814128f6f - core::panicking::assert_failed_inner::haef49168e1798a91
[INFO] [stdout]   19:     0x564814139cda - core::panicking::assert_failed::ha058cd07f9b92951
[INFO] [stdout]                                at /rustc/1b7dd2252b99671ce5d1cb9664c5f8636329436d/library/core/src/panicking.rs:228:5
[INFO] [stdout]   20:     0x56481413c18a - jq_rs::tests::parse_attr_and_index::h36c01d759040fa50
[INFO] [stdout]                                at /opt/rustwide/workdir/src/main.rs:100:9
[INFO] [stdout]   21:     0x56481413bcd7 - jq_rs::tests::parse_attr_and_index::{{closure}}::hb7dc768fae5368d5
[INFO] [stdout]                                at /opt/rustwide/workdir/src/main.rs:92:31
[INFO] [stdout]   22:     0x564814139395 - core::ops::function::FnOnce::call_once::h5c6e377dc7f1665d
[INFO] [stdout]                                at /rustc/1b7dd2252b99671ce5d1cb9664c5f8636329436d/library/core/src/ops/function.rs:250:5
[INFO] [stdout]   23:     0x564814174b6f - core::ops::function::FnOnce::call_once::ha6a70e79f7481a7e
[INFO] [stdout]                                at /rustc/1b7dd2252b99671ce5d1cb9664c5f8636329436d/library/core/src/ops/function.rs:250:5
[INFO] [stdout]   24:     0x564814174b6f - test::__rust_begin_short_backtrace::hce33033019b61e69
[INFO] [stdout]                                at /rustc/1b7dd2252b99671ce5d1cb9664c5f8636329436d/library/test/src/lib.rs:655:18
[INFO] [stdout]   25:     0x56481414235c - test::run_test::{{closure}}::h858d3528838ae3e5
[INFO] [stdout]                                at /rustc/1b7dd2252b99671ce5d1cb9664c5f8636329436d/library/test/src/lib.rs:646:30
[INFO] [stdout]   26:     0x56481414235c - core::ops::function::FnOnce::call_once{{vtable.shim}}::he8ac2b00f01ae79e
[INFO] [stdout]                                at /rustc/1b7dd2252b99671ce5d1cb9664c5f8636329436d/library/core/src/ops/function.rs:250:5
[INFO] [stdout]   27:     0x564814173c46 - <alloc::boxed::Box<F,A> as core::ops::function::FnOnce<Args>>::call_once::h8093d25b522725ef
[INFO] [stdout]                                at /rustc/1b7dd2252b99671ce5d1cb9664c5f8636329436d/library/alloc/src/boxed.rs:1973:9
[INFO] [stdout]   28:     0x564814173c46 - <core::panic::unwind_safe::AssertUnwindSafe<F> as core::ops::function::FnOnce<()>>::call_once::h5c334c204e4a3913
[INFO] [stdout]                                at /rustc/1b7dd2252b99671ce5d1cb9664c5f8636329436d/library/core/src/panic/unwind_safe.rs:271:9
[INFO] [stdout]   29:     0x564814173c46 - std::panicking::try::do_call::ha8b740c7b9478074
[INFO] [stdout]                                at /rustc/1b7dd2252b99671ce5d1cb9664c5f8636329436d/library/std/src/panicking.rs:485:40
[INFO] [stdout]   30:     0x564814173c46 - std::panicking::try::h5d34f63d0e41b64e
[INFO] [stdout]                                at /rustc/1b7dd2252b99671ce5d1cb9664c5f8636329436d/library/std/src/panicking.rs:449:19
[INFO] [stdout]   31:     0x564814173c46 - std::panic::catch_unwind::hcfbb511e1aa7fc67
[INFO] [stdout]                                at /rustc/1b7dd2252b99671ce5d1cb9664c5f8636329436d/library/std/src/panic.rs:140:14
[INFO] [stdout]   32:     0x564814173c46 - test::run_test_in_process::h9abda90f802eaf21
[INFO] [stdout]                                at /rustc/1b7dd2252b99671ce5d1cb9664c5f8636329436d/library/test/src/lib.rs:678:27
[INFO] [stdout]   33:     0x564814173c46 - test::run_test::run_test_inner::{{closure}}::h0f058de91f6c6edf
[INFO] [stdout]                                at /rustc/1b7dd2252b99671ce5d1cb9664c5f8636329436d/library/test/src/lib.rs:572:39
[INFO] [stdout]   34:     0x56481413cb65 - test::run_test::run_test_inner::{{closure}}::h5ca48a4c59c6c1fb
[INFO] [stdout]                                at /rustc/1b7dd2252b99671ce5d1cb9664c5f8636329436d/library/test/src/lib.rs:599:37
[INFO] [stdout]   35:     0x56481413cb65 - std::sys_common::backtrace::__rust_begin_short_backtrace::h32bd51e1495d4a33
[INFO] [stdout]                                at /rustc/1b7dd2252b99671ce5d1cb9664c5f8636329436d/library/std/src/sys_common/backtrace.rs:134:18
[INFO] [stdout]   36:     0x5648141420a1 - std::thread::Builder::spawn_unchecked_::{{closure}}::{{closure}}::hc086fae9b128b2db
[INFO] [stdout]                                at /rustc/1b7dd2252b99671ce5d1cb9664c5f8636329436d/library/std/src/thread/mod.rs:526:17
[INFO] [stdout]   37:     0x5648141420a1 - <core::panic::unwind_safe::AssertUnwindSafe<F> as core::ops::function::FnOnce<()>>::call_once::hb66571888d270d43
[INFO] [stdout]                                at /rustc/1b7dd2252b99671ce5d1cb9664c5f8636329436d/library/core/src/panic/unwind_safe.rs:271:9
[INFO] [stdout]   38:     0x5648141420a1 - std::panicking::try::do_call::h4fa2ef4f6e51fecf
[INFO] [stdout]                                at /rustc/1b7dd2252b99671ce5d1cb9664c5f8636329436d/library/std/src/panicking.rs:485:40
[INFO] [stdout]   39:     0x5648141420a1 - std::panicking::try::h1e9e22b8584489b5
[INFO] [stdout]                                at /rustc/1b7dd2252b99671ce5d1cb9664c5f8636329436d/library/std/src/panicking.rs:449:19
[INFO] [stdout]   40:     0x5648141420a1 - std::panic::catch_unwind::h44698a3de0e0769e
[INFO] [stdout]                                at /rustc/1b7dd2252b99671ce5d1cb9664c5f8636329436d/library/std/src/panic.rs:140:14
[INFO] [stdout]   41:     0x5648141420a1 - std::thread::Builder::spawn_unchecked_::{{closure}}::h50153abde3fe239e
[INFO] [stdout]                                at /rustc/1b7dd2252b99671ce5d1cb9664c5f8636329436d/library/std/src/thread/mod.rs:525:30
[INFO] [stdout]   42:     0x5648141420a1 - core::ops::function::FnOnce::call_once{{vtable.shim}}::hbe5bbf6f38394364
[INFO] [stdout]                                at /rustc/1b7dd2252b99671ce5d1cb9664c5f8636329436d/library/core/src/ops/function.rs:250:5
[INFO] [stdout]   43:     0x5648141a4025 - <alloc::boxed::Box<F,A> as core::ops::function::FnOnce<Args>>::call_once::h0d83cb2920a49046
[INFO] [stdout]                                at /rustc/1b7dd2252b99671ce5d1cb9664c5f8636329436d/library/alloc/src/boxed.rs:1973:9
[INFO] [stdout]   44:     0x5648141a4025 - <alloc::boxed::Box<F,A> as core::ops::function::FnOnce<Args>>::call_once::hbe0a008aa7d9ef59
[INFO] [stdout]                                at /rustc/1b7dd2252b99671ce5d1cb9664c5f8636329436d/library/alloc/src/boxed.rs:1973:9
[INFO] [stdout]   45:     0x5648141a4025 - std::sys::unix::thread::Thread::new::thread_start::h3a466996bdf6b1f9
[INFO] [stdout]                                at /rustc/1b7dd2252b99671ce5d1cb9664c5f8636329436d/library/std/src/sys/unix/thread.rs:108:17
[INFO] [stdout]   46:     0x7fddb6edeb43 - <unknown>
[INFO] [stdout]   47:     0x7fddb6f6fbb4 - __clone
[INFO] [stdout]   48:                0x0 - <unknown>
[INFO] [stdout] 
[INFO] [stdout] 
[INFO] [stdout] failures:
[INFO] [stdout]     tests::parse_attr_and_index
[INFO] [stdout] 
[INFO] [stdout] test result: FAILED. 9 passed; 1 failed; 0 ignored; 0 measured; 0 filtered out; finished in 0.02s
[INFO] [stdout] 
[INFO] [stderr] error: test failed, to rerun pass `--bin jq-rs`
[INFO] running `Command { std: "docker" "inspect" "49629732cb588e0de2940161a8baaf76d1620cf6ea205f8a039afb3b856ee4c7", kill_on_drop: false }`
[INFO] running `Command { std: "docker" "rm" "-f" "49629732cb588e0de2940161a8baaf76d1620cf6ea205f8a039afb3b856ee4c7", kill_on_drop: false }`
[INFO] [stdout] 49629732cb588e0de2940161a8baaf76d1620cf6ea205f8a039afb3b856ee4c7
