[INFO] cloning repository https://github.com/grauwoelfchen/20min
[INFO] running `Command { std: "git" "-c" "credential.helper=" "-c" "credential.helper=/workspace/cargo-home/bin/git-credential-null" "clone" "--bare" "https://github.com/grauwoelfchen/20min" "/workspace/cache/git-repos/https%3A%2F%2Fgithub.com%2Fgrauwoelfchen%2F20min", kill_on_drop: false }`
[INFO] [stderr] Cloning into bare repository '/workspace/cache/git-repos/https%3A%2F%2Fgithub.com%2Fgrauwoelfchen%2F20min'...
[INFO] running `Command { std: "git" "rev-parse" "HEAD", kill_on_drop: false }`
[INFO] [stdout] 1c30e7b48119adacdc7b4fb63b7e0078828e348b
[INFO] testing grauwoelfchen/20min against 1.69.0 for beta-1.70-1
[INFO] running `Command { std: "git" "clone" "/workspace/cache/git-repos/https%3A%2F%2Fgithub.com%2Fgrauwoelfchen%2F20min" "/workspace/builds/worker-6-tc1/source", kill_on_drop: false }`
[INFO] [stderr] Cloning into '/workspace/builds/worker-6-tc1/source'...
[INFO] [stderr] done.
[INFO] validating manifest of git repo https://github.com/grauwoelfchen/20min on toolchain 1.69.0
[INFO] running `Command { std: CARGO_HOME="/workspace/cargo-home" RUSTUP_HOME="/workspace/rustup-home" "/workspace/cargo-home/bin/cargo" "+1.69.0" "metadata" "--manifest-path" "Cargo.toml" "--no-deps", kill_on_drop: false }`
[INFO] removed /workspace/builds/worker-6-tc1/source/rust-toolchain
[INFO] started tweaking git repo https://github.com/grauwoelfchen/20min
[INFO] removed 0 missing tests
[INFO] finished tweaking git repo https://github.com/grauwoelfchen/20min
[INFO] tweaked toml for git repo https://github.com/grauwoelfchen/20min written to /workspace/builds/worker-6-tc1/source/Cargo.toml
[INFO] crate git repo https://github.com/grauwoelfchen/20min already has a lockfile, it will not be regenerated
[INFO] running `Command { std: CARGO_HOME="/workspace/cargo-home" RUSTUP_HOME="/workspace/rustup-home" "/workspace/cargo-home/bin/cargo" "+1.69.0" "fetch" "--manifest-path" "Cargo.toml", kill_on_drop: false }`
[INFO] running `Command { std: "docker" "create" "-v" "/var/lib/crater-agent-workspace/builds/worker-6-tc1/target:/opt/rustwide/target:rw,Z" "-v" "/var/lib/crater-agent-workspace/builds/worker-6-tc1/source:/opt/rustwide/workdir:ro,Z" "-v" "/var/lib/crater-agent-workspace/cargo-home:/opt/rustwide/cargo-home:ro,Z" "-v" "/var/lib/crater-agent-workspace/rustup-home:/opt/rustwide/rustup-home:ro,Z" "-e" "SOURCE_DIR=/opt/rustwide/workdir" "-e" "CARGO_TARGET_DIR=/opt/rustwide/target" "-e" "CARGO_HOME=/opt/rustwide/cargo-home" "-e" "RUSTUP_HOME=/opt/rustwide/rustup-home" "-w" "/opt/rustwide/workdir" "-m" "1610612736" "--user" "0:0" "--network" "none" "ghcr.io/rust-lang/crates-build-env/linux@sha256:5ff2268d62e97bff2cde7d5815dd6ed5b47097566f13b8d0ca110b04b60e07ed" "/opt/rustwide/cargo-home/bin/cargo" "+1.69.0" "metadata" "--no-deps" "--format-version=1", kill_on_drop: false }`
[INFO] [stdout] 57a1ccf741894822b4e9d628000ebeac2b1d763b08ed2adc0c54b6af380b3a5e
[INFO] running `Command { std: "docker" "start" "-a" "57a1ccf741894822b4e9d628000ebeac2b1d763b08ed2adc0c54b6af380b3a5e", kill_on_drop: false }`
[INFO] running `Command { std: "docker" "inspect" "57a1ccf741894822b4e9d628000ebeac2b1d763b08ed2adc0c54b6af380b3a5e", kill_on_drop: false }`
[INFO] running `Command { std: "docker" "rm" "-f" "57a1ccf741894822b4e9d628000ebeac2b1d763b08ed2adc0c54b6af380b3a5e", kill_on_drop: false }`
[INFO] [stdout] 57a1ccf741894822b4e9d628000ebeac2b1d763b08ed2adc0c54b6af380b3a5e
[INFO] running `Command { std: "docker" "create" "-v" "/var/lib/crater-agent-workspace/builds/worker-6-tc1/target:/opt/rustwide/target:rw,Z" "-v" "/var/lib/crater-agent-workspace/builds/worker-6-tc1/source:/opt/rustwide/workdir:ro,Z" "-v" "/var/lib/crater-agent-workspace/cargo-home:/opt/rustwide/cargo-home:ro,Z" "-v" "/var/lib/crater-agent-workspace/rustup-home:/opt/rustwide/rustup-home:ro,Z" "-e" "SOURCE_DIR=/opt/rustwide/workdir" "-e" "CARGO_TARGET_DIR=/opt/rustwide/target" "-e" "CARGO_INCREMENTAL=0" "-e" "RUST_BACKTRACE=full" "-e" "RUSTFLAGS=--cap-lints=warn" "-e" "RUSTDOCFLAGS=--cap-lints=warn" "-e" "CARGO_HOME=/opt/rustwide/cargo-home" "-e" "RUSTUP_HOME=/opt/rustwide/rustup-home" "-w" "/opt/rustwide/workdir" "-m" "1610612736" "--user" "0:0" "--network" "none" "ghcr.io/rust-lang/crates-build-env/linux@sha256:5ff2268d62e97bff2cde7d5815dd6ed5b47097566f13b8d0ca110b04b60e07ed" "/opt/rustwide/cargo-home/bin/cargo" "+1.69.0" "build" "--frozen" "--message-format=json", kill_on_drop: false }`
[INFO] [stdout] d56a67a0ba7565dcace6c089886cbe7da4a1b3453414d16baae4576cd36512d7
[INFO] running `Command { std: "docker" "start" "-a" "d56a67a0ba7565dcace6c089886cbe7da4a1b3453414d16baae4576cd36512d7", kill_on_drop: false }`
[INFO] [stderr]    Compiling version_check v0.9.3
[INFO] [stderr]    Compiling proc-macro2 v1.0.27
[INFO] [stderr]    Compiling unicode-xid v0.2.2
[INFO] [stderr]    Compiling syn v1.0.73
[INFO] [stderr]    Compiling unicode-width v0.1.5
[INFO] [stderr]    Compiling unicode-segmentation v1.3.0
[INFO] [stderr]    Compiling bitflags v1.0.4
[INFO] [stderr]    Compiling lazy_static v1.4.0
[INFO] [stderr]    Compiling textwrap v0.11.0
[INFO] [stderr]    Compiling clap v2.33.3
[INFO] [stderr]    Compiling proc-macro-error-attr v1.0.4
[INFO] [stderr]    Compiling proc-macro-error v1.0.4
[INFO] [stderr]    Compiling heck v0.3.1
[INFO] [stderr]    Compiling quote v1.0.9
[INFO] [stderr]    Compiling structopt-derive v0.4.18
[INFO] [stderr]    Compiling structopt v0.3.26
[INFO] [stderr]    Compiling twenty-minutes v0.0.3 (/opt/rustwide/workdir)
[INFO] [stderr]     Finished dev [unoptimized + debuginfo] target(s) in 10.41s
[INFO] running `Command { std: "docker" "inspect" "d56a67a0ba7565dcace6c089886cbe7da4a1b3453414d16baae4576cd36512d7", kill_on_drop: false }`
[INFO] running `Command { std: "docker" "rm" "-f" "d56a67a0ba7565dcace6c089886cbe7da4a1b3453414d16baae4576cd36512d7", kill_on_drop: false }`
[INFO] [stdout] d56a67a0ba7565dcace6c089886cbe7da4a1b3453414d16baae4576cd36512d7
[INFO] running `Command { std: "docker" "create" "-v" "/var/lib/crater-agent-workspace/builds/worker-6-tc1/target:/opt/rustwide/target:rw,Z" "-v" "/var/lib/crater-agent-workspace/builds/worker-6-tc1/source:/opt/rustwide/workdir:ro,Z" "-v" "/var/lib/crater-agent-workspace/cargo-home:/opt/rustwide/cargo-home:ro,Z" "-v" "/var/lib/crater-agent-workspace/rustup-home:/opt/rustwide/rustup-home:ro,Z" "-e" "SOURCE_DIR=/opt/rustwide/workdir" "-e" "CARGO_TARGET_DIR=/opt/rustwide/target" "-e" "CARGO_INCREMENTAL=0" "-e" "RUST_BACKTRACE=full" "-e" "RUSTFLAGS=--cap-lints=warn" "-e" "RUSTDOCFLAGS=--cap-lints=warn" "-e" "CARGO_HOME=/opt/rustwide/cargo-home" "-e" "RUSTUP_HOME=/opt/rustwide/rustup-home" "-w" "/opt/rustwide/workdir" "-m" "1610612736" "--user" "0:0" "--network" "none" "ghcr.io/rust-lang/crates-build-env/linux@sha256:5ff2268d62e97bff2cde7d5815dd6ed5b47097566f13b8d0ca110b04b60e07ed" "/opt/rustwide/cargo-home/bin/cargo" "+1.69.0" "test" "--frozen" "--no-run" "--message-format=json", kill_on_drop: false }`
[INFO] [stdout] 89624a5bcec2436b1666ec896c2ad0587388771542d49857fa0158ed2195088c
[INFO] running `Command { std: "docker" "start" "-a" "89624a5bcec2436b1666ec896c2ad0587388771542d49857fa0158ed2195088c", kill_on_drop: false }`
[INFO] [stderr]    Compiling cargo-husky v1.4.0
[INFO] [stderr]    Compiling twenty-minutes v0.0.3 (/opt/rustwide/workdir)
[INFO] [stderr]     Finished test [unoptimized + debuginfo] target(s) in 1.14s
[INFO] running `Command { std: "docker" "inspect" "89624a5bcec2436b1666ec896c2ad0587388771542d49857fa0158ed2195088c", kill_on_drop: false }`
[INFO] running `Command { std: "docker" "rm" "-f" "89624a5bcec2436b1666ec896c2ad0587388771542d49857fa0158ed2195088c", kill_on_drop: false }`
[INFO] [stdout] 89624a5bcec2436b1666ec896c2ad0587388771542d49857fa0158ed2195088c
[INFO] running `Command { std: "docker" "create" "-v" "/var/lib/crater-agent-workspace/builds/worker-6-tc1/target:/opt/rustwide/target:rw,Z" "-v" "/var/lib/crater-agent-workspace/builds/worker-6-tc1/source:/opt/rustwide/workdir:ro,Z" "-v" "/var/lib/crater-agent-workspace/cargo-home:/opt/rustwide/cargo-home:ro,Z" "-v" "/var/lib/crater-agent-workspace/rustup-home:/opt/rustwide/rustup-home:ro,Z" "-e" "SOURCE_DIR=/opt/rustwide/workdir" "-e" "CARGO_TARGET_DIR=/opt/rustwide/target" "-e" "CARGO_INCREMENTAL=0" "-e" "RUST_BACKTRACE=full" "-e" "RUSTFLAGS=--cap-lints=warn" "-e" "RUSTDOCFLAGS=--cap-lints=warn" "-e" "CARGO_HOME=/opt/rustwide/cargo-home" "-e" "RUSTUP_HOME=/opt/rustwide/rustup-home" "-w" "/opt/rustwide/workdir" "-m" "1610612736" "--user" "0:0" "--network" "none" "ghcr.io/rust-lang/crates-build-env/linux@sha256:5ff2268d62e97bff2cde7d5815dd6ed5b47097566f13b8d0ca110b04b60e07ed" "/opt/rustwide/cargo-home/bin/cargo" "+1.69.0" "test" "--frozen", kill_on_drop: false }`
[INFO] [stdout] add3236384b82dc4fa2ec71314bea7dfb8f40659567775dba335a01c653715c2
[INFO] running `Command { std: "docker" "start" "-a" "add3236384b82dc4fa2ec71314bea7dfb8f40659567775dba335a01c653715c2", kill_on_drop: false }`
[INFO] [stderr]     Finished test [unoptimized + debuginfo] target(s) in 0.01s
[INFO] [stderr]      Running unittests src/lib.rs (/opt/rustwide/target/debug/deps/twenty_minutes-7b7242bb97e4855c)
[INFO] [stdout] 
[INFO] [stdout] running 3 tests
[INFO] [stdout] test test::test_parse_pair ... ok
[INFO] [stdout] test test::test_split_arg ... ok
[INFO] [stdout] test config::config_test::test_config_to_tuple ... ok
[INFO] [stdout] 
[INFO] [stdout] test result: ok. 3 passed; 0 failed; 0 ignored; 0 measured; 0 filtered out; finished in 0.01s
[INFO] [stdout] 
[INFO] [stderr]      Running unittests src/main.rs (/opt/rustwide/target/debug/deps/20min-706df6204e9a7814)
[INFO] [stdout] 
[INFO] [stdout] running 0 tests
[INFO] [stdout] 
[INFO] [stdout] test result: ok. 0 passed; 0 failed; 0 ignored; 0 measured; 0 filtered out; finished in 0.00s
[INFO] [stdout] 
[INFO] [stderr]      Running test/test.rs (/opt/rustwide/target/debug/deps/integration-2384098bcab62fad)
[INFO] [stdout] 
[INFO] [stdout] running 7 tests
[INFO] [stdout] test args::test::test_run_with_invalid_args_no_comma ... ok
[INFO] [stdout] test opts::test::test_run_with_unknown_opts ... ok
[INFO] [stdout] test args::test::test_run_with_invalid_args_and_comma ... ok
[INFO] [stdout] test opts::test::test_run_with_invalid_opts ... ok
[INFO] [stdout] test args::test::test_run_with_valid_args_and_comma ... ok
[INFO] [stdout] test args::test::test_run_with_valid_args_no_comma ... ok
[INFO] [stdout] test opts::test::test_run_with_valid_opts ... ok
[INFO] [stdout] 
[INFO] [stdout] test result: ok. 7 passed; 0 failed; 0 ignored; 0 measured; 0 filtered out; finished in 4.00s
[INFO] [stdout] 
[INFO] [stderr]    Doc-tests twenty_minutes
[INFO] [stdout] 
[INFO] [stdout] running 3 tests
[INFO] [stdout] test src/ticker.rs - ticker::progress (line 12) ... FAILED
[INFO] [stdout] test src/lib.rs - split_arg (line 41) ... FAILED
[INFO] [stdout] test src/lib.rs - parse_pair (line 17) ... FAILED
[INFO] [stdout] 
[INFO] [stdout] failures:
[INFO] [stdout] 
[INFO] [stdout] ---- src/ticker.rs - ticker::progress (line 12) stdout ----
[INFO] [stdout] error[E0425]: cannot find function `progress` in this scope
[INFO] [stdout]  --> src/ticker.rs:13:16
[INFO] [stdout]   |
[INFO] [stdout] 3 | assert_eq!("", progress(10, 100, "Working"));
[INFO] [stdout]   |                ^^^^^^^^ not found in this scope
[INFO] [stdout]   |
[INFO] [stdout] help: consider importing this function
[INFO] [stdout]   |
[INFO] [stdout] 2 | use twenty_minutes::ticker::progress;
[INFO] [stdout]   |
[INFO] [stdout] 
[INFO] [stdout] error: aborting due to previous error
[INFO] [stdout] 
[INFO] [stdout] For more information about this error, try `rustc --explain E0425`.
[INFO] [stdout] Couldn't compile the test.
[INFO] [stdout] ---- src/lib.rs - split_arg (line 41) stdout ----
[INFO] [stdout] error[E0425]: cannot find function `split_arg` in this scope
[INFO] [stdout]  --> src/lib.rs:44:5
[INFO] [stdout]   |
[INFO] [stdout] 5 |     split_arg("10,")
[INFO] [stdout]   |     ^^^^^^^^^ not found in this scope
[INFO] [stdout]   |
[INFO] [stdout] help: consider importing this function
[INFO] [stdout]   |
[INFO] [stdout] 2 | use twenty_minutes::split_arg;
[INFO] [stdout]   |
[INFO] [stdout] 
[INFO] [stdout] error: aborting due to previous error
[INFO] [stdout] 
[INFO] [stdout] For more information about this error, try `rustc --explain E0425`.
[INFO] [stdout] Couldn't compile the test.
[INFO] [stdout] ---- src/lib.rs - parse_pair (line 17) stdout ----
[INFO] [stdout] error[E0425]: cannot find function `parse_pair` in this scope
[INFO] [stdout]  --> src/lib.rs:18:18
[INFO] [stdout]   |
[INFO] [stdout] 3 | assert_eq!(None, parse_pair::<i32>("", ','));
[INFO] [stdout]   |                  ^^^^^^^^^^ not found in this scope
[INFO] [stdout] 
[INFO] [stdout] error[E0061]: this enum variant takes 1 argument but 2 arguments were supplied
[INFO] [stdout]  --> src/lib.rs:19:12
[INFO] [stdout]   |
[INFO] [stdout] 4 | assert_eq!(Some("15", "5"), parse_pair::<i32>("15,5", ','));
[INFO] [stdout]   |            ^^^^     -----
[INFO] [stdout]   |                     | |
[INFO] [stdout]   |                     | unexpected argument of type `&'static str`
[INFO] [stdout]   |                     help: remove the extra argument
[INFO] [stdout]   |
[INFO] [stdout] note: tuple variant defined here
[INFO] [stdout]  --> /rustc/84c898d65adf2f39a5a98507f1fe0ce10a2b8dbc/library/core/src/option.rs:571:5
[INFO] [stdout] 
[INFO] [stdout] error[E0425]: cannot find function `parse_pair` in this scope
[INFO] [stdout]  --> src/lib.rs:19:29
[INFO] [stdout]   |
[INFO] [stdout] 4 | assert_eq!(Some("15", "5"), parse_pair::<i32>("15,5", ','));
[INFO] [stdout]   |                             ^^^^^^^^^^ not found in this scope
[INFO] [stdout] 
[INFO] [stdout] error: aborting due to 3 previous errors
[INFO] [stdout] 
[INFO] [stdout] Some errors have detailed explanations: E0061, E0425.
[INFO] [stdout] For more information about an error, try `rustc --explain E0061`.
[INFO] [stdout] Couldn't compile the test.
[INFO] [stdout] 
[INFO] [stdout] failures:
[INFO] [stdout]     src/lib.rs - parse_pair (line 17)
[INFO] [stdout]     src/lib.rs - split_arg (line 41)
[INFO] [stdout]     src/ticker.rs - ticker::progress (line 12)
[INFO] [stdout] 
[INFO] [stdout] test result: FAILED. 0 passed; 3 failed; 0 ignored; 0 measured; 0 filtered out; finished in 0.08s
[INFO] [stdout] 
[INFO] [stderr] error: doctest failed, to rerun pass `--doc`
[INFO] running `Command { std: "docker" "inspect" "add3236384b82dc4fa2ec71314bea7dfb8f40659567775dba335a01c653715c2", kill_on_drop: false }`
[INFO] running `Command { std: "docker" "rm" "-f" "add3236384b82dc4fa2ec71314bea7dfb8f40659567775dba335a01c653715c2", kill_on_drop: false }`
[INFO] [stdout] add3236384b82dc4fa2ec71314bea7dfb8f40659567775dba335a01c653715c2
