[INFO] cloning repository https://github.com/grasegger/rustdoc-talk
[INFO] running `Command { std: "git" "-c" "credential.helper=" "-c" "credential.helper=/workspace/cargo-home/bin/git-credential-null" "clone" "--bare" "https://github.com/grasegger/rustdoc-talk" "/workspace/cache/git-repos/https%3A%2F%2Fgithub.com%2Fgrasegger%2Frustdoc-talk", kill_on_drop: false }`
[INFO] [stderr] Cloning into bare repository '/workspace/cache/git-repos/https%3A%2F%2Fgithub.com%2Fgrasegger%2Frustdoc-talk'...
[INFO] running `Command { std: "git" "rev-parse" "HEAD", kill_on_drop: false }`
[INFO] [stdout] 40f962daa73844747058c54f0e67ea432a17b249
[INFO] testing grasegger/rustdoc-talk against beta-2023-04-20 for beta-1.70-1
[INFO] running `Command { std: "git" "clone" "/workspace/cache/git-repos/https%3A%2F%2Fgithub.com%2Fgrasegger%2Frustdoc-talk" "/workspace/builds/worker-5-tc2/source", kill_on_drop: false }`
[INFO] [stderr] Cloning into '/workspace/builds/worker-5-tc2/source'...
[INFO] [stderr] done.
[INFO] validating manifest of git repo https://github.com/grasegger/rustdoc-talk on toolchain beta-2023-04-20
[INFO] running `Command { std: CARGO_HOME="/workspace/cargo-home" RUSTUP_HOME="/workspace/rustup-home" "/workspace/cargo-home/bin/cargo" "+beta-2023-04-20" "metadata" "--manifest-path" "Cargo.toml" "--no-deps", kill_on_drop: false }`
[INFO] started tweaking git repo https://github.com/grasegger/rustdoc-talk
[INFO] finished tweaking git repo https://github.com/grasegger/rustdoc-talk
[INFO] tweaked toml for git repo https://github.com/grasegger/rustdoc-talk written to /workspace/builds/worker-5-tc2/source/Cargo.toml
[INFO] crate git repo https://github.com/grasegger/rustdoc-talk already has a lockfile, it will not be regenerated
[INFO] running `Command { std: CARGO_HOME="/workspace/cargo-home" RUSTUP_HOME="/workspace/rustup-home" "/workspace/cargo-home/bin/cargo" "+beta-2023-04-20" "fetch" "--manifest-path" "Cargo.toml", kill_on_drop: false }`
[INFO] running `Command { std: "docker" "create" "-v" "/var/lib/crater-agent-workspace/builds/worker-5-tc2/target:/opt/rustwide/target:rw,Z" "-v" "/var/lib/crater-agent-workspace/builds/worker-5-tc2/source:/opt/rustwide/workdir:ro,Z" "-v" "/var/lib/crater-agent-workspace/cargo-home:/opt/rustwide/cargo-home:ro,Z" "-v" "/var/lib/crater-agent-workspace/rustup-home:/opt/rustwide/rustup-home:ro,Z" "-e" "SOURCE_DIR=/opt/rustwide/workdir" "-e" "CARGO_TARGET_DIR=/opt/rustwide/target" "-e" "CARGO_HOME=/opt/rustwide/cargo-home" "-e" "RUSTUP_HOME=/opt/rustwide/rustup-home" "-w" "/opt/rustwide/workdir" "-m" "1610612736" "--user" "0:0" "--network" "none" "ghcr.io/rust-lang/crates-build-env/linux@sha256:5ff2268d62e97bff2cde7d5815dd6ed5b47097566f13b8d0ca110b04b60e07ed" "/opt/rustwide/cargo-home/bin/cargo" "+beta-2023-04-20" "metadata" "--no-deps" "--format-version=1", kill_on_drop: false }`
[INFO] [stdout] c3eda7e663592cb14223c7a336e8c5e0281d4c55b705133d0b8b3ff8a771e449
[INFO] running `Command { std: "docker" "start" "-a" "c3eda7e663592cb14223c7a336e8c5e0281d4c55b705133d0b8b3ff8a771e449", kill_on_drop: false }`
[INFO] running `Command { std: "docker" "inspect" "c3eda7e663592cb14223c7a336e8c5e0281d4c55b705133d0b8b3ff8a771e449", kill_on_drop: false }`
[INFO] running `Command { std: "docker" "rm" "-f" "c3eda7e663592cb14223c7a336e8c5e0281d4c55b705133d0b8b3ff8a771e449", kill_on_drop: false }`
[INFO] [stdout] c3eda7e663592cb14223c7a336e8c5e0281d4c55b705133d0b8b3ff8a771e449
[INFO] running `Command { std: "docker" "create" "-v" "/var/lib/crater-agent-workspace/builds/worker-5-tc2/target:/opt/rustwide/target:rw,Z" "-v" "/var/lib/crater-agent-workspace/builds/worker-5-tc2/source:/opt/rustwide/workdir:ro,Z" "-v" "/var/lib/crater-agent-workspace/cargo-home:/opt/rustwide/cargo-home:ro,Z" "-v" "/var/lib/crater-agent-workspace/rustup-home:/opt/rustwide/rustup-home:ro,Z" "-e" "SOURCE_DIR=/opt/rustwide/workdir" "-e" "CARGO_TARGET_DIR=/opt/rustwide/target" "-e" "CARGO_INCREMENTAL=0" "-e" "RUST_BACKTRACE=full" "-e" "RUSTFLAGS=--cap-lints=warn" "-e" "RUSTDOCFLAGS=--cap-lints=warn" "-e" "CARGO_HOME=/opt/rustwide/cargo-home" "-e" "RUSTUP_HOME=/opt/rustwide/rustup-home" "-w" "/opt/rustwide/workdir" "-m" "1610612736" "--user" "0:0" "--network" "none" "ghcr.io/rust-lang/crates-build-env/linux@sha256:5ff2268d62e97bff2cde7d5815dd6ed5b47097566f13b8d0ca110b04b60e07ed" "/opt/rustwide/cargo-home/bin/cargo" "+beta-2023-04-20" "build" "--frozen" "--message-format=json", kill_on_drop: false }`
[INFO] [stdout] e60e59c56c0a60cc0a7d555eb4ee22c141aa7703e5307ccae113c042d1ae7ea1
[INFO] running `Command { std: "docker" "start" "-a" "e60e59c56c0a60cc0a7d555eb4ee22c141aa7703e5307ccae113c042d1ae7ea1", kill_on_drop: false }`
[INFO] [stderr]    Compiling s07-code-samples-setup v0.1.0 (/opt/rustwide/workdir/07-code-samples-setup)
[INFO] [stderr]    Compiling s06-code-samples v0.1.0 (/opt/rustwide/workdir/06-code-samples)
[INFO] [stderr]    Compiling s08-all-the-links v0.1.0 (/opt/rustwide/workdir/08-all-the-links)
[INFO] [stderr]    Compiling s03-crate-comments v0.1.0 (/opt/rustwide/workdir/03-crate-comments)
[INFO] [stderr]    Compiling s01-hello-rustdoc v0.1.0 (/opt/rustwide/workdir/01-hello-rustdoc)
[INFO] [stderr]    Compiling s04-its-markdown v0.1.0 (/opt/rustwide/workdir/04-its-markdown)
[INFO] [stderr]    Compiling s05-ensure-docs v0.1.0 (/opt/rustwide/workdir/05-ensure-docs)
[INFO] [stderr]    Compiling s02-module-comments v0.1.0 (/opt/rustwide/workdir/02-module-comments)
[INFO] [stdout] warning: function `Foo` should have a snake case name
[INFO] [stdout]  --> 08-all-the-links/src/links.rs:9:8
[INFO] [stdout]   |
[INFO] [stdout] 9 | pub fn Foo() {
[INFO] [stdout]   |        ^^^ help: convert the identifier to snake case (notice the capitalization): `foo`
[INFO] [stdout]   |
[INFO] [stdout]   = note: `#[warn(non_snake_case)]` on by default
[INFO] [stdout] 
[INFO] [stdout] 
[INFO] [stdout] warning: 1 warning emitted
[INFO] [stdout] 
[INFO] [stdout] 
[INFO] [stderr]     Finished dev [unoptimized + debuginfo] target(s) in 0.44s
[INFO] running `Command { std: "docker" "inspect" "e60e59c56c0a60cc0a7d555eb4ee22c141aa7703e5307ccae113c042d1ae7ea1", kill_on_drop: false }`
[INFO] running `Command { std: "docker" "rm" "-f" "e60e59c56c0a60cc0a7d555eb4ee22c141aa7703e5307ccae113c042d1ae7ea1", kill_on_drop: false }`
[INFO] [stdout] e60e59c56c0a60cc0a7d555eb4ee22c141aa7703e5307ccae113c042d1ae7ea1
[INFO] running `Command { std: "docker" "create" "-v" "/var/lib/crater-agent-workspace/builds/worker-5-tc2/target:/opt/rustwide/target:rw,Z" "-v" "/var/lib/crater-agent-workspace/builds/worker-5-tc2/source:/opt/rustwide/workdir:ro,Z" "-v" "/var/lib/crater-agent-workspace/cargo-home:/opt/rustwide/cargo-home:ro,Z" "-v" "/var/lib/crater-agent-workspace/rustup-home:/opt/rustwide/rustup-home:ro,Z" "-e" "SOURCE_DIR=/opt/rustwide/workdir" "-e" "CARGO_TARGET_DIR=/opt/rustwide/target" "-e" "CARGO_INCREMENTAL=0" "-e" "RUST_BACKTRACE=full" "-e" "RUSTFLAGS=--cap-lints=warn" "-e" "RUSTDOCFLAGS=--cap-lints=warn" "-e" "CARGO_HOME=/opt/rustwide/cargo-home" "-e" "RUSTUP_HOME=/opt/rustwide/rustup-home" "-w" "/opt/rustwide/workdir" "-m" "1610612736" "--user" "0:0" "--network" "none" "ghcr.io/rust-lang/crates-build-env/linux@sha256:5ff2268d62e97bff2cde7d5815dd6ed5b47097566f13b8d0ca110b04b60e07ed" "/opt/rustwide/cargo-home/bin/cargo" "+beta-2023-04-20" "test" "--frozen" "--no-run" "--message-format=json", kill_on_drop: false }`
[INFO] [stdout] da01a8d7a6614f0640598c632198c876b6312b8fa221b2b8cee1586330b3fed1
[INFO] running `Command { std: "docker" "start" "-a" "da01a8d7a6614f0640598c632198c876b6312b8fa221b2b8cee1586330b3fed1", kill_on_drop: false }`
[INFO] [stdout] warning: function `Foo` should have a snake case name
[INFO] [stdout]  --> 08-all-the-links/src/links.rs:9:8
[INFO] [stdout]   |
[INFO] [stdout] 9 | pub fn Foo() {
[INFO] [stdout]   |        ^^^ help: convert the identifier to snake case (notice the capitalization): `foo`
[INFO] [stdout]   |
[INFO] [stdout]   = note: `#[warn(non_snake_case)]` on by default
[INFO] [stdout] 
[INFO] [stdout] 
[INFO] [stdout] warning: 1 warning emitted
[INFO] [stdout] 
[INFO] [stdout] 
[INFO] [stderr]    Compiling s02-module-comments v0.1.0 (/opt/rustwide/workdir/02-module-comments)
[INFO] [stderr]    Compiling s04-its-markdown v0.1.0 (/opt/rustwide/workdir/04-its-markdown)
[INFO] [stderr]    Compiling s03-crate-comments v0.1.0 (/opt/rustwide/workdir/03-crate-comments)
[INFO] [stderr]    Compiling s05-ensure-docs v0.1.0 (/opt/rustwide/workdir/05-ensure-docs)
[INFO] [stderr]    Compiling s07-code-samples-setup v0.1.0 (/opt/rustwide/workdir/07-code-samples-setup)
[INFO] [stderr]    Compiling s08-all-the-links v0.1.0 (/opt/rustwide/workdir/08-all-the-links)
[INFO] [stderr]    Compiling s06-code-samples v0.1.0 (/opt/rustwide/workdir/06-code-samples)
[INFO] [stderr]    Compiling s01-hello-rustdoc v0.1.0 (/opt/rustwide/workdir/01-hello-rustdoc)
[INFO] [stdout] warning: function `Foo` should have a snake case name
[INFO] [stdout]  --> 08-all-the-links/src/links.rs:9:8
[INFO] [stdout]   |
[INFO] [stdout] 9 | pub fn Foo() {
[INFO] [stdout]   |        ^^^ help: convert the identifier to snake case (notice the capitalization): `foo`
[INFO] [stdout]   |
[INFO] [stdout]   = note: `#[warn(non_snake_case)]` on by default
[INFO] [stdout] 
[INFO] [stdout] 
[INFO] [stdout] warning: 1 warning emitted
[INFO] [stdout] 
[INFO] [stdout] 
[INFO] [stderr]     Finished test [unoptimized + debuginfo] target(s) in 0.39s
[INFO] running `Command { std: "docker" "inspect" "da01a8d7a6614f0640598c632198c876b6312b8fa221b2b8cee1586330b3fed1", kill_on_drop: false }`
[INFO] running `Command { std: "docker" "rm" "-f" "da01a8d7a6614f0640598c632198c876b6312b8fa221b2b8cee1586330b3fed1", kill_on_drop: false }`
[INFO] [stdout] da01a8d7a6614f0640598c632198c876b6312b8fa221b2b8cee1586330b3fed1
[INFO] running `Command { std: "docker" "create" "-v" "/var/lib/crater-agent-workspace/builds/worker-5-tc2/target:/opt/rustwide/target:rw,Z" "-v" "/var/lib/crater-agent-workspace/builds/worker-5-tc2/source:/opt/rustwide/workdir:ro,Z" "-v" "/var/lib/crater-agent-workspace/cargo-home:/opt/rustwide/cargo-home:ro,Z" "-v" "/var/lib/crater-agent-workspace/rustup-home:/opt/rustwide/rustup-home:ro,Z" "-e" "SOURCE_DIR=/opt/rustwide/workdir" "-e" "CARGO_TARGET_DIR=/opt/rustwide/target" "-e" "CARGO_INCREMENTAL=0" "-e" "RUST_BACKTRACE=full" "-e" "RUSTFLAGS=--cap-lints=warn" "-e" "RUSTDOCFLAGS=--cap-lints=warn" "-e" "CARGO_HOME=/opt/rustwide/cargo-home" "-e" "RUSTUP_HOME=/opt/rustwide/rustup-home" "-w" "/opt/rustwide/workdir" "-m" "1610612736" "--user" "0:0" "--network" "none" "ghcr.io/rust-lang/crates-build-env/linux@sha256:5ff2268d62e97bff2cde7d5815dd6ed5b47097566f13b8d0ca110b04b60e07ed" "/opt/rustwide/cargo-home/bin/cargo" "+beta-2023-04-20" "test" "--frozen", kill_on_drop: false }`
[INFO] [stdout] c7791b8add5099f1e374945cc8abd45f85bbabac28dc8323ae47220cfd5def8f
[INFO] running `Command { std: "docker" "start" "-a" "c7791b8add5099f1e374945cc8abd45f85bbabac28dc8323ae47220cfd5def8f", kill_on_drop: false }`
[INFO] [stderr] warning: function `Foo` should have a snake case name
[INFO] [stderr]  --> 08-all-the-links/src/links.rs:9:8
[INFO] [stderr]   |
[INFO] [stderr] 9 | pub fn Foo() {
[INFO] [stderr]   |        ^^^ help: convert the identifier to snake case (notice the capitalization): `foo`
[INFO] [stderr]   |
[INFO] [stderr]   = note: `#[warn(non_snake_case)]` on by default
[INFO] [stderr] 
[INFO] [stderr] warning: `s08-all-the-links` (lib) generated 1 warning
[INFO] [stderr] warning: `s08-all-the-links` (lib test) generated 1 warning (1 duplicate)
[INFO] [stderr]     Finished test [unoptimized + debuginfo] target(s) in 0.00s
[INFO] [stderr]      Running unittests src/main.rs (/opt/rustwide/target/debug/deps/s01_hello_rustdoc-7ae84026e89b3ddc)
[INFO] [stdout] 
[INFO] [stdout] running 0 tests
[INFO] [stderr]      Running unittests src/main.rs (/opt/rustwide/target/debug/deps/s02_module_comments-7bdbaedc1b416e86)
[INFO] [stdout] 
[INFO] [stdout] test result: ok. 0 passed; 0 failed; 0 ignored; 0 measured; 0 filtered out; finished in 0.00s
[INFO] [stdout] 
[INFO] [stdout] 
[INFO] [stdout] running 0 tests
[INFO] [stdout] 
[INFO] [stdout] test result: ok. 0 passed; 0 failed; 0 ignored; 0 measured; 0 filtered out; finished in 0.00s
[INFO] [stdout] 
[INFO] [stderr]      Running unittests src/main.rs (/opt/rustwide/target/debug/deps/s03_crate_comments-47482119e0da01e1)
[INFO] [stdout] 
[INFO] [stdout] running 0 tests
[INFO] [stdout] 
[INFO] [stdout] test result: ok. 0 passed; 0 failed; 0 ignored; 0 measured; 0 filtered out; finished in 0.00s
[INFO] [stdout] 
[INFO] [stderr]      Running unittests src/main.rs (/opt/rustwide/target/debug/deps/s04_its_markdown-0ba27d01939f250d)
[INFO] [stdout] 
[INFO] [stdout] running 0 tests
[INFO] [stdout] 
[INFO] [stdout] test result: ok. 0 passed; 0 failed; 0 ignored; 0 measured; 0 filtered out; finished in 0.00s
[INFO] [stdout] 
[INFO] [stderr]      Running unittests src/main.rs (/opt/rustwide/target/debug/deps/s05_ensure_docs-0d125e9012aa9293)
[INFO] [stdout] 
[INFO] [stdout] running 0 tests
[INFO] [stdout] 
[INFO] [stdout] test result: ok. 0 passed; 0 failed; 0 ignored; 0 measured; 0 filtered out; finished in 0.00s
[INFO] [stdout] 
[INFO] [stderr]      Running unittests src/lib.rs (/opt/rustwide/target/debug/deps/s06_code_samples-3fb145e3425e120c)
[INFO] [stdout] 
[INFO] [stdout] running 0 tests
[INFO] [stdout] 
[INFO] [stdout] test result: ok. 0 passed; 0 failed; 0 ignored; 0 measured; 0 filtered out; finished in 0.00s
[INFO] [stdout] 
[INFO] [stderr]      Running unittests src/lib.rs (/opt/rustwide/target/debug/deps/s07_code_samples_setup-7b477867ad595268)
[INFO] [stdout] 
[INFO] [stdout] running 0 tests
[INFO] [stdout] 
[INFO] [stdout] test result: ok. 0 passed; 0 failed; 0 ignored; 0 measured; 0 filtered out; finished in 0.00s
[INFO] [stdout] 
[INFO] [stderr]      Running unittests src/lib.rs (/opt/rustwide/target/debug/deps/s08_all_the_links-9f874e7ce1af6821)
[INFO] [stdout] 
[INFO] [stdout] running 0 tests
[INFO] [stdout] 
[INFO] [stdout] test result: ok. 0 passed; 0 failed; 0 ignored; 0 measured; 0 filtered out; finished in 0.00s
[INFO] [stdout] 
[INFO] [stderr]    Doc-tests s06-code-samples
[INFO] [stdout] 
[INFO] [stdout] running 1 test
[INFO] [stdout] test src/mymod.rs - mymod::mkuint (line 10) ... ok
[INFO] [stdout] 
[INFO] [stdout] test result: ok. 1 passed; 0 failed; 0 ignored; 0 measured; 0 filtered out; finished in 0.13s
[INFO] [stdout] 
[INFO] [stderr]    Doc-tests s07-code-samples-setup
[INFO] [stdout] 
[INFO] [stdout] running 1 test
[INFO] [stdout] test src/mymod.rs - mymod::mkuint (line 10) ... ok
[INFO] [stdout] 
[INFO] [stdout] test result: ok. 1 passed; 0 failed; 0 ignored; 0 measured; 0 filtered out; finished in 0.13s
[INFO] [stdout] 
[INFO] [stderr]    Doc-tests s08-all-the-links
[INFO] [stdout] 
[INFO] [stdout] running 1 test
[INFO] [stdout] test src/mymod.rs - mymod::mkuint (line 10) ... FAILED
[INFO] [stdout] 
[INFO] [stdout] failures:
[INFO] [stdout] 
[INFO] [stdout] ---- src/mymod.rs - mymod::mkuint (line 10) stdout ----
[INFO] [stdout] error[E0433]: failed to resolve: use of undeclared crate or module `s07_code_samples_setup`
[INFO] [stdout]  --> src/mymod.rs:12:13
[INFO] [stdout]   |
[INFO] [stdout] 4 | let value = s07_code_samples_setup::mymod::mkuint(input);
[INFO] [stdout]   |             ^^^^^^^^^^^^^^^^^^^^^^ use of undeclared crate or module `s07_code_samples_setup`
[INFO] [stdout] 
[INFO] [stdout] error: aborting due to previous error
[INFO] [stdout] 
[INFO] [stdout] For more information about this error, try `rustc --explain E0433`.
[INFO] [stdout] Couldn't compile the test.
[INFO] [stdout] 
[INFO] [stdout] failures:
[INFO] [stdout]     src/mymod.rs - mymod::mkuint (line 10)
[INFO] [stdout] 
[INFO] [stdout] test result: FAILED. 0 passed; 1 failed; 0 ignored; 0 measured; 0 filtered out; finished in 0.04s
[INFO] [stdout] 
[INFO] [stderr] error: doctest failed, to rerun pass `-p s08-all-the-links --doc`
[INFO] running `Command { std: "docker" "inspect" "c7791b8add5099f1e374945cc8abd45f85bbabac28dc8323ae47220cfd5def8f", kill_on_drop: false }`
[INFO] running `Command { std: "docker" "rm" "-f" "c7791b8add5099f1e374945cc8abd45f85bbabac28dc8323ae47220cfd5def8f", kill_on_drop: false }`
[INFO] [stdout] c7791b8add5099f1e374945cc8abd45f85bbabac28dc8323ae47220cfd5def8f
