[INFO] cloning repository https://github.com/gpestana/beam-rs
[INFO] running `Command { std: "git" "-c" "credential.helper=" "-c" "credential.helper=/workspace/cargo-home/bin/git-credential-null" "clone" "--bare" "https://github.com/gpestana/beam-rs" "/workspace/cache/git-repos/https%3A%2F%2Fgithub.com%2Fgpestana%2Fbeam-rs", kill_on_drop: false }`
[INFO] [stderr] Cloning into bare repository '/workspace/cache/git-repos/https%3A%2F%2Fgithub.com%2Fgpestana%2Fbeam-rs'...
[INFO] running `Command { std: "git" "rev-parse" "HEAD", kill_on_drop: false }`
[INFO] [stdout] aeb18eb3556f356e18afd583ac927c34cdc3d6ef
[INFO] testing gpestana/beam-rs against 1.69.0 for beta-1.70-1
[INFO] running `Command { std: "git" "clone" "/workspace/cache/git-repos/https%3A%2F%2Fgithub.com%2Fgpestana%2Fbeam-rs" "/workspace/builds/worker-1-tc1/source", kill_on_drop: false }`
[INFO] [stderr] Cloning into '/workspace/builds/worker-1-tc1/source'...
[INFO] [stderr] done.
[INFO] validating manifest of git repo https://github.com/gpestana/beam-rs on toolchain 1.69.0
[INFO] running `Command { std: CARGO_HOME="/workspace/cargo-home" RUSTUP_HOME="/workspace/rustup-home" "/workspace/cargo-home/bin/cargo" "+1.69.0" "metadata" "--manifest-path" "Cargo.toml" "--no-deps", kill_on_drop: false }`
[INFO] started tweaking git repo https://github.com/gpestana/beam-rs
[INFO] finished tweaking git repo https://github.com/gpestana/beam-rs
[INFO] tweaked toml for git repo https://github.com/gpestana/beam-rs written to /workspace/builds/worker-1-tc1/source/Cargo.toml
[INFO] crate git repo https://github.com/gpestana/beam-rs already has a lockfile, it will not be regenerated
[INFO] running `Command { std: CARGO_HOME="/workspace/cargo-home" RUSTUP_HOME="/workspace/rustup-home" "/workspace/cargo-home/bin/cargo" "+1.69.0" "fetch" "--manifest-path" "Cargo.toml", kill_on_drop: false }`
[INFO] [stderr]     Updating git repository `https://github.com/arkworks-rs/algebra`
[INFO] [stderr]     Updating git repository `https://github.com/arkworks-rs/curves`
[INFO] [stderr]     Updating git repository `https://github.com/arkworks-rs/utils`
[INFO] running `Command { std: "docker" "create" "-v" "/var/lib/crater-agent-workspace/builds/worker-1-tc1/target:/opt/rustwide/target:rw,Z" "-v" "/var/lib/crater-agent-workspace/builds/worker-1-tc1/source:/opt/rustwide/workdir:ro,Z" "-v" "/var/lib/crater-agent-workspace/cargo-home:/opt/rustwide/cargo-home:ro,Z" "-v" "/var/lib/crater-agent-workspace/rustup-home:/opt/rustwide/rustup-home:ro,Z" "-e" "SOURCE_DIR=/opt/rustwide/workdir" "-e" "CARGO_TARGET_DIR=/opt/rustwide/target" "-e" "CARGO_HOME=/opt/rustwide/cargo-home" "-e" "RUSTUP_HOME=/opt/rustwide/rustup-home" "-w" "/opt/rustwide/workdir" "-m" "1610612736" "--user" "0:0" "--network" "none" "ghcr.io/rust-lang/crates-build-env/linux@sha256:5ff2268d62e97bff2cde7d5815dd6ed5b47097566f13b8d0ca110b04b60e07ed" "/opt/rustwide/cargo-home/bin/cargo" "+1.69.0" "metadata" "--no-deps" "--format-version=1", kill_on_drop: false }`
[INFO] [stdout] caabed08773add7d6a579cf4cd44db1c3436efb14bf37dec212d298d9cefc6bc
[INFO] running `Command { std: "docker" "start" "-a" "caabed08773add7d6a579cf4cd44db1c3436efb14bf37dec212d298d9cefc6bc", kill_on_drop: false }`
[INFO] running `Command { std: "docker" "inspect" "caabed08773add7d6a579cf4cd44db1c3436efb14bf37dec212d298d9cefc6bc", kill_on_drop: false }`
[INFO] running `Command { std: "docker" "rm" "-f" "caabed08773add7d6a579cf4cd44db1c3436efb14bf37dec212d298d9cefc6bc", kill_on_drop: false }`
[INFO] [stdout] caabed08773add7d6a579cf4cd44db1c3436efb14bf37dec212d298d9cefc6bc
[INFO] running `Command { std: "docker" "create" "-v" "/var/lib/crater-agent-workspace/builds/worker-1-tc1/target:/opt/rustwide/target:rw,Z" "-v" "/var/lib/crater-agent-workspace/builds/worker-1-tc1/source:/opt/rustwide/workdir:ro,Z" "-v" "/var/lib/crater-agent-workspace/cargo-home:/opt/rustwide/cargo-home:ro,Z" "-v" "/var/lib/crater-agent-workspace/rustup-home:/opt/rustwide/rustup-home:ro,Z" "-e" "SOURCE_DIR=/opt/rustwide/workdir" "-e" "CARGO_TARGET_DIR=/opt/rustwide/target" "-e" "CARGO_INCREMENTAL=0" "-e" "RUST_BACKTRACE=full" "-e" "RUSTFLAGS=--cap-lints=warn" "-e" "RUSTDOCFLAGS=--cap-lints=warn" "-e" "CARGO_HOME=/opt/rustwide/cargo-home" "-e" "RUSTUP_HOME=/opt/rustwide/rustup-home" "-w" "/opt/rustwide/workdir" "-m" "1610612736" "--user" "0:0" "--network" "none" "ghcr.io/rust-lang/crates-build-env/linux@sha256:5ff2268d62e97bff2cde7d5815dd6ed5b47097566f13b8d0ca110b04b60e07ed" "/opt/rustwide/cargo-home/bin/cargo" "+1.69.0" "build" "--frozen" "--message-format=json", kill_on_drop: false }`
[INFO] [stdout] 338fdb673ac09ad147f6c15fda1549c91d233d643f912709802c6fc5f1b06cd6
[INFO] running `Command { std: "docker" "start" "-a" "338fdb673ac09ad147f6c15fda1549c91d233d643f912709802c6fc5f1b06cd6", kill_on_drop: false }`
[INFO] [stderr]    Compiling proc-macro2 v1.0.24
[INFO] [stderr]    Compiling libc v0.2.82
[INFO] [stderr]    Compiling syn v1.0.60
[INFO] [stderr]    Compiling ucd-trie v0.1.3
[INFO] [stderr]    Compiling num-traits v0.2.14
[INFO] [stderr]    Compiling num-integer v0.1.44
[INFO] [stderr]    Compiling num-bigint v0.3.1
[INFO] [stderr]    Compiling pest v2.1.3
[INFO] [stderr]    Compiling quote v1.0.8
[INFO] [stderr]    Compiling semver-parser v0.10.2
[INFO] [stderr]    Compiling getrandom v0.1.16
[INFO] [stderr]    Compiling rand_core v0.5.1
[INFO] [stderr]    Compiling rand_chacha v0.2.2
[INFO] [stderr]    Compiling semver v0.11.0
[INFO] [stderr]    Compiling rand v0.7.3
[INFO] [stderr]    Compiling rustc_version v0.3.3
[INFO] [stderr]    Compiling ark-ff v0.1.0 (https://github.com/arkworks-rs/algebra#1ebaf957)
[INFO] [stderr]    Compiling ark-std v0.1.0 (https://github.com/arkworks-rs/utils#b37f1c8f)
[INFO] [stderr]    Compiling ark-serialize v0.1.0 (https://github.com/arkworks-rs/algebra#1ebaf957)
[INFO] [stderr]    Compiling synstructure v0.12.4
[INFO] [stderr]    Compiling zeroize_derive v1.0.1
[INFO] [stderr]    Compiling derivative v2.2.0
[INFO] [stderr]    Compiling ark-ff-asm v0.1.0 (https://github.com/arkworks-rs/algebra#1ebaf957)
[INFO] [stderr]    Compiling ark-ff-macros v0.1.0 (https://github.com/arkworks-rs/algebra#1ebaf957)
[INFO] [stderr]    Compiling zeroize v1.2.0
[INFO] [stderr]    Compiling ark-ec v0.1.0 (https://github.com/arkworks-rs/algebra#1ebaf957)
[INFO] [stderr]    Compiling beam-rs v0.1.0 (/opt/rustwide/workdir)
[INFO] [stderr]     Finished dev [unoptimized + debuginfo] target(s) in 13.71s
[INFO] running `Command { std: "docker" "inspect" "338fdb673ac09ad147f6c15fda1549c91d233d643f912709802c6fc5f1b06cd6", kill_on_drop: false }`
[INFO] running `Command { std: "docker" "rm" "-f" "338fdb673ac09ad147f6c15fda1549c91d233d643f912709802c6fc5f1b06cd6", kill_on_drop: false }`
[INFO] [stdout] 338fdb673ac09ad147f6c15fda1549c91d233d643f912709802c6fc5f1b06cd6
[INFO] running `Command { std: "docker" "create" "-v" "/var/lib/crater-agent-workspace/builds/worker-1-tc1/target:/opt/rustwide/target:rw,Z" "-v" "/var/lib/crater-agent-workspace/builds/worker-1-tc1/source:/opt/rustwide/workdir:ro,Z" "-v" "/var/lib/crater-agent-workspace/cargo-home:/opt/rustwide/cargo-home:ro,Z" "-v" "/var/lib/crater-agent-workspace/rustup-home:/opt/rustwide/rustup-home:ro,Z" "-e" "SOURCE_DIR=/opt/rustwide/workdir" "-e" "CARGO_TARGET_DIR=/opt/rustwide/target" "-e" "CARGO_INCREMENTAL=0" "-e" "RUST_BACKTRACE=full" "-e" "RUSTFLAGS=--cap-lints=warn" "-e" "RUSTDOCFLAGS=--cap-lints=warn" "-e" "CARGO_HOME=/opt/rustwide/cargo-home" "-e" "RUSTUP_HOME=/opt/rustwide/rustup-home" "-w" "/opt/rustwide/workdir" "-m" "1610612736" "--user" "0:0" "--network" "none" "ghcr.io/rust-lang/crates-build-env/linux@sha256:5ff2268d62e97bff2cde7d5815dd6ed5b47097566f13b8d0ca110b04b60e07ed" "/opt/rustwide/cargo-home/bin/cargo" "+1.69.0" "test" "--frozen" "--no-run" "--message-format=json", kill_on_drop: false }`
[INFO] [stdout] 7c99e42a9277d068616ce9493c2b440af8a0f7e54f66ef857710342b84f6985a
[INFO] running `Command { std: "docker" "start" "-a" "7c99e42a9277d068616ce9493c2b440af8a0f7e54f66ef857710342b84f6985a", kill_on_drop: false }`
[INFO] [stderr]    Compiling ark-bls12-381 v0.1.0 (https://github.com/arkworks-rs/curves?rev=39c58df#39c58df3)
[INFO] [stderr]    Compiling beam-rs v0.1.0 (/opt/rustwide/workdir)
[INFO] [stderr]     Finished test [unoptimized + debuginfo] target(s) in 0.77s
[INFO] running `Command { std: "docker" "inspect" "7c99e42a9277d068616ce9493c2b440af8a0f7e54f66ef857710342b84f6985a", kill_on_drop: false }`
[INFO] running `Command { std: "docker" "rm" "-f" "7c99e42a9277d068616ce9493c2b440af8a0f7e54f66ef857710342b84f6985a", kill_on_drop: false }`
[INFO] [stdout] 7c99e42a9277d068616ce9493c2b440af8a0f7e54f66ef857710342b84f6985a
[INFO] running `Command { std: "docker" "create" "-v" "/var/lib/crater-agent-workspace/builds/worker-1-tc1/target:/opt/rustwide/target:rw,Z" "-v" "/var/lib/crater-agent-workspace/builds/worker-1-tc1/source:/opt/rustwide/workdir:ro,Z" "-v" "/var/lib/crater-agent-workspace/cargo-home:/opt/rustwide/cargo-home:ro,Z" "-v" "/var/lib/crater-agent-workspace/rustup-home:/opt/rustwide/rustup-home:ro,Z" "-e" "SOURCE_DIR=/opt/rustwide/workdir" "-e" "CARGO_TARGET_DIR=/opt/rustwide/target" "-e" "CARGO_INCREMENTAL=0" "-e" "RUST_BACKTRACE=full" "-e" "RUSTFLAGS=--cap-lints=warn" "-e" "RUSTDOCFLAGS=--cap-lints=warn" "-e" "CARGO_HOME=/opt/rustwide/cargo-home" "-e" "RUSTUP_HOME=/opt/rustwide/rustup-home" "-w" "/opt/rustwide/workdir" "-m" "1610612736" "--user" "0:0" "--network" "none" "ghcr.io/rust-lang/crates-build-env/linux@sha256:5ff2268d62e97bff2cde7d5815dd6ed5b47097566f13b8d0ca110b04b60e07ed" "/opt/rustwide/cargo-home/bin/cargo" "+1.69.0" "test" "--frozen", kill_on_drop: false }`
[INFO] [stdout] 413ad07468ffe7d4c7cfb034b55690b11e9df7706ace0625a7573d1e36356dc9
[INFO] running `Command { std: "docker" "start" "-a" "413ad07468ffe7d4c7cfb034b55690b11e9df7706ace0625a7573d1e36356dc9", kill_on_drop: false }`
[INFO] [stderr]     Blocking waiting for file lock on package cache
[INFO] [stderr]     Finished test [unoptimized + debuginfo] target(s) in 0.04s
[INFO] [stderr]      Running unittests src/lib.rs (/opt/rustwide/target/debug/deps/beam_rs-4c8429a0ff32c800)
[INFO] [stdout] 
[INFO] [stdout] running 1 test
[INFO] [stdout] test test::test_e2e ... FAILED
[INFO] [stdout] 
[INFO] [stdout] failures:
[INFO] [stdout] 
[INFO] [stdout] ---- test::test_e2e stdout ----
[INFO] [stdout] thread 'test::test_e2e' panicked at 'assertion failed: `(left == right)`
[INFO] [stdout]   left: `QuadExtField { c0: CubicExtField { c0: QuadExtField { c0: Fp384(BigInteger384([350432776065989272, 3019012640635761981, 3630368117664395545, 2969605661335860282, 7725887373848699193, 1532011133679388177])), c1: Fp384(BigInteger384([5548054681837908617, 3258740119380511482, 3673428004516549558, 17230917329398562628, 16337464741580587336, 1002900284940476550])) }, c1: QuadExtField { c0: Fp384(BigInteger384([9716282314729936952, 13803486437839526995, 13935398405273402254, 12978335256204342225, 1895175790610883665, 1427352454741751009])), c1: Fp384(BigInteger384([896802067627302470, 6330003766876586673, 864131906073816184, 1766506451334237338, 11725710851173779682, 821132954315097571])) }, c2: QuadExtField { c0: Fp384(BigInteger384([6114509933242087805, 3937719195947078217, 1710528898998701444, 10470362497898439357, 14352211184288464906, 1480230744042778681])), c1: Fp384(BigInteger384([2710764921873154500, 3911987945481134644, 4360689444993882512, 12346414236453956207, 14363446541979450202, 941955738691694852])) } }, c1: CubicExtField { c0: QuadExtField { c0: Fp384(BigInteger384([1844324545257098777, 6431478935422642228, 13038772403145513896, 15061803675891092591, 228550208438208695, 285852600308740950])), c1: Fp384(BigInteger384([9870576047618565424, 5233214870644623080, 13737966669045162304, 12718310930443987288, 10825434011857932378, 1180545193552287384])) }, c1: QuadExtField { c0: Fp384(BigInteger384([5862387048846670240, 4788868203002814732, 12074260690515217542, 10287409392079618003, 8383192731505806386, 1273528407990658004])), c1: Fp384(BigInteger384([5612908708573052265, 17739107490632963391, 4167116835810404208, 1920392351832868618, 12134365467390007361, 1047852378830328701])) }, c2: QuadExtField { c0: Fp384(BigInteger384([12443230217970262198, 3375209348587817597, 11202904937540882924, 2820182012520707180, 4619986800458362645, 1393243785574764135])), c1: Fp384(BigInteger384([7652852016499062150, 5658883437394937670, 14075342559074410503, 16166394594744745095, 9195389102273751675, 1598673643205099696])) } } }`,
[INFO] [stdout]  right: `QuadExtField { c0: CubicExtField { c0: QuadExtField { c0: Fp384(BigInteger384([573350566712956660, 15243919033051622497, 9377096096937096764, 12614267313967228334, 2345880460711084135, 234421061995909029])), c1: Fp384(BigInteger384([16517999146909717227, 5802750716749731967, 9494728037867493870, 215228114192589248, 590708148916986373, 427403556115011394])) }, c1: QuadExtField { c0: Fp384(BigInteger384([14244222215390571025, 4551121976147971652, 3428370196692796490, 11921933087420068583, 3133939186518918498, 934546911066559589])), c1: Fp384(BigInteger384([8322836429301430694, 2847103023239541138, 3576561221587417672, 16012302661617192678, 10729298411281206476, 299282988272374073])) }, c2: QuadExtField { c0: Fp384(BigInteger384([8820394788465597515, 17103470271257898359, 6209109397785490299, 2637020862988883497, 11347720167956112654, 100012022820020824])), c1: Fp384(BigInteger384([4485703265162843168, 17180043127445129248, 16220223009021530031, 12837883297376634405, 1990074488225275267, 189016455722910013])) } }, c1: CubicExtField { c0: QuadExtField { c0: Fp384(BigInteger384([780793157862122036, 13615488538079205529, 2572141035174198882, 1494351829479822939, 5801128736899563028, 1354118007758182588])), c1: Fp384(BigInteger384([8203518180132814747, 18171867418641885518, 6044200416035930786, 18050004192977512722, 16641043595460592767, 1381932973587482624])) }, c1: QuadExtField { c0: Fp384(BigInteger384([5719601958106384444, 14468630483545559075, 10817516023523510819, 16098436216323832757, 4982901046866049002, 13738934637080340])), c1: Fp384(BigInteger384([12843686301620602964, 2429877313783440718, 15352461822794758941, 16695141366586610923, 17377586749988676827, 1785199685771548044])) }, c2: QuadExtField { c0: Fp384(BigInteger384([5444838835707487354, 7504907221809105604, 17174196322334942952, 12874227949622466006, 3630439167483612831, 722419104514274527])), c1: Fp384(BigInteger384([17899953007215230125, 715848650818966871, 6662125299161265199, 10763618666303842659, 3676591564748064393, 217699062198853733])) } } }`', src/lib.rs:185:9
[INFO] [stdout] stack backtrace:
[INFO] [stdout]    0:     0x556d91c49e2a - std::backtrace_rs::backtrace::libunwind::trace::ha9053a9a07ca49cb
[INFO] [stdout]                                at /rustc/84c898d65adf2f39a5a98507f1fe0ce10a2b8dbc/library/std/src/../../backtrace/src/backtrace/libunwind.rs:93:5
[INFO] [stdout]    1:     0x556d91c49e2a - std::backtrace_rs::backtrace::trace_unsynchronized::h9c2852a457ad564e
[INFO] [stdout]                                at /rustc/84c898d65adf2f39a5a98507f1fe0ce10a2b8dbc/library/std/src/../../backtrace/src/backtrace/mod.rs:66:5
[INFO] [stdout]    2:     0x556d91c49e2a - std::sys_common::backtrace::_print_fmt::h457936fbfaa0070f
[INFO] [stdout]                                at /rustc/84c898d65adf2f39a5a98507f1fe0ce10a2b8dbc/library/std/src/sys_common/backtrace.rs:65:5
[INFO] [stdout]    3:     0x556d91c49e2a - <std::sys_common::backtrace::_print::DisplayBacktrace as core::fmt::Display>::fmt::h5779d7bf7f70cb0c
[INFO] [stdout]                                at /rustc/84c898d65adf2f39a5a98507f1fe0ce10a2b8dbc/library/std/src/sys_common/backtrace.rs:44:22
[INFO] [stdout]    4:     0x556d91c6d4fe - core::fmt::write::h5a4baaff1bcd3eb5
[INFO] [stdout]                                at /rustc/84c898d65adf2f39a5a98507f1fe0ce10a2b8dbc/library/core/src/fmt/mod.rs:1232:17
[INFO] [stdout]    5:     0x556d91c472a5 - std::io::Write::write_fmt::h478f79c628ef31d1
[INFO] [stdout]                                at /rustc/84c898d65adf2f39a5a98507f1fe0ce10a2b8dbc/library/std/src/io/mod.rs:1684:15
[INFO] [stdout]    6:     0x556d91c49bf5 - std::sys_common::backtrace::_print::h5fcdc36060f177e8
[INFO] [stdout]                                at /rustc/84c898d65adf2f39a5a98507f1fe0ce10a2b8dbc/library/std/src/sys_common/backtrace.rs:47:5
[INFO] [stdout]    7:     0x556d91c49bf5 - std::sys_common::backtrace::print::h54ca9458b876c8bf
[INFO] [stdout]                                at /rustc/84c898d65adf2f39a5a98507f1fe0ce10a2b8dbc/library/std/src/sys_common/backtrace.rs:34:9
[INFO] [stdout]    8:     0x556d91c4b9bf - std::panicking::default_hook::{{closure}}::hbe471161c7664ed6
[INFO] [stdout]                                at /rustc/84c898d65adf2f39a5a98507f1fe0ce10a2b8dbc/library/std/src/panicking.rs:271:22
[INFO] [stdout]    9:     0x556d91c4b67f - std::panicking::default_hook::ha3500da57aa4ac4f
[INFO] [stdout]                                at /rustc/84c898d65adf2f39a5a98507f1fe0ce10a2b8dbc/library/std/src/panicking.rs:287:9
[INFO] [stdout]   10:     0x556d91bddb27 - <alloc::boxed::Box<F,A> as core::ops::function::Fn<Args>>::call::hdf1b89dd137ece34
[INFO] [stdout]                                at /rustc/84c898d65adf2f39a5a98507f1fe0ce10a2b8dbc/library/alloc/src/boxed.rs:2001:9
[INFO] [stdout]   11:     0x556d91bddb27 - test::test_main::{{closure}}::h9081a79f20e75698
[INFO] [stdout]                                at /rustc/84c898d65adf2f39a5a98507f1fe0ce10a2b8dbc/library/test/src/lib.rs:135:21
[INFO] [stdout]   12:     0x556d91c4c0ed - <alloc::boxed::Box<F,A> as core::ops::function::Fn<Args>>::call::h6507bddc3eebb4a5
[INFO] [stdout]                                at /rustc/84c898d65adf2f39a5a98507f1fe0ce10a2b8dbc/library/alloc/src/boxed.rs:2001:9
[INFO] [stdout]   13:     0x556d91c4c0ed - std::panicking::rust_panic_with_hook::h50c09d000dc561d2
[INFO] [stdout]                                at /rustc/84c898d65adf2f39a5a98507f1fe0ce10a2b8dbc/library/std/src/panicking.rs:696:13
[INFO] [stdout]   14:     0x556d91c4be69 - std::panicking::begin_panic_handler::{{closure}}::h9e2b2176e00e0d9c
[INFO] [stdout]                                at /rustc/84c898d65adf2f39a5a98507f1fe0ce10a2b8dbc/library/std/src/panicking.rs:583:13
[INFO] [stdout]   15:     0x556d91c4a296 - std::sys_common::backtrace::__rust_end_short_backtrace::h5739b8e512c09d02
[INFO] [stdout]                                at /rustc/84c898d65adf2f39a5a98507f1fe0ce10a2b8dbc/library/std/src/sys_common/backtrace.rs:150:18
[INFO] [stdout]   16:     0x556d91c4bb72 - rust_begin_unwind
[INFO] [stdout]                                at /rustc/84c898d65adf2f39a5a98507f1fe0ce10a2b8dbc/library/std/src/panicking.rs:579:5
[INFO] [stdout]   17:     0x556d91b7efc3 - core::panicking::panic_fmt::hf33a1475b4dc5c3e
[INFO] [stdout]                                at /rustc/84c898d65adf2f39a5a98507f1fe0ce10a2b8dbc/library/core/src/panicking.rs:64:14
[INFO] [stdout]   18:     0x556d91b7f29f - core::panicking::assert_failed_inner::haf9816227b20b6f2
[INFO] [stdout]   19:     0x556d91ba22da - core::panicking::assert_failed::h80b2517de7eed0d1
[INFO] [stdout]                                at /rustc/84c898d65adf2f39a5a98507f1fe0ce10a2b8dbc/library/core/src/panicking.rs:211:5
[INFO] [stdout]   20:     0x556d91bae7d7 - beam_rs::test::test_e2e::hccd87f7602d0eba1
[INFO] [stdout]                                at /opt/rustwide/workdir/src/lib.rs:185:9
[INFO] [stdout]   21:     0x556d91bae2a7 - beam_rs::test::test_e2e::{{closure}}::he1c49e7a7761087b
[INFO] [stdout]                                at /opt/rustwide/workdir/src/lib.rs:168:19
[INFO] [stdout]   22:     0x556d91b9c325 - core::ops::function::FnOnce::call_once::h74c71ac275606d2a
[INFO] [stdout]                                at /rustc/84c898d65adf2f39a5a98507f1fe0ce10a2b8dbc/library/core/src/ops/function.rs:250:5
[INFO] [stdout]   23:     0x556d91be2f0f - core::ops::function::FnOnce::call_once::h7d969581be7d0075
[INFO] [stdout]                                at /rustc/84c898d65adf2f39a5a98507f1fe0ce10a2b8dbc/library/core/src/ops/function.rs:250:5
[INFO] [stdout]   24:     0x556d91be2f0f - test::__rust_begin_short_backtrace::hca25a52684e56655
[INFO] [stdout]                                at /rustc/84c898d65adf2f39a5a98507f1fe0ce10a2b8dbc/library/test/src/lib.rs:656:18
[INFO] [stdout]   25:     0x556d91bb452c - test::run_test::{{closure}}::ha8ac744c4af1a4bb
[INFO] [stdout]                                at /rustc/84c898d65adf2f39a5a98507f1fe0ce10a2b8dbc/library/test/src/lib.rs:647:30
[INFO] [stdout]   26:     0x556d91bb452c - core::ops::function::FnOnce::call_once{{vtable.shim}}::h7b411a9ed45bdecf
[INFO] [stdout]                                at /rustc/84c898d65adf2f39a5a98507f1fe0ce10a2b8dbc/library/core/src/ops/function.rs:250:5
[INFO] [stdout]   27:     0x556d91be1ed6 - <alloc::boxed::Box<F,A> as core::ops::function::FnOnce<Args>>::call_once::hd05328869a8ed200
[INFO] [stdout]                                at /rustc/84c898d65adf2f39a5a98507f1fe0ce10a2b8dbc/library/alloc/src/boxed.rs:1987:9
[INFO] [stdout]   28:     0x556d91be1ed6 - <core::panic::unwind_safe::AssertUnwindSafe<F> as core::ops::function::FnOnce<()>>::call_once::h0c601ce20bd5b2be
[INFO] [stdout]                                at /rustc/84c898d65adf2f39a5a98507f1fe0ce10a2b8dbc/library/core/src/panic/unwind_safe.rs:271:9
[INFO] [stdout]   29:     0x556d91be1ed6 - std::panicking::try::do_call::ha4be5c164fe30854
[INFO] [stdout]                                at /rustc/84c898d65adf2f39a5a98507f1fe0ce10a2b8dbc/library/std/src/panicking.rs:487:40
[INFO] [stdout]   30:     0x556d91be1ed6 - std::panicking::try::h604546f3609af05f
[INFO] [stdout]                                at /rustc/84c898d65adf2f39a5a98507f1fe0ce10a2b8dbc/library/std/src/panicking.rs:451:19
[INFO] [stdout]   31:     0x556d91be1ed6 - std::panic::catch_unwind::h5bfa8afe44c9c2f9
[INFO] [stdout]                                at /rustc/84c898d65adf2f39a5a98507f1fe0ce10a2b8dbc/library/std/src/panic.rs:140:14
[INFO] [stdout]   32:     0x556d91be1ed6 - test::run_test_in_process::hd50dee55dd63e6aa
[INFO] [stdout]                                at /rustc/84c898d65adf2f39a5a98507f1fe0ce10a2b8dbc/library/test/src/lib.rs:679:27
[INFO] [stdout]   33:     0x556d91be1ed6 - test::run_test::run_test_inner::{{closure}}::h4aa0f433aa85cea8
[INFO] [stdout]                                at /rustc/84c898d65adf2f39a5a98507f1fe0ce10a2b8dbc/library/test/src/lib.rs:573:39
[INFO] [stdout]   34:     0x556d91baeba1 - test::run_test::run_test_inner::{{closure}}::had56431adf24b4d6
[INFO] [stdout]                                at /rustc/84c898d65adf2f39a5a98507f1fe0ce10a2b8dbc/library/test/src/lib.rs:600:37
[INFO] [stdout]   35:     0x556d91baeba1 - std::sys_common::backtrace::__rust_begin_short_backtrace::ha8d9890e0c73bf13
[INFO] [stdout]                                at /rustc/84c898d65adf2f39a5a98507f1fe0ce10a2b8dbc/library/std/src/sys_common/backtrace.rs:134:18
[INFO] [stdout]   36:     0x556d91bb45bb - std::thread::Builder::spawn_unchecked_::{{closure}}::{{closure}}::h251832bcb4a95327
[INFO] [stdout]                                at /rustc/84c898d65adf2f39a5a98507f1fe0ce10a2b8dbc/library/std/src/thread/mod.rs:560:17
[INFO] [stdout]   37:     0x556d91bb45bb - <core::panic::unwind_safe::AssertUnwindSafe<F> as core::ops::function::FnOnce<()>>::call_once::h8fdff598fa414831
[INFO] [stdout]                                at /rustc/84c898d65adf2f39a5a98507f1fe0ce10a2b8dbc/library/core/src/panic/unwind_safe.rs:271:9
[INFO] [stdout]   38:     0x556d91bb45bb - std::panicking::try::do_call::h455dd2f7764a950f
[INFO] [stdout]                                at /rustc/84c898d65adf2f39a5a98507f1fe0ce10a2b8dbc/library/std/src/panicking.rs:487:40
[INFO] [stdout]   39:     0x556d91bb45bb - std::panicking::try::had6f23b7b73ae72a
[INFO] [stdout]                                at /rustc/84c898d65adf2f39a5a98507f1fe0ce10a2b8dbc/library/std/src/panicking.rs:451:19
[INFO] [stdout]   40:     0x556d91bb45bb - std::panic::catch_unwind::ha6a5ca3915b4dad0
[INFO] [stdout]                                at /rustc/84c898d65adf2f39a5a98507f1fe0ce10a2b8dbc/library/std/src/panic.rs:140:14
[INFO] [stdout]   41:     0x556d91bb45bb - std::thread::Builder::spawn_unchecked_::{{closure}}::h883b72ef75da6231
[INFO] [stdout]                                at /rustc/84c898d65adf2f39a5a98507f1fe0ce10a2b8dbc/library/std/src/thread/mod.rs:559:30
[INFO] [stdout]   42:     0x556d91bb45bb - core::ops::function::FnOnce::call_once{{vtable.shim}}::hb7dff73dc8bd2ccb
[INFO] [stdout]                                at /rustc/84c898d65adf2f39a5a98507f1fe0ce10a2b8dbc/library/core/src/ops/function.rs:250:5
[INFO] [stdout]   43:     0x556d91c50453 - <alloc::boxed::Box<F,A> as core::ops::function::FnOnce<Args>>::call_once::h39990b24eedef2ab
[INFO] [stdout]                                at /rustc/84c898d65adf2f39a5a98507f1fe0ce10a2b8dbc/library/alloc/src/boxed.rs:1987:9
[INFO] [stdout]   44:     0x556d91c50453 - <alloc::boxed::Box<F,A> as core::ops::function::FnOnce<Args>>::call_once::h01a027258444143b
[INFO] [stdout]                                at /rustc/84c898d65adf2f39a5a98507f1fe0ce10a2b8dbc/library/alloc/src/boxed.rs:1987:9
[INFO] [stdout]   45:     0x556d91c50453 - std::sys::unix::thread::Thread::new::thread_start::ha4f1cdd9c25884ba
[INFO] [stdout]                                at /rustc/84c898d65adf2f39a5a98507f1fe0ce10a2b8dbc/library/std/src/sys/unix/thread.rs:108:17
[INFO] [stdout]   46:     0x7fd4dfa24b43 - <unknown>
[INFO] [stdout]   47:     0x7fd4dfab5bb4 - __clone
[INFO] [stdout]   48:                0x0 - <unknown>
[INFO] [stdout] 
[INFO] [stdout] 
[INFO] [stdout] failures:
[INFO] [stdout]     test::test_e2e
[INFO] [stdout] 
[INFO] [stdout] test result: FAILED. 0 passed; 1 failed; 0 ignored; 0 measured; 0 filtered out; finished in 0.34s
[INFO] [stdout] 
[INFO] [stderr] error: test failed, to rerun pass `--lib`
[INFO] running `Command { std: "docker" "inspect" "413ad07468ffe7d4c7cfb034b55690b11e9df7706ace0625a7573d1e36356dc9", kill_on_drop: false }`
[INFO] running `Command { std: "docker" "rm" "-f" "413ad07468ffe7d4c7cfb034b55690b11e9df7706ace0625a7573d1e36356dc9", kill_on_drop: false }`
[INFO] [stdout] 413ad07468ffe7d4c7cfb034b55690b11e9df7706ace0625a7573d1e36356dc9
