[INFO] cloning repository https://github.com/gianlu33/rust-mbedtls
[INFO] running `Command { std: "git" "-c" "credential.helper=" "-c" "credential.helper=/workspace/cargo-home/bin/git-credential-null" "clone" "--bare" "https://github.com/gianlu33/rust-mbedtls" "/workspace/cache/git-repos/https%3A%2F%2Fgithub.com%2Fgianlu33%2Frust-mbedtls", kill_on_drop: false }`
[INFO] [stderr] Cloning into bare repository '/workspace/cache/git-repos/https%3A%2F%2Fgithub.com%2Fgianlu33%2Frust-mbedtls'...
[INFO] running `Command { std: "git" "rev-parse" "HEAD", kill_on_drop: false }`
[INFO] [stdout] cef4e6995ab8dd31560136076e6320920c669955
[INFO] testing gianlu33/rust-mbedtls against 1.69.0 for beta-1.70-1
[INFO] running `Command { std: "git" "clone" "/workspace/cache/git-repos/https%3A%2F%2Fgithub.com%2Fgianlu33%2Frust-mbedtls" "/workspace/builds/worker-4-tc1/source", kill_on_drop: false }`
[INFO] [stderr] Cloning into '/workspace/builds/worker-4-tc1/source'...
[INFO] [stderr] done.
[INFO] validating manifest of git repo https://github.com/gianlu33/rust-mbedtls on toolchain 1.69.0
[INFO] running `Command { std: CARGO_HOME="/workspace/cargo-home" RUSTUP_HOME="/workspace/rustup-home" "/workspace/cargo-home/bin/cargo" "+1.69.0" "metadata" "--manifest-path" "Cargo.toml" "--no-deps", kill_on_drop: false }`
[INFO] started tweaking git repo https://github.com/gianlu33/rust-mbedtls
[INFO] finished tweaking git repo https://github.com/gianlu33/rust-mbedtls
[INFO] tweaked toml for git repo https://github.com/gianlu33/rust-mbedtls written to /workspace/builds/worker-4-tc1/source/Cargo.toml
[INFO] crate git repo https://github.com/gianlu33/rust-mbedtls already has a lockfile, it will not be regenerated
[INFO] running `Command { std: CARGO_HOME="/workspace/cargo-home" RUSTUP_HOME="/workspace/rustup-home" "/workspace/cargo-home/bin/cargo" "+1.69.0" "fetch" "--manifest-path" "Cargo.toml", kill_on_drop: false }`
[INFO] [stderr]  Downloading crates ...
[INFO] [stderr]   Downloaded num-bigint v0.2.4
[INFO] [stderr]   Downloaded serde_cbor v0.6.1
[INFO] [stderr]   Downloaded which v3.0.0
[INFO] [stderr]   Downloaded core_io v0.1.20210325
[INFO] [stderr]   Downloaded rc2 v0.3.0
[INFO] [stderr]   Downloaded rs-libc v0.2.2
[INFO] [stderr]   Downloaded bindgen v0.58.0
[INFO] running `Command { std: "docker" "create" "-v" "/var/lib/crater-agent-workspace/builds/worker-4-tc1/target:/opt/rustwide/target:rw,Z" "-v" "/var/lib/crater-agent-workspace/builds/worker-4-tc1/source:/opt/rustwide/workdir:ro,Z" "-v" "/var/lib/crater-agent-workspace/cargo-home:/opt/rustwide/cargo-home:ro,Z" "-v" "/var/lib/crater-agent-workspace/rustup-home:/opt/rustwide/rustup-home:ro,Z" "-e" "SOURCE_DIR=/opt/rustwide/workdir" "-e" "CARGO_TARGET_DIR=/opt/rustwide/target" "-e" "CARGO_HOME=/opt/rustwide/cargo-home" "-e" "RUSTUP_HOME=/opt/rustwide/rustup-home" "-w" "/opt/rustwide/workdir" "-m" "1610612736" "--user" "0:0" "--network" "none" "ghcr.io/rust-lang/crates-build-env/linux@sha256:97d61d7686bf65f8ecb15491ab51835e82dc9176a96a831f143a431b191fc501" "/opt/rustwide/cargo-home/bin/cargo" "+1.69.0" "metadata" "--no-deps" "--format-version=1", kill_on_drop: false }`
[INFO] [stdout] 2f985029c885b1c6bf24c0e048b5ab427b97e304ccd563eb96545e8eca09996a
[INFO] running `Command { std: "docker" "start" "-a" "2f985029c885b1c6bf24c0e048b5ab427b97e304ccd563eb96545e8eca09996a", kill_on_drop: false }`
[INFO] running `Command { std: "docker" "inspect" "2f985029c885b1c6bf24c0e048b5ab427b97e304ccd563eb96545e8eca09996a", kill_on_drop: false }`
[INFO] running `Command { std: "docker" "rm" "-f" "2f985029c885b1c6bf24c0e048b5ab427b97e304ccd563eb96545e8eca09996a", kill_on_drop: false }`
[INFO] [stdout] 2f985029c885b1c6bf24c0e048b5ab427b97e304ccd563eb96545e8eca09996a
[INFO] running `Command { std: "docker" "create" "-v" "/var/lib/crater-agent-workspace/builds/worker-4-tc1/target:/opt/rustwide/target:rw,Z" "-v" "/var/lib/crater-agent-workspace/builds/worker-4-tc1/source:/opt/rustwide/workdir:ro,Z" "-v" "/var/lib/crater-agent-workspace/cargo-home:/opt/rustwide/cargo-home:ro,Z" "-v" "/var/lib/crater-agent-workspace/rustup-home:/opt/rustwide/rustup-home:ro,Z" "-e" "SOURCE_DIR=/opt/rustwide/workdir" "-e" "CARGO_TARGET_DIR=/opt/rustwide/target" "-e" "CARGO_INCREMENTAL=0" "-e" "RUST_BACKTRACE=full" "-e" "RUSTFLAGS=--cap-lints=warn" "-e" "RUSTDOCFLAGS=--cap-lints=warn" "-e" "CARGO_HOME=/opt/rustwide/cargo-home" "-e" "RUSTUP_HOME=/opt/rustwide/rustup-home" "-w" "/opt/rustwide/workdir" "-m" "1610612736" "--user" "0:0" "--network" "none" "ghcr.io/rust-lang/crates-build-env/linux@sha256:97d61d7686bf65f8ecb15491ab51835e82dc9176a96a831f143a431b191fc501" "/opt/rustwide/cargo-home/bin/cargo" "+1.69.0" "build" "--frozen" "--message-format=json", kill_on_drop: false }`
[INFO] [stdout] 85bfae9f99fec34444f9a54a08ce061e961c46608474122a90f245d3f300cd2a
[INFO] running `Command { std: "docker" "start" "-a" "85bfae9f99fec34444f9a54a08ce061e961c46608474122a90f245d3f300cd2a", kill_on_drop: false }`
[INFO] [stderr]    Compiling libc v0.2.62
[INFO] [stderr]    Compiling memchr v2.3.4
[INFO] [stderr]    Compiling autocfg v0.1.6
[INFO] [stderr]    Compiling version_check v0.9.2
[INFO] [stderr]    Compiling cc v1.0.67
[INFO] [stderr]    Compiling proc-macro2 v1.0.24
[INFO] [stderr]    Compiling glob v0.3.0
[INFO] [stderr]    Compiling once_cell v1.7.2
[INFO] [stderr]    Compiling unicode-xid v0.2.1
[INFO] [stderr]    Compiling bitflags v1.2.0
[INFO] [stderr]    Compiling log v0.4.8
[INFO] [stderr]    Compiling cfg-if v0.1.10
[INFO] [stderr]    Compiling unicode-width v0.1.8
[INFO] [stderr]    Compiling cfg-if v1.0.0
[INFO] [stderr]    Compiling regex-syntax v0.6.22
[INFO] [stderr]    Compiling termcolor v1.1.2
[INFO] [stderr]    Compiling libloading v0.7.0
[INFO] [stderr]    Compiling thread_local v1.1.3
[INFO] [stderr]    Compiling textwrap v0.11.0
[INFO] [stderr]    Compiling bindgen v0.58.0
[INFO] [stderr]    Compiling pkg-config v0.3.16
[INFO] [stderr]    Compiling vec_map v0.8.2
[INFO] [stderr]    Compiling humantime v2.1.0
[INFO] [stderr]    Compiling nom v5.1.2
[INFO] [stderr]    Compiling syn v1.0.64
[INFO] [stderr]    Compiling strsim v0.8.0
[INFO] [stderr]    Compiling ansi_term v0.11.0
[INFO] [stderr]    Compiling num-traits v0.2.8
[INFO] [stderr]    Compiling lazy_static v1.4.0
[INFO] [stderr]    Compiling lazycell v1.3.0
[INFO] [stderr]    Compiling clang-sys v1.1.1
[INFO] [stderr]    Compiling shlex v1.0.0
[INFO] [stderr]    Compiling proc-macro2 v0.4.30
[INFO] [stderr]    Compiling peeking_take_while v0.1.2
[INFO] [stderr]    Compiling rustc-hash v1.1.0
[INFO] [stderr]    Compiling cmake v0.1.42
[INFO] [stderr]    Compiling num-integer v0.1.41
[INFO] [stderr]    Compiling num-bigint v0.2.4
[INFO] [stderr]    Compiling serde v1.0.101
[INFO] [stderr]    Compiling byteorder v1.3.2
[INFO] [stderr]    Compiling aho-corasick v0.7.15
[INFO] [stderr]    Compiling bit-vec v0.5.1
[INFO] [stderr]    Compiling quote v1.0.9
[INFO] [stderr]    Compiling atty v0.2.14
[INFO] [stderr]    Compiling which v3.0.0
[INFO] [stderr]    Compiling libz-sys v1.0.25
[INFO] [stderr]    Compiling clap v2.33.3
[INFO] [stderr]    Compiling mbedtls v0.8.2 (/opt/rustwide/workdir/mbedtls)
[INFO] [stderr]    Compiling quote v0.6.13
[INFO] [stderr]    Compiling syn v0.14.9
[INFO] [stderr]    Compiling regex v1.4.3
[INFO] [stderr]    Compiling cexpr v0.4.0
[INFO] [stderr]    Compiling yasna v0.2.2
[INFO] [stderr]    Compiling env_logger v0.8.3
[INFO] [stderr]    Compiling serde_derive v1.0.70
[INFO] [stderr]    Compiling mbedtls-sys-auto v2.26.1 (/opt/rustwide/workdir/mbedtls-sys)
[INFO] [stdout] warning: cross-crate traits with a default impl, like `Send`, should not be specialized
[INFO] [stdout]    --> mbedtls/src/x509/certificate.rs:529:1
[INFO] [stdout]     |
[INFO] [stdout] 529 | unsafe impl Send for MbedtlsList<Certificate> {}
[INFO] [stdout]     | ^^^^^^^^^^^^^^^^^^^^^^^^^^^^^^^^^^^^^^^^^^^^^
[INFO] [stdout]     |
[INFO] [stdout]     = warning: this will change its meaning in a future release!
[INFO] [stdout]     = note: for more information, see issue #93367 <https://github.com/rust-lang/rust/issues/93367>
[INFO] [stdout]     = note: `Certificate` is not a generic parameter
[INFO] [stdout] note: try using the same sequence of generic parameters as the struct definition
[INFO] [stdout]    --> mbedtls/src/alloc.rs:62:1
[INFO] [stdout]     |
[INFO] [stdout] 62  | pub struct List<T> {
[INFO] [stdout]     | ^^^^^^^^^^^^^^^^^^
[INFO] [stdout] note: the lint level is defined here
[INFO] [stdout]    --> mbedtls/src/lib.rs:9:9
[INFO] [stdout]     |
[INFO] [stdout] 9   | #![deny(warnings)]
[INFO] [stdout]     |         ^^^^^^^^
[INFO] [stdout]     = note: `#[warn(suspicious_auto_trait_impls)]` implied by `#[warn(warnings)]`
[INFO] [stdout] 
[INFO] [stdout] 
[INFO] [stdout] warning: cross-crate traits with a default impl, like `Sync`, should not be specialized
[INFO] [stdout]    --> mbedtls/src/x509/certificate.rs:531:1
[INFO] [stdout]     |
[INFO] [stdout] 531 | unsafe impl Sync for MbedtlsList<Certificate> {}
[INFO] [stdout]     | ^^^^^^^^^^^^^^^^^^^^^^^^^^^^^^^^^^^^^^^^^^^^^
[INFO] [stdout]     |
[INFO] [stdout]     = warning: this will change its meaning in a future release!
[INFO] [stdout]     = note: for more information, see issue #93367 <https://github.com/rust-lang/rust/issues/93367>
[INFO] [stdout]     = note: `Certificate` is not a generic parameter
[INFO] [stdout] note: try using the same sequence of generic parameters as the struct definition
[INFO] [stdout]    --> mbedtls/src/alloc.rs:62:1
[INFO] [stdout]     |
[INFO] [stdout] 62  | pub struct List<T> {
[INFO] [stdout]     | ^^^^^^^^^^^^^^^^^^
[INFO] [stdout] 
[INFO] [stdout] 
[INFO] [stdout] warning: unused return value of `std::boxed::Box::<T>::from_raw` that must be used
[INFO] [stdout]    --> mbedtls/src/pk/mod.rs:116:5
[INFO] [stdout]     |
[INFO] [stdout] 116 |     Box::from_raw(p as *mut CustomPkContext);
[INFO] [stdout]     |     ^^^^^^^^^^^^^^^^^^^^^^^^^^^^^^^^^^^^^^^^
[INFO] [stdout]     |
[INFO] [stdout]     = note: call `drop(Box::from_raw(ptr))` if you intend to drop the `Box`
[INFO] [stdout]     = note: `#[warn(unused_must_use)]` implied by `#[warn(warnings)]`
[INFO] [stdout] 
[INFO] [stdout] 
[INFO] [stdout] warning: 3 warnings emitted
[INFO] [stdout] 
[INFO] [stdout] 
[INFO] [stderr]     Finished dev [unoptimized + debuginfo] target(s) in 16.31s
[INFO] [stderr] warning: the following packages contain code that will be rejected by a future version of Rust: nom v5.1.2, syn v0.14.9
[INFO] [stderr] note: to see what the problems were, use the option `--future-incompat-report`, or run `cargo report future-incompatibilities --id 2`
[INFO] running `Command { std: "docker" "inspect" "85bfae9f99fec34444f9a54a08ce061e961c46608474122a90f245d3f300cd2a", kill_on_drop: false }`
[INFO] running `Command { std: "docker" "rm" "-f" "85bfae9f99fec34444f9a54a08ce061e961c46608474122a90f245d3f300cd2a", kill_on_drop: false }`
[INFO] [stdout] 85bfae9f99fec34444f9a54a08ce061e961c46608474122a90f245d3f300cd2a
[INFO] running `Command { std: "docker" "create" "-v" "/var/lib/crater-agent-workspace/builds/worker-4-tc1/target:/opt/rustwide/target:rw,Z" "-v" "/var/lib/crater-agent-workspace/builds/worker-4-tc1/source:/opt/rustwide/workdir:ro,Z" "-v" "/var/lib/crater-agent-workspace/cargo-home:/opt/rustwide/cargo-home:ro,Z" "-v" "/var/lib/crater-agent-workspace/rustup-home:/opt/rustwide/rustup-home:ro,Z" "-e" "SOURCE_DIR=/opt/rustwide/workdir" "-e" "CARGO_TARGET_DIR=/opt/rustwide/target" "-e" "CARGO_INCREMENTAL=0" "-e" "RUST_BACKTRACE=full" "-e" "RUSTFLAGS=--cap-lints=warn" "-e" "RUSTDOCFLAGS=--cap-lints=warn" "-e" "CARGO_HOME=/opt/rustwide/cargo-home" "-e" "RUSTUP_HOME=/opt/rustwide/rustup-home" "-w" "/opt/rustwide/workdir" "-m" "1610612736" "--user" "0:0" "--network" "none" "ghcr.io/rust-lang/crates-build-env/linux@sha256:97d61d7686bf65f8ecb15491ab51835e82dc9176a96a831f143a431b191fc501" "/opt/rustwide/cargo-home/bin/cargo" "+1.69.0" "test" "--frozen" "--no-run" "--message-format=json", kill_on_drop: false }`
[INFO] [stdout] 12e4ce27f4f7dfbe147de46b28a33ab9d51479c6a80b67ff65f4f8f10b675249
[INFO] running `Command { std: "docker" "start" "-a" "12e4ce27f4f7dfbe147de46b28a33ab9d51479c6a80b67ff65f4f8f10b675249", kill_on_drop: false }`
[INFO] [stderr]    Compiling log v0.4.8
[INFO] [stderr]    Compiling tinyvec_macros v0.1.0
[INFO] [stderr]    Compiling httparse v1.3.4
[INFO] [stderr]    Compiling unicase v1.4.2
[INFO] [stderr]    Compiling safemem v0.3.3
[INFO] [stderr]    Compiling time v0.1.42
[INFO] [stderr]    Compiling num_cpus v1.13.0
[INFO] [stderr]    Compiling serde_bytes v0.10.5
[INFO] [stderr]    Compiling rand v0.4.6
[INFO] [stderr]    Compiling hex v0.3.2
[INFO] [stderr]    Compiling tinyvec v1.1.0
[INFO] [stderr]    Compiling base64 v0.9.3
[INFO] [stderr]    Compiling env_logger v0.8.3
[INFO] [stderr]    Compiling log v0.3.9
[INFO] [stderr]    Compiling serde_cbor v0.6.1
[INFO] [stderr]    Compiling mime v0.2.6
[INFO] [stderr]    Compiling bindgen v0.58.0
[INFO] [stderr]    Compiling unicode-normalization v0.1.16
[INFO] [stderr]    Compiling idna v0.1.5
[INFO] [stderr]    Compiling url v1.7.2
[INFO] [stderr]    Compiling hyper v0.10.16
[INFO] [stderr]    Compiling mbedtls-sys-auto v2.26.1 (/opt/rustwide/workdir/mbedtls-sys)
[INFO] [stderr]    Compiling mbedtls v0.8.2 (/opt/rustwide/workdir/mbedtls)
[INFO] [stdout] warning: cross-crate traits with a default impl, like `Send`, should not be specialized
[INFO] [stdout]    --> mbedtls/src/x509/certificate.rs:529:1
[INFO] [stdout]     |
[INFO] [stdout] 529 | unsafe impl Send for MbedtlsList<Certificate> {}
[INFO] [stdout]     | ^^^^^^^^^^^^^^^^^^^^^^^^^^^^^^^^^^^^^^^^^^^^^
[INFO] [stdout]     |
[INFO] [stdout]     = warning: this will change its meaning in a future release!
[INFO] [stdout]     = note: for more information, see issue #93367 <https://github.com/rust-lang/rust/issues/93367>
[INFO] [stdout]     = note: `Certificate` is not a generic parameter
[INFO] [stdout] note: try using the same sequence of generic parameters as the struct definition
[INFO] [stdout]    --> mbedtls/src/alloc.rs:62:1
[INFO] [stdout]     |
[INFO] [stdout] 62  | pub struct List<T> {
[INFO] [stdout]     | ^^^^^^^^^^^^^^^^^^
[INFO] [stdout] note: the lint level is defined here
[INFO] [stdout]    --> mbedtls/src/lib.rs:9:9
[INFO] [stdout]     |
[INFO] [stdout] 9   | #![deny(warnings)]
[INFO] [stdout]     |         ^^^^^^^^
[INFO] [stdout]     = note: `#[warn(suspicious_auto_trait_impls)]` implied by `#[warn(warnings)]`
[INFO] [stdout] 
[INFO] [stdout] 
[INFO] [stdout] warning: cross-crate traits with a default impl, like `Sync`, should not be specialized
[INFO] [stdout]    --> mbedtls/src/x509/certificate.rs:531:1
[INFO] [stdout]     |
[INFO] [stdout] 531 | unsafe impl Sync for MbedtlsList<Certificate> {}
[INFO] [stdout]     | ^^^^^^^^^^^^^^^^^^^^^^^^^^^^^^^^^^^^^^^^^^^^^
[INFO] [stdout]     |
[INFO] [stdout]     = warning: this will change its meaning in a future release!
[INFO] [stdout]     = note: for more information, see issue #93367 <https://github.com/rust-lang/rust/issues/93367>
[INFO] [stdout]     = note: `Certificate` is not a generic parameter
[INFO] [stdout] note: try using the same sequence of generic parameters as the struct definition
[INFO] [stdout]    --> mbedtls/src/alloc.rs:62:1
[INFO] [stdout]     |
[INFO] [stdout] 62  | pub struct List<T> {
[INFO] [stdout]     | ^^^^^^^^^^^^^^^^^^
[INFO] [stdout] 
[INFO] [stdout] 
[INFO] [stdout] warning: cross-crate traits with a default impl, like `Send`, should not be specialized
[INFO] [stdout]    --> mbedtls/src/x509/certificate.rs:529:1
[INFO] [stdout]     |
[INFO] [stdout] 529 | unsafe impl Send for MbedtlsList<Certificate> {}
[INFO] [stdout]     | ^^^^^^^^^^^^^^^^^^^^^^^^^^^^^^^^^^^^^^^^^^^^^
[INFO] [stdout]     |
[INFO] [stdout]     = warning: this will change its meaning in a future release!
[INFO] [stdout]     = note: for more information, see issue #93367 <https://github.com/rust-lang/rust/issues/93367>
[INFO] [stdout]     = note: `certificate::Certificate` is not a generic parameter
[INFO] [stdout] note: try using the same sequence of generic parameters as the struct definition
[INFO] [stdout]    --> mbedtls/src/alloc.rs:62:1
[INFO] [stdout]     |
[INFO] [stdout] 62  | pub struct List<T> {
[INFO] [stdout]     | ^^^^^^^^^^^^^^^^^^
[INFO] [stdout] note: the lint level is defined here
[INFO] [stdout]    --> mbedtls/src/lib.rs:9:9
[INFO] [stdout]     |
[INFO] [stdout] 9   | #![deny(warnings)]
[INFO] [stdout]     |         ^^^^^^^^
[INFO] [stdout]     = note: `#[warn(suspicious_auto_trait_impls)]` implied by `#[warn(warnings)]`
[INFO] [stdout] 
[INFO] [stdout] 
[INFO] [stdout] warning: cross-crate traits with a default impl, like `Sync`, should not be specialized
[INFO] [stdout]    --> mbedtls/src/x509/certificate.rs:531:1
[INFO] [stdout]     |
[INFO] [stdout] 531 | unsafe impl Sync for MbedtlsList<Certificate> {}
[INFO] [stdout]     | ^^^^^^^^^^^^^^^^^^^^^^^^^^^^^^^^^^^^^^^^^^^^^
[INFO] [stdout]     |
[INFO] [stdout]     = warning: this will change its meaning in a future release!
[INFO] [stdout]     = note: for more information, see issue #93367 <https://github.com/rust-lang/rust/issues/93367>
[INFO] [stdout]     = note: `certificate::Certificate` is not a generic parameter
[INFO] [stdout] note: try using the same sequence of generic parameters as the struct definition
[INFO] [stdout]    --> mbedtls/src/alloc.rs:62:1
[INFO] [stdout]     |
[INFO] [stdout] 62  | pub struct List<T> {
[INFO] [stdout]     | ^^^^^^^^^^^^^^^^^^
[INFO] [stdout] 
[INFO] [stdout] 
[INFO] [stdout] warning: unused return value of `std::boxed::Box::<T>::from_raw` that must be used
[INFO] [stdout]    --> mbedtls/src/pk/mod.rs:116:5
[INFO] [stdout]     |
[INFO] [stdout] 116 |     Box::from_raw(p as *mut CustomPkContext);
[INFO] [stdout]     |     ^^^^^^^^^^^^^^^^^^^^^^^^^^^^^^^^^^^^^^^^
[INFO] [stdout]     |
[INFO] [stdout]     = note: call `drop(Box::from_raw(ptr))` if you intend to drop the `Box`
[INFO] [stdout]     = note: `#[warn(unused_must_use)]` implied by `#[warn(warnings)]`
[INFO] [stdout] 
[INFO] [stdout] 
[INFO] [stdout] warning: unused return value of `std::boxed::Box::<T>::from_raw` that must be used
[INFO] [stdout]    --> mbedtls/src/pk/mod.rs:116:5
[INFO] [stdout]     |
[INFO] [stdout] 116 |     Box::from_raw(p as *mut CustomPkContext);
[INFO] [stdout]     |     ^^^^^^^^^^^^^^^^^^^^^^^^^^^^^^^^^^^^^^^^
[INFO] [stdout]     |
[INFO] [stdout]     = note: call `drop(Box::from_raw(ptr))` if you intend to drop the `Box`
[INFO] [stdout]     = note: `#[warn(unused_must_use)]` implied by `#[warn(warnings)]`
[INFO] [stdout] 
[INFO] [stdout] 
[INFO] [stdout] warning: 3 warnings emitted
[INFO] [stdout] 
[INFO] [stdout] 
[INFO] [stdout] warning: 3 warnings emitted
[INFO] [stdout] 
[INFO] [stdout] 
[INFO] [stderr]     Finished test [unoptimized + debuginfo] target(s) in 11.79s
[INFO] [stderr] warning: the following packages contain code that will be rejected by a future version of Rust: nom v5.1.2, syn v0.14.9, traitobject v0.1.0
[INFO] [stderr] note: to see what the problems were, use the option `--future-incompat-report`, or run `cargo report future-incompatibilities --id 3`
[INFO] running `Command { std: "docker" "inspect" "12e4ce27f4f7dfbe147de46b28a33ab9d51479c6a80b67ff65f4f8f10b675249", kill_on_drop: false }`
[INFO] running `Command { std: "docker" "rm" "-f" "12e4ce27f4f7dfbe147de46b28a33ab9d51479c6a80b67ff65f4f8f10b675249", kill_on_drop: false }`
[INFO] [stdout] 12e4ce27f4f7dfbe147de46b28a33ab9d51479c6a80b67ff65f4f8f10b675249
[INFO] running `Command { std: "docker" "create" "-v" "/var/lib/crater-agent-workspace/builds/worker-4-tc1/target:/opt/rustwide/target:rw,Z" "-v" "/var/lib/crater-agent-workspace/builds/worker-4-tc1/source:/opt/rustwide/workdir:ro,Z" "-v" "/var/lib/crater-agent-workspace/cargo-home:/opt/rustwide/cargo-home:ro,Z" "-v" "/var/lib/crater-agent-workspace/rustup-home:/opt/rustwide/rustup-home:ro,Z" "-e" "SOURCE_DIR=/opt/rustwide/workdir" "-e" "CARGO_TARGET_DIR=/opt/rustwide/target" "-e" "CARGO_INCREMENTAL=0" "-e" "RUST_BACKTRACE=full" "-e" "RUSTFLAGS=--cap-lints=warn" "-e" "RUSTDOCFLAGS=--cap-lints=warn" "-e" "CARGO_HOME=/opt/rustwide/cargo-home" "-e" "RUSTUP_HOME=/opt/rustwide/rustup-home" "-w" "/opt/rustwide/workdir" "-m" "1610612736" "--user" "0:0" "--network" "none" "ghcr.io/rust-lang/crates-build-env/linux@sha256:97d61d7686bf65f8ecb15491ab51835e82dc9176a96a831f143a431b191fc501" "/opt/rustwide/cargo-home/bin/cargo" "+1.69.0" "test" "--frozen", kill_on_drop: false }`
[INFO] [stdout] 5cf765fcce463ce09f8537e19f3d88b4d707fc0ba753e0d2f80edf26ebc64233
[INFO] running `Command { std: "docker" "start" "-a" "5cf765fcce463ce09f8537e19f3d88b4d707fc0ba753e0d2f80edf26ebc64233", kill_on_drop: false }`
[INFO] [stderr]     Blocking waiting for file lock on package cache
[INFO] [stderr] warning: cross-crate traits with a default impl, like `Send`, should not be specialized
[INFO] [stderr]    --> mbedtls/src/x509/certificate.rs:529:1
[INFO] [stderr]     |
[INFO] [stderr] 529 | unsafe impl Send for MbedtlsList<Certificate> {}
[INFO] [stderr]     | ^^^^^^^^^^^^^^^^^^^^^^^^^^^^^^^^^^^^^^^^^^^^^
[INFO] [stderr]     |
[INFO] [stderr]     = warning: this will change its meaning in a future release!
[INFO] [stderr]     = note: for more information, see issue #93367 <https://github.com/rust-lang/rust/issues/93367>
[INFO] [stderr]     = note: `Certificate` is not a generic parameter
[INFO] [stderr] note: try using the same sequence of generic parameters as the struct definition
[INFO] [stderr]    --> mbedtls/src/alloc.rs:62:1
[INFO] [stderr]     |
[INFO] [stderr] 62  | pub struct List<T> {
[INFO] [stderr]     | ^^^^^^^^^^^^^^^^^^
[INFO] [stderr] note: the lint level is defined here
[INFO] [stderr]    --> mbedtls/src/lib.rs:9:9
[INFO] [stderr]     |
[INFO] [stderr] 9   | #![deny(warnings)]
[INFO] [stderr]     |         ^^^^^^^^
[INFO] [stderr]     = note: `#[warn(suspicious_auto_trait_impls)]` implied by `#[warn(warnings)]`
[INFO] [stderr] 
[INFO] [stderr] warning: cross-crate traits with a default impl, like `Sync`, should not be specialized
[INFO] [stderr]    --> mbedtls/src/x509/certificate.rs:531:1
[INFO] [stderr]     |
[INFO] [stderr] 531 | unsafe impl Sync for MbedtlsList<Certificate> {}
[INFO] [stderr]     | ^^^^^^^^^^^^^^^^^^^^^^^^^^^^^^^^^^^^^^^^^^^^^
[INFO] [stderr]     |
[INFO] [stderr]     = warning: this will change its meaning in a future release!
[INFO] [stderr]     = note: for more information, see issue #93367 <https://github.com/rust-lang/rust/issues/93367>
[INFO] [stderr]     = note: `Certificate` is not a generic parameter
[INFO] [stderr] note: try using the same sequence of generic parameters as the struct definition
[INFO] [stderr]    --> mbedtls/src/alloc.rs:62:1
[INFO] [stderr]     |
[INFO] [stderr] 62  | pub struct List<T> {
[INFO] [stderr]     | ^^^^^^^^^^^^^^^^^^
[INFO] [stderr] 
[INFO] [stderr] warning: unused return value of `std::boxed::Box::<T>::from_raw` that must be used
[INFO] [stderr]    --> mbedtls/src/pk/mod.rs:116:5
[INFO] [stderr]     |
[INFO] [stderr] 116 |     Box::from_raw(p as *mut CustomPkContext);
[INFO] [stderr]     |     ^^^^^^^^^^^^^^^^^^^^^^^^^^^^^^^^^^^^^^^^
[INFO] [stderr]     |
[INFO] [stderr]     = note: call `drop(Box::from_raw(ptr))` if you intend to drop the `Box`
[INFO] [stderr]     = note: `#[warn(unused_must_use)]` implied by `#[warn(warnings)]`
[INFO] [stderr] 
[INFO] [stderr] warning: cross-crate traits with a default impl, like `Send`, should not be specialized
[INFO] [stderr]    --> mbedtls/src/x509/certificate.rs:529:1
[INFO] [stderr]     |
[INFO] [stderr] 529 | unsafe impl Send for MbedtlsList<Certificate> {}
[INFO] [stderr]     | ^^^^^^^^^^^^^^^^^^^^^^^^^^^^^^^^^^^^^^^^^^^^^
[INFO] [stderr]     |
[INFO] [stderr]     = warning: this will change its meaning in a future release!
[INFO] [stderr]     = note: for more information, see issue #93367 <https://github.com/rust-lang/rust/issues/93367>
[INFO] [stderr]     = note: `certificate::Certificate` is not a generic parameter
[INFO] [stderr] note: try using the same sequence of generic parameters as the struct definition
[INFO] [stderr]    --> mbedtls/src/alloc.rs:62:1
[INFO] [stderr]     |
[INFO] [stderr] 62  | pub struct List<T> {
[INFO] [stderr]     | ^^^^^^^^^^^^^^^^^^
[INFO] [stderr] note: the lint level is defined here
[INFO] [stderr]    --> mbedtls/src/lib.rs:9:9
[INFO] [stderr]     |
[INFO] [stderr] 9   | #![deny(warnings)]
[INFO] [stderr]     |         ^^^^^^^^
[INFO] [stderr]     = note: `#[warn(suspicious_auto_trait_impls)]` implied by `#[warn(warnings)]`
[INFO] [stderr] 
[INFO] [stderr] warning: cross-crate traits with a default impl, like `Sync`, should not be specialized
[INFO] [stderr]    --> mbedtls/src/x509/certificate.rs:531:1
[INFO] [stderr]     |
[INFO] [stderr] 531 | unsafe impl Sync for MbedtlsList<Certificate> {}
[INFO] [stderr]     | ^^^^^^^^^^^^^^^^^^^^^^^^^^^^^^^^^^^^^^^^^^^^^
[INFO] [stderr]     |
[INFO] [stderr]     = warning: this will change its meaning in a future release!
[INFO] [stderr]     = note: for more information, see issue #93367 <https://github.com/rust-lang/rust/issues/93367>
[INFO] [stderr]     = note: `certificate::Certificate` is not a generic parameter
[INFO] [stderr] note: try using the same sequence of generic parameters as the struct definition
[INFO] [stderr]    --> mbedtls/src/alloc.rs:62:1
[INFO] [stderr]     |
[INFO] [stderr] 62  | pub struct List<T> {
[INFO] [stderr]     | ^^^^^^^^^^^^^^^^^^
[INFO] [stderr] 
[INFO] [stderr] warning: `mbedtls` (lib) generated 3 warnings
[INFO] [stderr] warning: `mbedtls` (lib test) generated 3 warnings (1 duplicate)
[INFO] [stderr]     Finished test [unoptimized + debuginfo] target(s) in 0.91s
[INFO] [stderr] warning: the following packages contain code that will be rejected by a future version of Rust: nom v5.1.2, syn v0.14.9, traitobject v0.1.0
[INFO] [stderr] note: to see what the problems were, use the option `--future-incompat-report`, or run `cargo report future-incompatibilities --id 3`
[INFO] [stderr]      Running unittests src/lib.rs (/opt/rustwide/target/debug/deps/mbedtls-6adb00cffe7b3b81)
[INFO] [stdout] 
[INFO] [stdout] running 48 tests
[INFO] [stdout] test cipher::aes_kwp ... ok
[INFO] [stdout] test cipher::aes_kw ... ok
[INFO] [stdout] test cipher::cmac ... ok
[INFO] [stdout] test cipher::raw::cmac_test ... ok
[INFO] [stdout] test cipher::ccm ... ok
[INFO] [stdout] test cipher::raw::one_part_ecb ... ok
[INFO] [stdout] test cipher::raw::no_overflow ... ok
[INFO] [stdout] test pk::tests::custom_pk_obj ... ok
[INFO] [stdout] test pk::tests::parse_write_der ... ok
[INFO] [stdout] test pk::tests::generate_ec_secp192r1 ... ok
[INFO] [stdout] test pk::tests::encrypt_v15_oaep ... ok
[INFO] [stdout] test pk::tests::rsa_encrypt_with_no_padding ... ok
[INFO] [stdout] test pk::ec::tests::p192_dh ... ok
[INFO] [stdout] test pk::tests::generate_ec_curve25519 ... ok
[INFO] [stdout] test pk::tests::generate_ec_secp256k1 ... ok
[INFO] [stdout] test pk::tests::rsa_params ... ok
[INFO] [stdout] test ecp::tests::test_ecp_encode ... ok
[INFO] [stdout] test wrapper_macros::tests::callback_sync ... ok
[INFO] [stdout] test ecp::tests::test_custom_curves ... ok
[INFO] [stdout] test pk::tests::parse_write_pem ... ok
[INFO] [stdout] test ecp::tests::test_ecp_mul ... ok
[INFO] [stdout] test x509::certificate::tests::cert_field_access ... ok
[INFO] [stdout] test x509::certificate::tests::channel_binding_hash ... ok
[INFO] [stdout] test ecp::tests::test_ecp_mul_add ... ok
[INFO] [stdout] test pk::tests::encrypt_raw_decrypt_with_pkcs1_v15 ... ok
[INFO] [stdout] test pk::tests::generate_ec_secp256r1 ... ok
[INFO] [stdout] test x509::certificate::tests::clone_test ... ok
[INFO] [stdout] test pk::tests::rsa_encrypt_decrypt_with_label ... ok
[INFO] [stdout] test x509::certificate::tests::unsafefrom_ptr_checks_test ... ok
[INFO] [stdout] test ecp::tests::test_ec_group ... ok
[INFO] [stdout] test x509::certificate::tests::mbedtls_list_into_test ... ok
[INFO] [stdout] test ecp::tests::test_gost_sign ... ok
[INFO] [stdout] test x509::certificate::tests::write_der ... ok
[INFO] [stdout] test x509::certificate::tests::list_clone_test1 ... ok
[INFO] [stdout] test x509::certificate::tests::list_into_iter ... ok
[INFO] [stdout] test x509::csr::tests::write_der ... ok
[INFO] [stdout] test x509::certificate::tests::list_pop_front_test ... ok
[INFO] [stdout] test x509::certificate::tests::write_pem ... ok
[INFO] [stdout] test x509::certificate::tests::list_pop_back_test ... ok
[INFO] [stdout] test x509::certificate::tests::mbedtls_list_to_box_iter_clone ... ok
[INFO] [stdout] test x509::csr::tests::write_pem ... ok
[INFO] [stdout] test x509::certificate::tests::verify_chain ... FAILED
[INFO] [stdout] test pk::tests::generate_rsa ... ok
[INFO] [stdout] test pk::tests::rsa_sign_with_none_padding ... ok
[INFO] [stdout] test pk::tests::rsa_verify_with_none_padding ... ok
[INFO] [stdout] test pk::tests::rsa_sign_verify_pss ... ok
[INFO] [stdout] test pk::tests::rsa_sign_verify_pkcs1v15 ... ok
[INFO] [stdout] test ecp::tests::test_ec_compressed_points ... ok
[INFO] [stdout] 
[INFO] [stdout] failures:
[INFO] [stdout] 
[INFO] [stdout] ---- x509::certificate::tests::verify_chain stdout ----
[INFO] [stdout] thread 'x509::certificate::tests::verify_chain' panicked at 'called `Result::unwrap()` on an `Err` value: X509CertVerifyFailed', mbedtls/src/x509/certificate.rs:998:60
[INFO] [stdout] stack backtrace:
[INFO] [stdout]    0:     0x561360271cda - std::backtrace_rs::backtrace::libunwind::trace::ha9053a9a07ca49cb
[INFO] [stdout]                                at /rustc/84c898d65adf2f39a5a98507f1fe0ce10a2b8dbc/library/std/src/../../backtrace/src/backtrace/libunwind.rs:93:5
[INFO] [stdout]    1:     0x561360271cda - std::backtrace_rs::backtrace::trace_unsynchronized::h9c2852a457ad564e
[INFO] [stdout]                                at /rustc/84c898d65adf2f39a5a98507f1fe0ce10a2b8dbc/library/std/src/../../backtrace/src/backtrace/mod.rs:66:5
[INFO] [stdout]    2:     0x561360271cda - std::sys_common::backtrace::_print_fmt::h457936fbfaa0070f
[INFO] [stdout]                                at /rustc/84c898d65adf2f39a5a98507f1fe0ce10a2b8dbc/library/std/src/sys_common/backtrace.rs:65:5
[INFO] [stdout]    3:     0x561360271cda - <std::sys_common::backtrace::_print::DisplayBacktrace as core::fmt::Display>::fmt::h5779d7bf7f70cb0c
[INFO] [stdout]                                at /rustc/84c898d65adf2f39a5a98507f1fe0ce10a2b8dbc/library/std/src/sys_common/backtrace.rs:44:22
[INFO] [stdout]    4:     0x56136029546e - core::fmt::write::h5a4baaff1bcd3eb5
[INFO] [stdout]                                at /rustc/84c898d65adf2f39a5a98507f1fe0ce10a2b8dbc/library/core/src/fmt/mod.rs:1232:17
[INFO] [stdout]    5:     0x56136026f155 - std::io::Write::write_fmt::h478f79c628ef31d1
[INFO] [stdout]                                at /rustc/84c898d65adf2f39a5a98507f1fe0ce10a2b8dbc/library/std/src/io/mod.rs:1684:15
[INFO] [stdout]    6:     0x561360271aa5 - std::sys_common::backtrace::_print::h5fcdc36060f177e8
[INFO] [stdout]                                at /rustc/84c898d65adf2f39a5a98507f1fe0ce10a2b8dbc/library/std/src/sys_common/backtrace.rs:47:5
[INFO] [stdout]    7:     0x561360271aa5 - std::sys_common::backtrace::print::h54ca9458b876c8bf
[INFO] [stdout]                                at /rustc/84c898d65adf2f39a5a98507f1fe0ce10a2b8dbc/library/std/src/sys_common/backtrace.rs:34:9
[INFO] [stdout]    8:     0x56136027386f - std::panicking::default_hook::{{closure}}::hbe471161c7664ed6
[INFO] [stdout]                                at /rustc/84c898d65adf2f39a5a98507f1fe0ce10a2b8dbc/library/std/src/panicking.rs:271:22
[INFO] [stdout]    9:     0x56136027352f - std::panicking::default_hook::ha3500da57aa4ac4f
[INFO] [stdout]                                at /rustc/84c898d65adf2f39a5a98507f1fe0ce10a2b8dbc/library/std/src/panicking.rs:287:9
[INFO] [stdout]   10:     0x5613602396c7 - <alloc::boxed::Box<F,A> as core::ops::function::Fn<Args>>::call::hdf1b89dd137ece34
[INFO] [stdout]                                at /rustc/84c898d65adf2f39a5a98507f1fe0ce10a2b8dbc/library/alloc/src/boxed.rs:2001:9
[INFO] [stdout]   11:     0x5613602396c7 - test::test_main::{{closure}}::h9081a79f20e75698
[INFO] [stdout]                                at /rustc/84c898d65adf2f39a5a98507f1fe0ce10a2b8dbc/library/test/src/lib.rs:135:21
[INFO] [stdout]   12:     0x561360273f9d - <alloc::boxed::Box<F,A> as core::ops::function::Fn<Args>>::call::h6507bddc3eebb4a5
[INFO] [stdout]                                at /rustc/84c898d65adf2f39a5a98507f1fe0ce10a2b8dbc/library/alloc/src/boxed.rs:2001:9
[INFO] [stdout]   13:     0x561360273f9d - std::panicking::rust_panic_with_hook::h50c09d000dc561d2
[INFO] [stdout]                                at /rustc/84c898d65adf2f39a5a98507f1fe0ce10a2b8dbc/library/std/src/panicking.rs:696:13
[INFO] [stdout]   14:     0x561360273d19 - std::panicking::begin_panic_handler::{{closure}}::h9e2b2176e00e0d9c
[INFO] [stdout]                                at /rustc/84c898d65adf2f39a5a98507f1fe0ce10a2b8dbc/library/std/src/panicking.rs:583:13
[INFO] [stdout]   15:     0x561360272146 - std::sys_common::backtrace::__rust_end_short_backtrace::h5739b8e512c09d02
[INFO] [stdout]                                at /rustc/84c898d65adf2f39a5a98507f1fe0ce10a2b8dbc/library/std/src/sys_common/backtrace.rs:150:18
[INFO] [stdout]   16:     0x561360273a22 - rust_begin_unwind
[INFO] [stdout]                                at /rustc/84c898d65adf2f39a5a98507f1fe0ce10a2b8dbc/library/std/src/panicking.rs:579:5
[INFO] [stdout]   17:     0x561360170c53 - core::panicking::panic_fmt::hf33a1475b4dc5c3e
[INFO] [stdout]                                at /rustc/84c898d65adf2f39a5a98507f1fe0ce10a2b8dbc/library/core/src/panicking.rs:64:14
[INFO] [stdout]   18:     0x561360171103 - core::result::unwrap_failed::hdff5465d74574b44
[INFO] [stdout]                                at /rustc/84c898d65adf2f39a5a98507f1fe0ce10a2b8dbc/library/core/src/result.rs:1750:5
[INFO] [stdout]   19:     0x5613601ad519 - core::result::Result<T,E>::unwrap::h8d3f5ab65337cb04
[INFO] [stdout]                                at /rustc/84c898d65adf2f39a5a98507f1fe0ce10a2b8dbc/library/core/src/result.rs:1090:23
[INFO] [stdout]   20:     0x561360173f5d - mbedtls::x509::certificate::tests::verify_chain::h5bbe47a342e8c0be
[INFO] [stdout]                                at /opt/rustwide/workdir/mbedtls/src/x509/certificate.rs:998:13
[INFO] [stdout]   21:     0x561360173aa7 - mbedtls::x509::certificate::tests::verify_chain::{{closure}}::h31eed7c176e204d8
[INFO] [stdout]                                at /opt/rustwide/workdir/mbedtls/src/x509/certificate.rs:977:23
[INFO] [stdout]   22:     0x56136019f7a5 - core::ops::function::FnOnce::call_once::ha6a7e88e47ed0b66
[INFO] [stdout]                                at /rustc/84c898d65adf2f39a5a98507f1fe0ce10a2b8dbc/library/core/src/ops/function.rs:250:5
[INFO] [stdout]   23:     0x56136023eaaf - core::ops::function::FnOnce::call_once::h7d969581be7d0075
[INFO] [stdout]                                at /rustc/84c898d65adf2f39a5a98507f1fe0ce10a2b8dbc/library/core/src/ops/function.rs:250:5
[INFO] [stdout]   24:     0x56136023eaaf - test::__rust_begin_short_backtrace::hca25a52684e56655
[INFO] [stdout]                                at /rustc/84c898d65adf2f39a5a98507f1fe0ce10a2b8dbc/library/test/src/lib.rs:656:18
[INFO] [stdout]   25:     0x5613602100cc - test::run_test::{{closure}}::ha8ac744c4af1a4bb
[INFO] [stdout]                                at /rustc/84c898d65adf2f39a5a98507f1fe0ce10a2b8dbc/library/test/src/lib.rs:647:30
[INFO] [stdout]   26:     0x5613602100cc - core::ops::function::FnOnce::call_once{{vtable.shim}}::h7b411a9ed45bdecf
[INFO] [stdout]                                at /rustc/84c898d65adf2f39a5a98507f1fe0ce10a2b8dbc/library/core/src/ops/function.rs:250:5
[INFO] [stdout]   27:     0x56136023da76 - <alloc::boxed::Box<F,A> as core::ops::function::FnOnce<Args>>::call_once::hd05328869a8ed200
[INFO] [stdout]                                at /rustc/84c898d65adf2f39a5a98507f1fe0ce10a2b8dbc/library/alloc/src/boxed.rs:1987:9
[INFO] [stdout]   28:     0x56136023da76 - <core::panic::unwind_safe::AssertUnwindSafe<F> as core::ops::function::FnOnce<()>>::call_once::h0c601ce20bd5b2be
[INFO] [stdout]                                at /rustc/84c898d65adf2f39a5a98507f1fe0ce10a2b8dbc/library/core/src/panic/unwind_safe.rs:271:9
[INFO] [stdout]   29:     0x56136023da76 - std::panicking::try::do_call::ha4be5c164fe30854
[INFO] [stdout]                                at /rustc/84c898d65adf2f39a5a98507f1fe0ce10a2b8dbc/library/std/src/panicking.rs:487:40
[INFO] [stdout]   30:     0x56136023da76 - std::panicking::try::h604546f3609af05f
[INFO] [stdout]                                at /rustc/84c898d65adf2f39a5a98507f1fe0ce10a2b8dbc/library/std/src/panicking.rs:451:19
[INFO] [stdout]   31:     0x56136023da76 - std::panic::catch_unwind::h5bfa8afe44c9c2f9
[INFO] [stdout]                                at /rustc/84c898d65adf2f39a5a98507f1fe0ce10a2b8dbc/library/std/src/panic.rs:140:14
[INFO] [stdout]   32:     0x56136023da76 - test::run_test_in_process::hd50dee55dd63e6aa
[INFO] [stdout]                                at /rustc/84c898d65adf2f39a5a98507f1fe0ce10a2b8dbc/library/test/src/lib.rs:679:27
[INFO] [stdout]   33:     0x56136023da76 - test::run_test::run_test_inner::{{closure}}::h4aa0f433aa85cea8
[INFO] [stdout]                                at /rustc/84c898d65adf2f39a5a98507f1fe0ce10a2b8dbc/library/test/src/lib.rs:573:39
[INFO] [stdout]   34:     0x56136020a741 - test::run_test::run_test_inner::{{closure}}::had56431adf24b4d6
[INFO] [stdout]                                at /rustc/84c898d65adf2f39a5a98507f1fe0ce10a2b8dbc/library/test/src/lib.rs:600:37
[INFO] [stdout]   35:     0x56136020a741 - std::sys_common::backtrace::__rust_begin_short_backtrace::ha8d9890e0c73bf13
[INFO] [stdout]                                at /rustc/84c898d65adf2f39a5a98507f1fe0ce10a2b8dbc/library/std/src/sys_common/backtrace.rs:134:18
[INFO] [stdout]   36:     0x56136021015b - std::thread::Builder::spawn_unchecked_::{{closure}}::{{closure}}::h251832bcb4a95327
[INFO] [stdout]                                at /rustc/84c898d65adf2f39a5a98507f1fe0ce10a2b8dbc/library/std/src/thread/mod.rs:560:17
[INFO] [stdout]   37:     0x56136021015b - <core::panic::unwind_safe::AssertUnwindSafe<F> as core::ops::function::FnOnce<()>>::call_once::h8fdff598fa414831
[INFO] [stdout]                                at /rustc/84c898d65adf2f39a5a98507f1fe0ce10a2b8dbc/library/core/src/panic/unwind_safe.rs:271:9
[INFO] [stdout]   38:     0x56136021015b - std::panicking::try::do_call::h455dd2f7764a950f
[INFO] [stdout]                                at /rustc/84c898d65adf2f39a5a98507f1fe0ce10a2b8dbc/library/std/src/panicking.rs:487:40
[INFO] [stdout]   39:     0x56136021015b - std::panicking::try::had6f23b7b73ae72a
[INFO] [stdout]                                at /rustc/84c898d65adf2f39a5a98507f1fe0ce10a2b8dbc/library/std/src/panicking.rs:451:19
[INFO] [stdout]   40:     0x56136021015b - std::panic::catch_unwind::ha6a5ca3915b4dad0
[INFO] [stdout]                                at /rustc/84c898d65adf2f39a5a98507f1fe0ce10a2b8dbc/library/std/src/panic.rs:140:14
[INFO] [stdout]   41:     0x56136021015b - std::thread::Builder::spawn_unchecked_::{{closure}}::h883b72ef75da6231
[INFO] [stdout]                                at /rustc/84c898d65adf2f39a5a98507f1fe0ce10a2b8dbc/library/std/src/thread/mod.rs:559:30
[INFO] [stdout]   42:     0x56136021015b - core::ops::function::FnOnce::call_once{{vtable.shim}}::hb7dff73dc8bd2ccb
[INFO] [stdout]                                at /rustc/84c898d65adf2f39a5a98507f1fe0ce10a2b8dbc/library/core/src/ops/function.rs:250:5
[INFO] [stdout]   43:     0x561360278303 - <alloc::boxed::Box<F,A> as core::ops::function::FnOnce<Args>>::call_once::h39990b24eedef2ab
[INFO] [stdout]                                at /rustc/84c898d65adf2f39a5a98507f1fe0ce10a2b8dbc/library/alloc/src/boxed.rs:1987:9
[INFO] [stdout]   44:     0x561360278303 - <alloc::boxed::Box<F,A> as core::ops::function::FnOnce<Args>>::call_once::h01a027258444143b
[INFO] [stdout]                                at /rustc/84c898d65adf2f39a5a98507f1fe0ce10a2b8dbc/library/alloc/src/boxed.rs:1987:9
[INFO] [stdout]   45:     0x561360278303 - std::sys::unix::thread::Thread::new::thread_start::ha4f1cdd9c25884ba
[INFO] [stdout]                                at /rustc/84c898d65adf2f39a5a98507f1fe0ce10a2b8dbc/library/std/src/sys/unix/thread.rs:108:17
[INFO] [stdout]   46:     0x7f3c18f1cb43 - <unknown>
[INFO] [stdout]   47:     0x7f3c18fadbb4 - __clone
[INFO] [stdout]   48:                0x0 - <unknown>
[INFO] [stdout] 
[INFO] [stdout] 
[INFO] [stdout] failures:
[INFO] [stdout]     x509::certificate::tests::verify_chain
[INFO] [stdout] 
[INFO] [stdout] test result: FAILED. 47 passed; 1 failed; 0 ignored; 0 measured; 0 filtered out; finished in 2.99s
[INFO] [stdout] 
[INFO] [stderr] error: test failed, to rerun pass `-p mbedtls --lib`
[INFO] running `Command { std: "docker" "inspect" "5cf765fcce463ce09f8537e19f3d88b4d707fc0ba753e0d2f80edf26ebc64233", kill_on_drop: false }`
[INFO] running `Command { std: "docker" "rm" "-f" "5cf765fcce463ce09f8537e19f3d88b4d707fc0ba753e0d2f80edf26ebc64233", kill_on_drop: false }`
[INFO] [stdout] 5cf765fcce463ce09f8537e19f3d88b4d707fc0ba753e0d2f80edf26ebc64233
