[INFO] cloning repository https://github.com/ghuh/bookmark_manager
[INFO] running `Command { std: "git" "-c" "credential.helper=" "-c" "credential.helper=/workspace/cargo-home/bin/git-credential-null" "clone" "--bare" "https://github.com/ghuh/bookmark_manager" "/workspace/cache/git-repos/https%3A%2F%2Fgithub.com%2Fghuh%2Fbookmark_manager", kill_on_drop: false }`
[INFO] [stderr] Cloning into bare repository '/workspace/cache/git-repos/https%3A%2F%2Fgithub.com%2Fghuh%2Fbookmark_manager'...
[INFO] running `Command { std: "git" "rev-parse" "HEAD", kill_on_drop: false }`
[INFO] [stdout] 5798dd77e8be2ec841887bd855ed24b5b0e5e756
[INFO] testing ghuh/bookmark_manager against 1.69.0 for beta-1.70-1
[INFO] running `Command { std: "git" "clone" "/workspace/cache/git-repos/https%3A%2F%2Fgithub.com%2Fghuh%2Fbookmark_manager" "/workspace/builds/worker-7-tc1/source", kill_on_drop: false }`
[INFO] [stderr] Cloning into '/workspace/builds/worker-7-tc1/source'...
[INFO] [stderr] done.
[INFO] validating manifest of git repo https://github.com/ghuh/bookmark_manager on toolchain 1.69.0
[INFO] running `Command { std: CARGO_HOME="/workspace/cargo-home" RUSTUP_HOME="/workspace/rustup-home" "/workspace/cargo-home/bin/cargo" "+1.69.0" "metadata" "--manifest-path" "Cargo.toml" "--no-deps", kill_on_drop: false }`
[INFO] started tweaking git repo https://github.com/ghuh/bookmark_manager
[INFO] finished tweaking git repo https://github.com/ghuh/bookmark_manager
[INFO] tweaked toml for git repo https://github.com/ghuh/bookmark_manager written to /workspace/builds/worker-7-tc1/source/Cargo.toml
[INFO] crate git repo https://github.com/ghuh/bookmark_manager already has a lockfile, it will not be regenerated
[INFO] running `Command { std: CARGO_HOME="/workspace/cargo-home" RUSTUP_HOME="/workspace/rustup-home" "/workspace/cargo-home/bin/cargo" "+1.69.0" "fetch" "--manifest-path" "Cargo.toml", kill_on_drop: false }`
[INFO] [stderr]  Downloading crates ...
[INFO] [stderr]   Downloaded predicates v2.0.2
[INFO] [stderr]   Downloaded assert_cmd v2.0.0
[INFO] [stderr]   Downloaded clap v4.0.31
[INFO] running `Command { std: "docker" "create" "-v" "/var/lib/crater-agent-workspace/builds/worker-7-tc1/target:/opt/rustwide/target:rw,Z" "-v" "/var/lib/crater-agent-workspace/builds/worker-7-tc1/source:/opt/rustwide/workdir:ro,Z" "-v" "/var/lib/crater-agent-workspace/cargo-home:/opt/rustwide/cargo-home:ro,Z" "-v" "/var/lib/crater-agent-workspace/rustup-home:/opt/rustwide/rustup-home:ro,Z" "-e" "SOURCE_DIR=/opt/rustwide/workdir" "-e" "CARGO_TARGET_DIR=/opt/rustwide/target" "-e" "CARGO_HOME=/opt/rustwide/cargo-home" "-e" "RUSTUP_HOME=/opt/rustwide/rustup-home" "-w" "/opt/rustwide/workdir" "-m" "1610612736" "--user" "0:0" "--network" "none" "ghcr.io/rust-lang/crates-build-env/linux@sha256:5ff2268d62e97bff2cde7d5815dd6ed5b47097566f13b8d0ca110b04b60e07ed" "/opt/rustwide/cargo-home/bin/cargo" "+1.69.0" "metadata" "--no-deps" "--format-version=1", kill_on_drop: false }`
[INFO] [stdout] 7bc4ebe3a111374e257852f34acb8fa06ab3259bd91d4f06fca151158222b0ab
[INFO] running `Command { std: "docker" "start" "-a" "7bc4ebe3a111374e257852f34acb8fa06ab3259bd91d4f06fca151158222b0ab", kill_on_drop: false }`
[INFO] running `Command { std: "docker" "inspect" "7bc4ebe3a111374e257852f34acb8fa06ab3259bd91d4f06fca151158222b0ab", kill_on_drop: false }`
[INFO] running `Command { std: "docker" "rm" "-f" "7bc4ebe3a111374e257852f34acb8fa06ab3259bd91d4f06fca151158222b0ab", kill_on_drop: false }`
[INFO] [stdout] 7bc4ebe3a111374e257852f34acb8fa06ab3259bd91d4f06fca151158222b0ab
[INFO] running `Command { std: "docker" "create" "-v" "/var/lib/crater-agent-workspace/builds/worker-7-tc1/target:/opt/rustwide/target:rw,Z" "-v" "/var/lib/crater-agent-workspace/builds/worker-7-tc1/source:/opt/rustwide/workdir:ro,Z" "-v" "/var/lib/crater-agent-workspace/cargo-home:/opt/rustwide/cargo-home:ro,Z" "-v" "/var/lib/crater-agent-workspace/rustup-home:/opt/rustwide/rustup-home:ro,Z" "-e" "SOURCE_DIR=/opt/rustwide/workdir" "-e" "CARGO_TARGET_DIR=/opt/rustwide/target" "-e" "CARGO_INCREMENTAL=0" "-e" "RUST_BACKTRACE=full" "-e" "RUSTFLAGS=--cap-lints=warn" "-e" "RUSTDOCFLAGS=--cap-lints=warn" "-e" "CARGO_HOME=/opt/rustwide/cargo-home" "-e" "RUSTUP_HOME=/opt/rustwide/rustup-home" "-w" "/opt/rustwide/workdir" "-m" "1610612736" "--user" "0:0" "--network" "none" "ghcr.io/rust-lang/crates-build-env/linux@sha256:5ff2268d62e97bff2cde7d5815dd6ed5b47097566f13b8d0ca110b04b60e07ed" "/opt/rustwide/cargo-home/bin/cargo" "+1.69.0" "build" "--frozen" "--message-format=json", kill_on_drop: false }`
[INFO] [stdout] 39c901e0c08acfd2970810a0beed164e203e8e23d5135705927544dea246f266
[INFO] running `Command { std: "docker" "start" "-a" "39c901e0c08acfd2970810a0beed164e203e8e23d5135705927544dea246f266", kill_on_drop: false }`
[INFO] [stderr]     Blocking waiting for file lock on package cache
[INFO] [stderr]    Compiling libc v0.2.139
[INFO] [stderr]    Compiling pkg-config v0.3.19
[INFO] [stderr]    Compiling proc-macro2 v1.0.49
[INFO] [stderr]    Compiling unicode-ident v1.0.6
[INFO] [stderr]    Compiling version_check v0.9.3
[INFO] [stderr]    Compiling syn v1.0.74
[INFO] [stderr]    Compiling autocfg v1.0.1
[INFO] [stderr]    Compiling memchr v2.4.1
[INFO] [stderr]    Compiling tinyvec_macros v0.1.0
[INFO] [stderr]    Compiling io-lifetimes v1.0.3
[INFO] [stderr]    Compiling matches v0.1.9
[INFO] [stderr]    Compiling unicode-bidi v0.3.6
[INFO] [stderr]    Compiling ryu v1.0.5
[INFO] [stderr]    Compiling rustix v0.36.5
[INFO] [stderr]    Compiling serde v1.0.127
[INFO] [stderr]    Compiling bitflags v1.3.2
[INFO] [stderr]    Compiling tinyvec v1.3.1
[INFO] [stderr]    Compiling percent-encoding v2.1.0
[INFO] [stderr]    Compiling serde_json v1.0.66
[INFO] [stderr]    Compiling proc-macro-error-attr v1.0.4
[INFO] [stderr]    Compiling proc-macro-error v1.0.4
[INFO] [stderr]    Compiling form_urlencoded v1.0.1
[INFO] [stderr]    Compiling linux-raw-sys v0.1.4
[INFO] [stderr]    Compiling serde_derive v1.0.127
[INFO] [stderr]    Compiling log v0.4.14
[INFO] [stderr]    Compiling regex-syntax v0.6.28
[INFO] [stderr]    Compiling itoa v0.4.7
[INFO] [stderr]    Compiling heck v0.4.0
[INFO] [stderr]    Compiling if_chain v1.0.1
[INFO] [stderr]    Compiling unicode-normalization v0.1.19
[INFO] [stderr]    Compiling lazy_static v1.4.0
[INFO] [stderr]    Compiling os_str_bytes v6.0.0
[INFO] [stderr]    Compiling aho-corasick v0.7.18
[INFO] [stderr]    Compiling quote v1.0.9
[INFO] [stderr]    Compiling anyhow v1.0.43
[INFO] [stderr]    Compiling openssl-probe v0.1.4
[INFO] [stderr]    Compiling strsim v0.10.0
[INFO] [stderr]    Compiling clap_lex v0.3.0
[INFO] [stderr]    Compiling jobserver v0.1.24
[INFO] [stderr]    Compiling termcolor v1.1.2
[INFO] [stderr]    Compiling once_cell v1.16.0
[INFO] [stderr]    Compiling ansi_term v0.12.1
[INFO] [stderr]    Compiling cc v1.0.69
[INFO] [stderr]    Compiling idna v0.2.3
[INFO] [stderr]    Compiling url v2.2.2
[INFO] [stderr]    Compiling openssl-sys v0.9.66
[INFO] [stderr]    Compiling libz-sys v1.1.3
[INFO] [stderr]    Compiling libssh2-sys v0.2.21
[INFO] [stderr]    Compiling libgit2-sys v0.14.0+1.5.0
[INFO] [stderr]    Compiling regex v1.7.0
[INFO] [stderr]    Compiling is-terminal v0.4.2
[INFO] [stderr]    Compiling validator_types v0.16.0
[INFO] [stderr]    Compiling clap_derive v4.0.21
[INFO] [stderr]    Compiling validator_derive v0.16.0
[INFO] [stderr]    Compiling clap v4.0.31
[INFO] [stderr]    Compiling git2 v0.15.0
[INFO] [stderr]    Compiling validator v0.16.0
[INFO] [stderr]    Compiling bm v1.0.0 (/opt/rustwide/workdir)
[INFO] [stderr]     Finished dev [unoptimized + debuginfo] target(s) in 18.80s
[INFO] running `Command { std: "docker" "inspect" "39c901e0c08acfd2970810a0beed164e203e8e23d5135705927544dea246f266", kill_on_drop: false }`
[INFO] running `Command { std: "docker" "rm" "-f" "39c901e0c08acfd2970810a0beed164e203e8e23d5135705927544dea246f266", kill_on_drop: false }`
[INFO] [stdout] 39c901e0c08acfd2970810a0beed164e203e8e23d5135705927544dea246f266
[INFO] running `Command { std: "docker" "create" "-v" "/var/lib/crater-agent-workspace/builds/worker-7-tc1/target:/opt/rustwide/target:rw,Z" "-v" "/var/lib/crater-agent-workspace/builds/worker-7-tc1/source:/opt/rustwide/workdir:ro,Z" "-v" "/var/lib/crater-agent-workspace/cargo-home:/opt/rustwide/cargo-home:ro,Z" "-v" "/var/lib/crater-agent-workspace/rustup-home:/opt/rustwide/rustup-home:ro,Z" "-e" "SOURCE_DIR=/opt/rustwide/workdir" "-e" "CARGO_TARGET_DIR=/opt/rustwide/target" "-e" "CARGO_INCREMENTAL=0" "-e" "RUST_BACKTRACE=full" "-e" "RUSTFLAGS=--cap-lints=warn" "-e" "RUSTDOCFLAGS=--cap-lints=warn" "-e" "CARGO_HOME=/opt/rustwide/cargo-home" "-e" "RUSTUP_HOME=/opt/rustwide/rustup-home" "-w" "/opt/rustwide/workdir" "-m" "1610612736" "--user" "0:0" "--network" "none" "ghcr.io/rust-lang/crates-build-env/linux@sha256:5ff2268d62e97bff2cde7d5815dd6ed5b47097566f13b8d0ca110b04b60e07ed" "/opt/rustwide/cargo-home/bin/cargo" "+1.69.0" "test" "--frozen" "--no-run" "--message-format=json", kill_on_drop: false }`
[INFO] [stdout] 8b2e7ec8ff02b21ec37b1ae1641364d52dd730316495b6d605c219a76185ea98
[INFO] running `Command { std: "docker" "start" "-a" "8b2e7ec8ff02b21ec37b1ae1641364d52dd730316495b6d605c219a76185ea98", kill_on_drop: false }`
[INFO] [stderr]    Compiling num-traits v0.2.14
[INFO] [stderr]    Compiling getrandom v0.2.3
[INFO] [stderr]    Compiling doc-comment v0.3.3
[INFO] [stderr]    Compiling predicates-core v1.0.2
[INFO] [stderr]    Compiling ppv-lite86 v0.2.10
[INFO] [stderr]    Compiling either v1.6.1
[INFO] [stderr]    Compiling treeline v0.1.0
[INFO] [stderr]    Compiling normalize-line-endings v0.3.0
[INFO] [stderr]    Compiling regex-automata v0.1.10
[INFO] [stderr]    Compiling difflib v0.4.0
[INFO] [stderr]    Compiling wait-timeout v0.2.0
[INFO] [stderr]    Compiling remove_dir_all v0.5.3
[INFO] [stderr]    Compiling predicates-tree v1.0.3
[INFO] [stderr]    Compiling itertools v0.10.1
[INFO] [stderr]    Compiling rand_core v0.6.3
[INFO] [stderr]    Compiling bstr v0.2.16
[INFO] [stderr]    Compiling rand_chacha v0.3.1
[INFO] [stderr]    Compiling rand v0.8.4
[INFO] [stderr]    Compiling float-cmp v0.9.0
[INFO] [stderr]    Compiling tempfile v3.2.0
[INFO] [stderr]    Compiling predicates v2.0.2
[INFO] [stderr]    Compiling assert_cmd v2.0.0
[INFO] [stderr]    Compiling bm v1.0.0 (/opt/rustwide/workdir)
[INFO] [stderr]     Finished test [unoptimized + debuginfo] target(s) in 3.99s
[INFO] running `Command { std: "docker" "inspect" "8b2e7ec8ff02b21ec37b1ae1641364d52dd730316495b6d605c219a76185ea98", kill_on_drop: false }`
[INFO] running `Command { std: "docker" "rm" "-f" "8b2e7ec8ff02b21ec37b1ae1641364d52dd730316495b6d605c219a76185ea98", kill_on_drop: false }`
[INFO] [stdout] 8b2e7ec8ff02b21ec37b1ae1641364d52dd730316495b6d605c219a76185ea98
[INFO] running `Command { std: "docker" "create" "-v" "/var/lib/crater-agent-workspace/builds/worker-7-tc1/target:/opt/rustwide/target:rw,Z" "-v" "/var/lib/crater-agent-workspace/builds/worker-7-tc1/source:/opt/rustwide/workdir:ro,Z" "-v" "/var/lib/crater-agent-workspace/cargo-home:/opt/rustwide/cargo-home:ro,Z" "-v" "/var/lib/crater-agent-workspace/rustup-home:/opt/rustwide/rustup-home:ro,Z" "-e" "SOURCE_DIR=/opt/rustwide/workdir" "-e" "CARGO_TARGET_DIR=/opt/rustwide/target" "-e" "CARGO_INCREMENTAL=0" "-e" "RUST_BACKTRACE=full" "-e" "RUSTFLAGS=--cap-lints=warn" "-e" "RUSTDOCFLAGS=--cap-lints=warn" "-e" "CARGO_HOME=/opt/rustwide/cargo-home" "-e" "RUSTUP_HOME=/opt/rustwide/rustup-home" "-w" "/opt/rustwide/workdir" "-m" "1610612736" "--user" "0:0" "--network" "none" "ghcr.io/rust-lang/crates-build-env/linux@sha256:5ff2268d62e97bff2cde7d5815dd6ed5b47097566f13b8d0ca110b04b60e07ed" "/opt/rustwide/cargo-home/bin/cargo" "+1.69.0" "test" "--frozen", kill_on_drop: false }`
[INFO] [stdout] 4a7fcf937213a7de8721dfd7f3c3dc3f502af118b7123038c293b9189539d639
[INFO] running `Command { std: "docker" "start" "-a" "4a7fcf937213a7de8721dfd7f3c3dc3f502af118b7123038c293b9189539d639", kill_on_drop: false }`
[INFO] [stderr]     Finished test [unoptimized + debuginfo] target(s) in 0.05s
[INFO] [stderr]      Running unittests src/main.rs (/opt/rustwide/target/debug/deps/bm-5ea6373f99da9730)
[INFO] [stdout] 
[INFO] [stdout] running 22 tests
[INFO] [stdout] test cli_output::search_result_output::tests::test_generate_padding ... ok
[INFO] [stdout] test commands::search::tests::case_insensitive_tags ... ok
[INFO] [stdout] test commands::search::tests::multi_word_tag ... ok
[INFO] [stdout] test commands::search::tests::multiple_tags ... ok
[INFO] [stdout] test commands::search::tests::regex_description ... ok
[INFO] [stdout] test commands::search::tests::single_word_description ... ok
[INFO] [stdout] test commands::search::tests::multi_word_description ... ok
[INFO] [stdout] test commands::search::tests::no_match ... ok
[INFO] [stdout] test commands::search::tests::case_insensitive_description ... ok
[INFO] [stdout] test commands::search::tests::multi_word_case_insensitive_description ... ok
[INFO] [stdout] test commands::search::tests::tags_only ... ok
[INFO] [stdout] test commands::search::tests::regex_url ... ok
[INFO] [stdout] test config::add_tests::pipe_in_tags ... ok
[INFO] [stdout] test csv::csv_line_reader::tests::invalid_line ... ok
[INFO] [stdout] test csv::csv_line_reader::tests::valid_line ... ok
[INFO] [stdout] test config::add_tests::comma_in_tags ... ok
[INFO] [stdout] test commands::search::tests::tags_and_url_match ... ok
[INFO] [stdout] test config::add_tests::invalid_url ... ok
[INFO] [stdout] test config::add_tests::pipe_in_description ... ok
[INFO] [stdout] test config::add_tests::pipe_in_url ... ok
[INFO] [stdout] test commands::search::tests::url_match_tags_do_not ... ok
[INFO] [stdout] test commands::search::tests::single_word_url ... ok
[INFO] [stdout] 
[INFO] [stdout] test result: ok. 22 passed; 0 failed; 0 ignored; 0 measured; 0 filtered out; finished in 0.01s
[INFO] [stdout] 
[INFO] [stderr]      Running tests/cli.rs (/opt/rustwide/target/debug/deps/cli-11b5b448c35543f4)
[INFO] [stdout] 
[INFO] [stdout] running 17 tests
[INFO] [stdout] test csv_not_in_git_repo ... ok
[INFO] [stdout] test ignore_first_line ... FAILED
[INFO] [stdout] test create_csv_with_headers_if_not_exist ... FAILED
[INFO] [stdout] test no_commit ... FAILED
[INFO] [stdout] test sort_tags ... FAILED
[INFO] [stdout] test multi_tag_query ... FAILED
[INFO] [stdout] test multi_word_match ... FAILED
[INFO] [stdout] test search_alias_s ... FAILED
[INFO] [stdout] test csv_not_in_git_root ... FAILED
[INFO] [stdout] test list_tags ... FAILED
[INFO] [stdout] test single_word_match ... FAILED
[INFO] [stdout] test validate_fails_for_pipe_in_description ... FAILED
[INFO] [stdout] test regex_match ... FAILED
[INFO] [stdout] test invalid_command ... FAILED
[INFO] [stdout] test no_duplicate_urls ... FAILED
[INFO] [stdout] test tags_only_query ... FAILED
[INFO] [stdout] test fail_if_uncommitted_changes_in_git_rep ... FAILED
[INFO] [stdout] 
[INFO] [stdout] failures:
[INFO] [stdout] 
[INFO] [stdout] ---- ignore_first_line stdout ----
[INFO] [stdout] Error: config value 'user.name' was not found; class=Config (7); code=NotFound (-3)
[INFO] [stdout] 
[INFO] [stdout] ---- create_csv_with_headers_if_not_exist stdout ----
[INFO] [stdout] Error: config value 'user.name' was not found; class=Config (7); code=NotFound (-3)
[INFO] [stdout] 
[INFO] [stdout] ---- no_commit stdout ----
[INFO] [stdout] Error: config value 'user.name' was not found; class=Config (7); code=NotFound (-3)
[INFO] [stdout] 
[INFO] [stdout] ---- sort_tags stdout ----
[INFO] [stdout] Error: config value 'user.name' was not found; class=Config (7); code=NotFound (-3)
[INFO] [stdout] 
[INFO] [stdout] ---- multi_tag_query stdout ----
[INFO] [stdout] Error: config value 'user.name' was not found; class=Config (7); code=NotFound (-3)
[INFO] [stdout] 
[INFO] [stdout] ---- multi_word_match stdout ----
[INFO] [stdout] Error: config value 'user.name' was not found; class=Config (7); code=NotFound (-3)
[INFO] [stdout] 
[INFO] [stdout] ---- search_alias_s stdout ----
[INFO] [stdout] Error: config value 'user.name' was not found; class=Config (7); code=NotFound (-3)
[INFO] [stdout] 
[INFO] [stdout] ---- csv_not_in_git_root stdout ----
[INFO] [stdout] Error: config value 'user.name' was not found; class=Config (7); code=NotFound (-3)
[INFO] [stdout] 
[INFO] [stdout] ---- list_tags stdout ----
[INFO] [stdout] Error: config value 'user.name' was not found; class=Config (7); code=NotFound (-3)
[INFO] [stdout] 
[INFO] [stdout] ---- single_word_match stdout ----
[INFO] [stdout] Error: config value 'user.name' was not found; class=Config (7); code=NotFound (-3)
[INFO] [stdout] 
[INFO] [stdout] ---- validate_fails_for_pipe_in_description stdout ----
[INFO] [stdout] Error: config value 'user.name' was not found; class=Config (7); code=NotFound (-3)
[INFO] [stdout] 
[INFO] [stdout] ---- regex_match stdout ----
[INFO] [stdout] Error: config value 'user.name' was not found; class=Config (7); code=NotFound (-3)
[INFO] [stdout] 
[INFO] [stdout] ---- invalid_command stdout ----
[INFO] [stdout] Error: config value 'user.name' was not found; class=Config (7); code=NotFound (-3)
[INFO] [stdout] 
[INFO] [stdout] ---- no_duplicate_urls stdout ----
[INFO] [stdout] Error: config value 'user.name' was not found; class=Config (7); code=NotFound (-3)
[INFO] [stdout] 
[INFO] [stdout] ---- tags_only_query stdout ----
[INFO] [stdout] Error: config value 'user.name' was not found; class=Config (7); code=NotFound (-3)
[INFO] [stdout] 
[INFO] [stdout] ---- fail_if_uncommitted_changes_in_git_rep stdout ----
[INFO] [stdout] Error: config value 'user.name' was not found; class=Config (7); code=NotFound (-3)
[INFO] [stdout] 
[INFO] [stdout] 
[INFO] [stdout] failures:
[INFO] [stdout]     create_csv_with_headers_if_not_exist
[INFO] [stdout]     csv_not_in_git_root
[INFO] [stdout]     fail_if_uncommitted_changes_in_git_rep
[INFO] [stdout]     ignore_first_line
[INFO] [stdout]     invalid_command
[INFO] [stdout]     list_tags
[INFO] [stdout]     multi_tag_query
[INFO] [stdout]     multi_word_match
[INFO] [stdout]     no_commit
[INFO] [stdout]     no_duplicate_urls
[INFO] [stdout]     regex_match
[INFO] [stdout]     search_alias_s
[INFO] [stdout]     single_word_match
[INFO] [stdout]     sort_tags
[INFO] [stdout]     tags_only_query
[INFO] [stdout]     validate_fails_for_pipe_in_description
[INFO] [stdout] 
[INFO] [stdout] test result: FAILED. 1 passed; 16 failed; 0 ignored; 0 measured; 0 filtered out; finished in 0.12s
[INFO] [stdout] 
[INFO] [stderr] error: test failed, to rerun pass `--test cli`
[INFO] running `Command { std: "docker" "inspect" "4a7fcf937213a7de8721dfd7f3c3dc3f502af118b7123038c293b9189539d639", kill_on_drop: false }`
[INFO] running `Command { std: "docker" "rm" "-f" "4a7fcf937213a7de8721dfd7f3c3dc3f502af118b7123038c293b9189539d639", kill_on_drop: false }`
[INFO] [stdout] 4a7fcf937213a7de8721dfd7f3c3dc3f502af118b7123038c293b9189539d639
