[INFO] cloning repository https://github.com/garyyu/rust-dag
[INFO] running `Command { std: "git" "-c" "credential.helper=" "-c" "credential.helper=/workspace/cargo-home/bin/git-credential-null" "clone" "--bare" "https://github.com/garyyu/rust-dag" "/workspace/cache/git-repos/https%3A%2F%2Fgithub.com%2Fgaryyu%2Frust-dag", kill_on_drop: false }`
[INFO] [stderr] Cloning into bare repository '/workspace/cache/git-repos/https%3A%2F%2Fgithub.com%2Fgaryyu%2Frust-dag'...
[INFO] running `Command { std: "git" "rev-parse" "HEAD", kill_on_drop: false }`
[INFO] [stdout] d1e427807a0cf5a8ad4163bcf7fffab1da1d15bb
[INFO] testing garyyu/rust-dag against 1.69.0 for beta-1.70-1
[INFO] running `Command { std: "git" "clone" "/workspace/cache/git-repos/https%3A%2F%2Fgithub.com%2Fgaryyu%2Frust-dag" "/workspace/builds/worker-2-tc1/source", kill_on_drop: false }`
[INFO] [stderr] Cloning into '/workspace/builds/worker-2-tc1/source'...
[INFO] [stderr] done.
[INFO] validating manifest of git repo https://github.com/garyyu/rust-dag on toolchain 1.69.0
[INFO] running `Command { std: CARGO_HOME="/workspace/cargo-home" RUSTUP_HOME="/workspace/rustup-home" "/workspace/cargo-home/bin/cargo" "+1.69.0" "metadata" "--manifest-path" "Cargo.toml" "--no-deps", kill_on_drop: false }`
[INFO] started tweaking git repo https://github.com/garyyu/rust-dag
[INFO] finished tweaking git repo https://github.com/garyyu/rust-dag
[INFO] tweaked toml for git repo https://github.com/garyyu/rust-dag written to /workspace/builds/worker-2-tc1/source/Cargo.toml
[INFO] crate git repo https://github.com/garyyu/rust-dag already has a lockfile, it will not be regenerated
[INFO] running `Command { std: CARGO_HOME="/workspace/cargo-home" RUSTUP_HOME="/workspace/rustup-home" "/workspace/cargo-home/bin/cargo" "+1.69.0" "fetch" "--manifest-path" "Cargo.toml", kill_on_drop: false }`
[INFO] [stderr]  Downloading crates ...
[INFO] [stderr]   Downloaded atty v0.2.9
[INFO] [stderr]   Downloaded env_logger v0.5.9
[INFO] running `Command { std: "docker" "create" "-v" "/var/lib/crater-agent-workspace/builds/worker-2-tc1/target:/opt/rustwide/target:rw,Z" "-v" "/var/lib/crater-agent-workspace/builds/worker-2-tc1/source:/opt/rustwide/workdir:ro,Z" "-v" "/var/lib/crater-agent-workspace/cargo-home:/opt/rustwide/cargo-home:ro,Z" "-v" "/var/lib/crater-agent-workspace/rustup-home:/opt/rustwide/rustup-home:ro,Z" "-e" "SOURCE_DIR=/opt/rustwide/workdir" "-e" "CARGO_TARGET_DIR=/opt/rustwide/target" "-e" "CARGO_HOME=/opt/rustwide/cargo-home" "-e" "RUSTUP_HOME=/opt/rustwide/rustup-home" "-w" "/opt/rustwide/workdir" "-m" "1610612736" "--user" "0:0" "--network" "none" "ghcr.io/rust-lang/crates-build-env/linux@sha256:5ff2268d62e97bff2cde7d5815dd6ed5b47097566f13b8d0ca110b04b60e07ed" "/opt/rustwide/cargo-home/bin/cargo" "+1.69.0" "metadata" "--no-deps" "--format-version=1", kill_on_drop: false }`
[INFO] [stdout] ec31a7f655affb71db109f10e89b1122d36557892c4d02956d547269f8b8b4d6
[INFO] running `Command { std: "docker" "start" "-a" "ec31a7f655affb71db109f10e89b1122d36557892c4d02956d547269f8b8b4d6", kill_on_drop: false }`
[INFO] running `Command { std: "docker" "inspect" "ec31a7f655affb71db109f10e89b1122d36557892c4d02956d547269f8b8b4d6", kill_on_drop: false }`
[INFO] running `Command { std: "docker" "rm" "-f" "ec31a7f655affb71db109f10e89b1122d36557892c4d02956d547269f8b8b4d6", kill_on_drop: false }`
[INFO] [stdout] ec31a7f655affb71db109f10e89b1122d36557892c4d02956d547269f8b8b4d6
[INFO] running `Command { std: "docker" "create" "-v" "/var/lib/crater-agent-workspace/builds/worker-2-tc1/target:/opt/rustwide/target:rw,Z" "-v" "/var/lib/crater-agent-workspace/builds/worker-2-tc1/source:/opt/rustwide/workdir:ro,Z" "-v" "/var/lib/crater-agent-workspace/cargo-home:/opt/rustwide/cargo-home:ro,Z" "-v" "/var/lib/crater-agent-workspace/rustup-home:/opt/rustwide/rustup-home:ro,Z" "-e" "SOURCE_DIR=/opt/rustwide/workdir" "-e" "CARGO_TARGET_DIR=/opt/rustwide/target" "-e" "CARGO_INCREMENTAL=0" "-e" "RUST_BACKTRACE=full" "-e" "RUSTFLAGS=--cap-lints=warn" "-e" "RUSTDOCFLAGS=--cap-lints=warn" "-e" "CARGO_HOME=/opt/rustwide/cargo-home" "-e" "RUSTUP_HOME=/opt/rustwide/rustup-home" "-w" "/opt/rustwide/workdir" "-m" "1610612736" "--user" "0:0" "--network" "none" "ghcr.io/rust-lang/crates-build-env/linux@sha256:5ff2268d62e97bff2cde7d5815dd6ed5b47097566f13b8d0ca110b04b60e07ed" "/opt/rustwide/cargo-home/bin/cargo" "+1.69.0" "build" "--frozen" "--message-format=json", kill_on_drop: false }`
[INFO] [stdout] c5a5b8f5644ad9566f293211a06322c0e216087a4fd00f7a7a05342a0c1f9cd6
[INFO] running `Command { std: "docker" "start" "-a" "c5a5b8f5644ad9566f293211a06322c0e216087a4fd00f7a7a05342a0c1f9cd6", kill_on_drop: false }`
[INFO] [stderr]    Compiling libc v0.2.40
[INFO] [stderr]    Compiling void v1.0.2
[INFO] [stderr]    Compiling regex v0.2.10
[INFO] [stderr]    Compiling lazy_static v1.0.0
[INFO] [stderr]    Compiling ucd-util v0.1.1
[INFO] [stderr]    Compiling cfg-if v0.1.2
[INFO] [stderr]    Compiling quick-error v1.2.1
[INFO] [stderr]    Compiling utf8-ranges v1.0.0
[INFO] [stderr]    Compiling unreachable v1.0.0
[INFO] [stderr]    Compiling log v0.4.1
[INFO] [stderr]    Compiling humantime v1.1.1
[INFO] [stderr]    Compiling termcolor v0.3.6
[INFO] [stderr]    Compiling thread_local v0.3.5
[INFO] [stderr]    Compiling regex-syntax v0.5.5
[INFO] [stderr]    Compiling memchr v2.0.1
[INFO] [stderr]    Compiling atty v0.2.9
[INFO] [stderr]    Compiling rand v0.4.2
[INFO] [stderr]    Compiling time v0.1.39
[INFO] [stderr]    Compiling aho-corasick v0.6.4
[INFO] [stderr]    Compiling env_logger v0.5.9
[INFO] [stderr]    Compiling blockdag v0.1.0 (/opt/rustwide/workdir/blockdag)
[INFO] [stdout] warning: unused label
[INFO] [stdout]   --> blockdag/src/blockdag/dagsim.rs:39:5
[INFO] [stdout]    |
[INFO] [stdout] 39 |     'outer: for reference in references {
[INFO] [stdout]    |     ^^^^^^
[INFO] [stdout]    |
[INFO] [stdout]    = note: `#[warn(unused_labels)]` on by default
[INFO] [stdout] 
[INFO] [stdout] 
[INFO] [stdout] warning: panic message is not a string literal
[INFO] [stdout]   --> blockdag/src/blockdag/dagsim.rs:44:24
[INFO] [stdout]    |
[INFO] [stdout] 44 |                 panic!(except_message);
[INFO] [stdout]    |                        ^^^^^^^^^^^^^^
[INFO] [stdout]    |
[INFO] [stdout]    = note: this usage of `panic!()` is deprecated; it will be a hard error in Rust 2021
[INFO] [stdout]    = note: for more information, see <https://doc.rust-lang.org/nightly/edition-guide/rust-2021/panic-macro-consistency.html>
[INFO] [stdout]    = note: `#[warn(non_fmt_panics)]` on by default
[INFO] [stdout] help: add a "{}" format string to `Display` the message
[INFO] [stdout]    |
[INFO] [stdout] 44 |                 panic!("{}", except_message);
[INFO] [stdout]    |                        +++++
[INFO] [stdout] 
[INFO] [stdout] 
[INFO] [stdout] warning: 2 warnings emitted
[INFO] [stdout] 
[INFO] [stdout] 
[INFO] [stderr]    Compiling godag v0.1.0 (/opt/rustwide/workdir/godag)
[INFO] [stderr]     Finished dev [unoptimized + debuginfo] target(s) in 13.53s
[INFO] running `Command { std: "docker" "inspect" "c5a5b8f5644ad9566f293211a06322c0e216087a4fd00f7a7a05342a0c1f9cd6", kill_on_drop: false }`
[INFO] running `Command { std: "docker" "rm" "-f" "c5a5b8f5644ad9566f293211a06322c0e216087a4fd00f7a7a05342a0c1f9cd6", kill_on_drop: false }`
[INFO] [stdout] c5a5b8f5644ad9566f293211a06322c0e216087a4fd00f7a7a05342a0c1f9cd6
[INFO] running `Command { std: "docker" "create" "-v" "/var/lib/crater-agent-workspace/builds/worker-2-tc1/target:/opt/rustwide/target:rw,Z" "-v" "/var/lib/crater-agent-workspace/builds/worker-2-tc1/source:/opt/rustwide/workdir:ro,Z" "-v" "/var/lib/crater-agent-workspace/cargo-home:/opt/rustwide/cargo-home:ro,Z" "-v" "/var/lib/crater-agent-workspace/rustup-home:/opt/rustwide/rustup-home:ro,Z" "-e" "SOURCE_DIR=/opt/rustwide/workdir" "-e" "CARGO_TARGET_DIR=/opt/rustwide/target" "-e" "CARGO_INCREMENTAL=0" "-e" "RUST_BACKTRACE=full" "-e" "RUSTFLAGS=--cap-lints=warn" "-e" "RUSTDOCFLAGS=--cap-lints=warn" "-e" "CARGO_HOME=/opt/rustwide/cargo-home" "-e" "RUSTUP_HOME=/opt/rustwide/rustup-home" "-w" "/opt/rustwide/workdir" "-m" "1610612736" "--user" "0:0" "--network" "none" "ghcr.io/rust-lang/crates-build-env/linux@sha256:5ff2268d62e97bff2cde7d5815dd6ed5b47097566f13b8d0ca110b04b60e07ed" "/opt/rustwide/cargo-home/bin/cargo" "+1.69.0" "test" "--frozen" "--no-run" "--message-format=json", kill_on_drop: false }`
[INFO] [stdout] da11e455a70e05929dfd4487e5db8880fbacb96ad6f93cac549b33f61242bcfd
[INFO] running `Command { std: "docker" "start" "-a" "da11e455a70e05929dfd4487e5db8880fbacb96ad6f93cac549b33f61242bcfd", kill_on_drop: false }`
[INFO] [stderr]    Compiling libc v0.2.40
[INFO] [stderr]    Compiling void v1.0.2
[INFO] [stderr]    Compiling ucd-util v0.1.1
[INFO] [stderr]    Compiling lazy_static v1.0.0
[INFO] [stderr]    Compiling utf8-ranges v1.0.0
[INFO] [stderr]    Compiling quick-error v1.2.1
[INFO] [stderr]    Compiling cfg-if v0.1.2
[INFO] [stderr]    Compiling regex v0.2.10
[INFO] [stderr]    Compiling termcolor v0.3.6
[INFO] [stderr]    Compiling unreachable v1.0.0
[INFO] [stderr]    Compiling humantime v1.1.1
[INFO] [stderr]    Compiling log v0.4.1
[INFO] [stderr]    Compiling thread_local v0.3.5
[INFO] [stderr]    Compiling regex-syntax v0.5.5
[INFO] [stderr]    Compiling memchr v2.0.1
[INFO] [stderr]    Compiling atty v0.2.9
[INFO] [stderr]    Compiling rand v0.4.2
[INFO] [stderr]    Compiling time v0.1.39
[INFO] [stderr]    Compiling aho-corasick v0.6.4
[INFO] [stderr]    Compiling env_logger v0.5.9
[INFO] [stderr]    Compiling blockdag v0.1.0 (/opt/rustwide/workdir/blockdag)
[INFO] [stdout] warning: unused label
[INFO] [stdout]   --> blockdag/src/blockdag/dagsim.rs:39:5
[INFO] [stdout]    |
[INFO] [stdout] 39 |     'outer: for reference in references {
[INFO] [stdout]    |     ^^^^^^
[INFO] [stdout]    |
[INFO] [stdout]    = note: `#[warn(unused_labels)]` on by default
[INFO] [stdout] 
[INFO] [stdout] 
[INFO] [stdout] warning: panic message is not a string literal
[INFO] [stdout]   --> blockdag/src/blockdag/dagsim.rs:44:24
[INFO] [stdout]    |
[INFO] [stdout] 44 |                 panic!(except_message);
[INFO] [stdout]    |                        ^^^^^^^^^^^^^^
[INFO] [stdout]    |
[INFO] [stdout]    = note: this usage of `panic!()` is deprecated; it will be a hard error in Rust 2021
[INFO] [stdout]    = note: for more information, see <https://doc.rust-lang.org/nightly/edition-guide/rust-2021/panic-macro-consistency.html>
[INFO] [stdout]    = note: `#[warn(non_fmt_panics)]` on by default
[INFO] [stdout] help: add a "{}" format string to `Display` the message
[INFO] [stdout]    |
[INFO] [stdout] 44 |                 panic!("{}", except_message);
[INFO] [stdout]    |                        +++++
[INFO] [stdout] 
[INFO] [stdout] 
[INFO] [stdout] warning: 2 warnings emitted
[INFO] [stdout] 
[INFO] [stdout] 
[INFO] [stderr]    Compiling godag v0.1.0 (/opt/rustwide/workdir/godag)
[INFO] [stdout] warning: unused label
[INFO] [stdout]   --> blockdag/src/blockdag/dagsim.rs:39:5
[INFO] [stdout]    |
[INFO] [stdout] 39 |     'outer: for reference in references {
[INFO] [stdout]    |     ^^^^^^
[INFO] [stdout]    |
[INFO] [stdout]    = note: `#[warn(unused_labels)]` on by default
[INFO] [stdout] 
[INFO] [stdout] 
[INFO] [stdout] warning: unused label
[INFO] [stdout]    --> blockdag/src/lib.rs:789:13
[INFO] [stdout]     |
[INFO] [stdout] 789 |             'dis_outer: loop {
[INFO] [stdout]     |             ^^^^^^^^^^
[INFO] [stdout] 
[INFO] [stdout] 
[INFO] [stdout] warning: panic message is not a string literal
[INFO] [stdout]   --> blockdag/src/blockdag/dagsim.rs:44:24
[INFO] [stdout]    |
[INFO] [stdout] 44 |                 panic!(except_message);
[INFO] [stdout]    |                        ^^^^^^^^^^^^^^
[INFO] [stdout]    |
[INFO] [stdout]    = note: this usage of `panic!()` is deprecated; it will be a hard error in Rust 2021
[INFO] [stdout]    = note: for more information, see <https://doc.rust-lang.org/nightly/edition-guide/rust-2021/panic-macro-consistency.html>
[INFO] [stdout]    = note: `#[warn(non_fmt_panics)]` on by default
[INFO] [stdout] help: add a "{}" format string to `Display` the message
[INFO] [stdout]    |
[INFO] [stdout] 44 |                 panic!("{}", except_message);
[INFO] [stdout]    |                        +++++
[INFO] [stdout] 
[INFO] [stdout] 
[INFO] [stdout] warning: 3 warnings emitted
[INFO] [stdout] 
[INFO] [stdout] 
[INFO] [stderr]     Finished test [optimized + debuginfo] target(s) in 32.67s
[INFO] running `Command { std: "docker" "inspect" "da11e455a70e05929dfd4487e5db8880fbacb96ad6f93cac549b33f61242bcfd", kill_on_drop: false }`
[INFO] running `Command { std: "docker" "rm" "-f" "da11e455a70e05929dfd4487e5db8880fbacb96ad6f93cac549b33f61242bcfd", kill_on_drop: false }`
[INFO] [stdout] da11e455a70e05929dfd4487e5db8880fbacb96ad6f93cac549b33f61242bcfd
[INFO] running `Command { std: "docker" "create" "-v" "/var/lib/crater-agent-workspace/builds/worker-2-tc1/target:/opt/rustwide/target:rw,Z" "-v" "/var/lib/crater-agent-workspace/builds/worker-2-tc1/source:/opt/rustwide/workdir:ro,Z" "-v" "/var/lib/crater-agent-workspace/cargo-home:/opt/rustwide/cargo-home:ro,Z" "-v" "/var/lib/crater-agent-workspace/rustup-home:/opt/rustwide/rustup-home:ro,Z" "-e" "SOURCE_DIR=/opt/rustwide/workdir" "-e" "CARGO_TARGET_DIR=/opt/rustwide/target" "-e" "CARGO_INCREMENTAL=0" "-e" "RUST_BACKTRACE=full" "-e" "RUSTFLAGS=--cap-lints=warn" "-e" "RUSTDOCFLAGS=--cap-lints=warn" "-e" "CARGO_HOME=/opt/rustwide/cargo-home" "-e" "RUSTUP_HOME=/opt/rustwide/rustup-home" "-w" "/opt/rustwide/workdir" "-m" "1610612736" "--user" "0:0" "--network" "none" "ghcr.io/rust-lang/crates-build-env/linux@sha256:5ff2268d62e97bff2cde7d5815dd6ed5b47097566f13b8d0ca110b04b60e07ed" "/opt/rustwide/cargo-home/bin/cargo" "+1.69.0" "test" "--frozen", kill_on_drop: false }`
[INFO] [stdout] 952de59057c160ca21c7dac47389e40e92c786d0795942afcbe321916b353995
[INFO] running `Command { std: "docker" "start" "-a" "952de59057c160ca21c7dac47389e40e92c786d0795942afcbe321916b353995", kill_on_drop: false }`
[INFO] [stderr] warning: unused label
[INFO] [stderr]   --> blockdag/src/blockdag/dagsim.rs:39:5
[INFO] [stderr]    |
[INFO] [stderr] 39 |     'outer: for reference in references {
[INFO] [stderr]    |     ^^^^^^
[INFO] [stderr]    |
[INFO] [stderr]    = note: `#[warn(unused_labels)]` on by default
[INFO] [stderr] 
[INFO] [stderr] warning: panic message is not a string literal
[INFO] [stderr]   --> blockdag/src/blockdag/dagsim.rs:44:24
[INFO] [stderr]    |
[INFO] [stderr] 44 |                 panic!(except_message);
[INFO] [stderr]    |                        ^^^^^^^^^^^^^^
[INFO] [stderr]    |
[INFO] [stderr]    = note: this usage of `panic!()` is deprecated; it will be a hard error in Rust 2021
[INFO] [stderr]    = note: for more information, see <https://doc.rust-lang.org/nightly/edition-guide/rust-2021/panic-macro-consistency.html>
[INFO] [stderr]    = note: `#[warn(non_fmt_panics)]` on by default
[INFO] [stderr] help: add a "{}" format string to `Display` the message
[INFO] [stderr]    |
[INFO] [stderr] 44 |                 panic!("{}", except_message);
[INFO] [stderr]    |                        +++++
[INFO] [stderr] 
[INFO] [stderr] warning: unused label
[INFO] [stderr]    --> blockdag/src/lib.rs:789:13
[INFO] [stderr]     |
[INFO] [stderr] 789 |             'dis_outer: loop {
[INFO] [stderr]     |             ^^^^^^^^^^
[INFO] [stderr] 
[INFO] [stderr] warning: `blockdag` (lib) generated 2 warnings (run `cargo fix --lib -p blockdag` to apply 1 suggestion)
[INFO] [stderr] warning: `blockdag` (lib test) generated 3 warnings (2 duplicates)
[INFO] [stderr]     Finished test [optimized + debuginfo] target(s) in 0.02s
[INFO] [stdout] 
[INFO] [stderr]      Running unittests src/lib.rs (/opt/rustwide/target/debug/deps/blockdag-f5a04080b8660a9f)
[INFO] [stdout] running 8 tests
[INFO] [stdout] test tests::test_fig3 ... ok
[INFO] [stdout] test tests::test_anticone ... ok
[INFO] [stdout] test tests::test_fig4 ... ok
[INFO] [stdout] test tests::test_fig_x1 ... ok
[INFO] [stdout] test tests::test_fig_x2 ... ok
[INFO] [stdout] test tests::test_fig_x3 ... ok
[INFO] [stdout] test tests::test_add_block has been running for over 60 seconds
[INFO] [stdout] test tests::test_nodes_sync has been running for over 60 seconds
[INFO] [stdout] test tests::test_nodes_sync ... ok
[INFO] [stdout] test tests::test_add_block ... ok
[INFO] [stdout] 
[INFO] [stdout] test result: ok. 8 passed; 0 failed; 0 ignored; 0 measured; 0 filtered out; finished in 113.40s
[INFO] [stdout] 
[INFO] [stderr]      Running unittests src/main.rs (/opt/rustwide/target/debug/deps/godag-eb610c0f701cedb7)
[INFO] [stdout] 
[INFO] [stdout] running 0 tests
[INFO] [stdout] 
[INFO] [stdout] test result: ok. 0 passed; 0 failed; 0 ignored; 0 measured; 0 filtered out; finished in 0.00s
[INFO] [stdout] 
[INFO] [stderr]    Doc-tests blockdag
[INFO] [stdout] 
[INFO] [stdout] running 2 tests
[INFO] [stdout] test src/blockdag/block.rs - blockdag::block::get_stpq (line 180) ... FAILED
[INFO] [stdout] test src/blockdag/calcblue.rs - blockdag::calcblue::calc_blue (line 24) ... FAILED
[INFO] [stdout] 
[INFO] [stdout] failures:
[INFO] [stdout] 
[INFO] [stdout] ---- src/blockdag/block.rs - blockdag::block::get_stpq (line 180) stdout ----
[INFO] [stdout] error: expected expression, found keyword `where`
[INFO] [stdout]  --> src/blockdag/block.rs:181:1
[INFO] [stdout]   |
[INFO] [stdout] 3 | where the score of a block is defined as the number of blue blocks in its past: score(B) := |BLUEk (past(B))|.
[INFO] [stdout]   | ^^^^^ expected expression
[INFO] [stdout] 
[INFO] [stdout] error: aborting due to previous error
[INFO] [stdout] 
[INFO] [stdout] Couldn't compile the test.
[INFO] [stdout] ---- src/blockdag/calcblue.rs - blockdag::calcblue::calc_blue (line 24) stdout ----
[INFO] [stdout] error: character literal may only contain one codepoint
[INFO] [stdout]  --> src/blockdag/calcblue.rs:25:7
[INFO] [stdout]   |
[INFO] [stdout] 3 | input 'block': a new added block to be calculated. before call this function, tips must have been updated for this new block.
[INFO] [stdout]   |       ^^^^^^^
[INFO] [stdout]   |
[INFO] [stdout] help: if you meant to write a `str` literal, use double quotes
[INFO] [stdout]   |
[INFO] [stdout] 3 | input "block": a new added block to be calculated. before call this function, tips must have been updated for this new block.
[INFO] [stdout]   |       ~~~~~~~
[INFO] [stdout] 
[INFO] [stdout] error: expected one of `!`, `.`, `::`, `;`, `?`, `{`, `}`, or an operator, found `'block'`
[INFO] [stdout]  --> src/blockdag/calcblue.rs:25:7
[INFO] [stdout]   |
[INFO] [stdout] 3 | input 'block': a new added block to be calculated. before call this function, tips must have been updated for this new block.
[INFO] [stdout]   |       ^^^^^^^ expected one of 8 possible tokens
[INFO] [stdout] 
[INFO] [stdout] error: aborting due to 2 previous errors
[INFO] [stdout] 
[INFO] [stdout] Couldn't compile the test.
[INFO] [stdout] 
[INFO] [stdout] failures:
[INFO] [stdout]     src/blockdag/block.rs - blockdag::block::get_stpq (line 180)
[INFO] [stdout]     src/blockdag/calcblue.rs - blockdag::calcblue::calc_blue (line 24)
[INFO] [stdout] 
[INFO] [stdout] test result: FAILED. 0 passed; 2 failed; 0 ignored; 0 measured; 0 filtered out; finished in 0.09s
[INFO] [stdout] 
[INFO] [stderr] error: doctest failed, to rerun pass `-p blockdag --doc`
[INFO] running `Command { std: "docker" "inspect" "952de59057c160ca21c7dac47389e40e92c786d0795942afcbe321916b353995", kill_on_drop: false }`
[INFO] running `Command { std: "docker" "rm" "-f" "952de59057c160ca21c7dac47389e40e92c786d0795942afcbe321916b353995", kill_on_drop: false }`
[INFO] [stdout] 952de59057c160ca21c7dac47389e40e92c786d0795942afcbe321916b353995
